[INFO] cloning repository https://github.com/kwannoel/rust-raytracer
[INFO] running `Command { std: "git" "-c" "credential.helper=" "-c" "credential.helper=/workspace/cargo-home/bin/git-credential-null" "clone" "--bare" "https://github.com/kwannoel/rust-raytracer" "/workspace/cache/git-repos/https%3A%2F%2Fgithub.com%2Fkwannoel%2Frust-raytracer", kill_on_drop: false }`
[INFO] [stderr] Cloning into bare repository '/workspace/cache/git-repos/https%3A%2F%2Fgithub.com%2Fkwannoel%2Frust-raytracer'...
[INFO] running `Command { std: "git" "rev-parse" "HEAD", kill_on_drop: false }`
[INFO] [stdout] 3f2fcf9d7e6fc36a220d6a1a07a8a120d2c2c787
[INFO] checking kwannoel/rust-raytracer against beta-2020-07-24 for pr-75494-beta
[INFO] running `Command { std: "git" "clone" "/workspace/cache/git-repos/https%3A%2F%2Fgithub.com%2Fkwannoel%2Frust-raytracer" "/workspace/builds/worker-1/source", kill_on_drop: false }`
[INFO] [stderr] Cloning into '/workspace/builds/worker-1/source'...
[INFO] [stderr] done.
[INFO] validating manifest of git repo https://github.com/kwannoel/rust-raytracer on toolchain beta-2020-07-24
[INFO] running `Command { std: "/workspace/cargo-home/bin/cargo" "+beta-2020-07-24" "read-manifest" "--manifest-path" "Cargo.toml", kill_on_drop: false }`
[INFO] started tweaking git repo https://github.com/kwannoel/rust-raytracer
[INFO] finished tweaking git repo https://github.com/kwannoel/rust-raytracer
[INFO] tweaked toml for git repo https://github.com/kwannoel/rust-raytracer written to /workspace/builds/worker-1/source/Cargo.toml
[INFO] crate git repo https://github.com/kwannoel/rust-raytracer already has a lockfile, it will not be regenerated
[INFO] running `Command { std: "/workspace/cargo-home/bin/cargo" "+beta-2020-07-24" "fetch" "--locked" "--manifest-path" "Cargo.toml", kill_on_drop: false }`
[INFO] running `Command { std: "docker" "create" "-v" "/var/lib/crater-agent-workspace/builds/worker-1/target:/opt/rustwide/target:rw,Z" "-v" "/var/lib/crater-agent-workspace/builds/worker-1/source:/opt/rustwide/workdir:ro,Z" "-v" "/var/lib/crater-agent-workspace/cargo-home:/opt/rustwide/cargo-home:ro,Z" "-v" "/var/lib/crater-agent-workspace/rustup-home:/opt/rustwide/rustup-home:ro,Z" "-e" "SOURCE_DIR=/opt/rustwide/workdir" "-e" "CARGO_TARGET_DIR=/opt/rustwide/target" "-e" "CARGO_HOME=/opt/rustwide/cargo-home" "-e" "RUSTUP_HOME=/opt/rustwide/rustup-home" "-w" "/opt/rustwide/workdir" "-m" "1610612736" "--user" "0:0" "--network" "none" "rustops/crates-build-env@sha256:a636fd89d022f18117e1dc8fb37a0a009933cdbbe082814857f0e2024962d47c" "/opt/rustwide/cargo-home/bin/cargo" "+beta-2020-07-24" "metadata" "--no-deps" "--format-version=1", kill_on_drop: false }`
[INFO] [stdout] ca357a5799426029c40fdff464fa696623d8039311a633354d53e679cbc1c36d
[INFO] [stderr] WARNING: Your kernel does not support swap limit capabilities or the cgroup is not mounted. Memory limited without swap.
[INFO] running `Command { std: "docker" "start" "-a" "ca357a5799426029c40fdff464fa696623d8039311a633354d53e679cbc1c36d", kill_on_drop: false }`
[INFO] running `Command { std: "docker" "inspect" "ca357a5799426029c40fdff464fa696623d8039311a633354d53e679cbc1c36d", kill_on_drop: false }`
[INFO] running `Command { std: "docker" "rm" "-f" "ca357a5799426029c40fdff464fa696623d8039311a633354d53e679cbc1c36d", kill_on_drop: false }`
[INFO] [stdout] ca357a5799426029c40fdff464fa696623d8039311a633354d53e679cbc1c36d
[INFO] running `Command { std: "docker" "create" "-v" "/var/lib/crater-agent-workspace/builds/worker-1/target:/opt/rustwide/target:rw,Z" "-v" "/var/lib/crater-agent-workspace/builds/worker-1/source:/opt/rustwide/workdir:ro,Z" "-v" "/var/lib/crater-agent-workspace/cargo-home:/opt/rustwide/cargo-home:ro,Z" "-v" "/var/lib/crater-agent-workspace/rustup-home:/opt/rustwide/rustup-home:ro,Z" "-e" "SOURCE_DIR=/opt/rustwide/workdir" "-e" "CARGO_TARGET_DIR=/opt/rustwide/target" "-e" "CARGO_INCREMENTAL=0" "-e" "RUST_BACKTRACE=full" "-e" "RUSTFLAGS=--cap-lints=forbid" "-e" "CARGO_HOME=/opt/rustwide/cargo-home" "-e" "RUSTUP_HOME=/opt/rustwide/rustup-home" "-w" "/opt/rustwide/workdir" "-m" "1610612736" "--user" "0:0" "--network" "none" "rustops/crates-build-env@sha256:a636fd89d022f18117e1dc8fb37a0a009933cdbbe082814857f0e2024962d47c" "/opt/rustwide/cargo-home/bin/cargo" "+beta-2020-07-24" "check" "--frozen" "--all" "--all-targets" "--message-format=json", kill_on_drop: false }`
[INFO] [stdout] 24a613b445867a85492ea352869630ac1218465f7776c0b78f964dba5456941c
[INFO] [stderr] WARNING: Your kernel does not support swap limit capabilities or the cgroup is not mounted. Memory limited without swap.
[INFO] running `Command { std: "docker" "start" "-a" "24a613b445867a85492ea352869630ac1218465f7776c0b78f964dba5456941c", kill_on_drop: false }`
[INFO] [stderr]     Checking lazy_static v1.4.0
[INFO] [stderr]     Checking raytracer v0.1.0 (/opt/rustwide/workdir)
[INFO] [stdout] error[E0583]: file not found for module `world`
[INFO] [stdout]   --> src/main.rs:15:1
[INFO] [stdout]    |
[INFO] [stdout] 15 | mod world;
[INFO] [stdout]    | ^^^^^^^^^^
[INFO] [stdout]    |
[INFO] [stdout]    = help: to create the module `world`, create file "src/world.rs"
[INFO] [stdout] 
[INFO] [stdout] 
[INFO] [stdout] error[E0583]: file not found for module `world`
[INFO] [stdout]   --> src/main.rs:15:1
[INFO] [stdout]    |
[INFO] [stdout] 15 | mod world;
[INFO] [stdout]    | ^^^^^^^^^^
[INFO] [stdout]    |
[INFO] [stdout]    = help: to create the module `world`, create file "src/world.rs"
[INFO] [stdout] 
[INFO] [stdout] 
[INFO] [stdout] error[E0432]: unresolved import `crate::world::World`
[INFO] [stdout]  --> src/scene.rs:5:5
[INFO] [stdout]   |
[INFO] [stdout] 5 | use crate::world::World;
[INFO] [stdout]   |     ^^^^^^^^^^^^^^^^^^^ no `World` in `world`
[INFO] [stdout] 
[INFO] [stdout] 
[INFO] [stdout] error[E0432]: unresolved import `world::World`
[INFO] [stdout]   --> src/main.rs:24:5
[INFO] [stdout]    |
[INFO] [stdout] 24 | use world::World;
[INFO] [stdout]    |     ^^^^^^^^^^^^ no `World` in `world`
[INFO] [stdout] 
[INFO] [stdout] 
[INFO] [stdout] error[E0432]: unresolved import `crate::world::World`
[INFO] [stdout]  --> src/scene.rs:5:5
[INFO] [stdout]   |
[INFO] [stdout] 5 | use crate::world::World;
[INFO] [stdout]   |     ^^^^^^^^^^^^^^^^^^^ no `World` in `world`
[INFO] [stdout] 
[INFO] [stdout] 
[INFO] [stdout] error[E0432]: unresolved import `world::World`
[INFO] [stdout]   --> src/main.rs:24:5
[INFO] [stdout]    |
[INFO] [stdout] 24 | use world::World;
[INFO] [stdout]    |     ^^^^^^^^^^^^ no `World` in `world`
[INFO] [stdout] 
[INFO] [stdout] 
[INFO] [stdout] error: aborting due to 3 previous errors
[INFO] [stdout] 
[INFO] [stdout] 
[INFO] [stdout] Some errors have detailed explanations: E0432, E0583.
[INFO] [stdout] 
[INFO] [stdout] For more information about an error, try `rustc --explain E0432`.
[INFO] [stdout] 
[INFO] [stdout] error: aborting due to 3 previous errors
[INFO] [stdout] 
[INFO] [stdout] 
[INFO] [stdout] Some errors have detailed explanations: E0432, E0583.
[INFO] [stdout] 
[INFO] [stdout] For more information about an error, try `rustc --explain E0432`.
[INFO] [stdout] 
[INFO] [stderr] error: could not compile `raytracer`.
[INFO] [stderr] 
[INFO] [stderr] To learn more, run the command again with --verbose.
[INFO] [stderr] warning: build failed, waiting for other jobs to finish...
[INFO] [stderr] error: build failed
[INFO] running `Command { std: "docker" "inspect" "24a613b445867a85492ea352869630ac1218465f7776c0b78f964dba5456941c", kill_on_drop: false }`
[INFO] running `Command { std: "docker" "rm" "-f" "24a613b445867a85492ea352869630ac1218465f7776c0b78f964dba5456941c", kill_on_drop: false }`
[INFO] [stdout] 24a613b445867a85492ea352869630ac1218465f7776c0b78f964dba5456941c
