[INFO] cloning repository https://github.com/krystianity/rust-ms
[INFO] running `Command { std: "git" "-c" "credential.helper=" "-c" "credential.helper=/workspace/cargo-home/bin/git-credential-null" "clone" "--bare" "https://github.com/krystianity/rust-ms" "/workspace/cache/git-repos/https%3A%2F%2Fgithub.com%2Fkrystianity%2Frust-ms", kill_on_drop: false }`
[INFO] [stderr] Cloning into bare repository '/workspace/cache/git-repos/https%3A%2F%2Fgithub.com%2Fkrystianity%2Frust-ms'...
[INFO] running `Command { std: "git" "rev-parse" "HEAD", kill_on_drop: false }`
[INFO] [stdout] 797b0680fe27ae4a5a72274e8e31fbc796f9a5f7
[INFO] checking krystianity/rust-ms against beta-2020-07-24 for pr-75494-beta
[INFO] running `Command { std: "git" "clone" "/workspace/cache/git-repos/https%3A%2F%2Fgithub.com%2Fkrystianity%2Frust-ms" "/workspace/builds/worker-8/source", kill_on_drop: false }`
[INFO] [stderr] Cloning into '/workspace/builds/worker-8/source'...
[INFO] [stderr] done.
[INFO] validating manifest of git repo https://github.com/krystianity/rust-ms on toolchain beta-2020-07-24
[INFO] running `Command { std: "/workspace/cargo-home/bin/cargo" "+beta-2020-07-24" "read-manifest" "--manifest-path" "Cargo.toml", kill_on_drop: false }`
[INFO] started tweaking git repo https://github.com/krystianity/rust-ms
[INFO] finished tweaking git repo https://github.com/krystianity/rust-ms
[INFO] tweaked toml for git repo https://github.com/krystianity/rust-ms written to /workspace/builds/worker-8/source/Cargo.toml
[INFO] crate git repo https://github.com/krystianity/rust-ms already has a lockfile, it will not be regenerated
[INFO] running `Command { std: "/workspace/cargo-home/bin/cargo" "+beta-2020-07-24" "fetch" "--locked" "--manifest-path" "Cargo.toml", kill_on_drop: false }`
[INFO] running `Command { std: "docker" "create" "-v" "/var/lib/crater-agent-workspace/builds/worker-8/target:/opt/rustwide/target:rw,Z" "-v" "/var/lib/crater-agent-workspace/builds/worker-8/source:/opt/rustwide/workdir:ro,Z" "-v" "/var/lib/crater-agent-workspace/cargo-home:/opt/rustwide/cargo-home:ro,Z" "-v" "/var/lib/crater-agent-workspace/rustup-home:/opt/rustwide/rustup-home:ro,Z" "-e" "SOURCE_DIR=/opt/rustwide/workdir" "-e" "CARGO_TARGET_DIR=/opt/rustwide/target" "-e" "CARGO_HOME=/opt/rustwide/cargo-home" "-e" "RUSTUP_HOME=/opt/rustwide/rustup-home" "-w" "/opt/rustwide/workdir" "-m" "1610612736" "--user" "0:0" "--network" "none" "rustops/crates-build-env@sha256:a636fd89d022f18117e1dc8fb37a0a009933cdbbe082814857f0e2024962d47c" "/opt/rustwide/cargo-home/bin/cargo" "+beta-2020-07-24" "metadata" "--no-deps" "--format-version=1", kill_on_drop: false }`
[INFO] [stderr] WARNING: Your kernel does not support swap limit capabilities or the cgroup is not mounted. Memory limited without swap.
[INFO] [stdout] ebdf9342b01e67ea6ac4a3ef29a650ed6075471fe0ac89e6776d1be9e70f8a8d
[INFO] running `Command { std: "docker" "start" "-a" "ebdf9342b01e67ea6ac4a3ef29a650ed6075471fe0ac89e6776d1be9e70f8a8d", kill_on_drop: false }`
[INFO] running `Command { std: "docker" "inspect" "ebdf9342b01e67ea6ac4a3ef29a650ed6075471fe0ac89e6776d1be9e70f8a8d", kill_on_drop: false }`
[INFO] running `Command { std: "docker" "rm" "-f" "ebdf9342b01e67ea6ac4a3ef29a650ed6075471fe0ac89e6776d1be9e70f8a8d", kill_on_drop: false }`
[INFO] [stdout] ebdf9342b01e67ea6ac4a3ef29a650ed6075471fe0ac89e6776d1be9e70f8a8d
[INFO] running `Command { std: "docker" "create" "-v" "/var/lib/crater-agent-workspace/builds/worker-8/target:/opt/rustwide/target:rw,Z" "-v" "/var/lib/crater-agent-workspace/builds/worker-8/source:/opt/rustwide/workdir:ro,Z" "-v" "/var/lib/crater-agent-workspace/cargo-home:/opt/rustwide/cargo-home:ro,Z" "-v" "/var/lib/crater-agent-workspace/rustup-home:/opt/rustwide/rustup-home:ro,Z" "-e" "SOURCE_DIR=/opt/rustwide/workdir" "-e" "CARGO_TARGET_DIR=/opt/rustwide/target" "-e" "CARGO_INCREMENTAL=0" "-e" "RUST_BACKTRACE=full" "-e" "RUSTFLAGS=--cap-lints=forbid" "-e" "CARGO_HOME=/opt/rustwide/cargo-home" "-e" "RUSTUP_HOME=/opt/rustwide/rustup-home" "-w" "/opt/rustwide/workdir" "-m" "1610612736" "--user" "0:0" "--network" "none" "rustops/crates-build-env@sha256:a636fd89d022f18117e1dc8fb37a0a009933cdbbe082814857f0e2024962d47c" "/opt/rustwide/cargo-home/bin/cargo" "+beta-2020-07-24" "check" "--frozen" "--all" "--all-targets" "--message-format=json", kill_on_drop: false }`
[INFO] [stderr] WARNING: Your kernel does not support swap limit capabilities or the cgroup is not mounted. Memory limited without swap.
[INFO] [stdout] 81e162690aa4a3cf6456c52876a070c72f9fd9ac0630cab32dc9531224f76c6c
[INFO] running `Command { std: "docker" "start" "-a" "81e162690aa4a3cf6456c52876a070c72f9fd9ac0630cab32dc9531224f76c6c", kill_on_drop: false }`
[INFO] [stderr]    Compiling libc v0.2.48
[INFO] [stderr]     Checking cfg-if v0.1.6
[INFO] [stderr]    Compiling semver-parser v0.7.0
[INFO] [stderr]     Checking void v1.0.2
[INFO] [stderr]    Compiling byteorder v1.3.1
[INFO] [stderr]    Compiling rand_core v0.4.0
[INFO] [stderr]     Checking lazy_static v1.2.0
[INFO] [stderr]    Compiling cc v1.0.28
[INFO] [stderr]    Compiling pkg-config v0.3.14
[INFO] [stderr]     Checking futures v0.1.25
[INFO] [stderr]    Compiling siphasher v0.2.3
[INFO] [stderr]     Checking scopeguard v0.3.3
[INFO] [stderr]    Compiling proc-macro2 v0.4.26
[INFO] [stderr]     Checking matches v0.1.8
[INFO] [stderr]     Checking stable_deref_trait v1.1.1
[INFO] [stderr]    Compiling unicode-xid v0.1.0
[INFO] [stderr]    Compiling httparse v1.3.3
[INFO] [stderr]    Compiling arrayvec v0.4.10
[INFO] [stderr]     Checking percent-encoding v1.0.1
[INFO] [stderr]     Checking nodrop v0.1.13
[INFO] [stderr]     Checking itoa v0.4.3
[INFO] [stderr]     Checking lazycell v1.2.1
[INFO] [stderr]     Checking memoffset v0.2.1
[INFO] [stderr]    Compiling serde v1.0.85
[INFO] [stderr]    Compiling ryu v0.2.7
[INFO] [stderr]     Checking foreign-types-shared v0.1.1
[INFO] [stderr]    Compiling openssl v0.10.16
[INFO] [stderr]     Checking fnv v1.0.6
[INFO] [stderr]     Checking string v0.1.3
[INFO] [stderr]    Compiling crc32fast v1.1.2
[INFO] [stderr]     Checking indexmap v1.0.2
[INFO] [stderr]     Checking try-lock v0.2.2
[INFO] [stderr]    Compiling native-tls v0.2.2
[INFO] [stderr]     Checking bitflags v1.0.4
[INFO] [stderr]     Checking modifier v0.1.0
[INFO] [stderr]     Checking openssl-probe v0.1.2
[INFO] [stderr]    Compiling encoding_rs v0.8.15
[INFO] [stderr]     Checking rustc-demangle v0.1.13
[INFO] [stderr]     Checking ascii v0.9.1
[INFO] [stderr]    Compiling redis v0.9.1
[INFO] [stderr]     Checking either v1.5.0
[INFO] [stderr]     Checking route-recognizer v0.1.12
[INFO] [stderr]     Checking sha1 v0.6.0
[INFO] [stderr]    Compiling unicase v2.2.0
[INFO] [stderr]    Compiling backtrace v0.3.13
[INFO] [stderr]     Checking rand_jitter v0.1.1
[INFO] [stderr]     Checking log v0.4.6
[INFO] [stderr]     Checking unreachable v1.0.0
[INFO] [stderr]     Checking unicode-bidi v0.3.4
[INFO] [stderr]     Checking crossbeam-utils v0.6.5
[INFO] [stderr]     Checking thread_local v0.3.6
[INFO] [stderr]     Checking owning_ref v0.4.0
[INFO] [stderr]    Compiling semver v0.9.0
[INFO] [stderr]    Compiling rand_core v0.3.1
[INFO] [stderr]     Checking unsafe-any v0.4.2
[INFO] [stderr]     Checking foreign-types v0.3.2
[INFO] [stderr]     Checking humantime v1.2.0
[INFO] [stderr]     Checking smallvec v0.6.8
[INFO] [stderr]     Checking log v0.3.9
[INFO] [stderr]    Compiling rand_isaac v0.1.1
[INFO] [stderr]    Compiling rand_xorshift v0.1.1
[INFO] [stderr]    Compiling rand_hc v0.1.0
[INFO] [stderr]     Checking typemap v0.3.3
[INFO] [stderr]     Checking lock_api v0.1.5
[INFO] [stderr]    Compiling rand_chacha v0.1.1
[INFO] [stderr]    Compiling unicase v1.4.2
[INFO] [stderr]    Compiling mysqlclient-sys v0.2.3
[INFO] [stderr]    Compiling rustc_version v0.2.3
[INFO] [stderr]     Checking mime v0.2.6
[INFO] [stderr]     Checking plugin v0.2.6
[INFO] [stderr]    Compiling phf_shared v0.7.24
[INFO] [stderr]     Checking unicode-normalization v0.1.8
[INFO] [stderr]     Checking crossbeam-channel v0.3.8
[INFO] [stderr]     Checking base64 v0.9.3
[INFO] [stderr]     Checking libflate v0.1.19
[INFO] [stderr]     Checking base64 v0.10.1
[INFO] [stderr]     Checking num_cpus v1.9.0
[INFO] [stderr]     Checking rand_os v0.1.2
[INFO] [stderr]     Checking iovec v0.1.2
[INFO] [stderr]     Checking time v0.1.42
[INFO] [stderr]     Checking net2 v0.2.33
[INFO] [stderr]     Checking memchr v2.1.3
[INFO] [stderr]     Checking atty v0.2.11
[INFO] [stderr]     Checking mime v0.3.13
[INFO] [stderr]    Compiling quote v0.6.11
[INFO] [stderr]     Checking phf v0.7.24
[INFO] [stderr]     Checking crossbeam-epoch v0.7.1
[INFO] [stderr]    Compiling num_cpus v0.2.13
[INFO] [stderr]     Checking tokio-executor v0.1.6
[INFO] [stderr]     Checking futures-cpupool v0.1.8
[INFO] [stderr]     Checking want v0.0.6
[INFO] [stderr]     Checking bytes v0.4.11
[INFO] [stderr]    Compiling rand_pcg v0.1.1
[INFO] [stderr]    Compiling parking_lot_core v0.4.0
[INFO] [stderr]    Compiling syn v0.15.26
[INFO] [stderr]     Checking mio v0.6.16
[INFO] [stderr]    Compiling rdkafka-sys v0.11.6-0
[INFO] [stderr]     Checking aho-corasick v0.6.9
[INFO] [stderr]     Checking combine v3.6.6
[INFO] [stderr]     Checking tokio-current-thread v0.1.4
[INFO] [stderr]     Checking tokio-timer v0.2.9
[INFO] [stderr]     Checking crossbeam-deque v0.6.3
[INFO] [stderr]    Compiling openssl-sys v0.9.40
[INFO] [stderr]    Compiling backtrace-sys v0.1.28
[INFO] [stderr]    Compiling libz-sys v1.0.25
[INFO] [stderr]     Checking tokio-io v0.1.11
[INFO] [stderr]     Checking http v0.1.15
[INFO] [stderr]     Checking regex v1.1.0
[INFO] [stderr]     Checking idna v0.1.5
[INFO] [stderr]    Compiling rand v0.6.5
[INFO] [stderr]     Checking tokio-codec v0.1.1
[INFO] [stderr]     Checking url v1.7.2
[INFO] [stderr]     Checking uuid v0.7.2
[INFO] [stderr]    Compiling phf_generator v0.7.24
[INFO] [stderr]    Compiling phf_codegen v0.7.24
[INFO] [stderr]     Checking hyper v0.10.15
[INFO] [stderr]     Checking env_logger v0.6.0
[INFO] [stderr]    Compiling mime_guess v1.8.6
[INFO] [stderr]    Compiling mime_guess v2.0.0-alpha.6
[INFO] [stderr]     Checking parking_lot v0.7.1
[INFO] [stderr] error: failed to run custom build command for `rdkafka-sys v0.11.6-0`
[INFO] [stderr] 
[INFO] [stderr] Caused by:
[INFO] [stderr]   process didn't exit successfully: `/opt/rustwide/target/debug/build/rdkafka-sys-b6d8b962ac84c781/build-script-build` (exit code: 101)
[INFO] [stderr]   --- stdout
[INFO] [stderr]   Configuring librdkafka
[INFO] [stderr]   checking for OS or distribution... ok (Ubuntu)
[INFO] [stderr]   checking for C compiler from CC env... failed
[INFO] [stderr]   checking for gcc (by command)... ok
[INFO] [stderr]   checking for C++ compiler from CXX env... failed
[INFO] [stderr]   checking for C++ compiler (g++)... ok
[INFO] [stderr]   checking executable ld... ok
[INFO] [stderr]   checking executable nm... ok
[INFO] [stderr]   checking executable objdump... ok
[INFO] [stderr]   checking executable strip... ok
[INFO] [stderr]   checking for pkgconfig (by command)... ok
[INFO] [stderr]   checking for install (by command)... ok
[INFO] [stderr]   checking for PIC (by compile)... failed (disable)
[INFO] [stderr]   checking for GNU-compatible linker options... failed
[INFO] [stderr]   checking for OSX linker options... failed
[INFO] [stderr]   checking for GNU linker-script ld flag... failed
[INFO] [stderr]   checking for Solaris linker-script ld flag... failed (ignore)
[INFO] [stderr]   checking for __atomic_32 (by compile)... failed
[INFO] [stderr]   checking for __atomic_32_lib (by compile)... failed
[INFO] [stderr]   checking for __sync_32 (by compile)... failed (disable)
[INFO] [stderr]   checking for __atomic_64 (by compile)... failed
[INFO] [stderr]   checking for __atomic_64_lib (by compile)... failed
[INFO] [stderr]   checking for __sync_64 (by compile)... failed (disable)
[INFO] [stderr]   checking for socket (by compile)... failed
[INFO] [stderr]   checking for socket_nsl (by compile)... failed (fail)
[INFO] [stderr]   parsing version '0x000b06ff'... ok (0.11.6)
[INFO] [stderr]   checking for librt (by pkg-config)... failed
[INFO] [stderr]   checking for librt (by compile)... failed
[INFO] [stderr]   checking for c11threads (by pkg-config)... failed
[INFO] [stderr]   checking for c11threads (by compile)... failed (disable)
[INFO] [stderr]   checking for libpthread (by pkg-config)... failed
[INFO] [stderr]   checking for libpthread (by compile)... failed (fail)
[INFO] [stderr]   checking for libdl (by pkg-config)... failed
[INFO] [stderr]   checking for libdl (by compile)... failed (disable)
[INFO] [stderr]   checking for zlib (by pkg-config)... ok
[INFO] [stderr]   checking for zlib (by compile)... ok (cached)
[INFO] [stderr]   checking for libcrypto (by pkg-config)... ok
[INFO] [stderr]   checking for libcrypto (by compile)... ok (cached)
[INFO] [stderr]   checking for libm (by pkg-config)... failed
[INFO] [stderr]   checking for libm (by compile)... failed (disable)
[INFO] [stderr]   checking for rapidjson (by compile)... failed (disable)
[INFO] [stderr]   checking for crc32chw (by compile)... failed (disable)
[INFO] [stderr]   checking for regex (by compile)... failed (disable)
[INFO] [stderr]   checking for strndup (by compile)... failed (disable)
[INFO] [stderr]   checking for strerror_r (by compile)... failed (disable)
[INFO] [stderr]   checking for pthread_setname_gnu (by compile)... failed (disable)
[INFO] [stderr]   checking for nm (by env NM)... ok (cached)
[INFO] [stderr] 
[INFO] [stderr] 
[INFO] [stderr] 
[INFO] [stderr] 
[INFO] [stderr]   --- stderr
[INFO] [stderr]   Building and linking librdkafka statically
[INFO] [stderr]   Running command: "./configure --disable-sasl --disable-ssl --disable-lz4 --enable-static" in dir: librdkafka
[INFO] [stderr]   mklove/modules/configure.base: line 611: config.log: Read-only file system
[INFO] [stderr]   mklove/modules/configure.base: line 611: config.log: Read-only file system
[INFO] [stderr]   mklove/modules/configure.base: line 611: config.log: Read-only file system
[INFO] [stderr]   mklove/modules/configure.base: line 611: config.log: Read-only file system
[INFO] [stderr]   mklove/modules/configure.base: line 611: config.log: Read-only file system
[INFO] [stderr]   mklove/modules/configure.base: line 611: config.log: Read-only file system
[INFO] [stderr]   mklove/modules/configure.base: line 611: config.log: Read-only file system
[INFO] [stderr]   mklove/modules/configure.base: line 611: config.log: Read-only file system
[INFO] [stderr]   mklove/modules/configure.base: line 611: config.log: Read-only file system
[INFO] [stderr]   mklove/modules/configure.base: line 611: config.log: Read-only file system
[INFO] [stderr]   mklove/modules/configure.base: line 611: config.log: Read-only file system
[INFO] [stderr]   mklove/modules/configure.base: line 611: config.log: Read-only file system
[INFO] [stderr]   mklove/modules/configure.base: line 611: config.log: Read-only file system
[INFO] [stderr]   ./configure: line 186: config.log: Read-only file system
[INFO] [stderr]   ./configure: line 187: config.log: Read-only file system
[INFO] [stderr]   mklove/modules/configure.base: line 611: config.log: Read-only file system
[INFO] [stderr]   mklove/modules/configure.base: line 611: config.log: Read-only file system
[INFO] [stderr]   mklove/modules/configure.base: line 611: config.log: Read-only file system
[INFO] [stderr]   mklove/modules/configure.base: line 611: config.log: Read-only file system
[INFO] [stderr]   mktemp: failed to create file via template '_mkltmpXXXXXX': Read-only file system
[INFO] [stderr]   mv: cannot stat '': No such file or directory
[INFO] [stderr]   mklove/modules/configure.base: line 953: .c: Read-only file system
[INFO] [stderr]   mklove/modules/configure.base: line 956: .c: Read-only file system
[INFO] [stderr]   mklove/modules/configure.base: line 611: config.log: Read-only file system
[INFO] [stderr]   mklove/modules/configure.base: line 611: config.log: Read-only file system
[INFO] [stderr]   mklove/modules/configure.base: line 611: config.log: Read-only file system
[INFO] [stderr]   mktemp: failed to create file via template '_mkltmpXXXXXX': Read-only file system
[INFO] [stderr]   mv: cannot stat '': No such file or directory
[INFO] [stderr]   mklove/modules/configure.base: line 953: .c: Read-only file system
[INFO] [stderr]   mklove/modules/configure.base: line 956: .c: Read-only file system
[INFO] [stderr]   mklove/modules/configure.base: line 611: config.log: Read-only file system
[INFO] [stderr]   mklove/modules/configure.base: line 611: config.log: Read-only file system
[INFO] [stderr]   mklove/modules/configure.base: line 611: config.log: Read-only file system
[INFO] [stderr]   mktemp: failed to create file via template '_mkltmpXXXXXX': Read-only file system
[INFO] [stderr]   mv: cannot stat '': No such file or directory
[INFO] [stderr]   mklove/modules/configure.base: line 953: .c: Read-only file system
[INFO] [stderr]   mklove/modules/configure.base: line 956: .c: Read-only file system
[INFO] [stderr]   mklove/modules/configure.base: line 611: config.log: Read-only file system
[INFO] [stderr]   mklove/modules/configure.base: line 611: config.log: Read-only file system
[INFO] [stderr]   mklove/modules/configure.base: line 611: config.log: Read-only file system
[INFO] [stderr]   mktemp: failed to create file via template '_mkltmpXXXXXX': Read-only file system
[INFO] [stderr]   mklove/modules/configure.base: line 693: $ldsfile: ambiguous redirect
[INFO] [stderr]   mktemp: failed to create file via template '_mkltmpXXXXXX': Read-only file system
[INFO] [stderr]   mv: cannot stat '': No such file or directory
[INFO] [stderr]   mklove/modules/configure.base: line 953: .c: Read-only file system
[INFO] [stderr]   mklove/modules/configure.base: line 956: .c: Read-only file system
[INFO] [stderr]   mklove/modules/configure.base: line 611: config.log: Read-only file system
[INFO] [stderr]   mklove/modules/configure.base: line 611: config.log: Read-only file system
[INFO] [stderr]   mklove/modules/configure.base: line 611: config.log: Read-only file system
[INFO] [stderr]   mktemp: failed to create file via template '_mkltmpXXXXXX': Read-only file system
[INFO] [stderr]   mv: cannot stat '': No such file or directory
[INFO] [stderr]   mklove/modules/configure.base: line 953: .c: Read-only file system
[INFO] [stderr]   mklove/modules/configure.base: line 956: .c: Read-only file system
[INFO] [stderr]   mklove/modules/configure.base: line 611: config.log: Read-only file system
[INFO] [stderr]   mklove/modules/configure.base: line 611: config.log: Read-only file system
[INFO] [stderr]   mklove/modules/configure.base: line 611: config.log: Read-only file system
[INFO] [stderr]   mktemp: failed to create file via template '_mkltmpXXXXXX': Read-only file system
[INFO] [stderr]   mv: cannot stat '': No such file or directory
[INFO] [stderr]   mklove/modules/configure.base: line 953: .c: Read-only file system
[INFO] [stderr]   mklove/modules/configure.base: line 956: .c: Read-only file system
[INFO] [stderr]   mklove/modules/configure.base: line 611: config.log: Read-only file system
[INFO] [stderr]   mklove/modules/configure.base: line 611: config.log: Read-only file system
[INFO] [stderr]   mklove/modules/configure.base: line 611: config.log: Read-only file system
[INFO] [stderr]   mktemp: failed to create file via template '_mkltmpXXXXXX': Read-only file system
[INFO] [stderr]   mv: cannot stat '': No such file or directory
[INFO] [stderr]   mklove/modules/configure.base: line 953: .c: Read-only file system
[INFO] [stderr]   mklove/modules/configure.base: line 956: .c: Read-only file system
[INFO] [stderr]   mklove/modules/configure.base: line 611: config.log: Read-only file system
[INFO] [stderr]   mklove/modules/configure.base: line 611: config.log: Read-only file system
[INFO] [stderr]   mklove/modules/configure.base: line 611: config.log: Read-only file system
[INFO] [stderr]   mktemp: failed to create file via template '_mkltmpXXXXXX': Read-only file system
[INFO] [stderr]   mv: cannot stat '': No such file or directory
[INFO] [stderr]   mklove/modules/configure.base: line 953: .c: Read-only file system
[INFO] [stderr]   mklove/modules/configure.base: line 956: .c: Read-only file system
[INFO] [stderr]   mklove/modules/configure.base: line 611: config.log: Read-only file system
[INFO] [stderr]   mklove/modules/configure.base: line 611: config.log: Read-only file system
[INFO] [stderr]   mklove/modules/configure.base: line 611: config.log: Read-only file system
[INFO] [stderr]   mktemp: failed to create file via template '_mkltmpXXXXXX': Read-only file system
[INFO] [stderr]   mv: cannot stat '': No such file or directory
[INFO] [stderr]   mklove/modules/configure.base: line 953: .c: Read-only file system
[INFO] [stderr]   mklove/modules/configure.base: line 956: .c: Read-only file system
[INFO] [stderr]   mklove/modules/configure.base: line 611: config.log: Read-only file system
[INFO] [stderr]   mklove/modules/configure.base: line 611: config.log: Read-only file system
[INFO] [stderr]   mklove/modules/configure.base: line 611: config.log: Read-only file system
[INFO] [stderr]   mktemp: failed to create file via template '_mkltmpXXXXXX': Read-only file system
[INFO] [stderr]   mv: cannot stat '': No such file or directory
[INFO] [stderr]   mklove/modules/configure.base: line 953: .c: Read-only file system
[INFO] [stderr]   mklove/modules/configure.base: line 956: .c: Read-only file system
[INFO] [stderr]   mklove/modules/configure.base: line 611: config.log: Read-only file system
[INFO] [stderr]   mklove/modules/configure.base: line 611: config.log: Read-only file system
[INFO] [stderr]   mklove/modules/configure.base: line 611: config.log: Read-only file system
[INFO] [stderr]   mktemp: failed to create file via template '_mkltmpXXXXXX': Read-only file system
[INFO] [stderr]   mv: cannot stat '': No such file or directory
[INFO] [stderr]   mklove/modules/configure.base: line 953: .c: Read-only file system
[INFO] [stderr]   mklove/modules/configure.base: line 956: .c: Read-only file system
[INFO] [stderr]   mklove/modules/configure.base: line 611: config.log: Read-only file system
[INFO] [stderr]   mklove/modules/configure.base: line 611: config.log: Read-only file system
[INFO] [stderr]   mklove/modules/configure.base: line 611: config.log: Read-only file system
[INFO] [stderr]   mktemp: failed to create file via template '_mkltmpXXXXXX': Read-only file system
[INFO] [stderr]   mv: cannot stat '': No such file or directory
[INFO] [stderr]   mklove/modules/configure.base: line 953: .c: Read-only file system
[INFO] [stderr]   mklove/modules/configure.base: line 956: .c: Read-only file system
[INFO] [stderr]   mklove/modules/configure.base: line 611: config.log: Read-only file system
[INFO] [stderr]   mklove/modules/configure.base: line 611: config.log: Read-only file system
[INFO] [stderr]   mklove/modules/configure.base: line 611: config.log: Read-only file system
[INFO] [stderr]   mktemp: failed to create file via template '_mkltmpXXXXXX': Read-only file system
[INFO] [stderr]   mv: cannot stat '': No such file or directory
[INFO] [stderr]   mklove/modules/configure.base: line 953: .c: Read-only file system
[INFO] [stderr]   mklove/modules/configure.base: line 956: .c: Read-only file system
[INFO] [stderr]   mklove/modules/configure.base: line 611: config.log: Read-only file system
[INFO] [stderr]   mklove/modules/configure.base: line 611: config.log: Read-only file system
[INFO] [stderr]   mklove/modules/configure.base: line 611: config.log: Read-only file system
[INFO] [stderr]   mklove/modules/configure.base: line 611: config.log: Read-only file system
[INFO] [stderr]   mklove/modules/configure.base: line 611: config.log: Read-only file system
[INFO] [stderr]   mklove/modules/configure.base: line 611: config.log: Read-only file system
[INFO] [stderr]   mktemp: failed to create file via template '_mkltmpXXXXXX': Read-only file system
[INFO] [stderr]   mv: cannot stat '': No such file or directory
[INFO] [stderr]   mklove/modules/configure.base: line 953: .c: Read-only file system
[INFO] [stderr]   mklove/modules/configure.base: line 956: .c: Read-only file system
[INFO] [stderr]   mklove/modules/configure.base: line 611: config.log: Read-only file system
[INFO] [stderr]   mklove/modules/configure.base: line 611: config.log: Read-only file system
[INFO] [stderr]   mklove/modules/configure.base: line 611: config.log: Read-only file system
[INFO] [stderr]   mklove/modules/configure.base: line 611: config.log: Read-only file system
[INFO] [stderr]   mklove/modules/configure.base: line 611: config.log: Read-only file system
[INFO] [stderr]   mklove/modules/configure.base: line 611: config.log: Read-only file system
[INFO] [stderr]   mktemp: failed to create file via template '_mkltmpXXXXXX': Read-only file system
[INFO] [stderr]   mv: cannot stat '': No such file or directory
[INFO] [stderr]   mklove/modules/configure.base: line 953: .c: Read-only file system
[INFO] [stderr]   mklove/modules/configure.base: line 956: .c: Read-only file system
[INFO] [stderr]   mklove/modules/configure.base: line 611: config.log: Read-only file system
[INFO] [stderr]   mklove/modules/configure.base: line 611: config.log: Read-only file system
[INFO] [stderr]   mklove/modules/configure.base: line 611: config.log: Read-only file system
[INFO] [stderr]   mklove/modules/configure.base: line 611: config.log: Read-only file system
[INFO] [stderr]   mklove/modules/configure.base: line 611: config.log: Read-only file system
[INFO] [stderr]   mklove/modules/configure.base: line 611: config.log: Read-only file system
[INFO] [stderr]   mktemp: failed to create file via template '_mkltmpXXXXXX': Read-only file system
[INFO] [stderr]   mv: cannot stat '': No such file or directory
[INFO] [stderr]   mklove/modules/configure.base: line 953: .c: Read-only file system
[INFO] [stderr]   mklove/modules/configure.base: line 956: .c: Read-only file system
[INFO] [stderr]   mklove/modules/configure.base: line 611: config.log: Read-only file system
[INFO] [stderr]   mklove/modules/configure.base: line 611: config.log: Read-only file system
[INFO] [stderr]   mklove/modules/configure.base: line 611: config.log: Read-only file system
[INFO] [stderr]   mklove/modules/configure.base: line 611: config.log: Read-only file system
[INFO] [stderr]   mklove/modules/configure.base: line 611: config.log: Read-only file system
[INFO] [stderr]   mklove/modules/configure.base: line 611: config.log: Read-only file system
[INFO] [stderr]   mktemp: failed to create file via template '_mkltmpXXXXXX': Read-only file system
[INFO] [stderr]   mv: cannot stat '': No such file or directory
[INFO] [stderr]   mklove/modules/configure.base: line 953: .c: Read-only file system
[INFO] [stderr]   mklove/modules/configure.base: line 956: .c: Read-only file system
[INFO] [stderr]   mklove/modules/configure.base: line 611: config.log: Read-only file system
[INFO] [stderr]   mklove/modules/configure.base: line 611: config.log: Read-only file system
[INFO] [stderr]   mklove/modules/configure.base: line 611: config.log: Read-only file system
[INFO] [stderr]   mklove/modules/configure.base: line 611: config.log: Read-only file system
[INFO] [stderr]   mklove/modules/configure.base: line 611: config.log: Read-only file system
[INFO] [stderr]   mklove/modules/configure.base: line 611: config.log: Read-only file system
[INFO] [stderr]   mklove/modules/configure.base: line 611: config.log: Read-only file system
[INFO] [stderr]   mklove/modules/configure.base: line 611: config.log: Read-only file system
[INFO] [stderr]   mktemp: failed to create file via template '_mkltmpXXXXXX': Read-only file system
[INFO] [stderr]   mv: cannot stat '': No such file or directory
[INFO] [stderr]   mklove/modules/configure.base: line 953: .c: Read-only file system
[INFO] [stderr]   mklove/modules/configure.base: line 956: .c: Read-only file system
[INFO] [stderr]   mklove/modules/configure.base: line 611: config.log: Read-only file system
[INFO] [stderr]   mklove/modules/configure.base: line 611: config.log: Read-only file system
[INFO] [stderr]   mklove/modules/configure.base: line 611: config.log: Read-only file system
[INFO] [stderr]   mktemp: failed to create file via template '_mkltmpXXXXXX': Read-only file system
[INFO] [stderr]   mv: cannot stat '': No such file or directory
[INFO] [stderr]   mklove/modules/configure.base: line 953: .cpp: Read-only file system
[INFO] [stderr]   mklove/modules/configure.base: line 956: .cpp: Read-only file system
[INFO] [stderr]   mklove/modules/configure.base: line 611: config.log: Read-only file system
[INFO] [stderr]   mklove/modules/configure.base: line 611: config.log: Read-only file system
[INFO] [stderr]   mklove/modules/configure.base: line 611: config.log: Read-only file system
[INFO] [stderr]   mktemp: failed to create file via template '_mkltmpXXXXXX': Read-only file system
[INFO] [stderr]   mv: cannot stat '': No such file or directory
[INFO] [stderr]   mklove/modules/configure.base: line 953: .c: Read-only file system
[INFO] [stderr]   mklove/modules/configure.base: line 956: .c: Read-only file system
[INFO] [stderr]   mklove/modules/configure.base: line 611: config.log: Read-only file system
[INFO] [stderr]   mklove/modules/configure.base: line 611: config.log: Read-only file system
[INFO] [stderr]   mklove/modules/configure.base: line 611: config.log: Read-only file system
[INFO] [stderr]   mktemp: failed to create file via template '_mkltmpXXXXXX': Read-only file system
[INFO] [stderr]   mv: cannot stat '': No such file or directory
[INFO] [stderr]   mklove/modules/configure.base: line 953: .c: Read-only file system
[INFO] [stderr]   mklove/modules/configure.base: line 956: .c: Read-only file system
[INFO] [stderr]   mklove/modules/configure.base: line 611: config.log: Read-only file system
[INFO] [stderr]   mklove/modules/configure.base: line 611: config.log: Read-only file system
[INFO] [stderr]   mklove/modules/configure.base: line 611: config.log: Read-only file system
[INFO] [stderr]   mktemp: failed to create file via template '_mkltmpXXXXXX': Read-only file system
[INFO] [stderr]   mv: cannot stat '': No such file or directory
[INFO] [stderr]   mklove/modules/configure.base: line 953: .c: Read-only file system
[INFO] [stderr]   mklove/modules/configure.base: line 956: .c: Read-only file system
[INFO] [stderr]   mklove/modules/configure.base: line 611: config.log: Read-only file system
[INFO] [stderr]   mklove/modules/configure.base: line 611: config.log: Read-only file system
[INFO] [stderr]   mklove/modules/configure.base: line 611: config.log: Read-only file system
[INFO] [stderr]   mktemp: failed to create file via template '_mkltmpXXXXXX': Read-only file system
[INFO] [stderr]   mv: cannot stat '': No such file or directory
[INFO] [stderr]   mklove/modules/configure.base: line 953: .c: Read-only file system
[INFO] [stderr]   mklove/modules/configure.base: line 956: .c: Read-only file system
[INFO] [stderr]   mklove/modules/configure.base: line 611: config.log: Read-only file system
[INFO] [stderr]   mklove/modules/configure.base: line 611: config.log: Read-only file system
[INFO] [stderr]   mklove/modules/configure.base: line 611: config.log: Read-only file system
[INFO] [stderr]   mktemp: failed to create file via template '_mkltmpXXXXXX': Read-only file system
[INFO] [stderr]   mv: cannot stat '': No such file or directory
[INFO] [stderr]   mklove/modules/configure.base: line 953: .c: Read-only file system
[INFO] [stderr]   mklove/modules/configure.base: line 956: .c: Read-only file system
[INFO] [stderr]   mklove/modules/configure.base: line 611: config.log: Read-only file system
[INFO] [stderr]   mklove/modules/configure.base: line 611: config.log: Read-only file system
[INFO] [stderr]   mklove/modules/configure.base: line 611: config.log: Read-only file system
[INFO] [stderr]   ###########################################################
[INFO] [stderr]   mklove/modules/configure.base: line 620: config.log: Read-only file system
[INFO] [stderr]   ###                  Configure failed                   ###
[INFO] [stderr]   mklove/modules/configure.base: line 620: config.log: Read-only file system
[INFO] [stderr]   ###########################################################
[INFO] [stderr]   mklove/modules/configure.base: line 620: config.log: Read-only file system
[INFO] [stderr]   ### Accumulated failures:                               ###
[INFO] [stderr]   mklove/modules/configure.base: line 620: config.log: Read-only file system
[INFO] [stderr]   ###########################################################
[INFO] [stderr]   mklove/modules/configure.base: line 620: config.log: Read-only file system
[INFO] [stderr]    socket_nsl () 
[INFO] [stderr]   mklove/modules/configure.base: line 620: config.log: Read-only file system
[INFO] [stderr]       module: socket
[INFO] [stderr]   mklove/modules/configure.base: line 628: config.log: Read-only file system
[INFO] [stderr]       action: fail
[INFO] [stderr]   mklove/modules/configure.base: line 628: config.log: Read-only file system
[INFO] [stderr]       reason:
[INFO] [stderr]   compile check failed:
[INFO] [stderr]   CC: CC
[INFO] [stderr]   flags: 
[INFO] [stderr]   gcc  -g -O2 -Wall -Wsign-compare -Wfloat-equal -Wpointer-arith -Wcast-align -Wall -Werror .c -o .c.o -lsocket -lnsl  :
[INFO] [stderr]   gcc: error: .c: No such file or directory
[INFO] [stderr]   source: 
[INFO] [stderr]   #include <sys/types.h>
[INFO] [stderr]   #include <sys/socket.h>
[INFO] [stderr]   #include <unistd.h>
[INFO] [stderr]   void foo (void) {
[INFO] [stderr]      int s = socket(0, 0, 0);
[INFO] [stderr]      close(s);
[INFO] [stderr]   }
[INFO] [stderr] 
[INFO] [stderr]   mklove/modules/configure.base: line 628: config.log: Read-only file system
[INFO] [stderr]    libpthread () 
[INFO] [stderr]   mklove/modules/configure.base: line 620: config.log: Read-only file system
[INFO] [stderr]       module: librdkafka
[INFO] [stderr]   mklove/modules/configure.base: line 628: config.log: Read-only file system
[INFO] [stderr]       action: fail
[INFO] [stderr]   mklove/modules/configure.base: line 628: config.log: Read-only file system
[INFO] [stderr]       reason:
[INFO] [stderr]   compile check failed:
[INFO] [stderr]   CC: CC
[INFO] [stderr]   flags: -lpthread
[INFO] [stderr]   gcc  -g -O2 -Wall -Wsign-compare -Wfloat-equal -Wpointer-arith -Wcast-align -Wall -Werror .c -o .c.o   -lpthread:
[INFO] [stderr]   gcc: error: .c: No such file or directory
[INFO] [stderr]   source: #include <pthread.h>
[INFO] [stderr] 
[INFO] [stderr]   mklove/modules/configure.base: line 628: config.log: Read-only file system
[INFO] [stderr]   thread 'main' panicked at 'Command failed with error code 1', /opt/rustwide/cargo-home/registry/src/github.com-1ecc6299db9ec823/rdkafka-sys-0.11.6-0/build.rs:23:35
[INFO] [stderr]   stack backtrace:
[INFO] [stderr]      0:     0x556f067aa165 - backtrace::backtrace::libunwind::trace::h5e2646fa3eddf2ea
[INFO] [stderr]                                  at /cargo/registry/src/github.com-1ecc6299db9ec823/backtrace-0.3.46/src/backtrace/libunwind.rs:86
[INFO] [stderr]      1:     0x556f067aa165 - backtrace::backtrace::trace_unsynchronized::hb95dd7f77ce47877
[INFO] [stderr]                                  at /cargo/registry/src/github.com-1ecc6299db9ec823/backtrace-0.3.46/src/backtrace/mod.rs:66
[INFO] [stderr]      2:     0x556f067aa165 - std::sys_common::backtrace::_print_fmt::h5e71b67af43fd70d
[INFO] [stderr]                                  at src/libstd/sys_common/backtrace.rs:78
[INFO] [stderr]      3:     0x556f067aa165 - <std::sys_common::backtrace::_print::DisplayBacktrace as core::fmt::Display>::fmt::hdb4a83d2b61107e5
[INFO] [stderr]                                  at src/libstd/sys_common/backtrace.rs:59
[INFO] [stderr]      4:     0x556f067cca7c - core::fmt::write::ha20e7262fa3e8a7a
[INFO] [stderr]                                  at src/libcore/fmt/mod.rs:1076
[INFO] [stderr]      5:     0x556f067a7262 - std::io::Write::write_fmt::h1aebfe8a5a79e36d
[INFO] [stderr]                                  at src/libstd/io/mod.rs:1537
[INFO] [stderr]      6:     0x556f067ac6a0 - std::sys_common::backtrace::_print::h9c07314cc66ba539
[INFO] [stderr]                                  at src/libstd/sys_common/backtrace.rs:62
[INFO] [stderr]      7:     0x556f067ac6a0 - std::sys_common::backtrace::print::hd1fd65f49a2d8544
[INFO] [stderr]                                  at src/libstd/sys_common/backtrace.rs:49
[INFO] [stderr]      8:     0x556f067ac6a0 - std::panicking::default_hook::{{closure}}::h222da46485ab36fc
[INFO] [stderr]                                  at src/libstd/panicking.rs:198
[INFO] [stderr]      9:     0x556f067ac3ec - std::panicking::default_hook::hc5868949d129ed00
[INFO] [stderr]                                  at src/libstd/panicking.rs:217
[INFO] [stderr]     10:     0x556f067acce3 - std::panicking::rust_panic_with_hook::h26a6ab8b0993c0c8
[INFO] [stderr]                                  at src/libstd/panicking.rs:526
[INFO] [stderr]     11:     0x556f067ac8db - rust_begin_unwind
[INFO] [stderr]                                  at src/libstd/panicking.rs:437
[INFO] [stderr]     12:     0x556f067ac84b - std::panicking::begin_panic_fmt::h2ff295231415d4a6
[INFO] [stderr]                                  at src/libstd/panicking.rs:391
[INFO] [stderr]     13:     0x556f0676f780 - build_script_build::run_command_or_fail::hdb40919c69bd6861
[INFO] [stderr]                                  at /opt/rustwide/cargo-home/registry/src/github.com-1ecc6299db9ec823/rdkafka-sys-0.11.6-0/build.rs:23
[INFO] [stderr]     14:     0x556f06770708 - build_script_build::build_librdkafka::hbf2027a0be3f3ebb
[INFO] [stderr]                                  at /opt/rustwide/cargo-home/registry/src/github.com-1ecc6299db9ec823/rdkafka-sys-0.11.6-0/build.rs:91
[INFO] [stderr]     15:     0x556f06770384 - build_script_build::main::h99f809246f137f97
[INFO] [stderr]                                  at /opt/rustwide/cargo-home/registry/src/github.com-1ecc6299db9ec823/rdkafka-sys-0.11.6-0/build.rs:61
[INFO] [stderr]     16:     0x556f0677273b - std::rt::lang_start::{{closure}}::h8c48da05e1422f77
[INFO] [stderr]                                  at /rustc/6f959902b3103c49ca981fbc01871589c3498489/src/libstd/rt.rs:67
[INFO] [stderr]     17:     0x556f067ad0b3 - std::rt::lang_start_internal::{{closure}}::h84a998219831fa70
[INFO] [stderr]                                  at src/libstd/rt.rs:52
[INFO] [stderr]     18:     0x556f067ad0b3 - std::panicking::try::do_call::he8e1d689a3e26def
[INFO] [stderr]                                  at src/libstd/panicking.rs:348
[INFO] [stderr]     19:     0x556f067ad0b3 - std::panicking::try::h264b6eebc2fa7bbf
[INFO] [stderr]                                  at src/libstd/panicking.rs:325
[INFO] [stderr]     20:     0x556f067ad0b3 - std::panic::catch_unwind::hbf28fafa723b2128
[INFO] [stderr]                                  at src/libstd/panic.rs:394
[INFO] [stderr]     21:     0x556f067ad0b3 - std::rt::lang_start_internal::he959aa59bc3ec202
[INFO] [stderr]                                  at src/libstd/rt.rs:51
[INFO] [stderr]     22:     0x556f06772717 - std::rt::lang_start::hf9ed34264f11596c
[INFO] [stderr]                                  at /rustc/6f959902b3103c49ca981fbc01871589c3498489/src/libstd/rt.rs:67
[INFO] [stderr]     23:     0x556f06770a7a - main
[INFO] [stderr]     24:     0x7f03ebf3f0b3 - __libc_start_main
[INFO] [stderr]     25:     0x556f0676f18e - _start
[INFO] [stderr]     26:                0x0 - <unknown>
[INFO] [stderr] warning: build failed, waiting for other jobs to finish...
[INFO] [stderr] error: build failed
[INFO] running `Command { std: "docker" "inspect" "81e162690aa4a3cf6456c52876a070c72f9fd9ac0630cab32dc9531224f76c6c", kill_on_drop: false }`
[INFO] running `Command { std: "docker" "rm" "-f" "81e162690aa4a3cf6456c52876a070c72f9fd9ac0630cab32dc9531224f76c6c", kill_on_drop: false }`
[INFO] [stdout] 81e162690aa4a3cf6456c52876a070c72f9fd9ac0630cab32dc9531224f76c6c
