[INFO] cloning repository https://github.com/kogai/bot-sample
[INFO] running `Command { std: "git" "-c" "credential.helper=" "-c" "credential.helper=/workspace/cargo-home/bin/git-credential-null" "clone" "--bare" "https://github.com/kogai/bot-sample" "/workspace/cache/git-repos/https%3A%2F%2Fgithub.com%2Fkogai%2Fbot-sample", kill_on_drop: false }`
[INFO] [stderr] Cloning into bare repository '/workspace/cache/git-repos/https%3A%2F%2Fgithub.com%2Fkogai%2Fbot-sample'...
[INFO] running `Command { std: "git" "rev-parse" "HEAD", kill_on_drop: false }`
[INFO] [stdout] 661260007975a330c181a0c3006260667cf58a17
[INFO] checking kogai/bot-sample against beta-2020-07-24 for pr-75494-beta
[INFO] running `Command { std: "git" "clone" "/workspace/cache/git-repos/https%3A%2F%2Fgithub.com%2Fkogai%2Fbot-sample" "/workspace/builds/worker-5/source", kill_on_drop: false }`
[INFO] [stderr] Cloning into '/workspace/builds/worker-5/source'...
[INFO] [stderr] done.
[INFO] validating manifest of git repo https://github.com/kogai/bot-sample on toolchain beta-2020-07-24
[INFO] running `Command { std: "/workspace/cargo-home/bin/cargo" "+beta-2020-07-24" "read-manifest" "--manifest-path" "Cargo.toml", kill_on_drop: false }`
[INFO] started tweaking git repo https://github.com/kogai/bot-sample
[INFO] finished tweaking git repo https://github.com/kogai/bot-sample
[INFO] tweaked toml for git repo https://github.com/kogai/bot-sample written to /workspace/builds/worker-5/source/Cargo.toml
[INFO] crate git repo https://github.com/kogai/bot-sample already has a lockfile, it will not be regenerated
[INFO] running `Command { std: "/workspace/cargo-home/bin/cargo" "+beta-2020-07-24" "fetch" "--locked" "--manifest-path" "Cargo.toml", kill_on_drop: false }`
[INFO] running `Command { std: "docker" "create" "-v" "/var/lib/crater-agent-workspace/builds/worker-5/target:/opt/rustwide/target:rw,Z" "-v" "/var/lib/crater-agent-workspace/builds/worker-5/source:/opt/rustwide/workdir:ro,Z" "-v" "/var/lib/crater-agent-workspace/cargo-home:/opt/rustwide/cargo-home:ro,Z" "-v" "/var/lib/crater-agent-workspace/rustup-home:/opt/rustwide/rustup-home:ro,Z" "-e" "SOURCE_DIR=/opt/rustwide/workdir" "-e" "CARGO_TARGET_DIR=/opt/rustwide/target" "-e" "CARGO_HOME=/opt/rustwide/cargo-home" "-e" "RUSTUP_HOME=/opt/rustwide/rustup-home" "-w" "/opt/rustwide/workdir" "-m" "1610612736" "--user" "0:0" "--network" "none" "rustops/crates-build-env@sha256:a636fd89d022f18117e1dc8fb37a0a009933cdbbe082814857f0e2024962d47c" "/opt/rustwide/cargo-home/bin/cargo" "+beta-2020-07-24" "metadata" "--no-deps" "--format-version=1", kill_on_drop: false }`
[INFO] [stdout] 7b3138eca57c7e0d67fbc009604887ac7d8c54780726a7e503583d432fa028d5
[INFO] [stderr] WARNING: Your kernel does not support swap limit capabilities or the cgroup is not mounted. Memory limited without swap.
[INFO] running `Command { std: "docker" "start" "-a" "7b3138eca57c7e0d67fbc009604887ac7d8c54780726a7e503583d432fa028d5", kill_on_drop: false }`
[INFO] running `Command { std: "docker" "inspect" "7b3138eca57c7e0d67fbc009604887ac7d8c54780726a7e503583d432fa028d5", kill_on_drop: false }`
[INFO] running `Command { std: "docker" "rm" "-f" "7b3138eca57c7e0d67fbc009604887ac7d8c54780726a7e503583d432fa028d5", kill_on_drop: false }`
[INFO] [stdout] 7b3138eca57c7e0d67fbc009604887ac7d8c54780726a7e503583d432fa028d5
[INFO] running `Command { std: "docker" "create" "-v" "/var/lib/crater-agent-workspace/builds/worker-5/target:/opt/rustwide/target:rw,Z" "-v" "/var/lib/crater-agent-workspace/builds/worker-5/source:/opt/rustwide/workdir:ro,Z" "-v" "/var/lib/crater-agent-workspace/cargo-home:/opt/rustwide/cargo-home:ro,Z" "-v" "/var/lib/crater-agent-workspace/rustup-home:/opt/rustwide/rustup-home:ro,Z" "-e" "SOURCE_DIR=/opt/rustwide/workdir" "-e" "CARGO_TARGET_DIR=/opt/rustwide/target" "-e" "CARGO_INCREMENTAL=0" "-e" "RUST_BACKTRACE=full" "-e" "RUSTFLAGS=--cap-lints=forbid" "-e" "CARGO_HOME=/opt/rustwide/cargo-home" "-e" "RUSTUP_HOME=/opt/rustwide/rustup-home" "-w" "/opt/rustwide/workdir" "-m" "1610612736" "--user" "0:0" "--network" "none" "rustops/crates-build-env@sha256:a636fd89d022f18117e1dc8fb37a0a009933cdbbe082814857f0e2024962d47c" "/opt/rustwide/cargo-home/bin/cargo" "+beta-2020-07-24" "check" "--frozen" "--all" "--all-targets" "--message-format=json", kill_on_drop: false }`
[INFO] [stderr] WARNING: Your kernel does not support swap limit capabilities or the cgroup is not mounted. Memory limited without swap.
[INFO] [stdout] cebed8bdaeb0ffa7b0410c44045a4400fed5a7d64bb62b7e4cb7edc05d5a3f85
[INFO] running `Command { std: "docker" "start" "-a" "cebed8bdaeb0ffa7b0410c44045a4400fed5a7d64bb62b7e4cb7edc05d5a3f85", kill_on_drop: false }`
[INFO] [stderr]     Blocking waiting for file lock on package cache
[INFO] [stderr]     Blocking waiting for file lock on package cache
[INFO] [stderr]     Checking libc v0.2.22
[INFO] [stderr]    Compiling gcc v0.3.45
[INFO] [stderr]     Checking traitobject v0.1.0
[INFO] [stderr]    Compiling pkg-config v0.3.9
[INFO] [stderr]     Checking matches v0.1.4
[INFO] [stderr]     Checking num-traits v0.1.37
[INFO] [stderr]    Compiling unicode-xid v0.0.4
[INFO] [stderr]     Checking unicode-normalization v0.1.4
[INFO] [stderr]    Compiling quote v0.3.15
[INFO] [stderr]     Checking log v0.3.7
[INFO] [stderr]     Checking lazy_static v0.2.8
[INFO] [stderr]     Checking rustc-serialize v0.3.24
[INFO] [stderr]     Checking typeable v0.1.2
[INFO] [stderr]     Checking language-tags v0.2.2
[INFO] [stderr]    Compiling openssl v0.9.11
[INFO] [stderr]     Checking httparse v1.2.2
[INFO] [stderr]    Compiling backtrace v0.3.0
[INFO] [stderr]     Checking rustc-demangle v0.1.4
[INFO] [stderr]     Checking bitflags v0.8.2
[INFO] [stderr]     Checking foreign-types v0.2.0
[INFO] [stderr]     Checking cfg-if v0.1.0
[INFO] [stderr]     Checking nom v2.1.0
[INFO] [stderr]     Checking modifier v0.1.0
[INFO] [stderr]     Checking regex-syntax v0.4.0
[INFO] [stderr]     Checking antidote v1.0.0
[INFO] [stderr]     Checking route-recognizer v0.1.12
[INFO] [stderr]     Checking serde v0.9.15
[INFO] [stderr]     Checking dtoa v0.4.1
[INFO] [stderr]     Checking itoa v0.3.1
[INFO] [stderr]    Compiling dbghelp-sys v0.2.0
[INFO] [stderr]     Checking unicode-bidi v0.2.5
[INFO] [stderr]     Checking unsafe-any v0.4.1
[INFO] [stderr]     Checking error v0.1.9
[INFO] [stderr]     Checking unreachable v0.1.1
[INFO] [stderr]    Compiling synom v0.11.3
[INFO] [stderr]     Checking mime v0.2.3
[INFO] [stderr]    Compiling unicase v1.4.0
[INFO] [stderr]    Compiling hyper v0.10.9
[INFO] [stderr]     Checking time v0.1.37
[INFO] [stderr]     Checking num_cpus v1.4.0
[INFO] [stderr]     Checking memchr v1.0.1
[INFO] [stderr]     Checking thread-id v3.0.0
[INFO] [stderr]     Checking num-integer v0.1.34
[INFO] [stderr]     Checking typemap v0.3.3
[INFO] [stderr]    Compiling syn v0.11.11
[INFO] [stderr]     Checking thread_local v0.3.3
[INFO] [stderr]     Checking aho-corasick v0.6.3
[INFO] [stderr]     Checking idna v0.1.1
[INFO] [stderr]     Checking plugin v0.2.6
[INFO] [stderr]     Checking num-iter v0.1.33
[INFO] [stderr]     Checking num v0.1.37
[INFO] [stderr]     Checking chrono v0.3.1
[INFO] [stderr]    Compiling openssl-sys v0.9.11
[INFO] [stderr]    Compiling backtrace-sys v0.1.10
[INFO] [stderr]     Checking regex v0.2.1
[INFO] [stderr]     Checking url v1.4.0
[INFO] [stderr]     Checking cron v0.2.0
[INFO] [stdout] error[E0554]: `#![feature]` may not be used on the beta release channel
[INFO] [stdout]  --> /opt/rustwide/cargo-home/registry/src/github.com-1ecc6299db9ec823/cron-0.2.0/src/lib.rs:1:1
[INFO] [stdout]   |
[INFO] [stdout] 1 | #![feature(conservative_impl_trait)]
[INFO] [stdout]   | ^^^^^^^^^^^^^^^^^^^^^^^^^^^^^^^^^^^^
[INFO] [stdout] 
[INFO] [stdout] 
[INFO] [stdout] error[E0554]: `#![feature]` may not be used on the beta release channel
[INFO] [stdout]  --> /opt/rustwide/cargo-home/registry/src/github.com-1ecc6299db9ec823/cron-0.2.0/src/lib.rs:2:1
[INFO] [stdout]   |
[INFO] [stdout] 2 | #![feature(collections_bound)]
[INFO] [stdout]   | ^^^^^^^^^^^^^^^^^^^^^^^^^^^^^^
[INFO] [stdout] 
[INFO] [stdout] 
[INFO] [stdout] error[E0554]: `#![feature]` may not be used on the beta release channel
[INFO] [stdout]  --> /opt/rustwide/cargo-home/registry/src/github.com-1ecc6299db9ec823/cron-0.2.0/src/lib.rs:3:1
[INFO] [stdout]   |
[INFO] [stdout] 3 | #![feature(btree_range)]
[INFO] [stdout]   | ^^^^^^^^^^^^^^^^^^^^^^^^
[INFO] [stdout] 
[INFO] [stdout] 
[INFO] [stdout] error[E0554]: `#![feature]` may not be used on the beta release channel
[INFO] [stdout]  --> /opt/rustwide/cargo-home/registry/src/github.com-1ecc6299db9ec823/cron-0.2.0/src/lib.rs:4:1
[INFO] [stdout]   |
[INFO] [stdout] 4 | #![feature(step_by)]
[INFO] [stdout]   | ^^^^^^^^^^^^^^^^^^^^
[INFO] [stdout] 
[INFO] [stdout] 
[INFO] [stdout] error[E0308]: mismatched types
[INFO] [stdout]   --> /opt/rustwide/cargo-home/registry/src/github.com-1ecc6299db9ec823/cron-0.2.0/src/time_unit/mod.rs:74:55
[INFO] [stdout]    |
[INFO] [stdout] 74 |         Ok((start..Self::inclusive_max() + 1).step_by(step).collect())
[INFO] [stdout]    |                                                       ^^^^ expected `usize`, found `u32`
[INFO] [stdout]    |
[INFO] [stdout] help: you can convert an `u32` to `usize` and panic if the converted value wouldn't fit
[INFO] [stdout]    |
[INFO] [stdout] 74 |         Ok((start..Self::inclusive_max() + 1).step_by(step.try_into().unwrap()).collect())
[INFO] [stdout]    |                                                       ^^^^^^^^^^^^^^^^^^^^^^^^
[INFO] [stdout] 
[INFO] [stdout] 
[INFO] [stdout] error: aborting due to 5 previous errors
[INFO] [stdout] 
[INFO] [stdout] 
[INFO] [stdout] Some errors have detailed explanations: E0308, E0554.
[INFO] [stdout] 
[INFO] [stdout] For more information about an error, try `rustc --explain E0308`.
[INFO] [stdout] 
[INFO] [stderr] error: could not compile `cron`.
[INFO] [stderr] 
[INFO] [stderr] To learn more, run the command again with --verbose.
[INFO] [stderr] warning: build failed, waiting for other jobs to finish...
[INFO] [stdout] error[E0713]: borrow may still be in use when destructor runs
[INFO] [stdout]    --> /opt/rustwide/cargo-home/registry/src/github.com-1ecc6299db9ec823/url-1.4.0/src/form_urlencoded.rs:246:40
[INFO] [stdout]     |
[INFO] [stdout] 244 | impl<'a> Target for ::UrlQuery<'a> {
[INFO] [stdout]     |      -- lifetime `'a` defined here
[INFO] [stdout] 245 |     fn as_mut_string(&mut self) -> &mut String { &mut self.url.serialization }
[INFO] [stdout] 246 |     fn finish(self) -> &'a mut ::Url { self.url }
[INFO] [stdout]     |                                        ^^^^^^^^ - here, drop of `self` needs exclusive access to `*self.url`, because the type `UrlQuery<'_>` implements the `Drop` trait
[INFO] [stdout]     |                                        |
[INFO] [stdout]     |                                        returning this value requires that `*self.url` is borrowed for `'a`
[INFO] [stdout] 
[INFO] [stdout] 
[INFO] [stdout] error: aborting due to previous error
[INFO] [stdout] 
[INFO] [stdout] 
[INFO] [stdout] For more information about this error, try `rustc --explain E0713`.
[INFO] [stdout] 
[INFO] [stderr] error: build failed
[INFO] running `Command { std: "docker" "inspect" "cebed8bdaeb0ffa7b0410c44045a4400fed5a7d64bb62b7e4cb7edc05d5a3f85", kill_on_drop: false }`
[INFO] running `Command { std: "docker" "rm" "-f" "cebed8bdaeb0ffa7b0410c44045a4400fed5a7d64bb62b7e4cb7edc05d5a3f85", kill_on_drop: false }`
[INFO] [stdout] cebed8bdaeb0ffa7b0410c44045a4400fed5a7d64bb62b7e4cb7edc05d5a3f85
