[INFO] cloning repository https://github.com/kemicofa/RustySnake
[INFO] running `Command { std: "git" "-c" "credential.helper=" "-c" "credential.helper=/workspace/cargo-home/bin/git-credential-null" "clone" "--bare" "https://github.com/kemicofa/RustySnake" "/workspace/cache/git-repos/https%3A%2F%2Fgithub.com%2Fkemicofa%2FRustySnake", kill_on_drop: false }`
[INFO] [stderr] Cloning into bare repository '/workspace/cache/git-repos/https%3A%2F%2Fgithub.com%2Fkemicofa%2FRustySnake'...
[INFO] running `Command { std: "git" "rev-parse" "HEAD", kill_on_drop: false }`
[INFO] [stdout] f492f7df009559bf82a02fec5c0119321d30012d
[INFO] checking kemicofa/RustySnake against beta-2020-07-24 for pr-75494-beta
[INFO] running `Command { std: "git" "clone" "/workspace/cache/git-repos/https%3A%2F%2Fgithub.com%2Fkemicofa%2FRustySnake" "/workspace/builds/worker-11/source", kill_on_drop: false }`
[INFO] [stderr] Cloning into '/workspace/builds/worker-11/source'...
[INFO] [stderr] done.
[INFO] validating manifest of git repo https://github.com/kemicofa/RustySnake on toolchain beta-2020-07-24
[INFO] running `Command { std: "/workspace/cargo-home/bin/cargo" "+beta-2020-07-24" "read-manifest" "--manifest-path" "Cargo.toml", kill_on_drop: false }`
[INFO] started tweaking git repo https://github.com/kemicofa/RustySnake
[INFO] finished tweaking git repo https://github.com/kemicofa/RustySnake
[INFO] tweaked toml for git repo https://github.com/kemicofa/RustySnake written to /workspace/builds/worker-11/source/Cargo.toml
[INFO] crate git repo https://github.com/kemicofa/RustySnake already has a lockfile, it will not be regenerated
[INFO] running `Command { std: "/workspace/cargo-home/bin/cargo" "+beta-2020-07-24" "fetch" "--locked" "--manifest-path" "Cargo.toml", kill_on_drop: false }`
[INFO] running `Command { std: "docker" "create" "-v" "/var/lib/crater-agent-workspace/builds/worker-11/target:/opt/rustwide/target:rw,Z" "-v" "/var/lib/crater-agent-workspace/builds/worker-11/source:/opt/rustwide/workdir:ro,Z" "-v" "/var/lib/crater-agent-workspace/cargo-home:/opt/rustwide/cargo-home:ro,Z" "-v" "/var/lib/crater-agent-workspace/rustup-home:/opt/rustwide/rustup-home:ro,Z" "-e" "SOURCE_DIR=/opt/rustwide/workdir" "-e" "CARGO_TARGET_DIR=/opt/rustwide/target" "-e" "CARGO_HOME=/opt/rustwide/cargo-home" "-e" "RUSTUP_HOME=/opt/rustwide/rustup-home" "-w" "/opt/rustwide/workdir" "-m" "1610612736" "--user" "0:0" "--network" "none" "rustops/crates-build-env@sha256:a636fd89d022f18117e1dc8fb37a0a009933cdbbe082814857f0e2024962d47c" "/opt/rustwide/cargo-home/bin/cargo" "+beta-2020-07-24" "metadata" "--no-deps" "--format-version=1", kill_on_drop: false }`
[INFO] [stdout] f4dda743449674efed735632439f339700f4c0f2e80508873d2ebeb84ab30fab
[INFO] [stderr] WARNING: Your kernel does not support swap limit capabilities or the cgroup is not mounted. Memory limited without swap.
[INFO] running `Command { std: "docker" "start" "-a" "f4dda743449674efed735632439f339700f4c0f2e80508873d2ebeb84ab30fab", kill_on_drop: false }`
[INFO] running `Command { std: "docker" "inspect" "f4dda743449674efed735632439f339700f4c0f2e80508873d2ebeb84ab30fab", kill_on_drop: false }`
[INFO] running `Command { std: "docker" "rm" "-f" "f4dda743449674efed735632439f339700f4c0f2e80508873d2ebeb84ab30fab", kill_on_drop: false }`
[INFO] [stdout] f4dda743449674efed735632439f339700f4c0f2e80508873d2ebeb84ab30fab
[INFO] running `Command { std: "docker" "create" "-v" "/var/lib/crater-agent-workspace/builds/worker-11/target:/opt/rustwide/target:rw,Z" "-v" "/var/lib/crater-agent-workspace/builds/worker-11/source:/opt/rustwide/workdir:ro,Z" "-v" "/var/lib/crater-agent-workspace/cargo-home:/opt/rustwide/cargo-home:ro,Z" "-v" "/var/lib/crater-agent-workspace/rustup-home:/opt/rustwide/rustup-home:ro,Z" "-e" "SOURCE_DIR=/opt/rustwide/workdir" "-e" "CARGO_TARGET_DIR=/opt/rustwide/target" "-e" "CARGO_INCREMENTAL=0" "-e" "RUST_BACKTRACE=full" "-e" "RUSTFLAGS=--cap-lints=forbid" "-e" "CARGO_HOME=/opt/rustwide/cargo-home" "-e" "RUSTUP_HOME=/opt/rustwide/rustup-home" "-w" "/opt/rustwide/workdir" "-m" "1610612736" "--user" "0:0" "--network" "none" "rustops/crates-build-env@sha256:a636fd89d022f18117e1dc8fb37a0a009933cdbbe082814857f0e2024962d47c" "/opt/rustwide/cargo-home/bin/cargo" "+beta-2020-07-24" "check" "--frozen" "--all" "--all-targets" "--message-format=json", kill_on_drop: false }`
[INFO] [stdout] ce6360d29f462ca1e1376b565276a67deec1110ed7c7cd113147cc822b67eec3
[INFO] [stderr] WARNING: Your kernel does not support swap limit capabilities or the cgroup is not mounted. Memory limited without swap.
[INFO] running `Command { std: "docker" "start" "-a" "ce6360d29f462ca1e1376b565276a67deec1110ed7c7cd113147cc822b67eec3", kill_on_drop: false }`
[INFO] [stderr]     Checking snake v0.1.0 (/opt/rustwide/workdir)
[INFO] [stdout] error[E0308]: mismatched types
[INFO] [stdout]    --> src/main.rs:110:55
[INFO] [stdout]     |
[INFO] [stdout] 110 |                 let time_to_sleep = milli_per_frame - now.elapsed().as_millis();
[INFO] [stdout]     |                                                       ^^^^^^^^^^^^^^^^^^^^^^^^^ expected `u64`, found `u128`
[INFO] [stdout] 
[INFO] [stdout] 
[INFO] [stdout] error[E0308]: mismatched types
[INFO] [stdout]    --> src/main.rs:110:55
[INFO] [stdout]     |
[INFO] [stdout] 110 |                 let time_to_sleep = milli_per_frame - now.elapsed().as_millis();
[INFO] [stdout]     |                                                       ^^^^^^^^^^^^^^^^^^^^^^^^^ expected `u64`, found `u128`
[INFO] [stdout] 
[INFO] [stdout] 
[INFO] [stdout] error[E0277]: cannot subtract `u128` from `u64`
[INFO] [stdout]    --> src/main.rs:110:53
[INFO] [stdout]     |
[INFO] [stdout] 110 |                 let time_to_sleep = milli_per_frame - now.elapsed().as_millis();
[INFO] [stdout]     |                                                     ^ no implementation for `u64 - u128`
[INFO] [stdout]     |
[INFO] [stdout]     = help: the trait `std::ops::Sub<u128>` is not implemented for `u64`
[INFO] [stdout] 
[INFO] [stdout] 
[INFO] [stdout] error[E0277]: cannot subtract `u128` from `u64`
[INFO] [stdout]    --> src/main.rs:110:53
[INFO] [stdout]     |
[INFO] [stdout] 110 |                 let time_to_sleep = milli_per_frame - now.elapsed().as_millis();
[INFO] [stdout]     |                                                     ^ no implementation for `u64 - u128`
[INFO] [stdout]     |
[INFO] [stdout]     = help: the trait `std::ops::Sub<u128>` is not implemented for `u64`
[INFO] [stdout] 
[INFO] [stdout] 
[INFO] [stdout] error: aborting due to 2 previous errors
[INFO] [stdout] 
[INFO] [stdout] 
[INFO] [stdout] Some errors have detailed explanations: E0277, E0308.
[INFO] [stdout] 
[INFO] [stdout] For more information about an error, try `rustc --explain E0277`.
[INFO] [stdout] 
[INFO] [stdout] error: aborting due to 2 previous errors
[INFO] [stdout] 
[INFO] [stdout] 
[INFO] [stdout] Some errors have detailed explanations: E0277, E0308.
[INFO] [stdout] 
[INFO] [stdout] For more information about an error, try `rustc --explain E0277`.
[INFO] [stdout] 
[INFO] [stderr] error: could not compile `snake`.
[INFO] [stderr] 
[INFO] [stderr] To learn more, run the command again with --verbose.
[INFO] [stderr] warning: build failed, waiting for other jobs to finish...
[INFO] [stderr] error: build failed
[INFO] running `Command { std: "docker" "inspect" "ce6360d29f462ca1e1376b565276a67deec1110ed7c7cd113147cc822b67eec3", kill_on_drop: false }`
[INFO] running `Command { std: "docker" "rm" "-f" "ce6360d29f462ca1e1376b565276a67deec1110ed7c7cd113147cc822b67eec3", kill_on_drop: false }`
[INFO] [stdout] ce6360d29f462ca1e1376b565276a67deec1110ed7c7cd113147cc822b67eec3
