[INFO] cloning repository https://github.com/justjake/rust-gif-server
[INFO] running `Command { std: "git" "-c" "credential.helper=" "-c" "credential.helper=/workspace/cargo-home/bin/git-credential-null" "clone" "--bare" "https://github.com/justjake/rust-gif-server" "/workspace/cache/git-repos/https%3A%2F%2Fgithub.com%2Fjustjake%2Frust-gif-server", kill_on_drop: false }`
[INFO] [stderr] Cloning into bare repository '/workspace/cache/git-repos/https%3A%2F%2Fgithub.com%2Fjustjake%2Frust-gif-server'...
[INFO] running `Command { std: "git" "rev-parse" "HEAD", kill_on_drop: false }`
[INFO] [stdout] f97d2b37517eceb024c5d9b64eb96cc1c0bc453b
[INFO] checking justjake/rust-gif-server against beta-2020-07-24 for pr-75494-beta
[INFO] running `Command { std: "git" "clone" "/workspace/cache/git-repos/https%3A%2F%2Fgithub.com%2Fjustjake%2Frust-gif-server" "/workspace/builds/worker-3/source", kill_on_drop: false }`
[INFO] [stderr] Cloning into '/workspace/builds/worker-3/source'...
[INFO] [stderr] done.
[INFO] validating manifest of git repo https://github.com/justjake/rust-gif-server on toolchain beta-2020-07-24
[INFO] running `Command { std: "/workspace/cargo-home/bin/cargo" "+beta-2020-07-24" "read-manifest" "--manifest-path" "Cargo.toml", kill_on_drop: false }`
[INFO] started tweaking git repo https://github.com/justjake/rust-gif-server
[INFO] finished tweaking git repo https://github.com/justjake/rust-gif-server
[INFO] tweaked toml for git repo https://github.com/justjake/rust-gif-server written to /workspace/builds/worker-3/source/Cargo.toml
[INFO] crate git repo https://github.com/justjake/rust-gif-server already has a lockfile, it will not be regenerated
[INFO] running `Command { std: "/workspace/cargo-home/bin/cargo" "+beta-2020-07-24" "fetch" "--locked" "--manifest-path" "Cargo.toml", kill_on_drop: false }`
[INFO] [stderr]     Blocking waiting for file lock on package cache
[INFO] [stderr] error: the lock file /workspace/builds/worker-3/source/Cargo.lock needs to be updated but --locked was passed to prevent this
[INFO] [stderr] If you want to try to generate the lock file without accessing the network, use the --offline flag.
[INFO] the lockfile is outdated, regenerating it
[INFO] running `Command { std: "/workspace/cargo-home/bin/cargo" "+beta-2020-07-24" "generate-lockfile" "--manifest-path" "Cargo.toml" "-Zno-index-update", kill_on_drop: false }`
[INFO] [stderr]     Blocking waiting for file lock on package cache
[INFO] running `Command { std: "/workspace/cargo-home/bin/cargo" "+beta-2020-07-24" "fetch" "--locked" "--manifest-path" "Cargo.toml", kill_on_drop: false }`
[INFO] [stderr]     Blocking waiting for file lock on package cache
[INFO] [stderr]     Blocking waiting for file lock on package cache
[INFO] running `Command { std: "docker" "create" "-v" "/var/lib/crater-agent-workspace/builds/worker-3/target:/opt/rustwide/target:rw,Z" "-v" "/var/lib/crater-agent-workspace/builds/worker-3/source:/opt/rustwide/workdir:ro,Z" "-v" "/var/lib/crater-agent-workspace/cargo-home:/opt/rustwide/cargo-home:ro,Z" "-v" "/var/lib/crater-agent-workspace/rustup-home:/opt/rustwide/rustup-home:ro,Z" "-e" "SOURCE_DIR=/opt/rustwide/workdir" "-e" "CARGO_TARGET_DIR=/opt/rustwide/target" "-e" "CARGO_HOME=/opt/rustwide/cargo-home" "-e" "RUSTUP_HOME=/opt/rustwide/rustup-home" "-w" "/opt/rustwide/workdir" "-m" "1610612736" "--user" "0:0" "--network" "none" "rustops/crates-build-env@sha256:a636fd89d022f18117e1dc8fb37a0a009933cdbbe082814857f0e2024962d47c" "/opt/rustwide/cargo-home/bin/cargo" "+beta-2020-07-24" "metadata" "--no-deps" "--format-version=1", kill_on_drop: false }`
[INFO] [stdout] 5320ec20d450b5d7913f8e6069e2df1d80b51b3a28ed4befd7a2121ce784f949
[INFO] [stderr] WARNING: Your kernel does not support swap limit capabilities or the cgroup is not mounted. Memory limited without swap.
[INFO] running `Command { std: "docker" "start" "-a" "5320ec20d450b5d7913f8e6069e2df1d80b51b3a28ed4befd7a2121ce784f949", kill_on_drop: false }`
[INFO] running `Command { std: "docker" "inspect" "5320ec20d450b5d7913f8e6069e2df1d80b51b3a28ed4befd7a2121ce784f949", kill_on_drop: false }`
[INFO] running `Command { std: "docker" "rm" "-f" "5320ec20d450b5d7913f8e6069e2df1d80b51b3a28ed4befd7a2121ce784f949", kill_on_drop: false }`
[INFO] [stdout] 5320ec20d450b5d7913f8e6069e2df1d80b51b3a28ed4befd7a2121ce784f949
[INFO] running `Command { std: "docker" "create" "-v" "/var/lib/crater-agent-workspace/builds/worker-3/target:/opt/rustwide/target:rw,Z" "-v" "/var/lib/crater-agent-workspace/builds/worker-3/source:/opt/rustwide/workdir:ro,Z" "-v" "/var/lib/crater-agent-workspace/cargo-home:/opt/rustwide/cargo-home:ro,Z" "-v" "/var/lib/crater-agent-workspace/rustup-home:/opt/rustwide/rustup-home:ro,Z" "-e" "SOURCE_DIR=/opt/rustwide/workdir" "-e" "CARGO_TARGET_DIR=/opt/rustwide/target" "-e" "CARGO_INCREMENTAL=0" "-e" "RUST_BACKTRACE=full" "-e" "RUSTFLAGS=--cap-lints=forbid" "-e" "CARGO_HOME=/opt/rustwide/cargo-home" "-e" "RUSTUP_HOME=/opt/rustwide/rustup-home" "-w" "/opt/rustwide/workdir" "-m" "1610612736" "--user" "0:0" "--network" "none" "rustops/crates-build-env@sha256:a636fd89d022f18117e1dc8fb37a0a009933cdbbe082814857f0e2024962d47c" "/opt/rustwide/cargo-home/bin/cargo" "+beta-2020-07-24" "check" "--frozen" "--all" "--all-targets" "--message-format=json", kill_on_drop: false }`
[INFO] [stdout] 3a69b1568ecb7c8377f7c91deaa7be497f64c51c32b0132879d35fd8640c139c
[INFO] [stderr] WARNING: Your kernel does not support swap limit capabilities or the cgroup is not mounted. Memory limited without swap.
[INFO] running `Command { std: "docker" "start" "-a" "3a69b1568ecb7c8377f7c91deaa7be497f64c51c32b0132879d35fd8640c139c", kill_on_drop: false }`
[INFO] [stderr]    Compiling libc v0.2.76
[INFO] [stderr]    Compiling autocfg v0.1.7
[INFO] [stderr]     Checking tinyvec v0.3.4
[INFO] [stderr]     Checking modifier v0.1.0
[INFO] [stderr]    Compiling memchr v2.3.3
[INFO] [stderr]     Checking rustc-serialize v0.3.24
[INFO] [stderr]     Checking lazy_static v1.4.0
[INFO] [stderr]     Checking sequence_trie v0.3.6
[INFO] [stderr]     Checking regex-syntax v0.6.18
[INFO] [stderr]     Checking lazy_static v0.1.16
[INFO] [stderr]     Checking route-recognizer v0.1.13
[INFO] [stderr]     Checking mime v0.3.16
[INFO] [stderr]    Compiling rand_core v0.3.1
[INFO] [stderr]     Checking unsafe-any v0.4.2
[INFO] [stderr]    Compiling unicase v1.4.2
[INFO] [stderr]     Checking unicode-bidi v0.2.6
[INFO] [stderr]     Checking error v0.1.9
[INFO] [stderr]    Compiling rand_xorshift v0.1.1
[INFO] [stderr]    Compiling rand_isaac v0.1.1
[INFO] [stderr]    Compiling rand_hc v0.1.0
[INFO] [stderr]     Checking log v0.4.11
[INFO] [stderr]     Checking typemap v0.3.3
[INFO] [stderr]     Checking thread_local v1.0.1
[INFO] [stderr]     Checking plugin v0.2.6
[INFO] [stderr]     Checking log v0.3.9
[INFO] [stderr]    Compiling phf_shared v0.7.24
[INFO] [stderr]     Checking unicode-normalization v0.1.13
[INFO] [stderr]    Compiling rand_chacha v0.1.1
[INFO] [stderr]    Compiling rand_pcg v0.1.2
[INFO] [stderr]    Compiling rand v0.6.5
[INFO] [stderr]     Checking aho-corasick v0.7.13
[INFO] [stderr]     Checking mime v0.2.6
[INFO] [stderr]     Checking hpack v0.2.0
[INFO] [stderr]     Checking phf v0.7.24
[INFO] [stderr]     Checking solicit v0.4.4
[INFO] [stderr]     Checking idna v0.1.5
[INFO] [stderr]     Checking time v0.1.43
[INFO] [stderr]     Checking rand v0.4.6
[INFO] [stderr]     Checking num_cpus v1.13.0
[INFO] [stderr]     Checking num_cpus v0.2.13
[INFO] [stderr]     Checking atty v0.2.14
[INFO] [stderr]    Compiling rand_os v0.1.3
[INFO] [stderr]     Checking url v1.7.2
[INFO] [stderr]     Checking regex v1.3.9
[INFO] [stderr]     Checking rand v0.3.23
[INFO] [stderr]     Checking uuid v0.2.3
[INFO] [stderr]     Checking conduit-mime-types v0.7.3
[INFO] [stderr]     Checking url v0.5.10
[INFO] [stderr]     Checking hyper v0.10.16
[INFO] [stderr]     Checking cookie v0.2.5
[INFO] [stderr]    Compiling phf_generator v0.7.24
[INFO] [stderr]    Compiling phf_codegen v0.7.24
[INFO] [stderr]    Compiling mime_guess v1.8.8
[INFO] [stderr]     Checking env_logger v0.7.1
[INFO] [stderr]     Checking hyper v0.8.1
[INFO] [stderr]     Checking iron v0.6.1
[INFO] [stderr]     Checking mount v0.4.0
[INFO] [stderr]     Checking router v0.6.0
[INFO] [stderr]     Checking staticfile v0.5.0
[INFO] [stderr]     Checking iron v0.3.1
[INFO] [stderr]     Checking rust-gif-server v0.1.0 (/opt/rustwide/workdir)
[INFO] [stdout] warning: unused `#[macro_use]` import
[INFO] [stdout]  --> src/main.rs:6:1
[INFO] [stdout]   |
[INFO] [stdout] 6 | #[macro_use]
[INFO] [stdout]   | ^^^^^^^^^^^^
[INFO] [stdout]   |
[INFO] [stdout]   = note: `#[warn(unused_imports)]` on by default
[INFO] [stdout] 
[INFO] [stdout] 
[INFO] [stdout] warning: unused `#[macro_use]` import
[INFO] [stdout]  --> src/main.rs:9:1
[INFO] [stdout]   |
[INFO] [stdout] 9 | #[macro_use]
[INFO] [stdout]   | ^^^^^^^^^^^^
[INFO] [stdout] 
[INFO] [stdout] 
[INFO] [stdout] warning: unused import: `mount::Mount`
[INFO] [stdout]   --> src/main.rs:16:5
[INFO] [stdout]    |
[INFO] [stdout] 16 | use mount::Mount;
[INFO] [stdout]    |     ^^^^^^^^^^^^
[INFO] [stdout] 
[INFO] [stdout] 
[INFO] [stdout] warning: unused import: `std::fmt`
[INFO] [stdout]   --> src/main.rs:19:5
[INFO] [stdout]    |
[INFO] [stdout] 19 | use std::fmt;
[INFO] [stdout]    |     ^^^^^^^^
[INFO] [stdout] 
[INFO] [stdout] 
[INFO] [stdout] warning: unused import: `std::fs`
[INFO] [stdout]   --> src/main.rs:20:5
[INFO] [stdout]    |
[INFO] [stdout] 20 | use std::fs;
[INFO] [stdout]    |     ^^^^^^^
[INFO] [stdout] 
[INFO] [stdout] 
[INFO] [stdout] warning: unused `#[macro_use]` import
[INFO] [stdout]  --> src/main.rs:6:1
[INFO] [stdout]   |
[INFO] [stdout] 6 | #[macro_use]
[INFO] [stdout]   | ^^^^^^^^^^^^
[INFO] [stdout]   |
[INFO] [stdout]   = note: `#[warn(unused_imports)]` on by default
[INFO] [stdout] 
[INFO] [stdout] 
[INFO] [stdout] warning: unused `#[macro_use]` import
[INFO] [stdout]  --> src/main.rs:9:1
[INFO] [stdout]   |
[INFO] [stdout] 9 | #[macro_use]
[INFO] [stdout]   | ^^^^^^^^^^^^
[INFO] [stdout] 
[INFO] [stdout] 
[INFO] [stdout] warning: unused import: `mount::Mount`
[INFO] [stdout]   --> src/main.rs:16:5
[INFO] [stdout]    |
[INFO] [stdout] 16 | use mount::Mount;
[INFO] [stdout]    |     ^^^^^^^^^^^^
[INFO] [stdout] 
[INFO] [stdout] 
[INFO] [stdout] warning: unused import: `std::fmt`
[INFO] [stdout]   --> src/main.rs:19:5
[INFO] [stdout]    |
[INFO] [stdout] 19 | use std::fmt;
[INFO] [stdout]    |     ^^^^^^^^
[INFO] [stdout] 
[INFO] [stdout] 
[INFO] [stdout] warning: unused import: `std::fs`
[INFO] [stdout]   --> src/main.rs:20:5
[INFO] [stdout]    |
[INFO] [stdout] 20 | use std::fs;
[INFO] [stdout]    |     ^^^^^^^
[INFO] [stdout] 
[INFO] [stdout] 
[INFO] [stdout] error[E0599]: no method named `unwrap` found for unit type `()` in the current scope
[INFO] [stdout]   --> src/main.rs:95:24
[INFO] [stdout]    |
[INFO] [stdout] 95 |     env_logger::init().unwrap();
[INFO] [stdout]    |                        ^^^^^^ method not found in `()`
[INFO] [stdout] 
[INFO] [stdout] 
[INFO] [stdout] error[E0061]: this function takes 3 arguments but 2 arguments were supplied
[INFO] [stdout]   --> src/main.rs:98:12
[INFO] [stdout]    |
[INFO] [stdout] 98 |     router.get("/", root);
[INFO] [stdout]    |            ^^^ ---  ---- supplied 2 arguments
[INFO] [stdout]    |            |
[INFO] [stdout]    |            expected 3 arguments
[INFO] [stdout] 
[INFO] [stdout] 
[INFO] [stdout] error[E0061]: this function takes 3 arguments but 2 arguments were supplied
[INFO] [stdout]    --> src/main.rs:101:12
[INFO] [stdout]     |
[INFO] [stdout] 101 |     router.get("/browse", browse);
[INFO] [stdout]     |            ^^^ ---------  ------ supplied 2 arguments
[INFO] [stdout]     |            |
[INFO] [stdout]     |            expected 3 arguments
[INFO] [stdout] 
[INFO] [stdout] 
[INFO] [stdout] error[E0061]: this function takes 3 arguments but 2 arguments were supplied
[INFO] [stdout]    --> src/main.rs:102:12
[INFO] [stdout]     |
[INFO] [stdout] 102 |     router.get("/browse/:query", browse);
[INFO] [stdout]     |            ^^^ ----------------  ------ supplied 2 arguments
[INFO] [stdout]     |            |
[INFO] [stdout]     |            expected 3 arguments
[INFO] [stdout] 
[INFO] [stdout] 
[INFO] [stdout] error[E0277]: expected a `std::ops::Fn<(&mut iron::Request<'_, '_>,)>` closure, found `router::Router`
[INFO] [stdout]    --> src/main.rs:104:15
[INFO] [stdout]     |
[INFO] [stdout] 104 |     Iron::new(router).http("localhost:3333").unwrap();
[INFO] [stdout]     |               ^^^^^^ expected an `Fn<(&mut iron::Request<'_, '_>,)>` closure, found `router::Router`
[INFO] [stdout]     |
[INFO] [stdout]     = help: the trait `for<'r, 's, 't0> std::ops::Fn<(&'r mut iron::Request<'s, 't0>,)>` is not implemented for `router::Router`
[INFO] [stdout]     = note: required because of the requirements on the impl of `iron::Handler` for `router::Router`
[INFO] [stdout]     = note: required by `iron::Iron::<H>::new`
[INFO] [stdout] 
[INFO] [stdout] 
[INFO] [stdout] error[E0599]: no method named `http` found for struct `iron::Iron<router::Router>` in the current scope
[INFO] [stdout]    --> src/main.rs:104:23
[INFO] [stdout]     |
[INFO] [stdout] 104 |     Iron::new(router).http("localhost:3333").unwrap();
[INFO] [stdout]     |                       ^^^^ method not found in `iron::Iron<router::Router>`
[INFO] [stdout]     | 
[INFO] [stdout]    ::: /opt/rustwide/cargo-home/registry/src/github.com-1ecc6299db9ec823/router-0.6.0/src/router.rs:26:1
[INFO] [stdout]     |
[INFO] [stdout] 26  | pub struct Router {
[INFO] [stdout]     | ----------------- doesn't satisfy `router::Router: iron::Handler`
[INFO] [stdout]     |
[INFO] [stdout]     = note: the method `http` exists but the following trait bounds were not satisfied:
[INFO] [stdout]             `router::Router: iron::Handler`
[INFO] [stdout] 
[INFO] [stdout] 
[INFO] [stdout] error: aborting due to 6 previous errors; 5 warnings emitted
[INFO] [stdout] 
[INFO] [stdout] 
[INFO] [stdout] Some errors have detailed explanations: E0061, E0277, E0599.
[INFO] [stdout] 
[INFO] [stdout] For more information about an error, try `rustc --explain E0061`.
[INFO] [stdout] 
[INFO] [stderr] error: could not compile `rust-gif-server`.
[INFO] [stdout] error[E0599]: no method named `unwrap` found for unit type `()` in the current scope
[INFO] [stdout]   --> src/main.rs:95:24
[INFO] [stdout]    |
[INFO] [stdout] 95 |     env_logger::init().unwrap();
[INFO] [stdout]    |                        ^^^^^^ method not found in `()`
[INFO] [stdout] 
[INFO] [stdout] 
[INFO] [stderr] 
[INFO] [stdout] error[E0061]: this function takes 3 arguments but 2 arguments were supplied
[INFO] [stdout]   --> src/main.rs:98:12
[INFO] [stdout]    |
[INFO] [stdout] 98 |     router.get("/", root);
[INFO] [stdout]    |            ^^^ ---  ---- supplied 2 arguments
[INFO] [stdout]    |            |
[INFO] [stdout]    |            expected 3 arguments
[INFO] [stdout] 
[INFO] [stdout] 
[INFO] [stderr] To learn more, run the command again with --verbose.
[INFO] [stdout] error[E0061]: this function takes 3 arguments but 2 arguments were supplied
[INFO] [stdout]    --> src/main.rs:101:12
[INFO] [stdout]     |
[INFO] [stdout] 101 |     router.get("/browse", browse);
[INFO] [stdout]     |            ^^^ ---------  ------ supplied 2 arguments
[INFO] [stdout]     |            |
[INFO] [stdout]     |            expected 3 arguments
[INFO] [stdout] 
[INFO] [stdout] 
[INFO] [stderr] warning: build failed, waiting for other jobs to finish...
[INFO] [stdout] error[E0061]: this function takes 3 arguments but 2 arguments were supplied
[INFO] [stdout]    --> src/main.rs:102:12
[INFO] [stdout]     |
[INFO] [stdout] 102 |     router.get("/browse/:query", browse);
[INFO] [stdout]     |            ^^^ ----------------  ------ supplied 2 arguments
[INFO] [stdout]     |            |
[INFO] [stdout]     |            expected 3 arguments
[INFO] [stdout] 
[INFO] [stdout] 
[INFO] [stdout] error[E0277]: expected a `std::ops::Fn<(&mut iron::Request<'_, '_>,)>` closure, found `router::Router`
[INFO] [stdout]    --> src/main.rs:104:15
[INFO] [stdout]     |
[INFO] [stdout] 104 |     Iron::new(router).http("localhost:3333").unwrap();
[INFO] [stdout]     |               ^^^^^^ expected an `Fn<(&mut iron::Request<'_, '_>,)>` closure, found `router::Router`
[INFO] [stdout]     |
[INFO] [stdout]     = help: the trait `for<'r, 's, 't0> std::ops::Fn<(&'r mut iron::Request<'s, 't0>,)>` is not implemented for `router::Router`
[INFO] [stdout]     = note: required because of the requirements on the impl of `iron::Handler` for `router::Router`
[INFO] [stdout]     = note: required by `iron::Iron::<H>::new`
[INFO] [stdout] 
[INFO] [stdout] 
[INFO] [stdout] error[E0599]: no method named `http` found for struct `iron::Iron<router::Router>` in the current scope
[INFO] [stdout]    --> src/main.rs:104:23
[INFO] [stdout]     |
[INFO] [stdout] 104 |     Iron::new(router).http("localhost:3333").unwrap();
[INFO] [stdout]     |                       ^^^^ method not found in `iron::Iron<router::Router>`
[INFO] [stdout]     | 
[INFO] [stdout]    ::: /opt/rustwide/cargo-home/registry/src/github.com-1ecc6299db9ec823/router-0.6.0/src/router.rs:26:1
[INFO] [stdout]     |
[INFO] [stdout] 26  | pub struct Router {
[INFO] [stdout]     | ----------------- doesn't satisfy `router::Router: iron::Handler`
[INFO] [stdout]     |
[INFO] [stdout]     = note: the method `http` exists but the following trait bounds were not satisfied:
[INFO] [stdout]             `router::Router: iron::Handler`
[INFO] [stdout] 
[INFO] [stdout] 
[INFO] [stdout] error: aborting due to 6 previous errors; 5 warnings emitted
[INFO] [stdout] 
[INFO] [stdout] 
[INFO] [stdout] Some errors have detailed explanations: E0061, E0277, E0599.
[INFO] [stdout] 
[INFO] [stdout] For more information about an error, try `rustc --explain E0061`.
[INFO] [stdout] 
[INFO] [stderr] error: build failed
[INFO] running `Command { std: "docker" "inspect" "3a69b1568ecb7c8377f7c91deaa7be497f64c51c32b0132879d35fd8640c139c", kill_on_drop: false }`
[INFO] running `Command { std: "docker" "rm" "-f" "3a69b1568ecb7c8377f7c91deaa7be497f64c51c32b0132879d35fd8640c139c", kill_on_drop: false }`
[INFO] [stdout] 3a69b1568ecb7c8377f7c91deaa7be497f64c51c32b0132879d35fd8640c139c
