[INFO] cloning repository https://github.com/julienXX/toucan
[INFO] running `Command { std: "git" "-c" "credential.helper=" "-c" "credential.helper=/workspace/cargo-home/bin/git-credential-null" "clone" "--bare" "https://github.com/julienXX/toucan" "/workspace/cache/git-repos/https%3A%2F%2Fgithub.com%2FjulienXX%2Ftoucan", kill_on_drop: false }`
[INFO] [stderr] Cloning into bare repository '/workspace/cache/git-repos/https%3A%2F%2Fgithub.com%2FjulienXX%2Ftoucan'...
[INFO] running `Command { std: "git" "rev-parse" "HEAD", kill_on_drop: false }`
[INFO] [stdout] 766aa80a6d9bdda997308a17dd9d771c6c49c1dc
[INFO] checking julienXX/toucan against beta-2020-07-24 for pr-75494-beta
[INFO] running `Command { std: "git" "clone" "/workspace/cache/git-repos/https%3A%2F%2Fgithub.com%2FjulienXX%2Ftoucan" "/workspace/builds/worker-7/source", kill_on_drop: false }`
[INFO] [stderr] Cloning into '/workspace/builds/worker-7/source'...
[INFO] [stderr] done.
[INFO] validating manifest of git repo https://github.com/julienXX/toucan on toolchain beta-2020-07-24
[INFO] running `Command { std: "/workspace/cargo-home/bin/cargo" "+beta-2020-07-24" "read-manifest" "--manifest-path" "Cargo.toml", kill_on_drop: false }`
[INFO] started tweaking git repo https://github.com/julienXX/toucan
[INFO] finished tweaking git repo https://github.com/julienXX/toucan
[INFO] tweaked toml for git repo https://github.com/julienXX/toucan written to /workspace/builds/worker-7/source/Cargo.toml
[INFO] crate git repo https://github.com/julienXX/toucan already has a lockfile, it will not be regenerated
[INFO] running `Command { std: "/workspace/cargo-home/bin/cargo" "+beta-2020-07-24" "fetch" "--locked" "--manifest-path" "Cargo.toml", kill_on_drop: false }`
[INFO] [stderr] error: the lock file /workspace/builds/worker-7/source/Cargo.lock needs to be updated but --locked was passed to prevent this
[INFO] [stderr] If you want to try to generate the lock file without accessing the network, use the --offline flag.
[INFO] the lockfile is outdated, regenerating it
[INFO] running `Command { std: "/workspace/cargo-home/bin/cargo" "+beta-2020-07-24" "generate-lockfile" "--manifest-path" "Cargo.toml" "-Zno-index-update", kill_on_drop: false }`
[INFO] running `Command { std: "/workspace/cargo-home/bin/cargo" "+beta-2020-07-24" "fetch" "--locked" "--manifest-path" "Cargo.toml", kill_on_drop: false }`
[INFO] running `Command { std: "docker" "create" "-v" "/var/lib/crater-agent-workspace/builds/worker-7/target:/opt/rustwide/target:rw,Z" "-v" "/var/lib/crater-agent-workspace/builds/worker-7/source:/opt/rustwide/workdir:ro,Z" "-v" "/var/lib/crater-agent-workspace/cargo-home:/opt/rustwide/cargo-home:ro,Z" "-v" "/var/lib/crater-agent-workspace/rustup-home:/opt/rustwide/rustup-home:ro,Z" "-e" "SOURCE_DIR=/opt/rustwide/workdir" "-e" "CARGO_TARGET_DIR=/opt/rustwide/target" "-e" "CARGO_HOME=/opt/rustwide/cargo-home" "-e" "RUSTUP_HOME=/opt/rustwide/rustup-home" "-w" "/opt/rustwide/workdir" "-m" "1610612736" "--user" "0:0" "--network" "none" "rustops/crates-build-env@sha256:a636fd89d022f18117e1dc8fb37a0a009933cdbbe082814857f0e2024962d47c" "/opt/rustwide/cargo-home/bin/cargo" "+beta-2020-07-24" "metadata" "--no-deps" "--format-version=1", kill_on_drop: false }`
[INFO] [stdout] 1675d51d61c7c848e0c0efe76a93ffb5ffa5762f6be87abac70d1d478f4537da
[INFO] [stderr] WARNING: Your kernel does not support swap limit capabilities or the cgroup is not mounted. Memory limited without swap.
[INFO] running `Command { std: "docker" "start" "-a" "1675d51d61c7c848e0c0efe76a93ffb5ffa5762f6be87abac70d1d478f4537da", kill_on_drop: false }`
[INFO] running `Command { std: "docker" "inspect" "1675d51d61c7c848e0c0efe76a93ffb5ffa5762f6be87abac70d1d478f4537da", kill_on_drop: false }`
[INFO] running `Command { std: "docker" "rm" "-f" "1675d51d61c7c848e0c0efe76a93ffb5ffa5762f6be87abac70d1d478f4537da", kill_on_drop: false }`
[INFO] [stdout] 1675d51d61c7c848e0c0efe76a93ffb5ffa5762f6be87abac70d1d478f4537da
[INFO] running `Command { std: "docker" "create" "-v" "/var/lib/crater-agent-workspace/builds/worker-7/target:/opt/rustwide/target:rw,Z" "-v" "/var/lib/crater-agent-workspace/builds/worker-7/source:/opt/rustwide/workdir:ro,Z" "-v" "/var/lib/crater-agent-workspace/cargo-home:/opt/rustwide/cargo-home:ro,Z" "-v" "/var/lib/crater-agent-workspace/rustup-home:/opt/rustwide/rustup-home:ro,Z" "-e" "SOURCE_DIR=/opt/rustwide/workdir" "-e" "CARGO_TARGET_DIR=/opt/rustwide/target" "-e" "CARGO_INCREMENTAL=0" "-e" "RUST_BACKTRACE=full" "-e" "RUSTFLAGS=--cap-lints=forbid" "-e" "CARGO_HOME=/opt/rustwide/cargo-home" "-e" "RUSTUP_HOME=/opt/rustwide/rustup-home" "-w" "/opt/rustwide/workdir" "-m" "1610612736" "--user" "0:0" "--network" "none" "rustops/crates-build-env@sha256:a636fd89d022f18117e1dc8fb37a0a009933cdbbe082814857f0e2024962d47c" "/opt/rustwide/cargo-home/bin/cargo" "+beta-2020-07-24" "check" "--frozen" "--all" "--all-targets" "--message-format=json", kill_on_drop: false }`
[INFO] [stdout] 081f569ffe9f15bc6a0c50f81babbf33252c1bd34d78fc6907e4d766869873ba
[INFO] [stderr] WARNING: Your kernel does not support swap limit capabilities or the cgroup is not mounted. Memory limited without swap.
[INFO] running `Command { std: "docker" "start" "-a" "081f569ffe9f15bc6a0c50f81babbf33252c1bd34d78fc6907e4d766869873ba", kill_on_drop: false }`
[INFO] [stderr]    Compiling proc-macro2 v1.0.19
[INFO] [stderr]    Compiling unicode-xid v0.2.1
[INFO] [stderr]    Compiling ucd-trie v0.1.3
[INFO] [stderr]    Compiling syn v1.0.39
[INFO] [stderr]    Compiling ryu v1.0.5
[INFO] [stderr]    Compiling maplit v1.0.2
[INFO] [stderr]    Compiling libc v0.2.76
[INFO] [stderr]    Compiling log v0.4.11
[INFO] [stderr]     Checking cfg-if v0.1.10
[INFO] [stderr]     Checking bitflags v0.5.0
[INFO] [stderr]     Checking quick-error v2.0.0
[INFO] [stderr]     Checking linked-hash-map v0.5.3
[INFO] [stderr]    Compiling hoedown v6.0.0
[INFO] [stderr]     Checking pest v2.1.3
[INFO] [stderr]     Checking yaml-rust v0.4.4
[INFO] [stderr]     Checking serde_json v1.0.57
[INFO] [stderr]    Compiling quote v1.0.7
[INFO] [stderr]    Compiling pest_meta v2.1.3
[INFO] [stderr]    Compiling pest_generator v2.1.3
[INFO] [stderr]    Compiling pest_derive v2.1.0
[INFO] [stderr]     Checking handlebars v3.4.0
[INFO] [stderr]     Checking toucan v0.1.0 (/opt/rustwide/workdir)
[INFO] [stdout] error[E0277]: the trait bound `Document: serde::ser::Serialize` is not satisfied
[INFO] [stdout]    --> src/main.rs:131:35
[INFO] [stdout]     |
[INFO] [stdout] 131 |     handlebars.render("template", document).unwrap()
[INFO] [stdout]     |                                   ^^^^^^^^ the trait `serde::ser::Serialize` is not implemented for `Document`
[INFO] [stdout] 
[INFO] [stdout] 
[INFO] [stdout] error[E0277]: the trait bound `rustc_serialize::json::Json: serde::ser::Serialize` is not satisfied
[INFO] [stdout]    --> src/main.rs:151:35
[INFO] [stdout]     |
[INFO] [stdout] 151 |     handlebars.render("template", documents).unwrap()
[INFO] [stdout]     |                                   ^^^^^^^^^ the trait `serde::ser::Serialize` is not implemented for `rustc_serialize::json::Json`
[INFO] [stdout]     |
[INFO] [stdout]     = note: required because of the requirements on the impl of `serde::ser::Serialize` for `std::collections::BTreeMap<std::string::String, rustc_serialize::json::Json>`
[INFO] [stdout] 
[INFO] [stdout] 
[INFO] [stdout] error: aborting due to 2 previous errors
[INFO] [stdout] 
[INFO] [stdout] 
[INFO] [stdout] For more information about this error, try `rustc --explain E0277`.
[INFO] [stdout] 
[INFO] [stderr] error: could not compile `toucan`.
[INFO] [stdout] error[E0277]: the trait bound `Document: serde::ser::Serialize` is not satisfied
[INFO] [stdout]    --> src/main.rs:131:35
[INFO] [stdout]     |
[INFO] [stdout] 131 |     handlebars.render("template", document).unwrap()
[INFO] [stdout]     |                                   ^^^^^^^^ the trait `serde::ser::Serialize` is not implemented for `Document`
[INFO] [stdout] 
[INFO] [stdout] 
[INFO] [stderr] 
[INFO] [stdout] error[E0277]: the trait bound `rustc_serialize::json::Json: serde::ser::Serialize` is not satisfied
[INFO] [stdout]    --> src/main.rs:151:35
[INFO] [stdout]     |
[INFO] [stdout] 151 |     handlebars.render("template", documents).unwrap()
[INFO] [stdout]     |                                   ^^^^^^^^^ the trait `serde::ser::Serialize` is not implemented for `rustc_serialize::json::Json`
[INFO] [stdout]     |
[INFO] [stdout]     = note: required because of the requirements on the impl of `serde::ser::Serialize` for `std::collections::BTreeMap<std::string::String, rustc_serialize::json::Json>`
[INFO] [stdout] 
[INFO] [stdout] 
[INFO] [stderr] To learn more, run the command again with --verbose.
[INFO] [stderr] warning: build failed, waiting for other jobs to finish...
[INFO] [stdout] error: aborting due to 2 previous errors
[INFO] [stdout] 
[INFO] [stdout] 
[INFO] [stdout] For more information about this error, try `rustc --explain E0277`.
[INFO] [stdout] 
[INFO] [stderr] error: build failed
[INFO] running `Command { std: "docker" "inspect" "081f569ffe9f15bc6a0c50f81babbf33252c1bd34d78fc6907e4d766869873ba", kill_on_drop: false }`
[INFO] running `Command { std: "docker" "rm" "-f" "081f569ffe9f15bc6a0c50f81babbf33252c1bd34d78fc6907e4d766869873ba", kill_on_drop: false }`
[INFO] [stdout] 081f569ffe9f15bc6a0c50f81babbf33252c1bd34d78fc6907e4d766869873ba
