[INFO] cloning repository https://github.com/jtt9340/queue
[INFO] running `Command { std: "git" "-c" "credential.helper=" "-c" "credential.helper=/workspace/cargo-home/bin/git-credential-null" "clone" "--bare" "https://github.com/jtt9340/queue" "/workspace/cache/git-repos/https%3A%2F%2Fgithub.com%2Fjtt9340%2Fqueue", kill_on_drop: false }`
[INFO] [stderr] Cloning into bare repository '/workspace/cache/git-repos/https%3A%2F%2Fgithub.com%2Fjtt9340%2Fqueue'...
[INFO] running `Command { std: "git" "rev-parse" "HEAD", kill_on_drop: false }`
[INFO] [stdout] ccbcfb4312603f7a2ee268fd71600092b4c8478b
[INFO] checking jtt9340/queue against beta-2020-07-24 for pr-75494-beta
[INFO] running `Command { std: "git" "clone" "/workspace/cache/git-repos/https%3A%2F%2Fgithub.com%2Fjtt9340%2Fqueue" "/workspace/builds/worker-0/source", kill_on_drop: false }`
[INFO] [stderr] Cloning into '/workspace/builds/worker-0/source'...
[INFO] [stderr] done.
[INFO] validating manifest of git repo https://github.com/jtt9340/queue on toolchain beta-2020-07-24
[INFO] running `Command { std: "/workspace/cargo-home/bin/cargo" "+beta-2020-07-24" "read-manifest" "--manifest-path" "Cargo.toml", kill_on_drop: false }`
[INFO] started tweaking git repo https://github.com/jtt9340/queue
[INFO] removed 0 missing examples
[INFO] finished tweaking git repo https://github.com/jtt9340/queue
[INFO] tweaked toml for git repo https://github.com/jtt9340/queue written to /workspace/builds/worker-0/source/Cargo.toml
[INFO] crate git repo https://github.com/jtt9340/queue already has a lockfile, it will not be regenerated
[INFO] running `Command { std: "/workspace/cargo-home/bin/cargo" "+beta-2020-07-24" "fetch" "--locked" "--manifest-path" "Cargo.toml", kill_on_drop: false }`
[INFO] running `Command { std: "docker" "create" "-v" "/var/lib/crater-agent-workspace/builds/worker-0/target:/opt/rustwide/target:rw,Z" "-v" "/var/lib/crater-agent-workspace/builds/worker-0/source:/opt/rustwide/workdir:ro,Z" "-v" "/var/lib/crater-agent-workspace/cargo-home:/opt/rustwide/cargo-home:ro,Z" "-v" "/var/lib/crater-agent-workspace/rustup-home:/opt/rustwide/rustup-home:ro,Z" "-e" "SOURCE_DIR=/opt/rustwide/workdir" "-e" "CARGO_TARGET_DIR=/opt/rustwide/target" "-e" "CARGO_HOME=/opt/rustwide/cargo-home" "-e" "RUSTUP_HOME=/opt/rustwide/rustup-home" "-w" "/opt/rustwide/workdir" "-m" "1610612736" "--user" "0:0" "--network" "none" "rustops/crates-build-env@sha256:a636fd89d022f18117e1dc8fb37a0a009933cdbbe082814857f0e2024962d47c" "/opt/rustwide/cargo-home/bin/cargo" "+beta-2020-07-24" "metadata" "--no-deps" "--format-version=1", kill_on_drop: false }`
[INFO] [stdout] a1e68fbae1869deb148683ade2c85e10929c3281f71065f4087aeec7a07051ae
[INFO] [stderr] WARNING: Your kernel does not support swap limit capabilities or the cgroup is not mounted. Memory limited without swap.
[INFO] running `Command { std: "docker" "start" "-a" "a1e68fbae1869deb148683ade2c85e10929c3281f71065f4087aeec7a07051ae", kill_on_drop: false }`
[INFO] running `Command { std: "docker" "inspect" "a1e68fbae1869deb148683ade2c85e10929c3281f71065f4087aeec7a07051ae", kill_on_drop: false }`
[INFO] running `Command { std: "docker" "rm" "-f" "a1e68fbae1869deb148683ade2c85e10929c3281f71065f4087aeec7a07051ae", kill_on_drop: false }`
[INFO] [stdout] a1e68fbae1869deb148683ade2c85e10929c3281f71065f4087aeec7a07051ae
[INFO] running `Command { std: "docker" "create" "-v" "/var/lib/crater-agent-workspace/builds/worker-0/target:/opt/rustwide/target:rw,Z" "-v" "/var/lib/crater-agent-workspace/builds/worker-0/source:/opt/rustwide/workdir:ro,Z" "-v" "/var/lib/crater-agent-workspace/cargo-home:/opt/rustwide/cargo-home:ro,Z" "-v" "/var/lib/crater-agent-workspace/rustup-home:/opt/rustwide/rustup-home:ro,Z" "-e" "SOURCE_DIR=/opt/rustwide/workdir" "-e" "CARGO_TARGET_DIR=/opt/rustwide/target" "-e" "CARGO_INCREMENTAL=0" "-e" "RUST_BACKTRACE=full" "-e" "RUSTFLAGS=--cap-lints=forbid" "-e" "CARGO_HOME=/opt/rustwide/cargo-home" "-e" "RUSTUP_HOME=/opt/rustwide/rustup-home" "-w" "/opt/rustwide/workdir" "-m" "1610612736" "--user" "0:0" "--network" "none" "rustops/crates-build-env@sha256:a636fd89d022f18117e1dc8fb37a0a009933cdbbe082814857f0e2024962d47c" "/opt/rustwide/cargo-home/bin/cargo" "+beta-2020-07-24" "check" "--frozen" "--all" "--all-targets" "--message-format=json", kill_on_drop: false }`
[INFO] [stdout] b157ed748345cd24646fb8f1e5572ad9fbfa8077a447e613866219ca5503a7a6
[INFO] [stderr] WARNING: Your kernel does not support swap limit capabilities or the cgroup is not mounted. Memory limited without swap.
[INFO] running `Command { std: "docker" "start" "-a" "b157ed748345cd24646fb8f1e5572ad9fbfa8077a447e613866219ca5503a7a6", kill_on_drop: false }`
[INFO] [stderr]     Blocking waiting for file lock on package cache
[INFO] [stderr]    Compiling memchr v2.3.0
[INFO] [stderr]    Compiling syn v1.0.5
[INFO] [stderr]    Compiling cc v1.0.46
[INFO] [stderr]     Checking itoa v0.4.4
[INFO] [stderr]    Compiling byteorder v1.3.2
[INFO] [stderr]    Compiling openssl v0.10.25
[INFO] [stderr]     Checking foreign-types-shared v0.1.1
[INFO] [stderr]     Checking matches v0.1.8
[INFO] [stderr]     Checking smallvec v0.6.10
[INFO] [stderr]    Compiling httparse v1.3.4
[INFO] [stderr]     Checking futures-task v0.3.1
[INFO] [stderr]     Checking futures-io v0.3.1
[INFO] [stderr]    Compiling crc32fast v1.2.0
[INFO] [stderr]    Compiling getrandom v0.1.12
[INFO] [stderr]     Checking openssl-probe v0.1.2
[INFO] [stderr]     Checking try-lock v0.2.2
[INFO] [stderr]     Checking ppv-lite86 v0.2.5
[INFO] [stderr]    Compiling encoding_rs v0.8.20
[INFO] [stderr]     Checking byte-tools v0.3.1
[INFO] [stderr]     Checking tower-service v0.3.0
[INFO] [stderr]     Checking dtoa v0.4.4
[INFO] [stderr]     Checking mime v0.3.14
[INFO] [stderr]     Checking opaque-debug v0.2.3
[INFO] [stderr]     Checking fake-simd v0.1.2
[INFO] [stderr]     Checking utf-8 v0.7.5
[INFO] [stderr]     Checking unicode-width v0.1.7
[INFO] [stderr]    Compiling indexmap v1.3.0
[INFO] [stderr]     Checking foreign-types v0.3.2
[INFO] [stderr]     Checking unicode-bidi v0.3.4
[INFO] [stderr]     Checking miniz_oxide v0.3.5
[INFO] [stderr]     Checking block-padding v0.1.5
[INFO] [stderr]     Checking http v0.2.0
[INFO] [stderr]     Checking unicode-normalization v0.1.8
[INFO] [stderr]     Checking log v0.4.8
[INFO] [stderr]    Compiling proc-macro2 v1.0.5
[INFO] [stderr]     Checking getopts v0.2.21
[INFO] [stderr]     Checking num_cpus v1.11.1
[INFO] [stderr]     Checking time v0.1.42
[INFO] [stderr]     Checking mio v0.6.21
[INFO] [stderr]     Checking want v0.3.0
[INFO] [stderr]     Checking log v0.3.9
[INFO] [stderr]     Checking mime_guess v2.0.1
[INFO] [stderr]     Checking rand_core v0.5.1
[INFO] [stderr]     Checking flate2 v1.0.13
[INFO] [stderr]     Checking c2-chacha v0.2.2
[INFO] [stderr]     Checking futures-util v0.3.1
[INFO] [stderr]    Compiling quote v1.0.2
[INFO] [stderr]     Checking bytes v0.4.12
[INFO] [stderr]     Checking block-buffer v0.7.3
[INFO] [stderr]     Checking rand_chacha v0.2.1
[INFO] [stderr]     Checking sha-1 v0.8.1
[INFO] [stderr]     Checking idna v0.2.0
[INFO] [stderr]     Checking rand v0.7.2
[INFO] [stderr]     Checking tokio v0.2.10
[INFO] [stderr]     Checking input_buffer v0.2.0
[INFO] [stderr]     Checking http v0.1.19
[INFO] [stderr]     Checking async-compression v0.2.0
[INFO] [stderr]    Compiling openssl-sys v0.9.52
[INFO] [stderr]     Checking url v2.1.0
[INFO] [stderr]    Compiling native-tls v0.2.3
[INFO] [stderr]     Checking http-body v0.3.1
[INFO] [stderr]     Checking tokio-util v0.2.0
[INFO] [stderr]     Checking h2 v0.2.1
[INFO] [stderr]     Checking tokio-tls v0.3.0
[INFO] [stderr]     Checking tungstenite v0.9.2
[INFO] [stderr]    Compiling pin-project-internal v0.4.7
[INFO] [stderr]    Compiling serde_derive v1.0.104
[INFO] [stderr]     Checking pin-project v0.4.7
[INFO] [stderr]     Checking hyper v0.13.1
[INFO] [stderr]     Checking hyper-tls v0.4.1
[INFO] [stderr]     Checking serde v1.0.104
[INFO] [stderr]     Checking serde_urlencoded v0.6.1
[INFO] [stderr]     Checking serde_json v1.0.45
[INFO] [stderr]     Checking reqwest v0.10.1
[INFO] [stderr]     Checking slack_api v0.22.0
[INFO] [stderr]     Checking slack v0.23.0
[INFO] [stderr]     Checking queue v0.4.0 (/opt/rustwide/workdir)
[INFO] [stdout] error[E0432]: unresolved import `actix_web`
[INFO] [stdout]   --> src/bin/verify.rs:10:5
[INFO] [stdout]    |
[INFO] [stdout] 10 | use actix_web::{App, HttpResponse, HttpServer, Responder, web};
[INFO] [stdout]    |     ^^^^^^^^^ use of undeclared type or module `actix_web`
[INFO] [stdout] 
[INFO] [stdout] 
[INFO] [stdout] error[E0433]: failed to resolve: use of undeclared type or module `actix_rt`
[INFO] [stdout]   --> src/bin/verify.rs:25:3
[INFO] [stdout]    |
[INFO] [stdout] 25 | #[actix_rt::main]
[INFO] [stdout]    |   ^^^^^^^^ use of undeclared type or module `actix_rt`
[INFO] [stdout] 
[INFO] [stdout] 
[INFO] [stdout] error[E0432]: unresolved import `actix_web`
[INFO] [stdout]   --> src/bin/verify.rs:10:5
[INFO] [stdout]    |
[INFO] [stdout] 10 | use actix_web::{App, HttpResponse, HttpServer, Responder, web};
[INFO] [stdout]    |     ^^^^^^^^^ use of undeclared type or module `actix_web`
[INFO] [stdout] 
[INFO] [stdout] 
[INFO] [stdout] error[E0433]: failed to resolve: use of undeclared type or module `actix_rt`
[INFO] [stdout]   --> src/bin/verify.rs:25:3
[INFO] [stdout]    |
[INFO] [stdout] 25 | #[actix_rt::main]
[INFO] [stdout]    |   ^^^^^^^^ use of undeclared type or module `actix_rt`
[INFO] [stdout] 
[INFO] [stdout] 
[INFO] [stdout] error: aborting due to 2 previous errors
[INFO] [stdout] 
[INFO] [stdout] 
[INFO] [stdout] Some errors have detailed explanations: E0432, E0433.
[INFO] [stdout] 
[INFO] [stdout] For more information about an error, try `rustc --explain E0432`.
[INFO] [stdout] 
[INFO] [stderr] error: could not compile `queue`.
[INFO] [stderr] 
[INFO] [stderr] To learn more, run the command again with --verbose.
[INFO] [stderr] warning: build failed, waiting for other jobs to finish...
[INFO] [stdout] error: aborting due to 2 previous errors
[INFO] [stdout] 
[INFO] [stdout] 
[INFO] [stdout] Some errors have detailed explanations: E0432, E0433.
[INFO] [stdout] 
[INFO] [stdout] For more information about an error, try `rustc --explain E0432`.
[INFO] [stdout] 
[INFO] [stderr] error: build failed
[INFO] running `Command { std: "docker" "inspect" "b157ed748345cd24646fb8f1e5572ad9fbfa8077a447e613866219ca5503a7a6", kill_on_drop: false }`
[INFO] running `Command { std: "docker" "rm" "-f" "b157ed748345cd24646fb8f1e5572ad9fbfa8077a447e613866219ca5503a7a6", kill_on_drop: false }`
[INFO] [stdout] b157ed748345cd24646fb8f1e5572ad9fbfa8077a447e613866219ca5503a7a6
