[INFO] cloning repository https://github.com/joonazan/lego
[INFO] running `Command { std: "git" "-c" "credential.helper=" "-c" "credential.helper=/workspace/cargo-home/bin/git-credential-null" "clone" "--bare" "https://github.com/joonazan/lego" "/workspace/cache/git-repos/https%3A%2F%2Fgithub.com%2Fjoonazan%2Flego", kill_on_drop: false }`
[INFO] [stderr] Cloning into bare repository '/workspace/cache/git-repos/https%3A%2F%2Fgithub.com%2Fjoonazan%2Flego'...
[INFO] running `Command { std: "git" "rev-parse" "HEAD", kill_on_drop: false }`
[INFO] [stdout] 6fa08eab5847f90e72bd10478c36e64ec523e63c
[INFO] checking joonazan/lego against beta-2020-07-24 for pr-75494-beta
[INFO] running `Command { std: "git" "clone" "/workspace/cache/git-repos/https%3A%2F%2Fgithub.com%2Fjoonazan%2Flego" "/workspace/builds/worker-0/source", kill_on_drop: false }`
[INFO] [stderr] Cloning into '/workspace/builds/worker-0/source'...
[INFO] [stderr] done.
[INFO] validating manifest of git repo https://github.com/joonazan/lego on toolchain beta-2020-07-24
[INFO] running `Command { std: "/workspace/cargo-home/bin/cargo" "+beta-2020-07-24" "read-manifest" "--manifest-path" "Cargo.toml", kill_on_drop: false }`
[INFO] started tweaking git repo https://github.com/joonazan/lego
[INFO] finished tweaking git repo https://github.com/joonazan/lego
[INFO] tweaked toml for git repo https://github.com/joonazan/lego written to /workspace/builds/worker-0/source/Cargo.toml
[INFO] crate git repo https://github.com/joonazan/lego already has a lockfile, it will not be regenerated
[INFO] running `Command { std: "/workspace/cargo-home/bin/cargo" "+beta-2020-07-24" "fetch" "--locked" "--manifest-path" "Cargo.toml", kill_on_drop: false }`
[INFO] [stderr] error: the lock file /workspace/builds/worker-0/source/Cargo.lock needs to be updated but --locked was passed to prevent this
[INFO] [stderr] If you want to try to generate the lock file without accessing the network, use the --offline flag.
[INFO] the lockfile is outdated, regenerating it
[INFO] running `Command { std: "/workspace/cargo-home/bin/cargo" "+beta-2020-07-24" "generate-lockfile" "--manifest-path" "Cargo.toml" "-Zno-index-update", kill_on_drop: false }`
[INFO] running `Command { std: "/workspace/cargo-home/bin/cargo" "+beta-2020-07-24" "fetch" "--locked" "--manifest-path" "Cargo.toml", kill_on_drop: false }`
[INFO] running `Command { std: "docker" "create" "-v" "/var/lib/crater-agent-workspace/builds/worker-0/target:/opt/rustwide/target:rw,Z" "-v" "/var/lib/crater-agent-workspace/builds/worker-0/source:/opt/rustwide/workdir:ro,Z" "-v" "/var/lib/crater-agent-workspace/cargo-home:/opt/rustwide/cargo-home:ro,Z" "-v" "/var/lib/crater-agent-workspace/rustup-home:/opt/rustwide/rustup-home:ro,Z" "-e" "SOURCE_DIR=/opt/rustwide/workdir" "-e" "CARGO_TARGET_DIR=/opt/rustwide/target" "-e" "CARGO_HOME=/opt/rustwide/cargo-home" "-e" "RUSTUP_HOME=/opt/rustwide/rustup-home" "-w" "/opt/rustwide/workdir" "-m" "1610612736" "--user" "0:0" "--network" "none" "rustops/crates-build-env@sha256:a636fd89d022f18117e1dc8fb37a0a009933cdbbe082814857f0e2024962d47c" "/opt/rustwide/cargo-home/bin/cargo" "+beta-2020-07-24" "metadata" "--no-deps" "--format-version=1", kill_on_drop: false }`
[INFO] [stderr] WARNING: Your kernel does not support swap limit capabilities or the cgroup is not mounted. Memory limited without swap.
[INFO] [stdout] e5b1b4310c0488a0855c19d562c4bd1d7546abe0c11548e728e09b0ff525412b
[INFO] running `Command { std: "docker" "start" "-a" "e5b1b4310c0488a0855c19d562c4bd1d7546abe0c11548e728e09b0ff525412b", kill_on_drop: false }`
[INFO] running `Command { std: "docker" "inspect" "e5b1b4310c0488a0855c19d562c4bd1d7546abe0c11548e728e09b0ff525412b", kill_on_drop: false }`
[INFO] running `Command { std: "docker" "rm" "-f" "e5b1b4310c0488a0855c19d562c4bd1d7546abe0c11548e728e09b0ff525412b", kill_on_drop: false }`
[INFO] [stdout] e5b1b4310c0488a0855c19d562c4bd1d7546abe0c11548e728e09b0ff525412b
[INFO] running `Command { std: "docker" "create" "-v" "/var/lib/crater-agent-workspace/builds/worker-0/target:/opt/rustwide/target:rw,Z" "-v" "/var/lib/crater-agent-workspace/builds/worker-0/source:/opt/rustwide/workdir:ro,Z" "-v" "/var/lib/crater-agent-workspace/cargo-home:/opt/rustwide/cargo-home:ro,Z" "-v" "/var/lib/crater-agent-workspace/rustup-home:/opt/rustwide/rustup-home:ro,Z" "-e" "SOURCE_DIR=/opt/rustwide/workdir" "-e" "CARGO_TARGET_DIR=/opt/rustwide/target" "-e" "CARGO_INCREMENTAL=0" "-e" "RUST_BACKTRACE=full" "-e" "RUSTFLAGS=--cap-lints=forbid" "-e" "CARGO_HOME=/opt/rustwide/cargo-home" "-e" "RUSTUP_HOME=/opt/rustwide/rustup-home" "-w" "/opt/rustwide/workdir" "-m" "1610612736" "--user" "0:0" "--network" "none" "rustops/crates-build-env@sha256:a636fd89d022f18117e1dc8fb37a0a009933cdbbe082814857f0e2024962d47c" "/opt/rustwide/cargo-home/bin/cargo" "+beta-2020-07-24" "check" "--frozen" "--all" "--all-targets" "--message-format=json", kill_on_drop: false }`
[INFO] [stdout] dbfc767421e1cd22bcbe6b18c5a012bbe19ff94617b0764eb1421640a4686269
[INFO] [stderr] WARNING: Your kernel does not support swap limit capabilities or the cgroup is not mounted. Memory limited without swap.
[INFO] running `Command { std: "docker" "start" "-a" "dbfc767421e1cd22bcbe6b18c5a012bbe19ff94617b0764eb1421640a4686269", kill_on_drop: false }`
[INFO] [stderr]    Compiling xml-rs v0.8.3
[INFO] [stderr]     Checking cfg-if v0.1.10
[INFO] [stderr]    Compiling khronos_api v3.1.0
[INFO] [stderr]    Compiling libloading v0.6.2
[INFO] [stderr]    Compiling autocfg v0.1.7
[INFO] [stderr]    Compiling nix v0.14.1
[INFO] [stderr]     Checking lazycell v1.3.0
[INFO] [stderr]     Checking same-file v1.0.6
[INFO] [stderr]     Checking downcast-rs v1.2.0
[INFO] [stderr]     Checking xdg v2.2.0
[INFO] [stderr]     Checking rustc-demangle v0.1.16
[INFO] [stderr]    Compiling cgmath v0.17.0
[INFO] [stderr]     Checking takeable-option v0.5.0
[INFO] [stderr]    Compiling num-traits v0.2.12
[INFO] [stderr]    Compiling x11-dl v2.18.5
[INFO] [stderr]    Compiling freetype-sys v0.7.1
[INFO] [stderr]     Checking rand_core v0.3.1
[INFO] [stderr]    Compiling libz-sys v1.1.0
[INFO] [stderr]    Compiling libloading v0.5.2
[INFO] [stderr]    Compiling log v0.4.11
[INFO] [stderr]     Checking walkdir v2.3.1
[INFO] [stderr]     Checking net2 v0.2.34
[INFO] [stderr]     Checking parking_lot_core v0.7.2
[INFO] [stderr]     Checking memmap v0.7.0
[INFO] [stderr]     Checking shared_library v0.1.9
[INFO] [stderr]     Checking raw-window-handle v0.3.3
[INFO] [stderr]     Checking rand_os v0.1.3
[INFO] [stderr]     Checking stb_truetype v0.3.1
[INFO] [stderr]     Checking smallvec v0.6.13
[INFO] [stderr]     Checking rand_hc v0.1.0
[INFO] [stderr]     Checking rand_isaac v0.1.1
[INFO] [stderr]     Checking rand_xorshift v0.1.1
[INFO] [stderr]     Checking backtrace v0.3.50
[INFO] [stderr]     Checking osmesa-sys v0.1.2
[INFO] [stderr]     Checking mio v0.6.22
[INFO] [stderr]     Checking parking_lot v0.10.2
[INFO] [stderr]    Compiling rand_pcg v0.1.2
[INFO] [stderr]    Compiling rand_chacha v0.1.1
[INFO] [stderr]    Compiling rand v0.6.5
[INFO] [stderr]     Checking dlib v0.4.2
[INFO] [stderr]    Compiling gl_generator v0.14.0
[INFO] [stderr]    Compiling wayland-scanner v0.23.6
[INFO] [stderr]    Compiling gl_generator v0.10.0
[INFO] [stderr]     Checking wayland-sys v0.23.6
[INFO] [stderr]     Checking mio-extras v2.0.6
[INFO] [stderr]     Checking approx v0.3.2
[INFO] [stderr]     Checking ordered-float v1.1.0
[INFO] [stderr]     Checking line_drawing v0.7.0
[INFO] [stderr]    Compiling glium v0.23.0
[INFO] [stderr]     Checking rusttype v0.8.3
[INFO] [stderr]    Compiling glutin_egl_sys v0.1.5
[INFO] [stderr]    Compiling glutin_glx_sys v0.1.7
[INFO] [stderr]    Compiling glium v0.27.0
[INFO] [stderr]     Checking rusttype v0.7.9
[INFO] [stderr]     Checking andrew v0.2.1
[INFO] [stderr]    Compiling wayland-client v0.23.6
[INFO] [stderr]    Compiling wayland-protocols v0.23.6
[INFO] [stderr]     Checking calloop v0.4.4
[INFO] [stderr]     Checking wayland-commons v0.23.6
[INFO] [stderr]     Checking smithay-client-toolkit v0.6.6
[INFO] [stderr]     Checking winit v0.22.2
[INFO] [stderr]     Checking glutin v0.24.1
[INFO] [stderr]     Checking glium_text v0.14.0
[INFO] [stderr]     Checking lego v0.1.0 (/opt/rustwide/workdir)
[INFO] [stdout] error: couldn't read /home/joonazan/go/src/github.com/joonazan/vec2/vec2.go: No such file or directory (os error 2)
[INFO] [stdout]   --> src/main.rs:16:17
[INFO] [stdout]    |
[INFO] [stdout] 16 |     let lines = include_str!("/home/joonazan/go/src/github.com/joonazan/vec2/vec2.go")
[INFO] [stdout]    |                 ^^^^^^^^^^^^^^^^^^^^^^^^^^^^^^^^^^^^^^^^^^^^^^^^^^^^^^^^^^^^^^^^^^^^^^
[INFO] [stdout]    |
[INFO] [stdout]    = note: this error originates in a macro (in Nightly builds, run with -Z macro-backtrace for more info)
[INFO] [stdout] 
[INFO] [stdout] 
[INFO] [stdout] error[E0432]: unresolved import `glium::DisplayBuild`
[INFO] [stdout]  --> src/main.rs:7:9
[INFO] [stdout]   |
[INFO] [stdout] 7 |     use glium::DisplayBuild;
[INFO] [stdout]   |         ^^^^^^^^^^^^^^^^^^^ no `DisplayBuild` in the root
[INFO] [stdout] 
[INFO] [stdout] 
[INFO] [stdout] error[E0432]: unresolved import `glium::glutin::Event`
[INFO] [stdout]   --> src/main.rs:28:17
[INFO] [stdout]    |
[INFO] [stdout] 28 |             use glium::glutin::Event;
[INFO] [stdout]    |                 ^^^^^^^^^^^^^^^-----
[INFO] [stdout]    |                 |              |
[INFO] [stdout]    |                 |              help: a similar name exists in the module: `event`
[INFO] [stdout]    |                 no `Event` in `glutin`
[INFO] [stdout] 
[INFO] [stdout] 
[INFO] [stdout] error[E0433]: failed to resolve: could not find `WindowBuilder` in `glutin`
[INFO] [stdout]  --> src/main.rs:8:34
[INFO] [stdout]   |
[INFO] [stdout] 8 |     let display = glium::glutin::WindowBuilder::new()
[INFO] [stdout]   |                                  ^^^^^^^^^^^^^ not found in `glium::glutin`
[INFO] [stdout]   |
[INFO] [stdout] help: consider importing this struct
[INFO] [stdout]   |
[INFO] [stdout] 47| use glium::glutin::window::WindowBuilder;
[INFO] [stdout]   |
[INFO] [stdout] 
[INFO] [stdout] 
[INFO] [stdout] error: couldn't read /home/joonazan/go/src/github.com/joonazan/vec2/vec2.go: No such file or directory (os error 2)
[INFO] [stdout]   --> src/main.rs:16:17
[INFO] [stdout]    |
[INFO] [stdout] 16 |     let lines = include_str!("/home/joonazan/go/src/github.com/joonazan/vec2/vec2.go")
[INFO] [stdout]    |                 ^^^^^^^^^^^^^^^^^^^^^^^^^^^^^^^^^^^^^^^^^^^^^^^^^^^^^^^^^^^^^^^^^^^^^^
[INFO] [stdout]    |
[INFO] [stdout]    = note: this error originates in a macro (in Nightly builds, run with -Z macro-backtrace for more info)
[INFO] [stdout] 
[INFO] [stdout] 
[INFO] [stdout] error[E0432]: unresolved import `glium::DisplayBuild`
[INFO] [stdout]  --> src/main.rs:7:9
[INFO] [stdout]   |
[INFO] [stdout] 7 |     use glium::DisplayBuild;
[INFO] [stdout]   |         ^^^^^^^^^^^^^^^^^^^ no `DisplayBuild` in the root
[INFO] [stdout] 
[INFO] [stdout] 
[INFO] [stdout] error[E0432]: unresolved import `glium::glutin::Event`
[INFO] [stdout]   --> src/main.rs:28:17
[INFO] [stdout]    |
[INFO] [stdout] 28 |             use glium::glutin::Event;
[INFO] [stdout]    |                 ^^^^^^^^^^^^^^^-----
[INFO] [stdout]    |                 |              |
[INFO] [stdout]    |                 |              help: a similar name exists in the module: `event`
[INFO] [stdout]    |                 no `Event` in `glutin`
[INFO] [stdout] 
[INFO] [stdout] 
[INFO] [stdout] error[E0433]: failed to resolve: could not find `WindowBuilder` in `glutin`
[INFO] [stdout]  --> src/main.rs:8:34
[INFO] [stdout]   |
[INFO] [stdout] 8 |     let display = glium::glutin::WindowBuilder::new()
[INFO] [stdout]   |                                  ^^^^^^^^^^^^^ not found in `glium::glutin`
[INFO] [stdout]   |
[INFO] [stdout] help: consider importing this struct
[INFO] [stdout]   |
[INFO] [stdout] 47| use glium::glutin::window::WindowBuilder;
[INFO] [stdout]   |
[INFO] [stdout] 
[INFO] [stdout] 
[INFO] [stdout] error[E0277]: the trait bound `F: glium::backend::Facade` is not satisfied
[INFO] [stdout]    --> src/text.rs:18:40
[INFO] [stdout]     |
[INFO] [stdout] 18  |             system: glium_text::TextSystem::new(display),
[INFO] [stdout]     |                                                 ^^^^^^^ the trait `glium::backend::Facade` is not implemented for `F`
[INFO] [stdout]     | 
[INFO] [stdout]    ::: /opt/rustwide/cargo-home/registry/src/github.com-1ecc6299db9ec823/glium_text-0.14.0/src/lib.rs:223:54
[INFO] [stdout]     |
[INFO] [stdout] 223 |     pub fn new<F>(facade: &F) -> TextSystem where F: Facade {
[INFO] [stdout]     |                                                      ------ required by this bound in `glium_text::TextSystem::new`
[INFO] [stdout]     |
[INFO] [stdout] help: consider further restricting this bound
[INFO] [stdout]     |
[INFO] [stdout] 15  | impl<'a, F: SizedFacade + 'a + glium::backend::Facade> System<'a, F> {
[INFO] [stdout]     |                              ^^^^^^^^^^^^^^^^^^^^^^^^
[INFO] [stdout] 
[INFO] [stdout] 
[INFO] [stdout] error[E0277]: the trait bound `F: glium::backend::Facade` is not satisfied
[INFO] [stdout]    --> src/text.rs:27:13
[INFO] [stdout]     |
[INFO] [stdout] 27  |             texture: glium_text::FontTexture::new(self.display, bytes, size).unwrap()
[INFO] [stdout]     |                      ^^^^^^^^^^^^^^^^^^^^^^^^^^^^ the trait `glium::backend::Facade` is not implemented for `F`
[INFO] [stdout]     | 
[INFO] [stdout]    ::: /opt/rustwide/cargo-home/registry/src/github.com-1ecc6299db9ec823/glium_text-0.14.0/src/lib.rs:126:67
[INFO] [stdout]     |
[INFO] [stdout] 126 |                      -> Result<FontTexture, ()> where R: Read, F: Facade
[INFO] [stdout]     |                                                                   ------ required by this bound in `glium_text::FontTexture::new`
[INFO] [stdout]     |
[INFO] [stdout] help: consider further restricting this bound
[INFO] [stdout]     |
[INFO] [stdout] 15  | impl<'a, F: SizedFacade + 'a + glium::backend::Facade> System<'a, F> {
[INFO] [stdout]     |                              ^^^^^^^^^^^^^^^^^^^^^^^^
[INFO] [stdout] 
[INFO] [stdout] 
[INFO] [stdout] error[E0277]: the trait bound `glium::Frame: glium::Surface` is not satisfied
[INFO] [stdout]     --> src/text.rs:53:3
[INFO] [stdout]      |
[INFO] [stdout] 53   |         glium_text::draw(&self.text, &self.system.system, frame, matrix, color);
[INFO] [stdout]      |         ^^^^^^^^^^^^^^^^ the trait `glium::Surface` is not implemented for `glium::Frame`
[INFO] [stdout]      | 
[INFO] [stdout]     ::: /opt/rustwide/cargo-home/registry/src/github.com-1ecc6299db9ec823/glium_text-0.14.0/src/lib.rs:418:39
[INFO] [stdout]      |
[INFO] [stdout] 418  | ...                   where S: glium::Surface, M: Into<[[f32; 4]; 4]>,
[INFO] [stdout]      |                                -------------- required by this bound in `glium_text::draw`
[INFO] [stdout]      |
[INFO] [stdout] help: trait impl with same name found
[INFO] [stdout]     --> /opt/rustwide/cargo-home/registry/src/github.com-1ecc6299db9ec823/glium-0.27.0/src/lib.rs:1146:1
[INFO] [stdout]      |
[INFO] [stdout] 1146 | / impl Surface for Frame {
[INFO] [stdout] 1147 | |     #[inline]
[INFO] [stdout] 1148 | |     fn clear(&mut self, rect: Option<&Rect>, color: Option<(f32, f32, f32, f32)>, color_srgb: bool,
[INFO] [stdout] 1149 | |              depth: Option<f32>, stencil: Option<i32>)
[INFO] [stdout] ...    |
[INFO] [stdout] 1226 | |     }
[INFO] [stdout] 1227 | | }
[INFO] [stdout]      | |_^
[INFO] [stdout]      = note: perhaps two different versions of crate `glium` are being used?
[INFO] [stdout] 
[INFO] [stdout] 
[INFO] [stdout] warning: unused import: `glium::Surface`
[INFO] [stdout]   --> src/main.rs:37:13
[INFO] [stdout]    |
[INFO] [stdout] 37 |         use glium::Surface;
[INFO] [stdout]    |             ^^^^^^^^^^^^^^
[INFO] [stdout]    |
[INFO] [stdout]    = note: `#[warn(unused_imports)]` on by default
[INFO] [stdout] 
[INFO] [stdout] 
[INFO] [stdout] error: aborting due to 7 previous errors; 1 warning emitted
[INFO] [stdout] 
[INFO] [stdout] 
[INFO] [stdout] Some errors have detailed explanations: E0277, E0432, E0433.
[INFO] [stdout] 
[INFO] [stdout] For more information about an error, try `rustc --explain E0277`.
[INFO] [stdout] 
[INFO] [stderr] error: could not compile `lego`.
[INFO] [stderr] 
[INFO] [stderr] To learn more, run the command again with --verbose.
[INFO] [stderr] warning: build failed, waiting for other jobs to finish...
[INFO] [stdout] error[E0277]: the trait bound `F: glium::backend::Facade` is not satisfied
[INFO] [stdout]    --> src/text.rs:18:40
[INFO] [stdout]     |
[INFO] [stdout] 18  |             system: glium_text::TextSystem::new(display),
[INFO] [stdout]     |                                                 ^^^^^^^ the trait `glium::backend::Facade` is not implemented for `F`
[INFO] [stdout]     | 
[INFO] [stdout]    ::: /opt/rustwide/cargo-home/registry/src/github.com-1ecc6299db9ec823/glium_text-0.14.0/src/lib.rs:223:54
[INFO] [stdout]     |
[INFO] [stdout] 223 |     pub fn new<F>(facade: &F) -> TextSystem where F: Facade {
[INFO] [stdout]     |                                                      ------ required by this bound in `glium_text::TextSystem::new`
[INFO] [stdout]     |
[INFO] [stdout] help: consider further restricting this bound
[INFO] [stdout]     |
[INFO] [stdout] 15  | impl<'a, F: SizedFacade + 'a + glium::backend::Facade> System<'a, F> {
[INFO] [stdout]     |                              ^^^^^^^^^^^^^^^^^^^^^^^^
[INFO] [stdout] 
[INFO] [stdout] 
[INFO] [stdout] error[E0277]: the trait bound `F: glium::backend::Facade` is not satisfied
[INFO] [stdout]    --> src/text.rs:27:13
[INFO] [stdout]     |
[INFO] [stdout] 27  |             texture: glium_text::FontTexture::new(self.display, bytes, size).unwrap()
[INFO] [stdout]     |                      ^^^^^^^^^^^^^^^^^^^^^^^^^^^^ the trait `glium::backend::Facade` is not implemented for `F`
[INFO] [stdout]     | 
[INFO] [stdout]    ::: /opt/rustwide/cargo-home/registry/src/github.com-1ecc6299db9ec823/glium_text-0.14.0/src/lib.rs:126:67
[INFO] [stdout]     |
[INFO] [stdout] 126 |                      -> Result<FontTexture, ()> where R: Read, F: Facade
[INFO] [stdout]     |                                                                   ------ required by this bound in `glium_text::FontTexture::new`
[INFO] [stdout]     |
[INFO] [stdout] help: consider further restricting this bound
[INFO] [stdout]     |
[INFO] [stdout] 15  | impl<'a, F: SizedFacade + 'a + glium::backend::Facade> System<'a, F> {
[INFO] [stdout]     |                              ^^^^^^^^^^^^^^^^^^^^^^^^
[INFO] [stdout] 
[INFO] [stdout] 
[INFO] [stdout] error[E0277]: the trait bound `glium::Frame: glium::Surface` is not satisfied
[INFO] [stdout]     --> src/text.rs:53:3
[INFO] [stdout]      |
[INFO] [stdout] 53   |         glium_text::draw(&self.text, &self.system.system, frame, matrix, color);
[INFO] [stdout]      |         ^^^^^^^^^^^^^^^^ the trait `glium::Surface` is not implemented for `glium::Frame`
[INFO] [stdout]      | 
[INFO] [stdout]     ::: /opt/rustwide/cargo-home/registry/src/github.com-1ecc6299db9ec823/glium_text-0.14.0/src/lib.rs:418:39
[INFO] [stdout]      |
[INFO] [stdout] 418  | ...                   where S: glium::Surface, M: Into<[[f32; 4]; 4]>,
[INFO] [stdout]      |                                -------------- required by this bound in `glium_text::draw`
[INFO] [stdout]      |
[INFO] [stdout] help: trait impl with same name found
[INFO] [stdout]     --> /opt/rustwide/cargo-home/registry/src/github.com-1ecc6299db9ec823/glium-0.27.0/src/lib.rs:1146:1
[INFO] [stdout]      |
[INFO] [stdout] 1146 | / impl Surface for Frame {
[INFO] [stdout] 1147 | |     #[inline]
[INFO] [stdout] 1148 | |     fn clear(&mut self, rect: Option<&Rect>, color: Option<(f32, f32, f32, f32)>, color_srgb: bool,
[INFO] [stdout] 1149 | |              depth: Option<f32>, stencil: Option<i32>)
[INFO] [stdout] ...    |
[INFO] [stdout] 1226 | |     }
[INFO] [stdout] 1227 | | }
[INFO] [stdout]      | |_^
[INFO] [stdout]      = note: perhaps two different versions of crate `glium` are being used?
[INFO] [stdout] 
[INFO] [stdout] 
[INFO] [stdout] warning: unused import: `glium::Surface`
[INFO] [stdout]   --> src/main.rs:37:13
[INFO] [stdout]    |
[INFO] [stdout] 37 |         use glium::Surface;
[INFO] [stdout]    |             ^^^^^^^^^^^^^^
[INFO] [stdout]    |
[INFO] [stdout]    = note: `#[warn(unused_imports)]` on by default
[INFO] [stdout] 
[INFO] [stdout] 
[INFO] [stdout] error: aborting due to 7 previous errors; 1 warning emitted
[INFO] [stdout] 
[INFO] [stdout] 
[INFO] [stdout] Some errors have detailed explanations: E0277, E0432, E0433.
[INFO] [stdout] 
[INFO] [stdout] For more information about an error, try `rustc --explain E0277`.
[INFO] [stdout] 
[INFO] [stderr] error: build failed
[INFO] running `Command { std: "docker" "inspect" "dbfc767421e1cd22bcbe6b18c5a012bbe19ff94617b0764eb1421640a4686269", kill_on_drop: false }`
[INFO] running `Command { std: "docker" "rm" "-f" "dbfc767421e1cd22bcbe6b18c5a012bbe19ff94617b0764eb1421640a4686269", kill_on_drop: false }`
[INFO] [stdout] dbfc767421e1cd22bcbe6b18c5a012bbe19ff94617b0764eb1421640a4686269
