[INFO] cloning repository https://github.com/jongiddy/parhaus
[INFO] running `Command { std: "git" "-c" "credential.helper=" "-c" "credential.helper=/workspace/cargo-home/bin/git-credential-null" "clone" "--bare" "https://github.com/jongiddy/parhaus" "/workspace/cache/git-repos/https%3A%2F%2Fgithub.com%2Fjongiddy%2Fparhaus", kill_on_drop: false }`
[INFO] [stderr] Cloning into bare repository '/workspace/cache/git-repos/https%3A%2F%2Fgithub.com%2Fjongiddy%2Fparhaus'...
[INFO] running `Command { std: "git" "rev-parse" "HEAD", kill_on_drop: false }`
[INFO] [stdout] 6b1906e75ac1f58b38b306fa6a6e62a33df165e9
[INFO] checking jongiddy/parhaus against beta-2020-07-24 for pr-75494-beta
[INFO] running `Command { std: "git" "clone" "/workspace/cache/git-repos/https%3A%2F%2Fgithub.com%2Fjongiddy%2Fparhaus" "/workspace/builds/worker-10/source", kill_on_drop: false }`
[INFO] [stderr] Cloning into '/workspace/builds/worker-10/source'...
[INFO] [stderr] done.
[INFO] validating manifest of git repo https://github.com/jongiddy/parhaus on toolchain beta-2020-07-24
[INFO] running `Command { std: "/workspace/cargo-home/bin/cargo" "+beta-2020-07-24" "read-manifest" "--manifest-path" "Cargo.toml", kill_on_drop: false }`
[INFO] started tweaking git repo https://github.com/jongiddy/parhaus
[INFO] finished tweaking git repo https://github.com/jongiddy/parhaus
[INFO] tweaked toml for git repo https://github.com/jongiddy/parhaus written to /workspace/builds/worker-10/source/Cargo.toml
[INFO] crate git repo https://github.com/jongiddy/parhaus already has a lockfile, it will not be regenerated
[INFO] running `Command { std: "/workspace/cargo-home/bin/cargo" "+beta-2020-07-24" "fetch" "--locked" "--manifest-path" "Cargo.toml", kill_on_drop: false }`
[INFO] [stderr]     Blocking waiting for file lock on package cache
[INFO] [stderr] error: the lock file /workspace/builds/worker-10/source/Cargo.lock needs to be updated but --locked was passed to prevent this
[INFO] [stderr] If you want to try to generate the lock file without accessing the network, use the --offline flag.
[INFO] the lockfile is outdated, regenerating it
[INFO] running `Command { std: "/workspace/cargo-home/bin/cargo" "+beta-2020-07-24" "generate-lockfile" "--manifest-path" "Cargo.toml" "-Zno-index-update", kill_on_drop: false }`
[INFO] [stderr]     Blocking waiting for file lock on package cache
[INFO] [stderr]     Updating git repository `https://github.com/hyperium/hyper`
[INFO] running `Command { std: "/workspace/cargo-home/bin/cargo" "+beta-2020-07-24" "fetch" "--locked" "--manifest-path" "Cargo.toml", kill_on_drop: false }`
[INFO] running `Command { std: "docker" "create" "-v" "/var/lib/crater-agent-workspace/builds/worker-10/target:/opt/rustwide/target:rw,Z" "-v" "/var/lib/crater-agent-workspace/builds/worker-10/source:/opt/rustwide/workdir:ro,Z" "-v" "/var/lib/crater-agent-workspace/cargo-home:/opt/rustwide/cargo-home:ro,Z" "-v" "/var/lib/crater-agent-workspace/rustup-home:/opt/rustwide/rustup-home:ro,Z" "-e" "SOURCE_DIR=/opt/rustwide/workdir" "-e" "CARGO_TARGET_DIR=/opt/rustwide/target" "-e" "CARGO_HOME=/opt/rustwide/cargo-home" "-e" "RUSTUP_HOME=/opt/rustwide/rustup-home" "-w" "/opt/rustwide/workdir" "-m" "1610612736" "--user" "0:0" "--network" "none" "rustops/crates-build-env@sha256:a636fd89d022f18117e1dc8fb37a0a009933cdbbe082814857f0e2024962d47c" "/opt/rustwide/cargo-home/bin/cargo" "+beta-2020-07-24" "metadata" "--no-deps" "--format-version=1", kill_on_drop: false }`
[INFO] [stdout] 1c40df23603662b5172cf05d904bff5fbc1ef47e400ac0452b54aebdd622f58a
[INFO] [stderr] WARNING: Your kernel does not support swap limit capabilities or the cgroup is not mounted. Memory limited without swap.
[INFO] running `Command { std: "docker" "start" "-a" "1c40df23603662b5172cf05d904bff5fbc1ef47e400ac0452b54aebdd622f58a", kill_on_drop: false }`
[INFO] running `Command { std: "docker" "inspect" "1c40df23603662b5172cf05d904bff5fbc1ef47e400ac0452b54aebdd622f58a", kill_on_drop: false }`
[INFO] running `Command { std: "docker" "rm" "-f" "1c40df23603662b5172cf05d904bff5fbc1ef47e400ac0452b54aebdd622f58a", kill_on_drop: false }`
[INFO] [stdout] 1c40df23603662b5172cf05d904bff5fbc1ef47e400ac0452b54aebdd622f58a
[INFO] running `Command { std: "docker" "create" "-v" "/var/lib/crater-agent-workspace/builds/worker-10/target:/opt/rustwide/target:rw,Z" "-v" "/var/lib/crater-agent-workspace/builds/worker-10/source:/opt/rustwide/workdir:ro,Z" "-v" "/var/lib/crater-agent-workspace/cargo-home:/opt/rustwide/cargo-home:ro,Z" "-v" "/var/lib/crater-agent-workspace/rustup-home:/opt/rustwide/rustup-home:ro,Z" "-e" "SOURCE_DIR=/opt/rustwide/workdir" "-e" "CARGO_TARGET_DIR=/opt/rustwide/target" "-e" "CARGO_INCREMENTAL=0" "-e" "RUST_BACKTRACE=full" "-e" "RUSTFLAGS=--cap-lints=forbid" "-e" "CARGO_HOME=/opt/rustwide/cargo-home" "-e" "RUSTUP_HOME=/opt/rustwide/rustup-home" "-w" "/opt/rustwide/workdir" "-m" "1610612736" "--user" "0:0" "--network" "none" "rustops/crates-build-env@sha256:a636fd89d022f18117e1dc8fb37a0a009933cdbbe082814857f0e2024962d47c" "/opt/rustwide/cargo-home/bin/cargo" "+beta-2020-07-24" "check" "--frozen" "--all" "--all-targets" "--message-format=json", kill_on_drop: false }`
[INFO] [stdout] d0c89e2fee88b1f4f33b7ff779e57e7d66e0babbb25e259e9fa408b20cc4884d
[INFO] [stderr] WARNING: Your kernel does not support swap limit capabilities or the cgroup is not mounted. Memory limited without swap.
[INFO] running `Command { std: "docker" "start" "-a" "d0c89e2fee88b1f4f33b7ff779e57e7d66e0babbb25e259e9fa408b20cc4884d", kill_on_drop: false }`
[INFO] [stderr]    Compiling libc v0.2.76
[INFO] [stderr]     Checking cfg-if v0.1.10
[INFO] [stderr]    Compiling log v0.4.11
[INFO] [stderr]    Compiling proc-macro2 v1.0.19
[INFO] [stderr]     Checking lazy_static v1.4.0
[INFO] [stderr]    Compiling memchr v2.3.3
[INFO] [stderr]    Compiling autocfg v1.0.1
[INFO] [stderr]    Compiling unicode-xid v0.2.1
[INFO] [stderr]    Compiling syn v1.0.39
[INFO] [stderr]    Compiling pin-project-internal v0.4.23
[INFO] [stderr]     Checking bytes v0.5.6
[INFO] [stderr]     Checking fnv v1.0.7
[INFO] [stderr]     Checking futures-core v0.3.5
[INFO] [stderr]     Checking slab v0.4.2
[INFO] [stderr]     Checking itoa v0.4.6
[INFO] [stderr]     Checking pin-project-lite v0.1.7
[INFO] [stderr]     Checking futures-task v0.3.5
[INFO] [stderr]     Checking futures-sink v0.3.5
[INFO] [stderr]     Checking pin-utils v0.1.0
[INFO] [stderr]     Checking regex-syntax v0.6.18
[INFO] [stderr]     Checking try-lock v0.2.3
[INFO] [stderr]     Checking quick-error v1.2.3
[INFO] [stderr]     Checking tower-service v0.3.0
[INFO] [stderr]     Checking termcolor v1.1.0
[INFO] [stderr]     Checking tracing-core v0.1.15
[INFO] [stderr]     Checking thread_local v1.0.1
[INFO] [stderr]     Checking futures-channel v0.3.5
[INFO] [stderr]     Checking humantime v1.3.0
[INFO] [stderr]    Compiling hashbrown v0.8.2
[INFO] [stderr]    Compiling indexmap v1.5.1
[INFO] [stderr]     Checking http v0.2.1
[INFO] [stderr]     Checking want v0.3.0
[INFO] [stderr]     Checking tracing v0.1.19
[INFO] [stderr]     Checking aho-corasick v0.7.13
[INFO] [stderr]    Compiling quote v1.0.7
[INFO] [stderr]     Checking iovec v0.1.4
[INFO] [stderr]     Checking net2 v0.2.34
[INFO] [stderr]     Checking atty v0.2.14
[INFO] [stderr]     Checking socket2 v0.3.12
[INFO] [stderr]     Checking num_cpus v1.13.0
[INFO] [stderr]     Checking mio v0.6.22
[INFO] [stderr]     Checking http-body v0.3.1
[INFO] [stderr]     Checking tokio v0.2.22
[INFO] [stderr]     Checking regex v1.3.9
[INFO] [stderr]     Checking env_logger v0.7.1
[INFO] [stderr]     Checking tokio-util v0.3.1
[INFO] [stderr]     Checking pin-project v0.4.23
[INFO] [stderr]     Checking futures-util v0.3.5
[INFO] [stderr]     Checking h2 v0.2.6
[INFO] [stderr]     Checking hyper v0.13.7 (https://github.com/hyperium/hyper#1ecbcbb1)
[INFO] [stderr]     Checking parhaus v0.1.0 (/opt/rustwide/workdir)
[INFO] [stdout] error[E0432]: unresolved imports `hyper::Control`, `hyper::Decoder`, `hyper::Encoder`, `hyper::HttpStream`, `hyper::Next`
[INFO] [stdout]   --> src/main.rs:10:13
[INFO] [stdout]    |
[INFO] [stdout] 10 | use hyper::{Control, Decoder, Encoder, HttpStream, Next, StatusCode};
[INFO] [stdout]    |             ^^^^^^^  ^^^^^^^  ^^^^^^^  ^^^^^^^^^^  ^^^^ no `Next` in the root
[INFO] [stdout]    |             |        |        |        |
[INFO] [stdout]    |             |        |        |        no `HttpStream` in the root
[INFO] [stdout]    |             |        |        no `Encoder` in the root
[INFO] [stdout]    |             |        no `Decoder` in the root
[INFO] [stdout]    |             no `Control` in the root
[INFO] [stdout] 
[INFO] [stdout] 
[INFO] [stdout] error[E0432]: unresolved imports `hyper::server::Handler`, `hyper::server::Request`, `hyper::server::Response`
[INFO] [stdout]   --> src/main.rs:11:29
[INFO] [stdout]    |
[INFO] [stdout] 11 | use hyper::server::{Server, Handler, Request, Response};
[INFO] [stdout]    |                             ^^^^^^^  ^^^^^^^  ^^^^^^^^ no `Response` in `server`
[INFO] [stdout]    |                             |        |
[INFO] [stdout]    |                             |        no `Request` in `server`
[INFO] [stdout]    |                             no `Handler` in `server`
[INFO] [stdout] 
[INFO] [stdout] 
[INFO] [stdout] error[E0432]: unresolved import `hyper::RequestUri`
[INFO] [stdout]   --> src/main.rs:33:13
[INFO] [stdout]    |
[INFO] [stdout] 33 |         use hyper::RequestUri;
[INFO] [stdout]    |             ^^^^^^^----------
[INFO] [stdout]    |             |      |
[INFO] [stdout]    |             |      help: a similar name exists in the module: `Request`
[INFO] [stdout]    |             no `RequestUri` in the root
[INFO] [stdout] 
[INFO] [stdout] 
[INFO] [stdout] error[E0432]: unresolved import `hyper::header::ContentLength`
[INFO] [stdout]   --> src/main.rs:69:13
[INFO] [stdout]    |
[INFO] [stdout] 69 |         use hyper::header::ContentLength;
[INFO] [stdout]    |             ^^^^^^^^^^^^^^^^^^^^^^^^^^^^ no `ContentLength` in `header`
[INFO] [stdout] 
[INFO] [stdout] 
[INFO] [stdout] error: aborting due to 4 previous errors
[INFO] [stdout] 
[INFO] [stdout] 
[INFO] [stdout] For more information about this error, try `rustc --explain E0432`.
[INFO] [stdout] 
[INFO] [stderr] error: could not compile `parhaus`.
[INFO] [stderr] 
[INFO] [stderr] To learn more, run the command again with --verbose.
[INFO] [stderr] warning: build failed, waiting for other jobs to finish...
[INFO] [stdout] error[E0432]: unresolved imports `hyper::Control`, `hyper::Decoder`, `hyper::Encoder`, `hyper::HttpStream`, `hyper::Next`
[INFO] [stdout]   --> src/main.rs:10:13
[INFO] [stdout]    |
[INFO] [stdout] 10 | use hyper::{Control, Decoder, Encoder, HttpStream, Next, StatusCode};
[INFO] [stdout]    |             ^^^^^^^  ^^^^^^^  ^^^^^^^  ^^^^^^^^^^  ^^^^ no `Next` in the root
[INFO] [stdout]    |             |        |        |        |
[INFO] [stdout]    |             |        |        |        no `HttpStream` in the root
[INFO] [stdout]    |             |        |        no `Encoder` in the root
[INFO] [stdout]    |             |        no `Decoder` in the root
[INFO] [stdout]    |             no `Control` in the root
[INFO] [stdout] 
[INFO] [stdout] 
[INFO] [stdout] error[E0432]: unresolved imports `hyper::server::Handler`, `hyper::server::Request`, `hyper::server::Response`
[INFO] [stdout]   --> src/main.rs:11:29
[INFO] [stdout]    |
[INFO] [stdout] 11 | use hyper::server::{Server, Handler, Request, Response};
[INFO] [stdout]    |                             ^^^^^^^  ^^^^^^^  ^^^^^^^^ no `Response` in `server`
[INFO] [stdout]    |                             |        |
[INFO] [stdout]    |                             |        no `Request` in `server`
[INFO] [stdout]    |                             no `Handler` in `server`
[INFO] [stdout] 
[INFO] [stdout] 
[INFO] [stdout] error[E0432]: unresolved import `hyper::RequestUri`
[INFO] [stdout]   --> src/main.rs:33:13
[INFO] [stdout]    |
[INFO] [stdout] 33 |         use hyper::RequestUri;
[INFO] [stdout]    |             ^^^^^^^----------
[INFO] [stdout]    |             |      |
[INFO] [stdout]    |             |      help: a similar name exists in the module: `Request`
[INFO] [stdout]    |             no `RequestUri` in the root
[INFO] [stdout] 
[INFO] [stdout] 
[INFO] [stdout] error[E0432]: unresolved import `hyper::header::ContentLength`
[INFO] [stdout]   --> src/main.rs:69:13
[INFO] [stdout]    |
[INFO] [stdout] 69 |         use hyper::header::ContentLength;
[INFO] [stdout]    |             ^^^^^^^^^^^^^^^^^^^^^^^^^^^^ no `ContentLength` in `header`
[INFO] [stdout] 
[INFO] [stdout] 
[INFO] [stdout] error: aborting due to 4 previous errors
[INFO] [stdout] 
[INFO] [stdout] 
[INFO] [stdout] For more information about this error, try `rustc --explain E0432`.
[INFO] [stdout] 
[INFO] [stderr] error: build failed
[INFO] running `Command { std: "docker" "inspect" "d0c89e2fee88b1f4f33b7ff779e57e7d66e0babbb25e259e9fa408b20cc4884d", kill_on_drop: false }`
[INFO] running `Command { std: "docker" "rm" "-f" "d0c89e2fee88b1f4f33b7ff779e57e7d66e0babbb25e259e9fa408b20cc4884d", kill_on_drop: false }`
[INFO] [stdout] d0c89e2fee88b1f4f33b7ff779e57e7d66e0babbb25e259e9fa408b20cc4884d
