[INFO] cloning repository https://github.com/jonathanrlouie/amethyst-tilemap-demo
[INFO] running `Command { std: "git" "-c" "credential.helper=" "-c" "credential.helper=/workspace/cargo-home/bin/git-credential-null" "clone" "--bare" "https://github.com/jonathanrlouie/amethyst-tilemap-demo" "/workspace/cache/git-repos/https%3A%2F%2Fgithub.com%2Fjonathanrlouie%2Famethyst-tilemap-demo", kill_on_drop: false }`
[INFO] [stderr] Cloning into bare repository '/workspace/cache/git-repos/https%3A%2F%2Fgithub.com%2Fjonathanrlouie%2Famethyst-tilemap-demo'...
[INFO] running `Command { std: "git" "rev-parse" "HEAD", kill_on_drop: false }`
[INFO] [stdout] 54032ccbf43d1bbaddc37b930f174d5ba144f00f
[INFO] checking jonathanrlouie/amethyst-tilemap-demo against beta-2020-07-24 for pr-75494-beta
[INFO] running `Command { std: "git" "clone" "/workspace/cache/git-repos/https%3A%2F%2Fgithub.com%2Fjonathanrlouie%2Famethyst-tilemap-demo" "/workspace/builds/worker-8/source", kill_on_drop: false }`
[INFO] [stderr] Cloning into '/workspace/builds/worker-8/source'...
[INFO] [stderr] done.
[INFO] validating manifest of git repo https://github.com/jonathanrlouie/amethyst-tilemap-demo on toolchain beta-2020-07-24
[INFO] running `Command { std: "/workspace/cargo-home/bin/cargo" "+beta-2020-07-24" "read-manifest" "--manifest-path" "Cargo.toml", kill_on_drop: false }`
[INFO] started tweaking git repo https://github.com/jonathanrlouie/amethyst-tilemap-demo
[INFO] finished tweaking git repo https://github.com/jonathanrlouie/amethyst-tilemap-demo
[INFO] tweaked toml for git repo https://github.com/jonathanrlouie/amethyst-tilemap-demo written to /workspace/builds/worker-8/source/Cargo.toml
[INFO] crate git repo https://github.com/jonathanrlouie/amethyst-tilemap-demo already has a lockfile, it will not be regenerated
[INFO] running `Command { std: "/workspace/cargo-home/bin/cargo" "+beta-2020-07-24" "fetch" "--locked" "--manifest-path" "Cargo.toml", kill_on_drop: false }`
[INFO] [stderr]     Blocking waiting for file lock on package cache
[INFO] running `Command { std: "docker" "create" "-v" "/var/lib/crater-agent-workspace/builds/worker-8/target:/opt/rustwide/target:rw,Z" "-v" "/var/lib/crater-agent-workspace/builds/worker-8/source:/opt/rustwide/workdir:ro,Z" "-v" "/var/lib/crater-agent-workspace/cargo-home:/opt/rustwide/cargo-home:ro,Z" "-v" "/var/lib/crater-agent-workspace/rustup-home:/opt/rustwide/rustup-home:ro,Z" "-e" "SOURCE_DIR=/opt/rustwide/workdir" "-e" "CARGO_TARGET_DIR=/opt/rustwide/target" "-e" "CARGO_HOME=/opt/rustwide/cargo-home" "-e" "RUSTUP_HOME=/opt/rustwide/rustup-home" "-w" "/opt/rustwide/workdir" "-m" "1610612736" "--user" "0:0" "--network" "none" "rustops/crates-build-env@sha256:a636fd89d022f18117e1dc8fb37a0a009933cdbbe082814857f0e2024962d47c" "/opt/rustwide/cargo-home/bin/cargo" "+beta-2020-07-24" "metadata" "--no-deps" "--format-version=1", kill_on_drop: false }`
[INFO] [stdout] e27ce5b9f6576e895c67462c70a1480407126c5a3a29f5c167ba099dd2471d96
[INFO] [stderr] WARNING: Your kernel does not support swap limit capabilities or the cgroup is not mounted. Memory limited without swap.
[INFO] running `Command { std: "docker" "start" "-a" "e27ce5b9f6576e895c67462c70a1480407126c5a3a29f5c167ba099dd2471d96", kill_on_drop: false }`
[INFO] running `Command { std: "docker" "inspect" "e27ce5b9f6576e895c67462c70a1480407126c5a3a29f5c167ba099dd2471d96", kill_on_drop: false }`
[INFO] running `Command { std: "docker" "rm" "-f" "e27ce5b9f6576e895c67462c70a1480407126c5a3a29f5c167ba099dd2471d96", kill_on_drop: false }`
[INFO] [stdout] e27ce5b9f6576e895c67462c70a1480407126c5a3a29f5c167ba099dd2471d96
[INFO] running `Command { std: "docker" "create" "-v" "/var/lib/crater-agent-workspace/builds/worker-8/target:/opt/rustwide/target:rw,Z" "-v" "/var/lib/crater-agent-workspace/builds/worker-8/source:/opt/rustwide/workdir:ro,Z" "-v" "/var/lib/crater-agent-workspace/cargo-home:/opt/rustwide/cargo-home:ro,Z" "-v" "/var/lib/crater-agent-workspace/rustup-home:/opt/rustwide/rustup-home:ro,Z" "-e" "SOURCE_DIR=/opt/rustwide/workdir" "-e" "CARGO_TARGET_DIR=/opt/rustwide/target" "-e" "CARGO_INCREMENTAL=0" "-e" "RUST_BACKTRACE=full" "-e" "RUSTFLAGS=--cap-lints=forbid" "-e" "CARGO_HOME=/opt/rustwide/cargo-home" "-e" "RUSTUP_HOME=/opt/rustwide/rustup-home" "-w" "/opt/rustwide/workdir" "-m" "1610612736" "--user" "0:0" "--network" "none" "rustops/crates-build-env@sha256:a636fd89d022f18117e1dc8fb37a0a009933cdbbe082814857f0e2024962d47c" "/opt/rustwide/cargo-home/bin/cargo" "+beta-2020-07-24" "check" "--frozen" "--all" "--all-targets" "--message-format=json", kill_on_drop: false }`
[INFO] [stdout] 790950861ffbb8e6a9d78d3e4261ba4c6de429474e74bee6c652d75e578c76eb
[INFO] [stderr] WARNING: Your kernel does not support swap limit capabilities or the cgroup is not mounted. Memory limited without swap.
[INFO] running `Command { std: "docker" "start" "-a" "790950861ffbb8e6a9d78d3e4261ba4c6de429474e74bee6c652d75e578c76eb", kill_on_drop: false }`
[INFO] [stderr]     Blocking waiting for file lock on package cache
[INFO] [stderr]     Checking libc v0.2.34
[INFO] [stderr]    Compiling cc v1.0.3
[INFO] [stderr]    Compiling dtoa v0.4.2
[INFO] [stderr]    Compiling num-traits v0.1.41
[INFO] [stderr]    Compiling either v1.4.0
[INFO] [stderr]    Compiling rayon-core v1.3.0
[INFO] [stderr]     Checking scopeguard v0.3.3
[INFO] [stderr]     Checking nodrop v0.1.12
[INFO] [stderr]    Compiling log v0.3.8
[INFO] [stderr]     Checking approx v0.1.1
[INFO] [stderr]     Checking atom v0.3.4
[INFO] [stderr]     Checking byteorder v1.2.1
[INFO] [stderr]     Checking utf8-ranges v0.1.3
[INFO] [stderr]     Checking futures v0.1.17
[INFO] [stderr]     Checking odds v0.2.26
[INFO] [stderr]     Checking regex-syntax v0.3.9
[INFO] [stderr]    Compiling bitflags v1.0.1
[INFO] [stderr]     Checking lazy_static v1.0.0
[INFO] [stderr]    Compiling khronos_api v2.0.0
[INFO] [stderr]     Checking mint v0.4.2
[INFO] [stderr]     Checking tuple_utils v0.2.0
[INFO] [stderr]     Checking crossbeam v0.3.0
[INFO] [stderr]    Compiling khronos_api v1.0.1
[INFO] [stderr]     Checking smallvec v0.6.0
[INFO] [stderr]     Checking stable_deref_trait v1.0.0
[INFO] [stderr]     Checking byteorder v0.4.2
[INFO] [stderr]     Checking shrev v0.8.1
[INFO] [stderr]     Checking linked-hash-map v0.5.0
[INFO] [stderr]     Checking semver v0.1.20
[INFO] [stderr]     Checking hetseq v0.1.5
[INFO] [stderr]     Checking claxon v0.3.1
[INFO] [stderr]     Checking xi-unicode v0.1.0
[INFO] [stderr]     Checking wavefront_obj v5.1.0
[INFO] [stderr]     Checking lazy_static v0.1.16
[INFO] [stderr]     Checking hound v1.1.0
[INFO] [stderr]     Checking unicode-segmentation v1.2.0
[INFO] [stderr]     Checking base64 v0.1.1
[INFO] [stderr]    Compiling syn v0.10.8
[INFO] [stderr]    Compiling phf_shared v0.7.21
[INFO] [stderr]    Compiling x11-dl v2.17.1
[INFO] [stderr]    Compiling alsa-sys v0.1.1
[INFO] [stderr]     Checking arrayvec v0.4.6
[INFO] [stderr]    Compiling itertools v0.5.10
[INFO] [stderr]     Checking coco v0.1.1
[INFO] [stderr]    Compiling xml-rs v0.7.0
[INFO] [stderr]     Checking xml-rs v0.3.6
[INFO] [stderr]     Checking ogg v0.4.1
[INFO] [stderr]     Checking owning_ref v0.3.3
[INFO] [stderr]     Checking unreachable v0.1.1
[INFO] [stderr]     Checking stb_truetype v0.2.1
[INFO] [stderr]     Checking arrayvec v0.3.24
[INFO] [stderr]     Checking rand v0.3.18
[INFO] [stderr]     Checking num_cpus v1.7.0
[INFO] [stderr]     Checking memchr v0.1.11
[INFO] [stderr]     Checking time v0.1.38
[INFO] [stderr]     Checking shared_library v0.1.8
[INFO] [stderr]    Compiling serde_json v0.9.10
[INFO] [stderr]    Compiling xcb v0.8.1
[INFO] [stderr]    Compiling syn v0.11.11
[INFO] [stderr]    Compiling gl_generator v0.5.5
[INFO] [stderr]     Checking rustc_version v0.1.7
[INFO] [stderr]    Compiling phf v0.7.21
[INFO] [stderr]    Compiling rustc_version_runtime v0.1.3
[INFO] [stderr]     Checking ordered-float v0.5.0
[INFO] [stderr]     Checking lewton v0.5.2
[INFO] [stderr]     Checking aho-corasick v0.5.3
[INFO] [stderr]     Checking osmesa-sys v0.1.2
[INFO] [stderr]     Checking rusttype v0.2.3
[INFO] [stderr]     Checking pulse v0.5.3
[INFO] [stderr]    Compiling vergen v0.1.1
[INFO] [stderr] error: failed to run custom build command for `rustc_version_runtime v0.1.3`
[INFO] [stderr] 
[INFO] [stderr] Caused by:
[INFO] [stderr]   process didn't exit successfully: `/opt/rustwide/target/debug/build/rustc_version_runtime-27b988fc699dbd04/build-script-build` (exit code: 101)
[INFO] [stderr]   --- stderr
[INFO] [stderr]   thread 'main' panicked at 'called `Result::unwrap()` on an `Err` value: Os { code: 30, kind: Other, message: "Read-only file system" }', /opt/rustwide/cargo-home/registry/src/github.com-1ecc6299db9ec823/rustc_version_runtime-0.1.3/build.rs:27:48
[INFO] [stderr]   stack backtrace:
[INFO] [stderr]      0:     0x56237f88dc85 - backtrace::backtrace::libunwind::trace::h5e2646fa3eddf2ea
[INFO] [stderr]                                  at /cargo/registry/src/github.com-1ecc6299db9ec823/backtrace-0.3.46/src/backtrace/libunwind.rs:86
[INFO] [stderr]      1:     0x56237f88dc85 - backtrace::backtrace::trace_unsynchronized::hb95dd7f77ce47877
[INFO] [stderr]                                  at /cargo/registry/src/github.com-1ecc6299db9ec823/backtrace-0.3.46/src/backtrace/mod.rs:66
[INFO] [stderr]      2:     0x56237f88dc85 - std::sys_common::backtrace::_print_fmt::h5e71b67af43fd70d
[INFO] [stderr]                                  at src/libstd/sys_common/backtrace.rs:78
[INFO] [stderr]      3:     0x56237f88dc85 - <std::sys_common::backtrace::_print::DisplayBacktrace as core::fmt::Display>::fmt::hdb4a83d2b61107e5
[INFO] [stderr]                                  at src/libstd/sys_common/backtrace.rs:59
[INFO] [stderr]      4:     0x56237f8afabc - core::fmt::write::ha20e7262fa3e8a7a
[INFO] [stderr]                                  at src/libcore/fmt/mod.rs:1076
[INFO] [stderr]      5:     0x56237f88b772 - std::io::Write::write_fmt::h1aebfe8a5a79e36d
[INFO] [stderr]                                  at src/libstd/io/mod.rs:1537
[INFO] [stderr]      6:     0x56237f8900c0 - std::sys_common::backtrace::_print::h9c07314cc66ba539
[INFO] [stderr]                                  at src/libstd/sys_common/backtrace.rs:62
[INFO] [stderr]      7:     0x56237f8900c0 - std::sys_common::backtrace::print::hd1fd65f49a2d8544
[INFO] [stderr]                                  at src/libstd/sys_common/backtrace.rs:49
[INFO] [stderr]      8:     0x56237f8900c0 - std::panicking::default_hook::{{closure}}::h222da46485ab36fc
[INFO] [stderr]                                  at src/libstd/panicking.rs:198
[INFO] [stderr]      9:     0x56237f88fe0c - std::panicking::default_hook::hc5868949d129ed00
[INFO] [stderr]                                  at src/libstd/panicking.rs:217
[INFO] [stderr]     10:     0x56237f890703 - std::panicking::rust_panic_with_hook::h26a6ab8b0993c0c8
[INFO] [stderr]                                  at src/libstd/panicking.rs:526
[INFO] [stderr]     11:     0x56237f8902fb - rust_begin_unwind
[INFO] [stderr]                                  at src/libstd/panicking.rs:437
[INFO] [stderr]     12:     0x56237f8aeec1 - core::panicking::panic_fmt::h17139c2000299725
[INFO] [stderr]                                  at src/libcore/panicking.rs:85
[INFO] [stderr]     13:     0x56237f8aece3 - core::option::expect_none_failed::h972f96abb4ec8952
[INFO] [stderr]                                  at src/libcore/option.rs:1269
[INFO] [stderr]     14:     0x56237f86c18b - core::result::Result<T,E>::unwrap::h653b8e67b77ee09a
[INFO] [stderr]                                  at /rustc/6f959902b3103c49ca981fbc01871589c3498489/src/libcore/result.rs:1005
[INFO] [stderr]     15:     0x56237f868805 - build_script_build::main::h16421ee7edb2f21f
[INFO] [stderr]                                  at /opt/rustwide/cargo-home/registry/src/github.com-1ecc6299db9ec823/rustc_version_runtime-0.1.3/build.rs:27
[INFO] [stderr]     16:     0x56237f86a49b - std::rt::lang_start::{{closure}}::h28f94e63352c4832
[INFO] [stderr]                                  at /rustc/6f959902b3103c49ca981fbc01871589c3498489/src/libstd/rt.rs:67
[INFO] [stderr]     17:     0x56237f890ad3 - std::rt::lang_start_internal::{{closure}}::h84a998219831fa70
[INFO] [stderr]                                  at src/libstd/rt.rs:52
[INFO] [stderr]     18:     0x56237f890ad3 - std::panicking::try::do_call::he8e1d689a3e26def
[INFO] [stderr]                                  at src/libstd/panicking.rs:348
[INFO] [stderr]     19:     0x56237f890ad3 - std::panicking::try::h264b6eebc2fa7bbf
[INFO] [stderr]                                  at src/libstd/panicking.rs:325
[INFO] [stderr]     20:     0x56237f890ad3 - std::panic::catch_unwind::hbf28fafa723b2128
[INFO] [stderr]                                  at src/libstd/panic.rs:394
[INFO] [stderr]     21:     0x56237f890ad3 - std::rt::lang_start_internal::he959aa59bc3ec202
[INFO] [stderr]                                  at src/libstd/rt.rs:51
[INFO] [stderr]     22:     0x56237f86a477 - std::rt::lang_start::h1efe890421d422a5
[INFO] [stderr]                                  at /rustc/6f959902b3103c49ca981fbc01871589c3498489/src/libstd/rt.rs:67
[INFO] [stderr]     23:     0x56237f86985a - main
[INFO] [stderr]     24:     0x7f384fb120b3 - __libc_start_main
[INFO] [stderr]     25:     0x56237f86817e - _start
[INFO] [stderr]     26:                0x0 - <unknown>
[INFO] [stderr] warning: build failed, waiting for other jobs to finish...
[INFO] [stdout] error[E0311]: the parameter type `K` may not live long enough
[INFO] [stdout]    --> /opt/rustwide/cargo-home/registry/src/github.com-1ecc6299db9ec823/rusttype-0.2.3/src/support/bst/map.rs:81:19
[INFO] [stdout]     |
[INFO] [stdout] 81  |             match node.force() {
[INFO] [stdout]     |                   ^^^^
[INFO] [stdout]     |
[INFO] [stdout] note: the parameter type `K` must be valid for the anonymous lifetime #1 defined on the function body at 77:9...
[INFO] [stdout]    --> /opt/rustwide/cargo-home/registry/src/github.com-1ecc6299db9ec823/rusttype-0.2.3/src/support/bst/map.rs:77:9
[INFO] [stdout]     |
[INFO] [stdout] 77  | /         fn clone_subtree<K: Clone, V: Clone>(
[INFO] [stdout] 78  | |                 node: node::NodeRef<marker::Immut, K, V, marker::LeafOrInternal>)
[INFO] [stdout] 79  | |                 -> BTreeMap<K, V> {
[INFO] [stdout] 80  | |
[INFO] [stdout] ...   |
[INFO] [stdout] 136 | |             }
[INFO] [stdout] 137 | |         }
[INFO] [stdout]     | |_________^
[INFO] [stdout] 
[INFO] [stdout] 
[INFO] [stdout] error[E0311]: the parameter type `V` may not live long enough
[INFO] [stdout]    --> /opt/rustwide/cargo-home/registry/src/github.com-1ecc6299db9ec823/rusttype-0.2.3/src/support/bst/map.rs:81:19
[INFO] [stdout]     |
[INFO] [stdout] 81  |             match node.force() {
[INFO] [stdout]     |                   ^^^^
[INFO] [stdout]     |
[INFO] [stdout] note: the parameter type `V` must be valid for the anonymous lifetime #1 defined on the function body at 77:9...
[INFO] [stdout]    --> /opt/rustwide/cargo-home/registry/src/github.com-1ecc6299db9ec823/rusttype-0.2.3/src/support/bst/map.rs:77:9
[INFO] [stdout]     |
[INFO] [stdout] 77  | /         fn clone_subtree<K: Clone, V: Clone>(
[INFO] [stdout] 78  | |                 node: node::NodeRef<marker::Immut, K, V, marker::LeafOrInternal>)
[INFO] [stdout] 79  | |                 -> BTreeMap<K, V> {
[INFO] [stdout] 80  | |
[INFO] [stdout] ...   |
[INFO] [stdout] 136 | |             }
[INFO] [stdout] 137 | |         }
[INFO] [stdout]     | |_________^
[INFO] [stdout] 
[INFO] [stdout] 
[INFO] [stdout] error: aborting due to 2 previous errors
[INFO] [stdout] 
[INFO] [stdout] 
[INFO] [stderr] error: build failed
[INFO] running `Command { std: "docker" "inspect" "790950861ffbb8e6a9d78d3e4261ba4c6de429474e74bee6c652d75e578c76eb", kill_on_drop: false }`
[INFO] running `Command { std: "docker" "rm" "-f" "790950861ffbb8e6a9d78d3e4261ba4c6de429474e74bee6c652d75e578c76eb", kill_on_drop: false }`
[INFO] [stdout] 790950861ffbb8e6a9d78d3e4261ba4c6de429474e74bee6c652d75e578c76eb
