[INFO] cloning repository https://github.com/joeyrosztoczy/noobgrep
[INFO] running `Command { std: "git" "-c" "credential.helper=" "-c" "credential.helper=/workspace/cargo-home/bin/git-credential-null" "clone" "--bare" "https://github.com/joeyrosztoczy/noobgrep" "/workspace/cache/git-repos/https%3A%2F%2Fgithub.com%2Fjoeyrosztoczy%2Fnoobgrep", kill_on_drop: false }`
[INFO] [stderr] Cloning into bare repository '/workspace/cache/git-repos/https%3A%2F%2Fgithub.com%2Fjoeyrosztoczy%2Fnoobgrep'...
[INFO] running `Command { std: "git" "rev-parse" "HEAD", kill_on_drop: false }`
[INFO] [stdout] 3ab51c15a4b9d579ca2afc1489349b840633704f
[INFO] checking joeyrosztoczy/noobgrep against beta-2020-07-24 for pr-75494-beta
[INFO] running `Command { std: "git" "clone" "/workspace/cache/git-repos/https%3A%2F%2Fgithub.com%2Fjoeyrosztoczy%2Fnoobgrep" "/workspace/builds/worker-13/source", kill_on_drop: false }`
[INFO] [stderr] Cloning into '/workspace/builds/worker-13/source'...
[INFO] [stderr] done.
[INFO] validating manifest of git repo https://github.com/joeyrosztoczy/noobgrep on toolchain beta-2020-07-24
[INFO] running `Command { std: "/workspace/cargo-home/bin/cargo" "+beta-2020-07-24" "read-manifest" "--manifest-path" "Cargo.toml", kill_on_drop: false }`
[INFO] started tweaking git repo https://github.com/joeyrosztoczy/noobgrep
[INFO] removed path dependency search from git repo https://github.com/joeyrosztoczy/noobgrep
[INFO] finished tweaking git repo https://github.com/joeyrosztoczy/noobgrep
[INFO] tweaked toml for git repo https://github.com/joeyrosztoczy/noobgrep written to /workspace/builds/worker-13/source/Cargo.toml
[INFO] crate git repo https://github.com/joeyrosztoczy/noobgrep already has a lockfile, it will not be regenerated
[INFO] running `Command { std: "/workspace/cargo-home/bin/cargo" "+beta-2020-07-24" "fetch" "--locked" "--manifest-path" "Cargo.toml", kill_on_drop: false }`
[INFO] [stderr] warning: dependency (search) specified without providing a local path, Git repository, or version to use. This will be considered an error in future versions
[INFO] [stderr] warning: unused manifest key: workspaces
[INFO] [stderr]     Updating crates.io index
[INFO] [stderr] error: the lock file /workspace/builds/worker-13/source/Cargo.lock needs to be updated but --locked was passed to prevent this
[INFO] [stderr] If you want to try to generate the lock file without accessing the network, use the --offline flag.
[INFO] the lockfile is outdated, regenerating it
[INFO] running `Command { std: "/workspace/cargo-home/bin/cargo" "+beta-2020-07-24" "generate-lockfile" "--manifest-path" "Cargo.toml" "-Zno-index-update", kill_on_drop: false }`
[INFO] running `Command { std: "/workspace/cargo-home/bin/cargo" "+beta-2020-07-24" "fetch" "--locked" "--manifest-path" "Cargo.toml", kill_on_drop: false }`
[INFO] [stderr] warning: dependency (search) specified without providing a local path, Git repository, or version to use. This will be considered an error in future versions
[INFO] [stderr] warning: unused manifest key: workspaces
[INFO] [stderr]     Blocking waiting for file lock on package cache
[INFO] running `Command { std: "docker" "create" "-v" "/var/lib/crater-agent-workspace/builds/worker-13/target:/opt/rustwide/target:rw,Z" "-v" "/var/lib/crater-agent-workspace/builds/worker-13/source:/opt/rustwide/workdir:ro,Z" "-v" "/var/lib/crater-agent-workspace/cargo-home:/opt/rustwide/cargo-home:ro,Z" "-v" "/var/lib/crater-agent-workspace/rustup-home:/opt/rustwide/rustup-home:ro,Z" "-e" "SOURCE_DIR=/opt/rustwide/workdir" "-e" "CARGO_TARGET_DIR=/opt/rustwide/target" "-e" "CARGO_HOME=/opt/rustwide/cargo-home" "-e" "RUSTUP_HOME=/opt/rustwide/rustup-home" "-w" "/opt/rustwide/workdir" "-m" "1610612736" "--user" "0:0" "--network" "none" "rustops/crates-build-env@sha256:a636fd89d022f18117e1dc8fb37a0a009933cdbbe082814857f0e2024962d47c" "/opt/rustwide/cargo-home/bin/cargo" "+beta-2020-07-24" "metadata" "--no-deps" "--format-version=1", kill_on_drop: false }`
[INFO] [stdout] 1eabd37e6a83480dac7581f3d80f7c71bfdd8f0b856c5b8ae3e1b4bfe53be190
[INFO] [stderr] WARNING: Your kernel does not support swap limit capabilities or the cgroup is not mounted. Memory limited without swap.
[INFO] running `Command { std: "docker" "start" "-a" "1eabd37e6a83480dac7581f3d80f7c71bfdd8f0b856c5b8ae3e1b4bfe53be190", kill_on_drop: false }`
[INFO] running `Command { std: "docker" "inspect" "1eabd37e6a83480dac7581f3d80f7c71bfdd8f0b856c5b8ae3e1b4bfe53be190", kill_on_drop: false }`
[INFO] running `Command { std: "docker" "rm" "-f" "1eabd37e6a83480dac7581f3d80f7c71bfdd8f0b856c5b8ae3e1b4bfe53be190", kill_on_drop: false }`
[INFO] [stdout] 1eabd37e6a83480dac7581f3d80f7c71bfdd8f0b856c5b8ae3e1b4bfe53be190
[INFO] running `Command { std: "docker" "create" "-v" "/var/lib/crater-agent-workspace/builds/worker-13/target:/opt/rustwide/target:rw,Z" "-v" "/var/lib/crater-agent-workspace/builds/worker-13/source:/opt/rustwide/workdir:ro,Z" "-v" "/var/lib/crater-agent-workspace/cargo-home:/opt/rustwide/cargo-home:ro,Z" "-v" "/var/lib/crater-agent-workspace/rustup-home:/opt/rustwide/rustup-home:ro,Z" "-e" "SOURCE_DIR=/opt/rustwide/workdir" "-e" "CARGO_TARGET_DIR=/opt/rustwide/target" "-e" "CARGO_INCREMENTAL=0" "-e" "RUST_BACKTRACE=full" "-e" "RUSTFLAGS=--cap-lints=forbid" "-e" "CARGO_HOME=/opt/rustwide/cargo-home" "-e" "RUSTUP_HOME=/opt/rustwide/rustup-home" "-w" "/opt/rustwide/workdir" "-m" "1610612736" "--user" "0:0" "--network" "none" "rustops/crates-build-env@sha256:a636fd89d022f18117e1dc8fb37a0a009933cdbbe082814857f0e2024962d47c" "/opt/rustwide/cargo-home/bin/cargo" "+beta-2020-07-24" "check" "--frozen" "--all" "--all-targets" "--message-format=json", kill_on_drop: false }`
[INFO] [stderr] WARNING: Your kernel does not support swap limit capabilities or the cgroup is not mounted. Memory limited without swap.
[INFO] [stdout] e0bdec379b7252e0480bd2043920f856ad72327f353142fc1b612e72073a5ff5
[INFO] running `Command { std: "docker" "start" "-a" "e0bdec379b7252e0480bd2043920f856ad72327f353142fc1b612e72073a5ff5", kill_on_drop: false }`
[INFO] [stderr] warning: dependency (search) specified without providing a local path, Git repository, or version to use. This will be considered an error in future versions
[INFO] [stderr] warning: unused manifest key: workspaces
[INFO] [stderr]     Blocking waiting for file lock on package cache
[INFO] [stderr]     Checking search v0.1.0
[INFO] [stderr]     Checking noobgrep v0.1.0 (/opt/rustwide/workdir)
[INFO] [stdout] error[E0432]: unresolved import `search::Config`
[INFO] [stdout]  --> src/main.rs:3:5
[INFO] [stdout]   |
[INFO] [stdout] 3 | use search::Config;
[INFO] [stdout]   |     ^^^^^^^^^^^^^^ no `Config` in the root
[INFO] [stdout] 
[INFO] [stdout] 
[INFO] [stdout] error[E0432]: unresolved import `search::Config`
[INFO] [stdout]  --> src/main.rs:3:5
[INFO] [stdout]   |
[INFO] [stdout] 3 | use search::Config;
[INFO] [stdout]   |     ^^^^^^^^^^^^^^ no `Config` in the root
[INFO] [stdout] 
[INFO] [stdout] 
[INFO] [stdout] error[E0425]: cannot find function `run` in crate `search`
[INFO] [stdout]   --> src/main.rs:15:29
[INFO] [stdout]    |
[INFO] [stdout] 15 |     if let Err(e) = search::run(config) {
[INFO] [stdout]    |                             ^^^ not found in `search`
[INFO] [stdout] 
[INFO] [stdout] 
[INFO] [stdout] error[E0425]: cannot find function `run` in crate `search`
[INFO] [stdout]   --> src/main.rs:15:29
[INFO] [stdout]    |
[INFO] [stdout] 15 |     if let Err(e) = search::run(config) {
[INFO] [stdout]    |                             ^^^ not found in `search`
[INFO] [stdout] 
[INFO] [stdout] 
[INFO] [stdout] error: aborting due to 2 previous errors
[INFO] [stdout] 
[INFO] [stdout] 
[INFO] [stdout] Some errors have detailed explanations: E0425, E0432.
[INFO] [stdout] 
[INFO] [stdout] For more information about an error, try `rustc --explain E0425`.
[INFO] [stdout] 
[INFO] [stdout] error: aborting due to 2 previous errors
[INFO] [stdout] 
[INFO] [stdout] 
[INFO] [stdout] Some errors have detailed explanations: E0425, E0432.
[INFO] [stdout] 
[INFO] [stdout] For more information about an error, try `rustc --explain E0425`.
[INFO] [stdout] 
[INFO] [stderr] error: could not compile `noobgrep`.
[INFO] [stderr] 
[INFO] [stderr] To learn more, run the command again with --verbose.
[INFO] [stderr] warning: build failed, waiting for other jobs to finish...
[INFO] [stderr] error: build failed
[INFO] running `Command { std: "docker" "inspect" "e0bdec379b7252e0480bd2043920f856ad72327f353142fc1b612e72073a5ff5", kill_on_drop: false }`
[INFO] running `Command { std: "docker" "rm" "-f" "e0bdec379b7252e0480bd2043920f856ad72327f353142fc1b612e72073a5ff5", kill_on_drop: false }`
[INFO] [stdout] e0bdec379b7252e0480bd2043920f856ad72327f353142fc1b612e72073a5ff5
