[INFO] cloning repository https://github.com/joek13/meme-bot
[INFO] running `Command { std: "git" "-c" "credential.helper=" "-c" "credential.helper=/workspace/cargo-home/bin/git-credential-null" "clone" "--bare" "https://github.com/joek13/meme-bot" "/workspace/cache/git-repos/https%3A%2F%2Fgithub.com%2Fjoek13%2Fmeme-bot", kill_on_drop: false }`
[INFO] [stderr] Cloning into bare repository '/workspace/cache/git-repos/https%3A%2F%2Fgithub.com%2Fjoek13%2Fmeme-bot'...
[INFO] running `Command { std: "git" "rev-parse" "HEAD", kill_on_drop: false }`
[INFO] [stdout] f6fccaed9cdc0a9705c6443ae980409153458a81
[INFO] checking joek13/meme-bot against beta-2020-07-24 for pr-75494-beta
[INFO] running `Command { std: "git" "clone" "/workspace/cache/git-repos/https%3A%2F%2Fgithub.com%2Fjoek13%2Fmeme-bot" "/workspace/builds/worker-0/source", kill_on_drop: false }`
[INFO] [stderr] Cloning into '/workspace/builds/worker-0/source'...
[INFO] [stderr] done.
[INFO] validating manifest of git repo https://github.com/joek13/meme-bot on toolchain beta-2020-07-24
[INFO] running `Command { std: "/workspace/cargo-home/bin/cargo" "+beta-2020-07-24" "read-manifest" "--manifest-path" "Cargo.toml", kill_on_drop: false }`
[INFO] started tweaking git repo https://github.com/joek13/meme-bot
[INFO] finished tweaking git repo https://github.com/joek13/meme-bot
[INFO] tweaked toml for git repo https://github.com/joek13/meme-bot written to /workspace/builds/worker-0/source/Cargo.toml
[INFO] crate git repo https://github.com/joek13/meme-bot already has a lockfile, it will not be regenerated
[INFO] running `Command { std: "/workspace/cargo-home/bin/cargo" "+beta-2020-07-24" "fetch" "--locked" "--manifest-path" "Cargo.toml", kill_on_drop: false }`
[INFO] running `Command { std: "docker" "create" "-v" "/var/lib/crater-agent-workspace/builds/worker-0/target:/opt/rustwide/target:rw,Z" "-v" "/var/lib/crater-agent-workspace/builds/worker-0/source:/opt/rustwide/workdir:ro,Z" "-v" "/var/lib/crater-agent-workspace/cargo-home:/opt/rustwide/cargo-home:ro,Z" "-v" "/var/lib/crater-agent-workspace/rustup-home:/opt/rustwide/rustup-home:ro,Z" "-e" "SOURCE_DIR=/opt/rustwide/workdir" "-e" "CARGO_TARGET_DIR=/opt/rustwide/target" "-e" "CARGO_HOME=/opt/rustwide/cargo-home" "-e" "RUSTUP_HOME=/opt/rustwide/rustup-home" "-w" "/opt/rustwide/workdir" "-m" "1610612736" "--user" "0:0" "--network" "none" "rustops/crates-build-env@sha256:a636fd89d022f18117e1dc8fb37a0a009933cdbbe082814857f0e2024962d47c" "/opt/rustwide/cargo-home/bin/cargo" "+beta-2020-07-24" "metadata" "--no-deps" "--format-version=1", kill_on_drop: false }`
[INFO] [stdout] 40cedf5b1e205a456eba49265060867c631b80279667f8e48c95de73b8d4a29d
[INFO] [stderr] WARNING: Your kernel does not support swap limit capabilities or the cgroup is not mounted. Memory limited without swap.
[INFO] running `Command { std: "docker" "start" "-a" "40cedf5b1e205a456eba49265060867c631b80279667f8e48c95de73b8d4a29d", kill_on_drop: false }`
[INFO] running `Command { std: "docker" "inspect" "40cedf5b1e205a456eba49265060867c631b80279667f8e48c95de73b8d4a29d", kill_on_drop: false }`
[INFO] running `Command { std: "docker" "rm" "-f" "40cedf5b1e205a456eba49265060867c631b80279667f8e48c95de73b8d4a29d", kill_on_drop: false }`
[INFO] [stdout] 40cedf5b1e205a456eba49265060867c631b80279667f8e48c95de73b8d4a29d
[INFO] running `Command { std: "docker" "create" "-v" "/var/lib/crater-agent-workspace/builds/worker-0/target:/opt/rustwide/target:rw,Z" "-v" "/var/lib/crater-agent-workspace/builds/worker-0/source:/opt/rustwide/workdir:ro,Z" "-v" "/var/lib/crater-agent-workspace/cargo-home:/opt/rustwide/cargo-home:ro,Z" "-v" "/var/lib/crater-agent-workspace/rustup-home:/opt/rustwide/rustup-home:ro,Z" "-e" "SOURCE_DIR=/opt/rustwide/workdir" "-e" "CARGO_TARGET_DIR=/opt/rustwide/target" "-e" "CARGO_INCREMENTAL=0" "-e" "RUST_BACKTRACE=full" "-e" "RUSTFLAGS=--cap-lints=forbid" "-e" "CARGO_HOME=/opt/rustwide/cargo-home" "-e" "RUSTUP_HOME=/opt/rustwide/rustup-home" "-w" "/opt/rustwide/workdir" "-m" "1610612736" "--user" "0:0" "--network" "none" "rustops/crates-build-env@sha256:a636fd89d022f18117e1dc8fb37a0a009933cdbbe082814857f0e2024962d47c" "/opt/rustwide/cargo-home/bin/cargo" "+beta-2020-07-24" "check" "--frozen" "--all" "--all-targets" "--message-format=json", kill_on_drop: false }`
[INFO] [stderr] WARNING: Your kernel does not support swap limit capabilities or the cgroup is not mounted. Memory limited without swap.
[INFO] [stdout] 9226ec56d9bcec7fb9b48f24ba1bb0347e28e6b1c4ea2d34372070d6c51ba141
[INFO] running `Command { std: "docker" "start" "-a" "9226ec56d9bcec7fb9b48f24ba1bb0347e28e6b1c4ea2d34372070d6c51ba141", kill_on_drop: false }`
[INFO] [stderr]    Compiling version_check v0.1.2
[INFO] [stderr]     Checking num-traits v0.1.39
[INFO] [stderr]    Compiling gcc v0.3.51
[INFO] [stderr]    Compiling pkg-config v0.3.9
[INFO] [stderr]    Compiling libc v0.2.24
[INFO] [stderr]     Checking either v1.1.0
[INFO] [stderr]     Checking matches v0.1.6
[INFO] [stderr]    Compiling siphasher v0.2.2
[INFO] [stderr]     Checking unicode-normalization v0.1.5
[INFO] [stderr]     Checking scopeguard v0.3.2
[INFO] [stderr]    Compiling rayon-core v1.2.1
[INFO] [stderr]    Compiling openssl v0.9.14
[INFO] [stderr]     Checking futures v0.1.14
[INFO] [stderr]     Checking serde v1.0.9
[INFO] [stderr]     Checking adler32 v1.0.0
[INFO] [stderr]     Checking odds v0.2.25
[INFO] [stderr]     Checking color_quant v1.0.0
[INFO] [stderr]     Checking inflate v0.2.0
[INFO] [stderr]     Checking byteorder v0.4.2
[INFO] [stderr]     Checking scoped_threadpool v0.1.7
[INFO] [stderr]     Checking linked-hash-map v0.0.10
[INFO] [stderr]     Checking regex-syntax v0.4.1
[INFO] [stderr]     Checking custom_derive v0.1.7
[INFO] [stderr]     Checking num_cpus v1.6.2
[INFO] [stderr]     Checking time v0.1.37
[INFO] [stderr]     Checking memchr v0.1.11
[INFO] [stderr]     Checking memchr v1.0.1
[INFO] [stderr]     Checking term_size v0.3.0
[INFO] [stderr]     Checking mime v0.2.6
[INFO] [stderr]     Checking base64 v0.5.2
[INFO] [stderr]     Checking unsafe-any v0.4.2
[INFO] [stderr]     Checking unicode-bidi v0.3.3
[INFO] [stderr]     Checking base64 v0.6.0
[INFO] [stderr]     Checking deflate v0.7.12
[INFO] [stderr]     Checking coco v0.1.1
[INFO] [stderr]     Checking itertools v0.6.0
[INFO] [stderr]     Checking gif v0.9.2
[INFO] [stderr]     Checking tempdir v0.3.5
[INFO] [stderr]     Checking conv v0.3.3
[INFO] [stderr]     Checking stb_truetype v0.2.1
[INFO] [stderr]     Checking aho-corasick v0.5.3
[INFO] [stderr]    Compiling rand v0.3.15
[INFO] [stderr]     Checking nodrop v0.1.9
[INFO] [stderr]     Checking textwrap v0.6.0
[INFO] [stderr]     Checking thread_local v0.3.4
[INFO] [stderr]     Checking aho-corasick v0.6.3
[INFO] [stderr]     Checking typemap v0.3.3
[INFO] [stderr]    Compiling unicase v1.4.2
[INFO] [stderr]     Checking num-integer v0.1.34
[INFO] [stderr]     Checking num-complex v0.1.38
[INFO] [stderr]     Checking enum_primitive v0.1.1
[INFO] [stderr]     Checking generic-array v0.2.1
[INFO] [stderr]     Checking arrayvec v0.3.23
[INFO] [stderr]     Checking idna v0.1.2
[INFO] [stderr]    Compiling serde_derive_internals v0.15.1
[INFO] [stderr]     Checking thread-id v2.0.0
[INFO] [stderr]     Checking num-bigint v0.1.39
[INFO] [stderr]     Checking num-iter v0.1.33
[INFO] [stderr]     Checking thread_local v0.2.7
[INFO] [stderr]    Compiling phf_shared v0.7.21
[INFO] [stderr]    Compiling openssl-sys v0.9.14
[INFO] [stderr]    Compiling miniz-sys v0.1.9
[INFO] [stderr]     Checking regex v0.1.80
[INFO] [stderr]     Checking rusttype v0.2.1
[INFO] [stderr]     Checking regex v0.2.2
[INFO] [stderr]     Checking alga v0.5.1
[INFO] [stderr]     Checking phf v0.7.21
[INFO] [stderr]    Compiling phf_generator v0.7.21
[INFO] [stderr]     Checking num-rational v0.1.38
[INFO] [stderr]    Compiling phf_codegen v0.7.21
[INFO] [stderr]    Compiling mime_guess v1.8.1
[INFO] [stderr]     Checking png v0.8.0
[INFO] [stderr]     Checking num v0.1.39
[INFO] [stderr]     Checking url v1.5.1
[INFO] [stderr]    Compiling serde_derive v1.0.9
[INFO] [stdout] error[E0311]: the parameter type `K` may not live long enough
[INFO] [stdout]    --> /opt/rustwide/cargo-home/registry/src/github.com-1ecc6299db9ec823/rusttype-0.2.1/src/support/bst/map.rs:81:19
[INFO] [stdout]     |
[INFO] [stdout] 81  |             match node.force() {
[INFO] [stdout]     |                   ^^^^
[INFO] [stdout]     |
[INFO] [stdout] note: the parameter type `K` must be valid for the anonymous lifetime #1 defined on the function body at 77:9...
[INFO] [stdout]    --> /opt/rustwide/cargo-home/registry/src/github.com-1ecc6299db9ec823/rusttype-0.2.1/src/support/bst/map.rs:77:9
[INFO] [stdout]     |
[INFO] [stdout] 77  | /         fn clone_subtree<K: Clone, V: Clone>(
[INFO] [stdout] 78  | |                 node: node::NodeRef<marker::Immut, K, V, marker::LeafOrInternal>)
[INFO] [stdout] 79  | |                 -> BTreeMap<K, V> {
[INFO] [stdout] 80  | |
[INFO] [stdout] ...   |
[INFO] [stdout] 136 | |             }
[INFO] [stdout] 137 | |         }
[INFO] [stdout]     | |_________^
[INFO] [stdout] 
[INFO] [stdout] 
[INFO] [stdout] error[E0311]: the parameter type `V` may not live long enough
[INFO] [stdout]    --> /opt/rustwide/cargo-home/registry/src/github.com-1ecc6299db9ec823/rusttype-0.2.1/src/support/bst/map.rs:81:19
[INFO] [stdout]     |
[INFO] [stdout] 81  |             match node.force() {
[INFO] [stdout]     |                   ^^^^
[INFO] [stdout]     |
[INFO] [stdout] note: the parameter type `V` must be valid for the anonymous lifetime #1 defined on the function body at 77:9...
[INFO] [stdout]    --> /opt/rustwide/cargo-home/registry/src/github.com-1ecc6299db9ec823/rusttype-0.2.1/src/support/bst/map.rs:77:9
[INFO] [stdout]     |
[INFO] [stdout] 77  | /         fn clone_subtree<K: Clone, V: Clone>(
[INFO] [stdout] 78  | |                 node: node::NodeRef<marker::Immut, K, V, marker::LeafOrInternal>)
[INFO] [stdout] 79  | |                 -> BTreeMap<K, V> {
[INFO] [stdout] 80  | |
[INFO] [stdout] ...   |
[INFO] [stdout] 136 | |             }
[INFO] [stdout] 137 | |         }
[INFO] [stdout]     | |_________^
[INFO] [stdout] 
[INFO] [stdout] 
[INFO] [stderr]     Checking rayon v0.8.2
[INFO] [stderr]     Checking rayon v0.7.1
[INFO] [stderr]     Checking flate2 v0.2.19
[INFO] [stderr] error: failed to run custom build command for `openssl-sys v0.9.14`
[INFO] [stderr] 
[INFO] [stderr] Caused by:
[INFO] [stderr]   process didn't exit successfully: `/opt/rustwide/target/debug/build/openssl-sys-d6b48de4775b94fb/build-script-build` (exit code: 101)
[INFO] [stderr]   --- stdout
[INFO] [stderr]   cargo:rustc-link-lib=ssl
[INFO] [stderr]   cargo:rustc-link-lib=crypto
[INFO] [stderr]   OPT_LEVEL = Some("0")
[INFO] [stderr]   TARGET = Some("x86_64-unknown-linux-gnu")
[INFO] [stderr]   HOST = Some("x86_64-unknown-linux-gnu")
[INFO] [stderr]   TARGET = Some("x86_64-unknown-linux-gnu")
[INFO] [stderr]   TARGET = Some("x86_64-unknown-linux-gnu")
[INFO] [stderr]   HOST = Some("x86_64-unknown-linux-gnu")
[INFO] [stderr]   CC_x86_64-unknown-linux-gnu = None
[INFO] [stderr]   CC_x86_64_unknown_linux_gnu = None
[INFO] [stderr]   HOST_CC = None
[INFO] [stderr]   CC = None
[INFO] [stderr]   HOST = Some("x86_64-unknown-linux-gnu")
[INFO] [stderr]   TARGET = Some("x86_64-unknown-linux-gnu")
[INFO] [stderr]   HOST = Some("x86_64-unknown-linux-gnu")
[INFO] [stderr]   CFLAGS_x86_64-unknown-linux-gnu = None
[INFO] [stderr]   CFLAGS_x86_64_unknown_linux_gnu = None
[INFO] [stderr]   HOST_CFLAGS = None
[INFO] [stderr]   CFLAGS = None
[INFO] [stderr]   PROFILE = Some("debug")
[INFO] [stderr]   running: "cc" "-O0" "-ffunction-sections" "-fdata-sections" "-fPIC" "-g" "-m64" "-E" "/opt/rustwide/target/debug/build/openssl-sys-f5849ba6798b5bb8/out/expando.c"
[INFO] [stderr]   exit code: 0
[INFO] [stderr]   cargo:rustc-cfg=osslconf="OPENSSL_NO_SSL3_METHOD"
[INFO] [stderr]   cargo:conf=OPENSSL_NO_SSL3_METHOD
[INFO] [stderr] 
[INFO] [stderr]   --- stderr
[INFO] [stderr]   thread 'main' panicked at '
[INFO] [stderr] 
[INFO] [stderr]   This crate is only compatible with OpenSSL 1.0.1, 1.0.2, and 1.1.0, or LibreSSL
[INFO] [stderr]   2.5.0, 2.5.1, 2.5.2, 2.5.3, and 2.5.4, but a different version of OpenSSL was
[INFO] [stderr]   found. The build is now aborting due to this version mismatch.
[INFO] [stderr] 
[INFO] [stderr]   ', /opt/rustwide/cargo-home/registry/src/github.com-1ecc6299db9ec823/openssl-sys-0.9.14/build.rs:372:9
[INFO] [stderr]   stack backtrace:
[INFO] [stderr]      0:     0x561fa3a8ef35 - backtrace::backtrace::libunwind::trace::h5e2646fa3eddf2ea
[INFO] [stderr]                                  at /cargo/registry/src/github.com-1ecc6299db9ec823/backtrace-0.3.46/src/backtrace/libunwind.rs:86
[INFO] [stderr]      1:     0x561fa3a8ef35 - backtrace::backtrace::trace_unsynchronized::hb95dd7f77ce47877
[INFO] [stderr]                                  at /cargo/registry/src/github.com-1ecc6299db9ec823/backtrace-0.3.46/src/backtrace/mod.rs:66
[INFO] [stderr]      2:     0x561fa3a8ef35 - std::sys_common::backtrace::_print_fmt::h5e71b67af43fd70d
[INFO] [stderr]                                  at src/libstd/sys_common/backtrace.rs:78
[INFO] [stderr]      3:     0x561fa3a8ef35 - <std::sys_common::backtrace::_print::DisplayBacktrace as core::fmt::Display>::fmt::hdb4a83d2b61107e5
[INFO] [stderr]                                  at src/libstd/sys_common/backtrace.rs:59
[INFO] [stderr]      4:     0x561fa3ab2ddc - core::fmt::write::ha20e7262fa3e8a7a
[INFO] [stderr]                                  at src/libcore/fmt/mod.rs:1076
[INFO] [stderr]      5:     0x561fa3a8bc92 - std::io::Write::write_fmt::h1aebfe8a5a79e36d
[INFO] [stderr]                                  at src/libstd/io/mod.rs:1537
[INFO] [stderr]      6:     0x561fa3a91660 - std::sys_common::backtrace::_print::h9c07314cc66ba539
[INFO] [stderr]                                  at src/libstd/sys_common/backtrace.rs:62
[INFO] [stderr]      7:     0x561fa3a91660 - std::sys_common::backtrace::print::hd1fd65f49a2d8544
[INFO] [stderr]                                  at src/libstd/sys_common/backtrace.rs:49
[INFO] [stderr]      8:     0x561fa3a91660 - std::panicking::default_hook::{{closure}}::h222da46485ab36fc
[INFO] [stderr]                                  at src/libstd/panicking.rs:198
[INFO] [stderr]      9:     0x561fa3a913ac - std::panicking::default_hook::hc5868949d129ed00
[INFO] [stderr]                                  at src/libstd/panicking.rs:217
[INFO] [stderr]     10:     0x561fa3a91ca3 - std::panicking::rust_panic_with_hook::h26a6ab8b0993c0c8
[INFO] [stderr]                                  at src/libstd/panicking.rs:526
[INFO] [stderr]     11:     0x561fa3a6e7d9 - std::panicking::begin_panic::h6f022095d2253df4
[INFO] [stderr]                                  at /rustc/6f959902b3103c49ca981fbc01871589c3498489/src/libstd/panicking.rs:456
[INFO] [stderr]     12:     0x561fa3a2766d - build_script_build::validate_headers::hdba7e4b6ebcb1870
[INFO] [stderr]                                  at /opt/rustwide/cargo-home/registry/src/github.com-1ecc6299db9ec823/openssl-sys-0.9.14/build.rs:372
[INFO] [stderr]     13:     0x561fa3a26005 - build_script_build::try_pkg_config::h8226dcf89c70c581
[INFO] [stderr]                                  at /opt/rustwide/cargo-home/registry/src/github.com-1ecc6299db9ec823/openssl-sys-0.9.14/build.rs:207
[INFO] [stderr]     14:     0x561fa3a25181 - build_script_build::find_openssl_dir::h0a302e8623bc20c7
[INFO] [stderr]                                  at /opt/rustwide/cargo-home/registry/src/github.com-1ecc6299db9ec823/openssl-sys-0.9.14/build.rs:100
[INFO] [stderr]     15:     0x561fa3a24dba - build_script_build::main::{{closure}}::h432c8e8d0e02a6b1
[INFO] [stderr]                                  at /opt/rustwide/cargo-home/registry/src/github.com-1ecc6299db9ec823/openssl-sys-0.9.14/build.rs:42
[INFO] [stderr]     16:     0x561fa3a34674 - core::option::Option<T>::unwrap_or_else::h69f5a59b8f04a171
[INFO] [stderr]                                  at /rustc/6f959902b3103c49ca981fbc01871589c3498489/src/libcore/option.rs:425
[INFO] [stderr]     17:     0x561fa3a23c9f - build_script_build::main::h2218f67ba2bf81f8
[INFO] [stderr]                                  at /opt/rustwide/cargo-home/registry/src/github.com-1ecc6299db9ec823/openssl-sys-0.9.14/build.rs:42
[INFO] [stderr]     18:     0x561fa3a32c9b - std::rt::lang_start::{{closure}}::h4e6b92d4a704515f
[INFO] [stderr]                                  at /rustc/6f959902b3103c49ca981fbc01871589c3498489/src/libstd/rt.rs:67
[INFO] [stderr]     19:     0x561fa3a92073 - std::rt::lang_start_internal::{{closure}}::h84a998219831fa70
[INFO] [stderr]                                  at src/libstd/rt.rs:52
[INFO] [stderr]     20:     0x561fa3a92073 - std::panicking::try::do_call::he8e1d689a3e26def
[INFO] [stderr]                                  at src/libstd/panicking.rs:348
[INFO] [stderr]     21:     0x561fa3a92073 - std::panicking::try::h264b6eebc2fa7bbf
[INFO] [stderr]                                  at src/libstd/panicking.rs:325
[INFO] [stderr]     22:     0x561fa3a92073 - std::panic::catch_unwind::hbf28fafa723b2128
[INFO] [stderr]                                  at src/libstd/panic.rs:394
[INFO] [stderr]     23:     0x561fa3a92073 - std::rt::lang_start_internal::he959aa59bc3ec202
[INFO] [stderr]                                  at src/libstd/rt.rs:51
[INFO] [stderr]     24:     0x561fa3a32c77 - std::rt::lang_start::h31da0602c619bc8d
[INFO] [stderr]                                  at /rustc/6f959902b3103c49ca981fbc01871589c3498489/src/libstd/rt.rs:67
[INFO] [stderr]     25:     0x561fa3a2871a - main
[INFO] [stderr]     26:     0x7f1e096500b3 - __libc_start_main
[INFO] [stderr]     27:     0x561fa3a1f18e - _start
[INFO] [stderr]     28:                0x0 - <unknown>
[INFO] [stderr] warning: build failed, waiting for other jobs to finish...
[INFO] [stdout] error: aborting due to 2 previous errors
[INFO] [stdout] 
[INFO] [stdout] 
[INFO] [stdout] error[E0713]: borrow may still be in use when destructor runs
[INFO] [stdout]    --> /opt/rustwide/cargo-home/registry/src/github.com-1ecc6299db9ec823/url-1.5.1/src/form_urlencoded.rs:251:40
[INFO] [stdout]     |
[INFO] [stdout] 249 | impl<'a> Target for ::UrlQuery<'a> {
[INFO] [stdout]     |      -- lifetime `'a` defined here
[INFO] [stdout] 250 |     fn as_mut_string(&mut self) -> &mut String { &mut self.url.serialization }
[INFO] [stdout] 251 |     fn finish(self) -> &'a mut ::Url { self.url }
[INFO] [stdout]     |                                        ^^^^^^^^ - here, drop of `self` needs exclusive access to `*self.url`, because the type `UrlQuery<'_>` implements the `Drop` trait
[INFO] [stdout]     |                                        |
[INFO] [stdout]     |                                        returning this value requires that `*self.url` is borrowed for `'a`
[INFO] [stdout] 
[INFO] [stdout] 
[INFO] [stdout] error: aborting due to previous error
[INFO] [stdout] 
[INFO] [stdout] 
[INFO] [stdout] For more information about this error, try `rustc --explain E0713`.
[INFO] [stdout] 
[INFO] [stderr] error: build failed
[INFO] running `Command { std: "docker" "inspect" "9226ec56d9bcec7fb9b48f24ba1bb0347e28e6b1c4ea2d34372070d6c51ba141", kill_on_drop: false }`
[INFO] running `Command { std: "docker" "rm" "-f" "9226ec56d9bcec7fb9b48f24ba1bb0347e28e6b1c4ea2d34372070d6c51ba141", kill_on_drop: false }`
[INFO] [stdout] 9226ec56d9bcec7fb9b48f24ba1bb0347e28e6b1c4ea2d34372070d6c51ba141
