[INFO] cloning repository https://github.com/jnferner/game-of-life
[INFO] running `Command { std: "git" "-c" "credential.helper=" "-c" "credential.helper=/workspace/cargo-home/bin/git-credential-null" "clone" "--bare" "https://github.com/jnferner/game-of-life" "/workspace/cache/git-repos/https%3A%2F%2Fgithub.com%2Fjnferner%2Fgame-of-life", kill_on_drop: false }`
[INFO] [stderr] Cloning into bare repository '/workspace/cache/git-repos/https%3A%2F%2Fgithub.com%2Fjnferner%2Fgame-of-life'...
[INFO] running `Command { std: "git" "rev-parse" "HEAD", kill_on_drop: false }`
[INFO] [stdout] cc410fafaf893f454e5dc96c14435ec71e5ab8c1
[INFO] checking jnferner/game-of-life against beta-2020-07-24 for pr-75494-beta
[INFO] running `Command { std: "git" "clone" "/workspace/cache/git-repos/https%3A%2F%2Fgithub.com%2Fjnferner%2Fgame-of-life" "/workspace/builds/worker-12/source", kill_on_drop: false }`
[INFO] [stderr] Cloning into '/workspace/builds/worker-12/source'...
[INFO] [stderr] done.
[INFO] validating manifest of git repo https://github.com/jnferner/game-of-life on toolchain beta-2020-07-24
[INFO] running `Command { std: "/workspace/cargo-home/bin/cargo" "+beta-2020-07-24" "read-manifest" "--manifest-path" "Cargo.toml", kill_on_drop: false }`
[INFO] started tweaking git repo https://github.com/jnferner/game-of-life
[INFO] finished tweaking git repo https://github.com/jnferner/game-of-life
[INFO] tweaked toml for git repo https://github.com/jnferner/game-of-life written to /workspace/builds/worker-12/source/Cargo.toml
[INFO] crate git repo https://github.com/jnferner/game-of-life already has a lockfile, it will not be regenerated
[INFO] running `Command { std: "/workspace/cargo-home/bin/cargo" "+beta-2020-07-24" "fetch" "--locked" "--manifest-path" "Cargo.toml", kill_on_drop: false }`
[INFO] [stderr] warning: the cargo feature `edition` is now stable and is no longer necessary to be listed in the manifest
[INFO] [stderr]     Blocking waiting for file lock on package cache
[INFO] running `Command { std: "docker" "create" "-v" "/var/lib/crater-agent-workspace/builds/worker-12/target:/opt/rustwide/target:rw,Z" "-v" "/var/lib/crater-agent-workspace/builds/worker-12/source:/opt/rustwide/workdir:ro,Z" "-v" "/var/lib/crater-agent-workspace/cargo-home:/opt/rustwide/cargo-home:ro,Z" "-v" "/var/lib/crater-agent-workspace/rustup-home:/opt/rustwide/rustup-home:ro,Z" "-e" "SOURCE_DIR=/opt/rustwide/workdir" "-e" "CARGO_TARGET_DIR=/opt/rustwide/target" "-e" "CARGO_HOME=/opt/rustwide/cargo-home" "-e" "RUSTUP_HOME=/opt/rustwide/rustup-home" "-w" "/opt/rustwide/workdir" "-m" "1610612736" "--user" "0:0" "--network" "none" "rustops/crates-build-env@sha256:a636fd89d022f18117e1dc8fb37a0a009933cdbbe082814857f0e2024962d47c" "/opt/rustwide/cargo-home/bin/cargo" "+beta-2020-07-24" "metadata" "--no-deps" "--format-version=1", kill_on_drop: false }`
[INFO] [stdout] 2166875122a64a97dfc068c11f81445590f78451285c171bb5a78998bd8828d0
[INFO] [stderr] WARNING: Your kernel does not support swap limit capabilities or the cgroup is not mounted. Memory limited without swap.
[INFO] running `Command { std: "docker" "start" "-a" "2166875122a64a97dfc068c11f81445590f78451285c171bb5a78998bd8828d0", kill_on_drop: false }`
[INFO] running `Command { std: "docker" "inspect" "2166875122a64a97dfc068c11f81445590f78451285c171bb5a78998bd8828d0", kill_on_drop: false }`
[INFO] running `Command { std: "docker" "rm" "-f" "2166875122a64a97dfc068c11f81445590f78451285c171bb5a78998bd8828d0", kill_on_drop: false }`
[INFO] [stdout] 2166875122a64a97dfc068c11f81445590f78451285c171bb5a78998bd8828d0
[INFO] running `Command { std: "docker" "create" "-v" "/var/lib/crater-agent-workspace/builds/worker-12/target:/opt/rustwide/target:rw,Z" "-v" "/var/lib/crater-agent-workspace/builds/worker-12/source:/opt/rustwide/workdir:ro,Z" "-v" "/var/lib/crater-agent-workspace/cargo-home:/opt/rustwide/cargo-home:ro,Z" "-v" "/var/lib/crater-agent-workspace/rustup-home:/opt/rustwide/rustup-home:ro,Z" "-e" "SOURCE_DIR=/opt/rustwide/workdir" "-e" "CARGO_TARGET_DIR=/opt/rustwide/target" "-e" "CARGO_INCREMENTAL=0" "-e" "RUST_BACKTRACE=full" "-e" "RUSTFLAGS=--cap-lints=forbid" "-e" "CARGO_HOME=/opt/rustwide/cargo-home" "-e" "RUSTUP_HOME=/opt/rustwide/rustup-home" "-w" "/opt/rustwide/workdir" "-m" "1610612736" "--user" "0:0" "--network" "none" "rustops/crates-build-env@sha256:a636fd89d022f18117e1dc8fb37a0a009933cdbbe082814857f0e2024962d47c" "/opt/rustwide/cargo-home/bin/cargo" "+beta-2020-07-24" "check" "--frozen" "--all" "--all-targets" "--message-format=json", kill_on_drop: false }`
[INFO] [stdout] a0236070ce9c40de585e00de041545d2bcad6f16605a7e2ecc8c553247efb4cd
[INFO] [stderr] WARNING: Your kernel does not support swap limit capabilities or the cgroup is not mounted. Memory limited without swap.
[INFO] running `Command { std: "docker" "start" "-a" "a0236070ce9c40de585e00de041545d2bcad6f16605a7e2ecc8c553247efb4cd", kill_on_drop: false }`
[INFO] [stderr] warning: the cargo feature `edition` is now stable and is no longer necessary to be listed in the manifest
[INFO] [stderr]    Compiling unicode-xid v0.1.0
[INFO] [stderr]    Compiling serde v1.0.69
[INFO] [stderr]    Compiling wasm-bindgen-shared v0.2.11
[INFO] [stderr]    Compiling unicode-xid v0.0.4
[INFO] [stderr]    Compiling quote v0.3.15
[INFO] [stderr]    Compiling itertools v0.4.19
[INFO] [stderr]     Checking lazy_static v1.0.1
[INFO] [stderr]     Checking mockers v0.12.0
[INFO] [stdout] error[E0432]: unresolved import `std::boxed::FnBox`
[INFO] [stdout]  --> /opt/rustwide/cargo-home/registry/src/github.com-1ecc6299db9ec823/mockers-0.12.0/src/box_fn.rs:1:5
[INFO] [stdout]   |
[INFO] [stdout] 1 | use std::boxed::FnBox;
[INFO] [stdout]   |     ^^^^^^^^^^^^^^^^^ no `FnBox` in `boxed`
[INFO] [stdout] 
[INFO] [stdout] 
[INFO] [stdout] error[E0554]: `#![feature]` may not be used on the beta release channel
[INFO] [stdout]  --> /opt/rustwide/cargo-home/registry/src/github.com-1ecc6299db9ec823/mockers-0.12.0/src/lib.rs:1:1
[INFO] [stdout]   |
[INFO] [stdout] 1 | / #![feature(fnbox, inclusive_range_methods, alloc, collections_range,
[INFO] [stdout] 2 | |            inclusive_range, inclusive_range_fields, specialization)]
[INFO] [stdout]   | |____________________________________________________________________^
[INFO] [stdout] 
[INFO] [stdout] 
[INFO] [stderr]    Compiling proc-macro2 v0.4.6
[INFO] [stderr]    Compiling synom v0.11.3
[INFO] [stdout] error[E0392]: parameter `T` is never used
[INFO] [stdout]  --> /opt/rustwide/cargo-home/registry/src/github.com-1ecc6299db9ec823/mockers-0.12.0/src/box_fn.rs:3:19
[INFO] [stdout]   |
[INFO] [stdout] 3 | pub struct BoxFn0<T>(Box<FnBox() -> T>);
[INFO] [stdout]   |                   ^ unused parameter
[INFO] [stdout]   |
[INFO] [stdout]   = help: consider removing `T`, referring to it in a field, or using a marker such as `std::marker::PhantomData`
[INFO] [stdout] 
[INFO] [stdout] 
[INFO] [stdout] error[E0392]: parameter `A0` is never used
[INFO] [stdout]  --> /opt/rustwide/cargo-home/registry/src/github.com-1ecc6299db9ec823/mockers-0.12.0/src/box_fn.rs:9:19
[INFO] [stdout]   |
[INFO] [stdout] 9 | pub struct BoxFn1<A0, T>(Box<FnBox(A0) -> T>);
[INFO] [stdout]   |                   ^^ unused parameter
[INFO] [stdout]   |
[INFO] [stdout]   = help: consider removing `A0`, referring to it in a field, or using a marker such as `std::marker::PhantomData`
[INFO] [stdout] 
[INFO] [stdout] 
[INFO] [stdout] error[E0392]: parameter `T` is never used
[INFO] [stdout]  --> /opt/rustwide/cargo-home/registry/src/github.com-1ecc6299db9ec823/mockers-0.12.0/src/box_fn.rs:9:23
[INFO] [stdout]   |
[INFO] [stdout] 9 | pub struct BoxFn1<A0, T>(Box<FnBox(A0) -> T>);
[INFO] [stdout]   |                       ^ unused parameter
[INFO] [stdout]   |
[INFO] [stdout]   = help: consider removing `T`, referring to it in a field, or using a marker such as `std::marker::PhantomData`
[INFO] [stdout] 
[INFO] [stdout] 
[INFO] [stdout] error[E0392]: parameter `A0` is never used
[INFO] [stdout]   --> /opt/rustwide/cargo-home/registry/src/github.com-1ecc6299db9ec823/mockers-0.12.0/src/box_fn.rs:15:19
[INFO] [stdout]    |
[INFO] [stdout] 15 | pub struct BoxFn2<A0, A1, T>(Box<FnBox(A0, A1) -> T>);
[INFO] [stdout]    |                   ^^ unused parameter
[INFO] [stdout]    |
[INFO] [stdout]    = help: consider removing `A0`, referring to it in a field, or using a marker such as `std::marker::PhantomData`
[INFO] [stdout] 
[INFO] [stdout] 
[INFO] [stdout] error[E0392]: parameter `A1` is never used
[INFO] [stdout]   --> /opt/rustwide/cargo-home/registry/src/github.com-1ecc6299db9ec823/mockers-0.12.0/src/box_fn.rs:15:23
[INFO] [stdout]    |
[INFO] [stdout] 15 | pub struct BoxFn2<A0, A1, T>(Box<FnBox(A0, A1) -> T>);
[INFO] [stdout]    |                       ^^ unused parameter
[INFO] [stdout]    |
[INFO] [stdout]    = help: consider removing `A1`, referring to it in a field, or using a marker such as `std::marker::PhantomData`
[INFO] [stdout] 
[INFO] [stdout] 
[INFO] [stdout] error[E0392]: parameter `T` is never used
[INFO] [stdout]   --> /opt/rustwide/cargo-home/registry/src/github.com-1ecc6299db9ec823/mockers-0.12.0/src/box_fn.rs:15:27
[INFO] [stdout]    |
[INFO] [stdout] 15 | pub struct BoxFn2<A0, A1, T>(Box<FnBox(A0, A1) -> T>);
[INFO] [stdout]    |                           ^ unused parameter
[INFO] [stdout]    |
[INFO] [stdout]    = help: consider removing `T`, referring to it in a field, or using a marker such as `std::marker::PhantomData`
[INFO] [stdout] 
[INFO] [stdout] 
[INFO] [stdout] error[E0392]: parameter `A0` is never used
[INFO] [stdout]   --> /opt/rustwide/cargo-home/registry/src/github.com-1ecc6299db9ec823/mockers-0.12.0/src/box_fn.rs:21:19
[INFO] [stdout]    |
[INFO] [stdout] 21 | pub struct BoxFn3<A0, A1, A2, T>(Box<FnBox(A0, A1, A2) -> T>);
[INFO] [stdout]    |                   ^^ unused parameter
[INFO] [stdout]    |
[INFO] [stdout]    = help: consider removing `A0`, referring to it in a field, or using a marker such as `std::marker::PhantomData`
[INFO] [stdout] 
[INFO] [stdout] 
[INFO] [stdout] error[E0392]: parameter `A1` is never used
[INFO] [stdout]   --> /opt/rustwide/cargo-home/registry/src/github.com-1ecc6299db9ec823/mockers-0.12.0/src/box_fn.rs:21:23
[INFO] [stdout]    |
[INFO] [stdout] 21 | pub struct BoxFn3<A0, A1, A2, T>(Box<FnBox(A0, A1, A2) -> T>);
[INFO] [stdout]    |                       ^^ unused parameter
[INFO] [stdout]    |
[INFO] [stdout]    = help: consider removing `A1`, referring to it in a field, or using a marker such as `std::marker::PhantomData`
[INFO] [stdout] 
[INFO] [stdout] 
[INFO] [stdout] error[E0392]: parameter `A2` is never used
[INFO] [stdout]   --> /opt/rustwide/cargo-home/registry/src/github.com-1ecc6299db9ec823/mockers-0.12.0/src/box_fn.rs:21:27
[INFO] [stdout]    |
[INFO] [stdout] 21 | pub struct BoxFn3<A0, A1, A2, T>(Box<FnBox(A0, A1, A2) -> T>);
[INFO] [stdout]    |                           ^^ unused parameter
[INFO] [stdout]    |
[INFO] [stdout]    = help: consider removing `A2`, referring to it in a field, or using a marker such as `std::marker::PhantomData`
[INFO] [stdout] 
[INFO] [stdout] 
[INFO] [stdout] error[E0392]: parameter `T` is never used
[INFO] [stdout]   --> /opt/rustwide/cargo-home/registry/src/github.com-1ecc6299db9ec823/mockers-0.12.0/src/box_fn.rs:21:31
[INFO] [stdout]    |
[INFO] [stdout] 21 | pub struct BoxFn3<A0, A1, A2, T>(Box<FnBox(A0, A1, A2) -> T>);
[INFO] [stdout]    |                               ^ unused parameter
[INFO] [stdout]    |
[INFO] [stdout]    = help: consider removing `T`, referring to it in a field, or using a marker such as `std::marker::PhantomData`
[INFO] [stdout] 
[INFO] [stdout] 
[INFO] [stdout] error[E0392]: parameter `A0` is never used
[INFO] [stdout]   --> /opt/rustwide/cargo-home/registry/src/github.com-1ecc6299db9ec823/mockers-0.12.0/src/box_fn.rs:27:19
[INFO] [stdout]    |
[INFO] [stdout] 27 | pub struct BoxFn4<A0, A1, A2, A3, T>(Box<FnBox(A0, A1, A2, A3) -> T>);
[INFO] [stdout]    |                   ^^ unused parameter
[INFO] [stdout]    |
[INFO] [stdout]    = help: consider removing `A0`, referring to it in a field, or using a marker such as `std::marker::PhantomData`
[INFO] [stdout] 
[INFO] [stdout] 
[INFO] [stdout] error[E0392]: parameter `A1` is never used
[INFO] [stdout]   --> /opt/rustwide/cargo-home/registry/src/github.com-1ecc6299db9ec823/mockers-0.12.0/src/box_fn.rs:27:23
[INFO] [stdout]    |
[INFO] [stdout] 27 | pub struct BoxFn4<A0, A1, A2, A3, T>(Box<FnBox(A0, A1, A2, A3) -> T>);
[INFO] [stdout]    |                       ^^ unused parameter
[INFO] [stdout]    |
[INFO] [stdout]    = help: consider removing `A1`, referring to it in a field, or using a marker such as `std::marker::PhantomData`
[INFO] [stdout] 
[INFO] [stdout] 
[INFO] [stdout] error[E0392]: parameter `A2` is never used
[INFO] [stdout]   --> /opt/rustwide/cargo-home/registry/src/github.com-1ecc6299db9ec823/mockers-0.12.0/src/box_fn.rs:27:27
[INFO] [stdout]    |
[INFO] [stdout] 27 | pub struct BoxFn4<A0, A1, A2, A3, T>(Box<FnBox(A0, A1, A2, A3) -> T>);
[INFO] [stdout]    |                           ^^ unused parameter
[INFO] [stdout]    |
[INFO] [stdout]    = help: consider removing `A2`, referring to it in a field, or using a marker such as `std::marker::PhantomData`
[INFO] [stdout] 
[INFO] [stdout] 
[INFO] [stdout] error[E0392]: parameter `A3` is never used
[INFO] [stdout]   --> /opt/rustwide/cargo-home/registry/src/github.com-1ecc6299db9ec823/mockers-0.12.0/src/box_fn.rs:27:31
[INFO] [stdout]    |
[INFO] [stdout] 27 | pub struct BoxFn4<A0, A1, A2, A3, T>(Box<FnBox(A0, A1, A2, A3) -> T>);
[INFO] [stdout]    |                               ^^ unused parameter
[INFO] [stdout]    |
[INFO] [stdout]    = help: consider removing `A3`, referring to it in a field, or using a marker such as `std::marker::PhantomData`
[INFO] [stdout] 
[INFO] [stdout] 
[INFO] [stdout] error[E0392]: parameter `T` is never used
[INFO] [stdout]   --> /opt/rustwide/cargo-home/registry/src/github.com-1ecc6299db9ec823/mockers-0.12.0/src/box_fn.rs:27:35
[INFO] [stdout]    |
[INFO] [stdout] 27 | pub struct BoxFn4<A0, A1, A2, A3, T>(Box<FnBox(A0, A1, A2, A3) -> T>);
[INFO] [stdout]    |                                   ^ unused parameter
[INFO] [stdout]    |
[INFO] [stdout]    = help: consider removing `T`, referring to it in a field, or using a marker such as `std::marker::PhantomData`
[INFO] [stdout] 
[INFO] [stdout] 
[INFO] [stdout] error: aborting due to 17 previous errors
[INFO] [stdout] 
[INFO] [stdout] 
[INFO] [stdout] Some errors have detailed explanations: E0392, E0432, E0554.
[INFO] [stdout] 
[INFO] [stdout] For more information about an error, try `rustc --explain E0392`.
[INFO] [stdout] 
[INFO] [stderr] error: could not compile `mockers`.
[INFO] [stderr] 
[INFO] [stderr] To learn more, run the command again with --verbose.
[INFO] [stderr] warning: build failed, waiting for other jobs to finish...
[INFO] [stdout] error[E0554]: `#![feature]` may not be used on the beta release channel
[INFO] [stdout]   --> /opt/rustwide/cargo-home/registry/src/github.com-1ecc6299db9ec823/proc-macro2-0.4.6/src/lib.rs:47:34
[INFO] [stdout]    |
[INFO] [stdout] 47 | #![cfg_attr(feature = "nightly", feature(proc_macro))]
[INFO] [stdout]    |                                  ^^^^^^^^^^^^^^^^^^^
[INFO] [stdout] 
[INFO] [stdout] 
[INFO] [stdout] error[E0658]: use of unstable library feature 'proc_macro_span'
[INFO] [stdout]    --> /opt/rustwide/cargo-home/registry/src/github.com-1ecc6299db9ec823/proc-macro2-0.4.6/src/unstable.rs:284:13
[INFO] [stdout]     |
[INFO] [stdout] 284 |     Nightly(proc_macro::SourceFile, FileName),
[INFO] [stdout]     |             ^^^^^^^^^^^^^^^^^^^^^^
[INFO] [stdout]     |
[INFO] [stdout]     = note: see issue #54725 <https://github.com/rust-lang/rust/issues/54725> for more information
[INFO] [stdout] 
[INFO] [stdout] 
[INFO] [stdout] error[E0658]: use of unstable library feature 'proc_macro_span'
[INFO] [stdout]    --> /opt/rustwide/cargo-home/registry/src/github.com-1ecc6299db9ec823/proc-macro2-0.4.6/src/unstable.rs:289:20
[INFO] [stdout]     |
[INFO] [stdout] 289 |     fn nightly(sf: proc_macro::SourceFile) -> Self {
[INFO] [stdout]     |                    ^^^^^^^^^^^^^^^^^^^^^^
[INFO] [stdout]     |
[INFO] [stdout]     = note: see issue #54725 <https://github.com/rust-lang/rust/issues/54725> for more information
[INFO] [stdout] 
[INFO] [stdout] 
[INFO] [stdout] error[E0658]: use of unstable library feature 'proc_macro_span'
[INFO] [stdout]    --> /opt/rustwide/cargo-home/registry/src/github.com-1ecc6299db9ec823/proc-macro2-0.4.6/src/unstable.rs:290:45
[INFO] [stdout]     |
[INFO] [stdout] 290 |         let filename = stable::file_name(sf.path().to_string());
[INFO] [stdout]     |                                             ^^^^
[INFO] [stdout]     |
[INFO] [stdout]     = note: see issue #54725 <https://github.com/rust-lang/rust/issues/54725> for more information
[INFO] [stdout] 
[INFO] [stdout] 
[INFO] [stdout] error[E0599]: no method named `to_string` found for struct `std::path::PathBuf` in the current scope
[INFO] [stdout]     --> /opt/rustwide/cargo-home/registry/src/github.com-1ecc6299db9ec823/proc-macro2-0.4.6/src/unstable.rs:290:52
[INFO] [stdout]      |
[INFO] [stdout] 290  |           let filename = stable::file_name(sf.path().to_string());
[INFO] [stdout]      |                                                      ^^^^^^^^^ help: there is an associated function with a similar name: `to_str`
[INFO] [stdout]      |
[INFO] [stdout]      = note: the method `to_string` exists but the following trait bounds were not satisfied:
[INFO] [stdout]              `std::path::PathBuf: std::fmt::Display`
[INFO] [stdout]              which is required by `std::path::PathBuf: std::string::ToString`
[INFO] [stdout]              `std::path::Path: std::fmt::Display`
[INFO] [stdout]              which is required by `std::path::Path: std::string::ToString`
[INFO] [stdout] 
[INFO] [stdout] 
[INFO] [stdout] error[E0658]: use of unstable library feature 'proc_macro_span'
[INFO] [stdout]    --> /opt/rustwide/cargo-home/registry/src/github.com-1ecc6299db9ec823/proc-macro2-0.4.6/src/unstable.rs:304:44
[INFO] [stdout]     |
[INFO] [stdout] 304 |             SourceFile::Nightly(a, _) => a.is_real(),
[INFO] [stdout]     |                                            ^^^^^^^
[INFO] [stdout]     |
[INFO] [stdout]     = note: see issue #54725 <https://github.com/rust-lang/rust/issues/54725> for more information
[INFO] [stdout] 
[INFO] [stdout] 
[INFO] [stdout] error[E0658]: use of unstable library feature 'proc_macro_def_site'
[INFO] [stdout]    --> /opt/rustwide/cargo-home/registry/src/github.com-1ecc6299db9ec823/proc-macro2-0.4.6/src/unstable.rs:347:27
[INFO] [stdout]     |
[INFO] [stdout] 347 |             Span::Nightly(proc_macro::Span::def_site())
[INFO] [stdout]     |                           ^^^^^^^^^^^^^^^^^^^^^^^^^^
[INFO] [stdout]     |
[INFO] [stdout]     = note: see issue #54724 <https://github.com/rust-lang/rust/issues/54724> for more information
[INFO] [stdout] 
[INFO] [stdout] 
[INFO] [stdout] error[E0658]: use of unstable library feature 'proc_macro_span'
[INFO] [stdout]    --> /opt/rustwide/cargo-home/registry/src/github.com-1ecc6299db9ec823/proc-macro2-0.4.6/src/unstable.rs:424:55
[INFO] [stdout]     |
[INFO] [stdout] 424 |             (Span::Nightly(a), Span::Nightly(b)) => a.eq(b),
[INFO] [stdout]     |                                                       ^^
[INFO] [stdout]     |
[INFO] [stdout]     = note: see issue #54725 <https://github.com/rust-lang/rust/issues/54725> for more information
[INFO] [stdout] 
[INFO] [stdout] 
[INFO] [stdout] error[E0658]: use of unstable library feature 'proc_macro_raw_ident'
[INFO] [stdout]    --> /opt/rustwide/cargo-home/registry/src/github.com-1ecc6299db9ec823/proc-macro2-0.4.6/src/unstable.rs:475:48
[INFO] [stdout]     |
[INFO] [stdout] 475 |             Span::Nightly(s) => Ident::Nightly(proc_macro::Ident::new_raw(string, s)),
[INFO] [stdout]     |                                                ^^^^^^^^^^^^^^^^^^^^^^^^^^
[INFO] [stdout]     |
[INFO] [stdout]     = note: see issue #54723 <https://github.com/rust-lang/rust/issues/54723> for more information
[INFO] [stdout] 
[INFO] [stdout] 
[INFO] [stdout] error: aborting due to 9 previous errors
[INFO] [stdout] 
[INFO] [stdout] 
[INFO] [stdout] Some errors have detailed explanations: E0554, E0599, E0658.
[INFO] [stdout] 
[INFO] [stdout] For more information about an error, try `rustc --explain E0554`.
[INFO] [stdout] 
[INFO] [stderr] error: build failed
[INFO] running `Command { std: "docker" "inspect" "a0236070ce9c40de585e00de041545d2bcad6f16605a7e2ecc8c553247efb4cd", kill_on_drop: false }`
[INFO] running `Command { std: "docker" "rm" "-f" "a0236070ce9c40de585e00de041545d2bcad6f16605a7e2ecc8c553247efb4cd", kill_on_drop: false }`
[INFO] [stdout] a0236070ce9c40de585e00de041545d2bcad6f16605a7e2ecc8c553247efb4cd
