[INFO] cloning repository https://github.com/jkcclemens/travis_ssh_deploy
[INFO] running `Command { std: "git" "-c" "credential.helper=" "-c" "credential.helper=/workspace/cargo-home/bin/git-credential-null" "clone" "--bare" "https://github.com/jkcclemens/travis_ssh_deploy" "/workspace/cache/git-repos/https%3A%2F%2Fgithub.com%2Fjkcclemens%2Ftravis_ssh_deploy", kill_on_drop: false }`
[INFO] [stderr] Cloning into bare repository '/workspace/cache/git-repos/https%3A%2F%2Fgithub.com%2Fjkcclemens%2Ftravis_ssh_deploy'...
[INFO] running `Command { std: "git" "rev-parse" "HEAD", kill_on_drop: false }`
[INFO] [stdout] 35c5b65e1f3e42a4ab529ff0baa052a697ff0bb6
[INFO] checking jkcclemens/travis_ssh_deploy against beta-2020-07-24 for pr-75494-beta
[INFO] running `Command { std: "git" "clone" "/workspace/cache/git-repos/https%3A%2F%2Fgithub.com%2Fjkcclemens%2Ftravis_ssh_deploy" "/workspace/builds/worker-2/source", kill_on_drop: false }`
[INFO] [stderr] Cloning into '/workspace/builds/worker-2/source'...
[INFO] [stderr] done.
[INFO] validating manifest of git repo https://github.com/jkcclemens/travis_ssh_deploy on toolchain beta-2020-07-24
[INFO] running `Command { std: "/workspace/cargo-home/bin/cargo" "+beta-2020-07-24" "read-manifest" "--manifest-path" "Cargo.toml", kill_on_drop: false }`
[INFO] started tweaking git repo https://github.com/jkcclemens/travis_ssh_deploy
[INFO] finished tweaking git repo https://github.com/jkcclemens/travis_ssh_deploy
[INFO] tweaked toml for git repo https://github.com/jkcclemens/travis_ssh_deploy written to /workspace/builds/worker-2/source/Cargo.toml
[INFO] crate git repo https://github.com/jkcclemens/travis_ssh_deploy already has a lockfile, it will not be regenerated
[INFO] running `Command { std: "/workspace/cargo-home/bin/cargo" "+beta-2020-07-24" "fetch" "--locked" "--manifest-path" "Cargo.toml", kill_on_drop: false }`
[INFO] [stderr]     Blocking waiting for file lock on package cache
[INFO] running `Command { std: "docker" "create" "-v" "/var/lib/crater-agent-workspace/builds/worker-2/target:/opt/rustwide/target:rw,Z" "-v" "/var/lib/crater-agent-workspace/builds/worker-2/source:/opt/rustwide/workdir:ro,Z" "-v" "/var/lib/crater-agent-workspace/cargo-home:/opt/rustwide/cargo-home:ro,Z" "-v" "/var/lib/crater-agent-workspace/rustup-home:/opt/rustwide/rustup-home:ro,Z" "-e" "SOURCE_DIR=/opt/rustwide/workdir" "-e" "CARGO_TARGET_DIR=/opt/rustwide/target" "-e" "CARGO_HOME=/opt/rustwide/cargo-home" "-e" "RUSTUP_HOME=/opt/rustwide/rustup-home" "-w" "/opt/rustwide/workdir" "-m" "1610612736" "--user" "0:0" "--network" "none" "rustops/crates-build-env@sha256:a636fd89d022f18117e1dc8fb37a0a009933cdbbe082814857f0e2024962d47c" "/opt/rustwide/cargo-home/bin/cargo" "+beta-2020-07-24" "metadata" "--no-deps" "--format-version=1", kill_on_drop: false }`
[INFO] [stdout] 20ebb07fbfd52500606ea38914c3d15df7ee29cc5375c4542c5f153d8b2c7436
[INFO] [stderr] WARNING: Your kernel does not support swap limit capabilities or the cgroup is not mounted. Memory limited without swap.
[INFO] running `Command { std: "docker" "start" "-a" "20ebb07fbfd52500606ea38914c3d15df7ee29cc5375c4542c5f153d8b2c7436", kill_on_drop: false }`
[INFO] running `Command { std: "docker" "inspect" "20ebb07fbfd52500606ea38914c3d15df7ee29cc5375c4542c5f153d8b2c7436", kill_on_drop: false }`
[INFO] running `Command { std: "docker" "rm" "-f" "20ebb07fbfd52500606ea38914c3d15df7ee29cc5375c4542c5f153d8b2c7436", kill_on_drop: false }`
[INFO] [stdout] 20ebb07fbfd52500606ea38914c3d15df7ee29cc5375c4542c5f153d8b2c7436
[INFO] running `Command { std: "docker" "create" "-v" "/var/lib/crater-agent-workspace/builds/worker-2/target:/opt/rustwide/target:rw,Z" "-v" "/var/lib/crater-agent-workspace/builds/worker-2/source:/opt/rustwide/workdir:ro,Z" "-v" "/var/lib/crater-agent-workspace/cargo-home:/opt/rustwide/cargo-home:ro,Z" "-v" "/var/lib/crater-agent-workspace/rustup-home:/opt/rustwide/rustup-home:ro,Z" "-e" "SOURCE_DIR=/opt/rustwide/workdir" "-e" "CARGO_TARGET_DIR=/opt/rustwide/target" "-e" "CARGO_INCREMENTAL=0" "-e" "RUST_BACKTRACE=full" "-e" "RUSTFLAGS=--cap-lints=forbid" "-e" "CARGO_HOME=/opt/rustwide/cargo-home" "-e" "RUSTUP_HOME=/opt/rustwide/rustup-home" "-w" "/opt/rustwide/workdir" "-m" "1610612736" "--user" "0:0" "--network" "none" "rustops/crates-build-env@sha256:a636fd89d022f18117e1dc8fb37a0a009933cdbbe082814857f0e2024962d47c" "/opt/rustwide/cargo-home/bin/cargo" "+beta-2020-07-24" "check" "--frozen" "--all" "--all-targets" "--message-format=json", kill_on_drop: false }`
[INFO] [stdout] 2daafff73ac73992fb523d408dca158e99d6aa2681c0fe2b01f521d08e554ab7
[INFO] [stderr] WARNING: Your kernel does not support swap limit capabilities or the cgroup is not mounted. Memory limited without swap.
[INFO] running `Command { std: "docker" "start" "-a" "2daafff73ac73992fb523d408dca158e99d6aa2681c0fe2b01f521d08e554ab7", kill_on_drop: false }`
[INFO] [stderr]    Compiling unicode-xid v0.1.0
[INFO] [stderr]    Compiling cc v1.0.9
[INFO] [stderr]    Compiling build_const v0.2.0
[INFO] [stderr]     Checking rustc-demangle v0.1.7
[INFO] [stderr]     Checking linked-hash-map v0.5.1
[INFO] [stderr]     Checking num-traits v0.2.2
[INFO] [stderr]     Checking serde v1.0.34
[INFO] [stderr]     Checking integer-encoding v1.0.5
[INFO] [stderr]     Checking byteorder v1.2.1
[INFO] [stderr]     Checking tempdir v0.3.7
[INFO] [stderr]    Compiling synstructure v0.6.1
[INFO] [stderr]    Compiling proc-macro2 v0.2.3
[INFO] [stderr]     Checking yaml-rust v0.4.0
[INFO] [stderr]    Compiling crc v1.7.0
[INFO] [stderr]    Compiling quote v0.4.2
[INFO] [stderr]    Compiling failure_derive v0.1.1
[INFO] [stderr]     Checking num-traits v0.1.43
[INFO] [stderr]    Compiling syn v0.12.14
[INFO] [stderr]    Compiling backtrace-sys v0.1.16
[INFO] [stderr]    Compiling serde_derive_internals v0.22.0
[INFO] [stderr]    Compiling serde_derive v1.0.34
[INFO] [stderr]     Checking serde_yaml v0.7.3
[INFO] [stderr]     Checking backtrace v0.3.5
[INFO] [stderr]     Checking failure v0.1.1
[INFO] [stderr]     Checking travis_ssh_deploy v0.1.0 (/opt/rustwide/workdir)
[INFO] [stdout] error[E0554]: `#![feature]` may not be used on the beta release channel
[INFO] [stdout]  --> src/bin/send.rs:1:1
[INFO] [stdout]   |
[INFO] [stdout] 1 | #![feature(termination_trait, process_exitcode_placeholder)]
[INFO] [stdout]   | ^^^^^^^^^^^^^^^^^^^^^^^^^^^^^^^^^^^^^^^^^^^^^^^^^^^^^^^^^^^^
[INFO] [stdout] 
[INFO] [stdout] 
[INFO] [stdout] error[E0554]: `#![feature]` may not be used on the beta release channel
[INFO] [stdout]  --> src/bin/send.rs:1:1
[INFO] [stdout]   |
[INFO] [stdout] 1 | #![feature(termination_trait, process_exitcode_placeholder)]
[INFO] [stdout]   | ^^^^^^^^^^^^^^^^^^^^^^^^^^^^^^^^^^^^^^^^^^^^^^^^^^^^^^^^^^^^
[INFO] [stdout] 
[INFO] [stdout] 
[INFO] [stdout] error: aborting due to previous error
[INFO] [stdout] 
[INFO] [stdout] 
[INFO] [stdout] For more information about this error, try `rustc --explain E0554`.
[INFO] [stdout] 
[INFO] [stderr] error: could not compile `travis_ssh_deploy`.
[INFO] [stderr] 
[INFO] [stderr] To learn more, run the command again with --verbose.
[INFO] [stderr] warning: build failed, waiting for other jobs to finish...
[INFO] [stdout] error: aborting due to previous error
[INFO] [stdout] 
[INFO] [stdout] 
[INFO] [stdout] For more information about this error, try `rustc --explain E0554`.
[INFO] [stdout] 
[INFO] [stdout] error[E0554]: `#![feature]` may not be used on the beta release channel
[INFO] [stdout]  --> src/bin/receive.rs:1:1
[INFO] [stdout]   |
[INFO] [stdout] 1 | #![feature(termination_trait, process_exitcode_placeholder)]
[INFO] [stdout]   | ^^^^^^^^^^^^^^^^^^^^^^^^^^^^^^^^^^^^^^^^^^^^^^^^^^^^^^^^^^^^
[INFO] [stdout] 
[INFO] [stdout] 
[INFO] [stdout] error[E0554]: `#![feature]` may not be used on the beta release channel
[INFO] [stdout]  --> src/bin/receive.rs:1:1
[INFO] [stdout]   |
[INFO] [stdout] 1 | #![feature(termination_trait, process_exitcode_placeholder)]
[INFO] [stdout]   | ^^^^^^^^^^^^^^^^^^^^^^^^^^^^^^^^^^^^^^^^^^^^^^^^^^^^^^^^^^^^
[INFO] [stdout] 
[INFO] [stdout] 
[INFO] [stdout] error: aborting due to previous error
[INFO] [stdout] 
[INFO] [stdout] 
[INFO] [stdout] For more information about this error, try `rustc --explain E0554`.
[INFO] [stdout] 
[INFO] [stdout] error: aborting due to previous error
[INFO] [stdout] 
[INFO] [stdout] 
[INFO] [stdout] For more information about this error, try `rustc --explain E0554`.
[INFO] [stdout] 
[INFO] [stderr] error: build failed
[INFO] running `Command { std: "docker" "inspect" "2daafff73ac73992fb523d408dca158e99d6aa2681c0fe2b01f521d08e554ab7", kill_on_drop: false }`
[INFO] running `Command { std: "docker" "rm" "-f" "2daafff73ac73992fb523d408dca158e99d6aa2681c0fe2b01f521d08e554ab7", kill_on_drop: false }`
[INFO] [stdout] 2daafff73ac73992fb523d408dca158e99d6aa2681c0fe2b01f521d08e554ab7
