[INFO] cloning repository https://github.com/jfroy/rrt
[INFO] running `Command { std: "git" "-c" "credential.helper=" "-c" "credential.helper=/workspace/cargo-home/bin/git-credential-null" "clone" "--bare" "https://github.com/jfroy/rrt" "/workspace/cache/git-repos/https%3A%2F%2Fgithub.com%2Fjfroy%2Frrt", kill_on_drop: false }`
[INFO] [stderr] Cloning into bare repository '/workspace/cache/git-repos/https%3A%2F%2Fgithub.com%2Fjfroy%2Frrt'...
[INFO] running `Command { std: "git" "rev-parse" "HEAD", kill_on_drop: false }`
[INFO] [stdout] 55f5c5a506acb7f2d82428ed73e16202a554237c
[INFO] checking jfroy/rrt against beta-2020-07-24 for pr-75494-beta
[INFO] running `Command { std: "git" "clone" "/workspace/cache/git-repos/https%3A%2F%2Fgithub.com%2Fjfroy%2Frrt" "/workspace/builds/worker-11/source", kill_on_drop: false }`
[INFO] [stderr] Cloning into '/workspace/builds/worker-11/source'...
[INFO] [stderr] done.
[INFO] validating manifest of git repo https://github.com/jfroy/rrt on toolchain beta-2020-07-24
[INFO] running `Command { std: "/workspace/cargo-home/bin/cargo" "+beta-2020-07-24" "read-manifest" "--manifest-path" "Cargo.toml", kill_on_drop: false }`
[INFO] started tweaking git repo https://github.com/jfroy/rrt
[INFO] finished tweaking git repo https://github.com/jfroy/rrt
[INFO] tweaked toml for git repo https://github.com/jfroy/rrt written to /workspace/builds/worker-11/source/Cargo.toml
[INFO] crate git repo https://github.com/jfroy/rrt already has a lockfile, it will not be regenerated
[INFO] running `Command { std: "/workspace/cargo-home/bin/cargo" "+beta-2020-07-24" "fetch" "--locked" "--manifest-path" "Cargo.toml", kill_on_drop: false }`
[INFO] [stderr]     Blocking waiting for file lock on package cache
[INFO] running `Command { std: "docker" "create" "-v" "/var/lib/crater-agent-workspace/builds/worker-11/target:/opt/rustwide/target:rw,Z" "-v" "/var/lib/crater-agent-workspace/builds/worker-11/source:/opt/rustwide/workdir:ro,Z" "-v" "/var/lib/crater-agent-workspace/cargo-home:/opt/rustwide/cargo-home:ro,Z" "-v" "/var/lib/crater-agent-workspace/rustup-home:/opt/rustwide/rustup-home:ro,Z" "-e" "SOURCE_DIR=/opt/rustwide/workdir" "-e" "CARGO_TARGET_DIR=/opt/rustwide/target" "-e" "CARGO_HOME=/opt/rustwide/cargo-home" "-e" "RUSTUP_HOME=/opt/rustwide/rustup-home" "-w" "/opt/rustwide/workdir" "-m" "1610612736" "--user" "0:0" "--network" "none" "rustops/crates-build-env@sha256:a636fd89d022f18117e1dc8fb37a0a009933cdbbe082814857f0e2024962d47c" "/opt/rustwide/cargo-home/bin/cargo" "+beta-2020-07-24" "metadata" "--no-deps" "--format-version=1", kill_on_drop: false }`
[INFO] [stdout] 842ff519c7affae892b28ed87f8f6a743efeb0760d4b7b456baa393e13a132a6
[INFO] [stderr] WARNING: Your kernel does not support swap limit capabilities or the cgroup is not mounted. Memory limited without swap.
[INFO] running `Command { std: "docker" "start" "-a" "842ff519c7affae892b28ed87f8f6a743efeb0760d4b7b456baa393e13a132a6", kill_on_drop: false }`
[INFO] running `Command { std: "docker" "inspect" "842ff519c7affae892b28ed87f8f6a743efeb0760d4b7b456baa393e13a132a6", kill_on_drop: false }`
[INFO] running `Command { std: "docker" "rm" "-f" "842ff519c7affae892b28ed87f8f6a743efeb0760d4b7b456baa393e13a132a6", kill_on_drop: false }`
[INFO] [stdout] 842ff519c7affae892b28ed87f8f6a743efeb0760d4b7b456baa393e13a132a6
[INFO] running `Command { std: "docker" "create" "-v" "/var/lib/crater-agent-workspace/builds/worker-11/target:/opt/rustwide/target:rw,Z" "-v" "/var/lib/crater-agent-workspace/builds/worker-11/source:/opt/rustwide/workdir:ro,Z" "-v" "/var/lib/crater-agent-workspace/cargo-home:/opt/rustwide/cargo-home:ro,Z" "-v" "/var/lib/crater-agent-workspace/rustup-home:/opt/rustwide/rustup-home:ro,Z" "-e" "SOURCE_DIR=/opt/rustwide/workdir" "-e" "CARGO_TARGET_DIR=/opt/rustwide/target" "-e" "CARGO_INCREMENTAL=0" "-e" "RUST_BACKTRACE=full" "-e" "RUSTFLAGS=--cap-lints=forbid" "-e" "CARGO_HOME=/opt/rustwide/cargo-home" "-e" "RUSTUP_HOME=/opt/rustwide/rustup-home" "-w" "/opt/rustwide/workdir" "-m" "1610612736" "--user" "0:0" "--network" "none" "rustops/crates-build-env@sha256:a636fd89d022f18117e1dc8fb37a0a009933cdbbe082814857f0e2024962d47c" "/opt/rustwide/cargo-home/bin/cargo" "+beta-2020-07-24" "check" "--frozen" "--all" "--all-targets" "--message-format=json", kill_on_drop: false }`
[INFO] [stdout] a968f55742ed78ff4c467469febd89b67aa423c1907f11b72b894e4c70bf24ee
[INFO] [stderr] WARNING: Your kernel does not support swap limit capabilities or the cgroup is not mounted. Memory limited without swap.
[INFO] running `Command { std: "docker" "start" "-a" "a968f55742ed78ff4c467469febd89b67aa423c1907f11b72b894e4c70bf24ee", kill_on_drop: false }`
[INFO] [stderr]    Compiling syn v1.0.33
[INFO] [stderr]     Checking lazy_static v1.4.0
[INFO] [stderr]    Compiling maybe-uninit v2.0.0
[INFO] [stderr]    Compiling rayon-core v1.7.1
[INFO] [stderr]    Compiling siphasher v0.3.3
[INFO] [stderr]     Checking either v1.5.3
[INFO] [stderr]     Checking adler32 v1.1.0
[INFO] [stderr]     Checking bytemuck v1.2.0
[INFO] [stderr]     Checking static_assertions v1.1.0
[INFO] [stderr]     Checking half v1.6.0
[INFO] [stderr]     Checking regex-syntax v0.6.18
[INFO] [stderr]     Checking oorandom v11.1.2
[INFO] [stderr]    Compiling num-traits v0.2.12
[INFO] [stderr]    Compiling crossbeam-utils v0.7.2
[INFO] [stderr]    Compiling memoffset v0.5.5
[INFO] [stderr]    Compiling crossbeam-epoch v0.8.2
[INFO] [stderr]    Compiling num-integer v0.1.43
[INFO] [stderr]    Compiling rayon v1.3.1
[INFO] [stderr]    Compiling num-rational v0.3.0
[INFO] [stderr]    Compiling num-iter v0.1.41
[INFO] [stderr]     Checking gif v0.10.3
[INFO] [stderr]    Compiling libc v0.2.72
[INFO] [stderr]    Compiling proc-macro2 v1.0.18
[INFO] [stderr]     Checking itertools v0.9.0
[INFO] [stderr]     Checking miniz_oxide v0.3.7
[INFO] [stderr]     Checking crc32fast v1.2.0
[INFO] [stderr]     Checking phf_shared v0.8.0
[INFO] [stderr]     Checking getrandom v0.1.14
[INFO] [stderr]     Checking deflate v0.8.6
[INFO] [stderr]     Checking regex-automata v0.1.9
[INFO] [stderr]    Compiling cast v0.2.3
[INFO] [stderr]    Compiling vek v0.11.2
[INFO] [stderr]     Checking clap v2.33.1
[INFO] [stderr]     Checking csv-core v0.1.10
[INFO] [stderr]     Checking phf v0.8.0
[INFO] [stderr]     Checking rand_core v0.5.1
[INFO] [stderr]    Compiling quote v1.0.7
[INFO] [stderr]     Checking tiff v0.5.0
[INFO] [stderr]     Checking rand_chacha v0.2.2
[INFO] [stderr]     Checking rand_pcg v0.2.1
[INFO] [stderr]     Checking criterion-plot v0.4.3
[INFO] [stderr]     Checking png v0.16.6
[INFO] [stderr]     Checking crossbeam-queue v0.2.3
[INFO] [stderr]     Checking rand v0.7.3
[INFO] [stderr]     Checking crossbeam-deque v0.7.3
[INFO] [stderr]     Checking regex v1.3.9
[INFO] [stderr]     Checking approx v0.3.2
[INFO] [stderr]     Checking plotters v0.2.15
[INFO] [stderr]    Compiling phf_generator v0.8.0
[INFO] [stderr]    Compiling phf_codegen v0.8.0
[INFO] [stderr]    Compiling palette v0.5.0
[INFO] [stderr]     Checking jpeg-decoder v0.1.20
[INFO] [stderr]     Checking image v0.23.6
[INFO] [stderr]    Compiling serde_derive v1.0.114
[INFO] [stderr]    Compiling palette_derive v0.5.0
[INFO] [stderr]     Checking serde v1.0.114
[INFO] [stderr]     Checking bstr v0.2.13
[INFO] [stderr]     Checking serde_json v1.0.56
[INFO] [stderr]     Checking serde_cbor v0.11.1
[INFO] [stderr]     Checking csv v1.1.3
[INFO] [stderr]     Checking tinytemplate v1.1.0
[INFO] [stderr]     Checking criterion v0.3.3
[INFO] [stderr]     Checking rrt v0.1.0 (/opt/rustwide/workdir)
[INFO] [stdout] error[E0433]: failed to resolve: could not find `repr_simd` in `vec`
[INFO] [stdout]   --> src/lib.rs:14:24
[INFO] [stdout]    |
[INFO] [stdout] 14 | type Vec3f = vek::vec::repr_simd::vec3::Vec3<f32>;
[INFO] [stdout]    |                        ^^^^^^^^^ could not find `repr_simd` in `vec`
[INFO] [stdout] 
[INFO] [stdout] 
[INFO] [stdout] error[E0599]: no method named `dot` found for type `{float}` in the current scope
[INFO] [stdout]   --> src/lib.rs:45:12
[INFO] [stdout]    |
[INFO] [stdout] 45 |       if v.dot(v) < 1. {
[INFO] [stdout]    |            ^^^ method not found in `{float}`
[INFO] [stdout] 
[INFO] [stdout] 
[INFO] [stdout] error[E0599]: no method named `dot` found for type `{float}` in the current scope
[INFO] [stdout]   --> src/lib.rs:55:12
[INFO] [stdout]    |
[INFO] [stdout] 55 |       if v.dot(v) < 1. {
[INFO] [stdout]    |            ^^^ method not found in `{float}`
[INFO] [stdout] 
[INFO] [stdout] 
[INFO] [stdout] error[E0610]: `f32` is a primitive type and therefore doesn't have fields
[INFO] [stdout]    --> src/lib.rs:280:31
[INFO] [stdout]     |
[INFO] [stdout] 280 |     let offset = (self.u * rd.x) + (self.v * rd.y);
[INFO] [stdout]     |                               ^
[INFO] [stdout] 
[INFO] [stdout] 
[INFO] [stdout] error[E0610]: `f32` is a primitive type and therefore doesn't have fields
[INFO] [stdout]    --> src/lib.rs:280:49
[INFO] [stdout]     |
[INFO] [stdout] 280 |     let offset = (self.u * rd.x) + (self.v * rd.y);
[INFO] [stdout]     |                                                 ^
[INFO] [stdout] 
[INFO] [stdout] 
[INFO] [stdout] error[E0433]: failed to resolve: could not find `repr_simd` in `vec`
[INFO] [stdout]   --> src/lib.rs:14:24
[INFO] [stdout]    |
[INFO] [stdout] 14 | type Vec3f = vek::vec::repr_simd::vec3::Vec3<f32>;
[INFO] [stdout]    |                        ^^^^^^^^^ could not find `repr_simd` in `vec`
[INFO] [stdout] 
[INFO] [stdout] 
[INFO] [stdout] error: aborting due to 5 previous errors
[INFO] [stdout] 
[INFO] [stdout] 
[INFO] [stdout] Some errors have detailed explanations: E0433, E0599, E0610.
[INFO] [stdout] 
[INFO] [stdout] For more information about an error, try `rustc --explain E0433`.
[INFO] [stdout] 
[INFO] [stderr] error: could not compile `rrt`.
[INFO] [stderr] 
[INFO] [stderr] To learn more, run the command again with --verbose.
[INFO] [stderr] warning: build failed, waiting for other jobs to finish...
[INFO] [stdout] error[E0599]: no method named `dot` found for type `{float}` in the current scope
[INFO] [stdout]   --> src/lib.rs:45:12
[INFO] [stdout]    |
[INFO] [stdout] 45 |       if v.dot(v) < 1. {
[INFO] [stdout]    |            ^^^ method not found in `{float}`
[INFO] [stdout] 
[INFO] [stdout] 
[INFO] [stdout] error[E0599]: no method named `dot` found for type `{float}` in the current scope
[INFO] [stdout]   --> src/lib.rs:55:12
[INFO] [stdout]    |
[INFO] [stdout] 55 |       if v.dot(v) < 1. {
[INFO] [stdout]    |            ^^^ method not found in `{float}`
[INFO] [stdout] 
[INFO] [stdout] 
[INFO] [stdout] error[E0610]: `f32` is a primitive type and therefore doesn't have fields
[INFO] [stdout]    --> src/lib.rs:280:31
[INFO] [stdout]     |
[INFO] [stdout] 280 |     let offset = (self.u * rd.x) + (self.v * rd.y);
[INFO] [stdout]     |                               ^
[INFO] [stdout] 
[INFO] [stdout] 
[INFO] [stdout] error[E0610]: `f32` is a primitive type and therefore doesn't have fields
[INFO] [stdout]    --> src/lib.rs:280:49
[INFO] [stdout]     |
[INFO] [stdout] 280 |     let offset = (self.u * rd.x) + (self.v * rd.y);
[INFO] [stdout]     |                                                 ^
[INFO] [stdout] 
[INFO] [stdout] 
[INFO] [stdout] error: aborting due to 5 previous errors
[INFO] [stdout] 
[INFO] [stdout] 
[INFO] [stdout] Some errors have detailed explanations: E0433, E0599, E0610.
[INFO] [stdout] 
[INFO] [stdout] For more information about an error, try `rustc --explain E0433`.
[INFO] [stdout] 
[INFO] [stderr] error: build failed
[INFO] running `Command { std: "docker" "inspect" "a968f55742ed78ff4c467469febd89b67aa423c1907f11b72b894e4c70bf24ee", kill_on_drop: false }`
[INFO] running `Command { std: "docker" "rm" "-f" "a968f55742ed78ff4c467469febd89b67aa423c1907f11b72b894e4c70bf24ee", kill_on_drop: false }`
[INFO] [stdout] a968f55742ed78ff4c467469febd89b67aa423c1907f11b72b894e4c70bf24ee
