[INFO] cloning repository https://github.com/jerry-yu/rdb_migrate
[INFO] running `Command { std: "git" "-c" "credential.helper=" "-c" "credential.helper=/workspace/cargo-home/bin/git-credential-null" "clone" "--bare" "https://github.com/jerry-yu/rdb_migrate" "/workspace/cache/git-repos/https%3A%2F%2Fgithub.com%2Fjerry-yu%2Frdb_migrate", kill_on_drop: false }`
[INFO] [stderr] Cloning into bare repository '/workspace/cache/git-repos/https%3A%2F%2Fgithub.com%2Fjerry-yu%2Frdb_migrate'...
[INFO] running `Command { std: "git" "rev-parse" "HEAD", kill_on_drop: false }`
[INFO] [stdout] 9d8fde0eea1a53d1a8c3119432804aa387566dbf
[INFO] checking jerry-yu/rdb_migrate against beta-2020-07-24 for pr-75494-beta
[INFO] running `Command { std: "git" "clone" "/workspace/cache/git-repos/https%3A%2F%2Fgithub.com%2Fjerry-yu%2Frdb_migrate" "/workspace/builds/worker-14/source", kill_on_drop: false }`
[INFO] [stderr] Cloning into '/workspace/builds/worker-14/source'...
[INFO] [stderr] done.
[INFO] validating manifest of git repo https://github.com/jerry-yu/rdb_migrate on toolchain beta-2020-07-24
[INFO] running `Command { std: "/workspace/cargo-home/bin/cargo" "+beta-2020-07-24" "read-manifest" "--manifest-path" "Cargo.toml", kill_on_drop: false }`
[INFO] started tweaking git repo https://github.com/jerry-yu/rdb_migrate
[INFO] finished tweaking git repo https://github.com/jerry-yu/rdb_migrate
[INFO] tweaked toml for git repo https://github.com/jerry-yu/rdb_migrate written to /workspace/builds/worker-14/source/Cargo.toml
[INFO] crate git repo https://github.com/jerry-yu/rdb_migrate already has a lockfile, it will not be regenerated
[INFO] running `Command { std: "/workspace/cargo-home/bin/cargo" "+beta-2020-07-24" "fetch" "--locked" "--manifest-path" "Cargo.toml", kill_on_drop: false }`
[INFO] running `Command { std: "docker" "create" "-v" "/var/lib/crater-agent-workspace/builds/worker-14/target:/opt/rustwide/target:rw,Z" "-v" "/var/lib/crater-agent-workspace/builds/worker-14/source:/opt/rustwide/workdir:ro,Z" "-v" "/var/lib/crater-agent-workspace/cargo-home:/opt/rustwide/cargo-home:ro,Z" "-v" "/var/lib/crater-agent-workspace/rustup-home:/opt/rustwide/rustup-home:ro,Z" "-e" "SOURCE_DIR=/opt/rustwide/workdir" "-e" "CARGO_TARGET_DIR=/opt/rustwide/target" "-e" "CARGO_HOME=/opt/rustwide/cargo-home" "-e" "RUSTUP_HOME=/opt/rustwide/rustup-home" "-w" "/opt/rustwide/workdir" "-m" "1610612736" "--user" "0:0" "--network" "none" "rustops/crates-build-env@sha256:a636fd89d022f18117e1dc8fb37a0a009933cdbbe082814857f0e2024962d47c" "/opt/rustwide/cargo-home/bin/cargo" "+beta-2020-07-24" "metadata" "--no-deps" "--format-version=1", kill_on_drop: false }`
[INFO] [stdout] ff996822ff0841fbac133120a5b5ee06b830f14be2e33f9b5867742b92250877
[INFO] [stderr] WARNING: Your kernel does not support swap limit capabilities or the cgroup is not mounted. Memory limited without swap.
[INFO] running `Command { std: "docker" "start" "-a" "ff996822ff0841fbac133120a5b5ee06b830f14be2e33f9b5867742b92250877", kill_on_drop: false }`
[INFO] running `Command { std: "docker" "inspect" "ff996822ff0841fbac133120a5b5ee06b830f14be2e33f9b5867742b92250877", kill_on_drop: false }`
[INFO] running `Command { std: "docker" "rm" "-f" "ff996822ff0841fbac133120a5b5ee06b830f14be2e33f9b5867742b92250877", kill_on_drop: false }`
[INFO] [stdout] ff996822ff0841fbac133120a5b5ee06b830f14be2e33f9b5867742b92250877
[INFO] running `Command { std: "docker" "create" "-v" "/var/lib/crater-agent-workspace/builds/worker-14/target:/opt/rustwide/target:rw,Z" "-v" "/var/lib/crater-agent-workspace/builds/worker-14/source:/opt/rustwide/workdir:ro,Z" "-v" "/var/lib/crater-agent-workspace/cargo-home:/opt/rustwide/cargo-home:ro,Z" "-v" "/var/lib/crater-agent-workspace/rustup-home:/opt/rustwide/rustup-home:ro,Z" "-e" "SOURCE_DIR=/opt/rustwide/workdir" "-e" "CARGO_TARGET_DIR=/opt/rustwide/target" "-e" "CARGO_INCREMENTAL=0" "-e" "RUST_BACKTRACE=full" "-e" "RUSTFLAGS=--cap-lints=forbid" "-e" "CARGO_HOME=/opt/rustwide/cargo-home" "-e" "RUSTUP_HOME=/opt/rustwide/rustup-home" "-w" "/opt/rustwide/workdir" "-m" "1610612736" "--user" "0:0" "--network" "none" "rustops/crates-build-env@sha256:a636fd89d022f18117e1dc8fb37a0a009933cdbbe082814857f0e2024962d47c" "/opt/rustwide/cargo-home/bin/cargo" "+beta-2020-07-24" "check" "--frozen" "--all" "--all-targets" "--message-format=json", kill_on_drop: false }`
[INFO] [stderr] WARNING: Your kernel does not support swap limit capabilities or the cgroup is not mounted. Memory limited without swap.
[INFO] [stdout] e24eefdf6c603ff2eae6356daf19e615dfd9263e91ac16aa102b4fbe2de9a582
[INFO] running `Command { std: "docker" "start" "-a" "e24eefdf6c603ff2eae6356daf19e615dfd9263e91ac16aa102b4fbe2de9a582", kill_on_drop: false }`
[INFO] [stderr]    Compiling unicode-width v0.1.5
[INFO] [stderr]    Compiling cc v1.0.26
[INFO] [stderr]    Compiling semver-parser v0.7.0
[INFO] [stderr]     Checking rand_core v0.4.0
[INFO] [stderr]    Compiling heapsize v0.4.2
[INFO] [stderr]    Compiling memchr v2.2.0
[INFO] [stderr]     Checking stable_deref_trait v1.1.1
[INFO] [stderr]     Checking smallvec v0.6.9
[INFO] [stderr]     Checking lazy_static v1.3.0
[INFO] [stderr]    Compiling regex v0.2.11
[INFO] [stderr]     Checking cfg-if v0.1.7
[INFO] [stderr]     Checking ucd-util v0.1.3
[INFO] [stderr]     Checking utf8-ranges v1.0.2
[INFO] [stderr]     Checking parity-bytes v0.1.0
[INFO] [stderr]     Checking vec_map v0.8.1
[INFO] [stderr]     Checking interleaved-ordered v0.1.1
[INFO] [stderr]     Checking log v0.4.6
[INFO] [stderr]    Compiling libc v0.2.49
[INFO] [stderr]    Compiling getopts v0.2.18
[INFO] [stderr]     Checking num_cpus v1.10.0
[INFO] [stderr]     Checking fs-swap v0.2.4
[INFO] [stderr]     Checking thread_local v0.3.6
[INFO] [stderr]     Checking owning_ref v0.4.0
[INFO] [stderr]     Checking regex-syntax v0.5.6
[INFO] [stderr]     Checking clap v2.32.0
[INFO] [stderr]     Checking rand_core v0.3.1
[INFO] [stderr]    Compiling semver v0.9.0
[INFO] [stderr]     Checking log v0.3.9
[INFO] [stderr]     Checking rand v0.5.6
[INFO] [stderr]     Checking lock_api v0.1.5
[INFO] [stderr]    Compiling pulldown-cmark v0.0.3
[INFO] [stderr]    Compiling cmake v0.1.35
[INFO] [stderr]    Compiling rustc_version v0.2.3
[INFO] [stderr]     Checking elastic-array v0.10.2
[INFO] [stderr]    Compiling rand v0.4.6
[INFO] [stderr]     Checking aho-corasick v0.6.10
[INFO] [stderr]    Compiling parking_lot_core v0.3.1
[INFO] [stderr]    Compiling parity-snappy-sys v0.1.2
[INFO] [stderr]    Compiling parity-rocksdb-sys v0.5.5
[INFO] [stderr]     Checking kvdb v0.1.0
[INFO] [stderr]    Compiling tempdir v0.3.7
[INFO] [stderr]     Checking parking_lot v0.6.4
[INFO] [stderr]    Compiling skeptic v0.4.0
[INFO] [stderr]    Compiling local-encoding v0.2.0
[INFO] [stderr] error: failed to run custom build command for `parity-rocksdb-sys v0.5.5`
[INFO] [stderr] 
[INFO] [stderr] Caused by:
[INFO] [stderr]   process didn't exit successfully: `/opt/rustwide/target/debug/build/parity-rocksdb-sys-cff99dc98aed8a46/build-script-build` (exit code: 101)
[INFO] [stderr]   --- stdout
[INFO] [stderr]   running: "cmake" "/opt/rustwide/cargo-home/registry/src/github.com-1ecc6299db9ec823/parity-rocksdb-sys-0.5.5/rocksdb" "-DCMAKE_VERBOSE_MAKEFILE=ON" "-DWITH_SNAPPY=ON" "-DFAIL_ON_WARNINGS=OFF" "-DSNAPPY_INCLUDE_DIR=/opt/rustwide/target/debug/build/parity-snappy-sys-bb0e52fe9b8e056b/out/build" "-DSNAPPY_LIBRARIES=/dev/null" "-DPORTABLE=ON" "-DCMAKE_INSTALL_PREFIX=/opt/rustwide/target/debug/build/parity-rocksdb-sys-115d37cfe251c923/out" "-DCMAKE_C_FLAGS= -ffunction-sections -fdata-sections -fPIC -m64" "-DCMAKE_C_COMPILER=/usr/bin/cc" "-DCMAKE_CXX_FLAGS= -ffunction-sections -fdata-sections -fPIC -m64" "-DCMAKE_CXX_COMPILER=/usr/bin/c++" "-DCMAKE_BUILD_TYPE=Debug"
[INFO] [stderr]   -- The C compiler identification is GNU 9.3.0
[INFO] [stderr]   -- The CXX compiler identification is GNU 9.3.0
[INFO] [stderr]   -- Check for working C compiler: /usr/bin/cc
[INFO] [stderr]   -- Check for working C compiler: /usr/bin/cc -- works
[INFO] [stderr]   -- Detecting C compiler ABI info
[INFO] [stderr]   -- Detecting C compiler ABI info - done
[INFO] [stderr]   -- Detecting C compile features
[INFO] [stderr]   -- Detecting C compile features - done
[INFO] [stderr]   -- Check for working CXX compiler: /usr/bin/c++
[INFO] [stderr]   -- Check for working CXX compiler: /usr/bin/c++ -- works
[INFO] [stderr]   -- Detecting CXX compiler ABI info
[INFO] [stderr]   -- Detecting CXX compiler ABI info - done
[INFO] [stderr]   -- Detecting CXX compile features
[INFO] [stderr]   -- Detecting CXX compile features - done
[INFO] [stderr]   -- The ASM compiler identification is GNU
[INFO] [stderr]   -- Found assembler: /usr/bin/cc
[INFO] [stderr]   -- Found snappy: /dev/null  
[INFO] [stderr]   -- Found Git: /usr/bin/git (found version "2.25.1") 
[INFO] [stderr]   -- Enabling RTTI in Debug builds only (default)
[INFO] [stderr]   -- Looking for malloc_usable_size
[INFO] [stderr]   -- Looking for malloc_usable_size - found
[INFO] [stderr]   -- Looking for sched_getcpu
[INFO] [stderr]   -- Looking for sched_getcpu - found
[INFO] [stderr]   -- Looking for pthread.h
[INFO] [stderr]   -- Looking for pthread.h - found
[INFO] [stderr]   -- Performing Test CMAKE_HAVE_LIBC_PTHREAD
[INFO] [stderr]   -- Performing Test CMAKE_HAVE_LIBC_PTHREAD - Failed
[INFO] [stderr]   -- Looking for pthread_create in pthreads
[INFO] [stderr]   -- Looking for pthread_create in pthreads - not found
[INFO] [stderr]   -- Looking for pthread_create in pthread
[INFO] [stderr]   -- Looking for pthread_create in pthread - found
[INFO] [stderr]   -- Found Threads: TRUE  
[INFO] [stderr]   -- JNI library is disabled
[INFO] [stderr]   -- Configuring done
[INFO] [stderr]   -- Generating done
[INFO] [stderr]   -- Build files have been written to: /opt/rustwide/target/debug/build/parity-rocksdb-sys-115d37cfe251c923/out/build
[INFO] [stderr]   running: "cmake" "--build" "." "--target" "rocksdb" "--config" "Debug" "--"
[INFO] [stderr]   /usr/bin/cmake -S/opt/rustwide/cargo-home/registry/src/github.com-1ecc6299db9ec823/parity-rocksdb-sys-0.5.5/rocksdb -B/opt/rustwide/target/debug/build/parity-rocksdb-sys-115d37cfe251c923/out/build --check-build-system CMakeFiles/Makefile.cmake 0
[INFO] [stderr]   /usr/bin/make -f CMakeFiles/Makefile2 rocksdb
[INFO] [stderr]   make[1]: Entering directory '/opt/rustwide/target/debug/build/parity-rocksdb-sys-115d37cfe251c923/out/build'
[INFO] [stderr]   /usr/bin/cmake -S/opt/rustwide/cargo-home/registry/src/github.com-1ecc6299db9ec823/parity-rocksdb-sys-0.5.5/rocksdb -B/opt/rustwide/target/debug/build/parity-rocksdb-sys-115d37cfe251c923/out/build --check-build-system CMakeFiles/Makefile.cmake 0
[INFO] [stderr]   /usr/bin/cmake -E cmake_progress_start /opt/rustwide/target/debug/build/parity-rocksdb-sys-115d37cfe251c923/out/build/CMakeFiles 29
[INFO] [stderr]   /usr/bin/make -f CMakeFiles/Makefile2 CMakeFiles/rocksdb.dir/all
[INFO] [stderr]   make[2]: Entering directory '/opt/rustwide/target/debug/build/parity-rocksdb-sys-115d37cfe251c923/out/build'
[INFO] [stderr]   /usr/bin/make -f CMakeFiles/build_version.dir/build.make CMakeFiles/build_version.dir/depend
[INFO] [stderr]   make[3]: Entering directory '/opt/rustwide/target/debug/build/parity-rocksdb-sys-115d37cfe251c923/out/build'
[INFO] [stderr]   cd /opt/rustwide/target/debug/build/parity-rocksdb-sys-115d37cfe251c923/out/build && /usr/bin/cmake -E cmake_depends "Unix Makefiles" /opt/rustwide/cargo-home/registry/src/github.com-1ecc6299db9ec823/parity-rocksdb-sys-0.5.5/rocksdb /opt/rustwide/cargo-home/registry/src/github.com-1ecc6299db9ec823/parity-rocksdb-sys-0.5.5/rocksdb /opt/rustwide/target/debug/build/parity-rocksdb-sys-115d37cfe251c923/out/build /opt/rustwide/target/debug/build/parity-rocksdb-sys-115d37cfe251c923/out/build /opt/rustwide/target/debug/build/parity-rocksdb-sys-115d37cfe251c923/out/build/CMakeFiles/build_version.dir/DependInfo.cmake --color=
[INFO] [stderr]   Dependee "/opt/rustwide/target/debug/build/parity-rocksdb-sys-115d37cfe251c923/out/build/CMakeFiles/build_version.dir/DependInfo.cmake" is newer than depender "/opt/rustwide/target/debug/build/parity-rocksdb-sys-115d37cfe251c923/out/build/CMakeFiles/build_version.dir/depend.internal".
[INFO] [stderr]   Dependee "/opt/rustwide/target/debug/build/parity-rocksdb-sys-115d37cfe251c923/out/build/CMakeFiles/CMakeDirectoryInformation.cmake" is newer than depender "/opt/rustwide/target/debug/build/parity-rocksdb-sys-115d37cfe251c923/out/build/CMakeFiles/build_version.dir/depend.internal".
[INFO] [stderr]   Scanning dependencies of target build_version
[INFO] [stderr]   make[3]: Leaving directory '/opt/rustwide/target/debug/build/parity-rocksdb-sys-115d37cfe251c923/out/build'
[INFO] [stderr]   /usr/bin/make -f CMakeFiles/build_version.dir/build.make CMakeFiles/build_version.dir/build
[INFO] [stderr]   make[3]: Entering directory '/opt/rustwide/target/debug/build/parity-rocksdb-sys-115d37cfe251c923/out/build'
[INFO] [stderr]   [  0%] Building CXX object CMakeFiles/build_version.dir/build_version.cc.o
[INFO] [stderr]   /usr/bin/c++  -DOS_LINUX -DROCKSDB_LIB_IO_POSIX -DROCKSDB_MALLOC_USABLE_SIZE -DROCKSDB_PLATFORM_POSIX -DROCKSDB_SCHED_GETCPU_PRESENT -DSNAPPY -I/opt/rustwide/target/debug/build/parity-snappy-sys-bb0e52fe9b8e056b/out/build -I/opt/rustwide/cargo-home/registry/src/github.com-1ecc6299db9ec823/parity-rocksdb-sys-0.5.5/rocksdb/util -I/opt/rustwide/cargo-home/registry/src/github.com-1ecc6299db9ec823/parity-rocksdb-sys-0.5.5/rocksdb -I/opt/rustwide/cargo-home/registry/src/github.com-1ecc6299db9ec823/parity-rocksdb-sys-0.5.5/rocksdb/include -isystem /opt/rustwide/cargo-home/registry/src/github.com-1ecc6299db9ec823/parity-rocksdb-sys-0.5.5/rocksdb/third-party/gtest-1.7.0/fused-src  -ffunction-sections -fdata-sections -fPIC -m64 -W -Wextra -Wall -Wsign-compare -Wshadow -Wno-unused-parameter -Wno-unused-variable -Woverloaded-virtual -Wnon-virtual-dtor -Wno-missing-field-initializers -Wno-strict-aliasing -std=c++11 -fno-builtin-memcmp -g -DROCKSDB_USE_RTTI   -o CMakeFiles/build_version.dir/build_version.cc.o -c /opt/rustwide/target/debug/build/parity-rocksdb-sys-115d37cfe251c923/out/build/build_version.cc
[INFO] [stderr]   make[3]: Leaving directory '/opt/rustwide/target/debug/build/parity-rocksdb-sys-115d37cfe251c923/out/build'
[INFO] [stderr]   [  0%] Built target build_version
[INFO] [stderr]   /usr/bin/make -f CMakeFiles/rocksdb.dir/build.make CMakeFiles/rocksdb.dir/depend
[INFO] [stderr]   make[3]: Entering directory '/opt/rustwide/target/debug/build/parity-rocksdb-sys-115d37cfe251c923/out/build'
[INFO] [stderr]   cd /opt/rustwide/target/debug/build/parity-rocksdb-sys-115d37cfe251c923/out/build && /usr/bin/cmake -E cmake_depends "Unix Makefiles" /opt/rustwide/cargo-home/registry/src/github.com-1ecc6299db9ec823/parity-rocksdb-sys-0.5.5/rocksdb /opt/rustwide/cargo-home/registry/src/github.com-1ecc6299db9ec823/parity-rocksdb-sys-0.5.5/rocksdb /opt/rustwide/target/debug/build/parity-rocksdb-sys-115d37cfe251c923/out/build /opt/rustwide/target/debug/build/parity-rocksdb-sys-115d37cfe251c923/out/build /opt/rustwide/target/debug/build/parity-rocksdb-sys-115d37cfe251c923/out/build/CMakeFiles/rocksdb.dir/DependInfo.cmake --color=
[INFO] [stderr]   Dependee "/opt/rustwide/target/debug/build/parity-rocksdb-sys-115d37cfe251c923/out/build/CMakeFiles/rocksdb.dir/DependInfo.cmake" is newer than depender "/opt/rustwide/target/debug/build/parity-rocksdb-sys-115d37cfe251c923/out/build/CMakeFiles/rocksdb.dir/depend.internal".
[INFO] [stderr]   Dependee "/opt/rustwide/target/debug/build/parity-rocksdb-sys-115d37cfe251c923/out/build/CMakeFiles/CMakeDirectoryInformation.cmake" is newer than depender "/opt/rustwide/target/debug/build/parity-rocksdb-sys-115d37cfe251c923/out/build/CMakeFiles/rocksdb.dir/depend.internal".
[INFO] [stderr]   Scanning dependencies of target rocksdb
[INFO] [stderr]   make[3]: Leaving directory '/opt/rustwide/target/debug/build/parity-rocksdb-sys-115d37cfe251c923/out/build'
[INFO] [stderr]   /usr/bin/make -f CMakeFiles/rocksdb.dir/build.make CMakeFiles/rocksdb.dir/build
[INFO] [stderr]   make[3]: Entering directory '/opt/rustwide/target/debug/build/parity-rocksdb-sys-115d37cfe251c923/out/build'
[INFO] [stderr]   [  0%] Building CXX object CMakeFiles/rocksdb.dir/cache/clock_cache.cc.o
[INFO] [stderr]   /usr/bin/c++  -DOS_LINUX -DROCKSDB_LIB_IO_POSIX -DROCKSDB_MALLOC_USABLE_SIZE -DROCKSDB_PLATFORM_POSIX -DROCKSDB_SCHED_GETCPU_PRESENT -DSNAPPY -I/opt/rustwide/target/debug/build/parity-snappy-sys-bb0e52fe9b8e056b/out/build -I/opt/rustwide/cargo-home/registry/src/github.com-1ecc6299db9ec823/parity-rocksdb-sys-0.5.5/rocksdb -I/opt/rustwide/cargo-home/registry/src/github.com-1ecc6299db9ec823/parity-rocksdb-sys-0.5.5/rocksdb/include -isystem /opt/rustwide/cargo-home/registry/src/github.com-1ecc6299db9ec823/parity-rocksdb-sys-0.5.5/rocksdb/third-party/gtest-1.7.0/fused-src  -ffunction-sections -fdata-sections -fPIC -m64 -W -Wextra -Wall -Wsign-compare -Wshadow -Wno-unused-parameter -Wno-unused-variable -Woverloaded-virtual -Wnon-virtual-dtor -Wno-missing-field-initializers -Wno-strict-aliasing -std=c++11 -fno-builtin-memcmp -g -DROCKSDB_USE_RTTI   -o CMakeFiles/rocksdb.dir/cache/clock_cache.cc.o -c /opt/rustwide/cargo-home/registry/src/github.com-1ecc6299db9ec823/parity-rocksdb-sys-0.5.5/rocksdb/cache/clock_cache.cc
[INFO] [stderr]   [  0%] Building CXX object CMakeFiles/rocksdb.dir/cache/lru_cache.cc.o
[INFO] [stderr]   /usr/bin/c++  -DOS_LINUX -DROCKSDB_LIB_IO_POSIX -DROCKSDB_MALLOC_USABLE_SIZE -DROCKSDB_PLATFORM_POSIX -DROCKSDB_SCHED_GETCPU_PRESENT -DSNAPPY -I/opt/rustwide/target/debug/build/parity-snappy-sys-bb0e52fe9b8e056b/out/build -I/opt/rustwide/cargo-home/registry/src/github.com-1ecc6299db9ec823/parity-rocksdb-sys-0.5.5/rocksdb -I/opt/rustwide/cargo-home/registry/src/github.com-1ecc6299db9ec823/parity-rocksdb-sys-0.5.5/rocksdb/include -isystem /opt/rustwide/cargo-home/registry/src/github.com-1ecc6299db9ec823/parity-rocksdb-sys-0.5.5/rocksdb/third-party/gtest-1.7.0/fused-src  -ffunction-sections -fdata-sections -fPIC -m64 -W -Wextra -Wall -Wsign-compare -Wshadow -Wno-unused-parameter -Wno-unused-variable -Woverloaded-virtual -Wnon-virtual-dtor -Wno-missing-field-initializers -Wno-strict-aliasing -std=c++11 -fno-builtin-memcmp -g -DROCKSDB_USE_RTTI   -o CMakeFiles/rocksdb.dir/cache/lru_cache.cc.o -c /opt/rustwide/cargo-home/registry/src/github.com-1ecc6299db9ec823/parity-rocksdb-sys-0.5.5/rocksdb/cache/lru_cache.cc
[INFO] [stderr]   [  0%] Building CXX object CMakeFiles/rocksdb.dir/db/builder.cc.o
[INFO] [stderr]   [  0%] Building CXX object CMakeFiles/rocksdb.dir/cache/sharded_cache.cc.o
[INFO] [stderr]   /usr/bin/c++  -DOS_LINUX -DROCKSDB_LIB_IO_POSIX -DROCKSDB_MALLOC_USABLE_SIZE -DROCKSDB_PLATFORM_POSIX -DROCKSDB_SCHED_GETCPU_PRESENT -DSNAPPY -I/opt/rustwide/target/debug/build/parity-snappy-sys-bb0e52fe9b8e056b/out/build -I/opt/rustwide/cargo-home/registry/src/github.com-1ecc6299db9ec823/parity-rocksdb-sys-0.5.5/rocksdb -I/opt/rustwide/cargo-home/registry/src/github.com-1ecc6299db9ec823/parity-rocksdb-sys-0.5.5/rocksdb/include -isystem /opt/rustwide/cargo-home/registry/src/github.com-1ecc6299db9ec823/parity-rocksdb-sys-0.5.5/rocksdb/third-party/gtest-1.7.0/fused-src  -ffunction-sections -fdata-sections -fPIC -m64 -W -Wextra -Wall -Wsign-compare -Wshadow -Wno-unused-parameter -Wno-unused-variable -Woverloaded-virtual -Wnon-virtual-dtor -Wno-missing-field-initializers -Wno-strict-aliasing -std=c++11 -fno-builtin-memcmp -g -DROCKSDB_USE_RTTI   -o CMakeFiles/rocksdb.dir/cache/sharded_cache.cc.o -c /opt/rustwide/cargo-home/registry/src/github.com-1ecc6299db9ec823/parity-rocksdb-sys-0.5.5/rocksdb/cache/sharded_cache.cc
[INFO] [stderr]   /usr/bin/c++  -DOS_LINUX -DROCKSDB_LIB_IO_POSIX -DROCKSDB_MALLOC_USABLE_SIZE -DROCKSDB_PLATFORM_POSIX -DROCKSDB_SCHED_GETCPU_PRESENT -DSNAPPY -I/opt/rustwide/target/debug/build/parity-snappy-sys-bb0e52fe9b8e056b/out/build -I/opt/rustwide/cargo-home/registry/src/github.com-1ecc6299db9ec823/parity-rocksdb-sys-0.5.5/rocksdb -I/opt/rustwide/cargo-home/registry/src/github.com-1ecc6299db9ec823/parity-rocksdb-sys-0.5.5/rocksdb/include -isystem /opt/rustwide/cargo-home/registry/src/github.com-1ecc6299db9ec823/parity-rocksdb-sys-0.5.5/rocksdb/third-party/gtest-1.7.0/fused-src  -ffunction-sections -fdata-sections -fPIC -m64 -W -Wextra -Wall -Wsign-compare -Wshadow -Wno-unused-parameter -Wno-unused-variable -Woverloaded-virtual -Wnon-virtual-dtor -Wno-missing-field-initializers -Wno-strict-aliasing -std=c++11 -fno-builtin-memcmp -g -DROCKSDB_USE_RTTI   -o CMakeFiles/rocksdb.dir/db/builder.cc.o -c /opt/rustwide/cargo-home/registry/src/github.com-1ecc6299db9ec823/parity-rocksdb-sys-0.5.5/rocksdb/db/builder.cc
[INFO] [stderr]   [  0%] Building CXX object CMakeFiles/rocksdb.dir/db/c.cc.o
[INFO] [stderr]   /usr/bin/c++  -DOS_LINUX -DROCKSDB_LIB_IO_POSIX -DROCKSDB_MALLOC_USABLE_SIZE -DROCKSDB_PLATFORM_POSIX -DROCKSDB_SCHED_GETCPU_PRESENT -DSNAPPY -I/opt/rustwide/target/debug/build/parity-snappy-sys-bb0e52fe9b8e056b/out/build -I/opt/rustwide/cargo-home/registry/src/github.com-1ecc6299db9ec823/parity-rocksdb-sys-0.5.5/rocksdb -I/opt/rustwide/cargo-home/registry/src/github.com-1ecc6299db9ec823/parity-rocksdb-sys-0.5.5/rocksdb/include -isystem /opt/rustwide/cargo-home/registry/src/github.com-1ecc6299db9ec823/parity-rocksdb-sys-0.5.5/rocksdb/third-party/gtest-1.7.0/fused-src  -ffunction-sections -fdata-sections -fPIC -m64 -W -Wextra -Wall -Wsign-compare -Wshadow -Wno-unused-parameter -Wno-unused-variable -Woverloaded-virtual -Wnon-virtual-dtor -Wno-missing-field-initializers -Wno-strict-aliasing -std=c++11 -fno-builtin-memcmp -g -DROCKSDB_USE_RTTI   -o CMakeFiles/rocksdb.dir/db/c.cc.o -c /opt/rustwide/cargo-home/registry/src/github.com-1ecc6299db9ec823/parity-rocksdb-sys-0.5.5/rocksdb/db/c.cc
[INFO] [stderr]   [  0%] Building CXX object CMakeFiles/rocksdb.dir/db/column_family.cc.o
[INFO] [stderr]   /usr/bin/c++  -DOS_LINUX -DROCKSDB_LIB_IO_POSIX -DROCKSDB_MALLOC_USABLE_SIZE -DROCKSDB_PLATFORM_POSIX -DROCKSDB_SCHED_GETCPU_PRESENT -DSNAPPY -I/opt/rustwide/target/debug/build/parity-snappy-sys-bb0e52fe9b8e056b/out/build -I/opt/rustwide/cargo-home/registry/src/github.com-1ecc6299db9ec823/parity-rocksdb-sys-0.5.5/rocksdb -I/opt/rustwide/cargo-home/registry/src/github.com-1ecc6299db9ec823/parity-rocksdb-sys-0.5.5/rocksdb/include -isystem /opt/rustwide/cargo-home/registry/src/github.com-1ecc6299db9ec823/parity-rocksdb-sys-0.5.5/rocksdb/third-party/gtest-1.7.0/fused-src  -ffunction-sections -fdata-sections -fPIC -m64 -W -Wextra -Wall -Wsign-compare -Wshadow -Wno-unused-parameter -Wno-unused-variable -Woverloaded-virtual -Wnon-virtual-dtor -Wno-missing-field-initializers -Wno-strict-aliasing -std=c++11 -fno-builtin-memcmp -g -DROCKSDB_USE_RTTI   -o CMakeFiles/rocksdb.dir/db/column_family.cc.o -c /opt/rustwide/cargo-home/registry/src/github.com-1ecc6299db9ec823/parity-rocksdb-sys-0.5.5/rocksdb/db/column_family.cc
[INFO] [stderr]   [  3%] Building CXX object CMakeFiles/rocksdb.dir/db/compacted_db_impl.cc.o
[INFO] [stderr]   [  3%] Building CXX object CMakeFiles/rocksdb.dir/db/compaction_iterator.cc.o
[INFO] [stderr]   /usr/bin/c++  -DOS_LINUX -DROCKSDB_LIB_IO_POSIX -DROCKSDB_MALLOC_USABLE_SIZE -DROCKSDB_PLATFORM_POSIX -DROCKSDB_SCHED_GETCPU_PRESENT -DSNAPPY -I/opt/rustwide/target/debug/build/parity-snappy-sys-bb0e52fe9b8e056b/out/build -I/opt/rustwide/cargo-home/registry/src/github.com-1ecc6299db9ec823/parity-rocksdb-sys-0.5.5/rocksdb -I/opt/rustwide/cargo-home/registry/src/github.com-1ecc6299db9ec823/parity-rocksdb-sys-0.5.5/rocksdb/include -isystem /opt/rustwide/cargo-home/registry/src/github.com-1ecc6299db9ec823/parity-rocksdb-sys-0.5.5/rocksdb/third-party/gtest-1.7.0/fused-src  -ffunction-sections -fdata-sections -fPIC -m64 -W -Wextra -Wall -Wsign-compare -Wshadow -Wno-unused-parameter -Wno-unused-variable -Woverloaded-virtual -Wnon-virtual-dtor -Wno-missing-field-initializers -Wno-strict-aliasing -std=c++11 -fno-builtin-memcmp -g -DROCKSDB_USE_RTTI   -o CMakeFiles/rocksdb.dir/db/compacted_db_impl.cc.o -c /opt/rustwide/cargo-home/registry/src/github.com-1ecc6299db9ec823/parity-rocksdb-sys-0.5.5/rocksdb/db/compacted_db_impl.cc
[INFO] [stderr]   /usr/bin/c++  -DOS_LINUX -DROCKSDB_LIB_IO_POSIX -DROCKSDB_MALLOC_USABLE_SIZE -DROCKSDB_PLATFORM_POSIX -DROCKSDB_SCHED_GETCPU_PRESENT -DSNAPPY -I/opt/rustwide/target/debug/build/parity-snappy-sys-bb0e52fe9b8e056b/out/build -I/opt/rustwide/cargo-home/registry/src/github.com-1ecc6299db9ec823/parity-rocksdb-sys-0.5.5/rocksdb -I/opt/rustwide/cargo-home/registry/src/github.com-1ecc6299db9ec823/parity-rocksdb-sys-0.5.5/rocksdb/include -isystem /opt/rustwide/cargo-home/registry/src/github.com-1ecc6299db9ec823/parity-rocksdb-sys-0.5.5/rocksdb/third-party/gtest-1.7.0/fused-src  -ffunction-sections -fdata-sections -fPIC -m64 -W -Wextra -Wall -Wsign-compare -Wshadow -Wno-unused-parameter -Wno-unused-variable -Woverloaded-virtual -Wnon-virtual-dtor -Wno-missing-field-initializers -Wno-strict-aliasing -std=c++11 -fno-builtin-memcmp -g -DROCKSDB_USE_RTTI   -o CMakeFiles/rocksdb.dir/db/compaction_iterator.cc.o -c /opt/rustwide/cargo-home/registry/src/github.com-1ecc6299db9ec823/parity-rocksdb-sys-0.5.5/rocksdb/db/compaction_iterator.cc
[INFO] [stderr]   [  3%] Building CXX object CMakeFiles/rocksdb.dir/db/compaction_job.cc.o
[INFO] [stderr]   [  3%] Building CXX object CMakeFiles/rocksdb.dir/db/compaction.cc.o
[INFO] [stderr]   /usr/bin/c++  -DOS_LINUX -DROCKSDB_LIB_IO_POSIX -DROCKSDB_MALLOC_USABLE_SIZE -DROCKSDB_PLATFORM_POSIX -DROCKSDB_SCHED_GETCPU_PRESENT -DSNAPPY -I/opt/rustwide/target/debug/build/parity-snappy-sys-bb0e52fe9b8e056b/out/build -I/opt/rustwide/cargo-home/registry/src/github.com-1ecc6299db9ec823/parity-rocksdb-sys-0.5.5/rocksdb -I/opt/rustwide/cargo-home/registry/src/github.com-1ecc6299db9ec823/parity-rocksdb-sys-0.5.5/rocksdb/include -isystem /opt/rustwide/cargo-home/registry/src/github.com-1ecc6299db9ec823/parity-rocksdb-sys-0.5.5/rocksdb/third-party/gtest-1.7.0/fused-src  -ffunction-sections -fdata-sections -fPIC -m64 -W -Wextra -Wall -Wsign-compare -Wshadow -Wno-unused-parameter -Wno-unused-variable -Woverloaded-virtual -Wnon-virtual-dtor -Wno-missing-field-initializers -Wno-strict-aliasing -std=c++11 -fno-builtin-memcmp -g -DROCKSDB_USE_RTTI   -o CMakeFiles/rocksdb.dir/db/compaction.cc.o -c /opt/rustwide/cargo-home/registry/src/github.com-1ecc6299db9ec823/parity-rocksdb-sys-0.5.5/rocksdb/db/compaction.cc
[INFO] [stderr]   [  3%] Building CXX object CMakeFiles/rocksdb.dir/db/compaction_picker.cc.o
[INFO] [stderr]   /usr/bin/c++  -DOS_LINUX -DROCKSDB_LIB_IO_POSIX -DROCKSDB_MALLOC_USABLE_SIZE -DROCKSDB_PLATFORM_POSIX -DROCKSDB_SCHED_GETCPU_PRESENT -DSNAPPY -I/opt/rustwide/target/debug/build/parity-snappy-sys-bb0e52fe9b8e056b/out/build -I/opt/rustwide/cargo-home/registry/src/github.com-1ecc6299db9ec823/parity-rocksdb-sys-0.5.5/rocksdb -I/opt/rustwide/cargo-home/registry/src/github.com-1ecc6299db9ec823/parity-rocksdb-sys-0.5.5/rocksdb/include -isystem /opt/rustwide/cargo-home/registry/src/github.com-1ecc6299db9ec823/parity-rocksdb-sys-0.5.5/rocksdb/third-party/gtest-1.7.0/fused-src  -ffunction-sections -fdata-sections -fPIC -m64 -W -Wextra -Wall -Wsign-compare -Wshadow -Wno-unused-parameter -Wno-unused-variable -Woverloaded-virtual -Wnon-virtual-dtor -Wno-missing-field-initializers -Wno-strict-aliasing -std=c++11 -fno-builtin-memcmp -g -DROCKSDB_USE_RTTI   -o CMakeFiles/rocksdb.dir/db/compaction_job.cc.o -c /opt/rustwide/cargo-home/registry/src/github.com-1ecc6299db9ec823/parity-rocksdb-sys-0.5.5/rocksdb/db/compaction_job.cc
[INFO] [stderr]   [  3%] Building CXX object CMakeFiles/rocksdb.dir/db/compaction_picker_universal.cc.o
[INFO] [stderr]   /usr/bin/c++  -DOS_LINUX -DROCKSDB_LIB_IO_POSIX -DROCKSDB_MALLOC_USABLE_SIZE -DROCKSDB_PLATFORM_POSIX -DROCKSDB_SCHED_GETCPU_PRESENT -DSNAPPY -I/opt/rustwide/target/debug/build/parity-snappy-sys-bb0e52fe9b8e056b/out/build -I/opt/rustwide/cargo-home/registry/src/github.com-1ecc6299db9ec823/parity-rocksdb-sys-0.5.5/rocksdb -I/opt/rustwide/cargo-home/registry/src/github.com-1ecc6299db9ec823/parity-rocksdb-sys-0.5.5/rocksdb/include -isystem /opt/rustwide/cargo-home/registry/src/github.com-1ecc6299db9ec823/parity-rocksdb-sys-0.5.5/rocksdb/third-party/gtest-1.7.0/fused-src  -ffunction-sections -fdata-sections -fPIC -m64 -W -Wextra -Wall -Wsign-compare -Wshadow -Wno-unused-parameter -Wno-unused-variable -Woverloaded-virtual -Wnon-virtual-dtor -Wno-missing-field-initializers -Wno-strict-aliasing -std=c++11 -fno-builtin-memcmp -g -DROCKSDB_USE_RTTI   -o CMakeFiles/rocksdb.dir/db/compaction_picker.cc.o -c /opt/rustwide/cargo-home/registry/src/github.com-1ecc6299db9ec823/parity-rocksdb-sys-0.5.5/rocksdb/db/compaction_picker.cc
[INFO] [stderr]   /usr/bin/c++  -DOS_LINUX -DROCKSDB_LIB_IO_POSIX -DROCKSDB_MALLOC_USABLE_SIZE -DROCKSDB_PLATFORM_POSIX -DROCKSDB_SCHED_GETCPU_PRESENT -DSNAPPY -I/opt/rustwide/target/debug/build/parity-snappy-sys-bb0e52fe9b8e056b/out/build -I/opt/rustwide/cargo-home/registry/src/github.com-1ecc6299db9ec823/parity-rocksdb-sys-0.5.5/rocksdb -I/opt/rustwide/cargo-home/registry/src/github.com-1ecc6299db9ec823/parity-rocksdb-sys-0.5.5/rocksdb/include -isystem /opt/rustwide/cargo-home/registry/src/github.com-1ecc6299db9ec823/parity-rocksdb-sys-0.5.5/rocksdb/third-party/gtest-1.7.0/fused-src  -ffunction-sections -fdata-sections -fPIC -m64 -W -Wextra -Wall -Wsign-compare -Wshadow -Wno-unused-parameter -Wno-unused-variable -Woverloaded-virtual -Wnon-virtual-dtor -Wno-missing-field-initializers -Wno-strict-aliasing -std=c++11 -fno-builtin-memcmp -g -DROCKSDB_USE_RTTI   -o CMakeFiles/rocksdb.dir/db/compaction_picker_universal.cc.o -c /opt/rustwide/cargo-home/registry/src/github.com-1ecc6299db9ec823/parity-rocksdb-sys-0.5.5/rocksdb/db/compaction_picker_universal.cc
[INFO] [stderr]   [  3%] Building CXX object CMakeFiles/rocksdb.dir/db/db_filesnapshot.cc.o
[INFO] [stderr]   [  3%] Building CXX object CMakeFiles/rocksdb.dir/db/convenience.cc.o
[INFO] [stderr]   /usr/bin/c++  -DOS_LINUX -DROCKSDB_LIB_IO_POSIX -DROCKSDB_MALLOC_USABLE_SIZE -DROCKSDB_PLATFORM_POSIX -DROCKSDB_SCHED_GETCPU_PRESENT -DSNAPPY -I/opt/rustwide/target/debug/build/parity-snappy-sys-bb0e52fe9b8e056b/out/build -I/opt/rustwide/cargo-home/registry/src/github.com-1ecc6299db9ec823/parity-rocksdb-sys-0.5.5/rocksdb -I/opt/rustwide/cargo-home/registry/src/github.com-1ecc6299db9ec823/parity-rocksdb-sys-0.5.5/rocksdb/include -isystem /opt/rustwide/cargo-home/registry/src/github.com-1ecc6299db9ec823/parity-rocksdb-sys-0.5.5/rocksdb/third-party/gtest-1.7.0/fused-src  -ffunction-sections -fdata-sections -fPIC -m64 -W -Wextra -Wall -Wsign-compare -Wshadow -Wno-unused-parameter -Wno-unused-variable -Woverloaded-virtual -Wnon-virtual-dtor -Wno-missing-field-initializers -Wno-strict-aliasing -std=c++11 -fno-builtin-memcmp -g -DROCKSDB_USE_RTTI   -o CMakeFiles/rocksdb.dir/db/db_filesnapshot.cc.o -c /opt/rustwide/cargo-home/registry/src/github.com-1ecc6299db9ec823/parity-rocksdb-sys-0.5.5/rocksdb/db/db_filesnapshot.cc
[INFO] [stderr]   [  6%] Building CXX object CMakeFiles/rocksdb.dir/db/db_impl.cc.o
[INFO] [stderr]   /usr/bin/c++  -DOS_LINUX -DROCKSDB_LIB_IO_POSIX -DROCKSDB_MALLOC_USABLE_SIZE -DROCKSDB_PLATFORM_POSIX -DROCKSDB_SCHED_GETCPU_PRESENT -DSNAPPY -I/opt/rustwide/target/debug/build/parity-snappy-sys-bb0e52fe9b8e056b/out/build -I/opt/rustwide/cargo-home/registry/src/github.com-1ecc6299db9ec823/parity-rocksdb-sys-0.5.5/rocksdb -I/opt/rustwide/cargo-home/registry/src/github.com-1ecc6299db9ec823/parity-rocksdb-sys-0.5.5/rocksdb/include -isystem /opt/rustwide/cargo-home/registry/src/github.com-1ecc6299db9ec823/parity-rocksdb-sys-0.5.5/rocksdb/third-party/gtest-1.7.0/fused-src  -ffunction-sections -fdata-sections -fPIC -m64 -W -Wextra -Wall -Wsign-compare -Wshadow -Wno-unused-parameter -Wno-unused-variable -Woverloaded-virtual -Wnon-virtual-dtor -Wno-missing-field-initializers -Wno-strict-aliasing -std=c++11 -fno-builtin-memcmp -g -DROCKSDB_USE_RTTI   -o CMakeFiles/rocksdb.dir/db/convenience.cc.o -c /opt/rustwide/cargo-home/registry/src/github.com-1ecc6299db9ec823/parity-rocksdb-sys-0.5.5/rocksdb/db/convenience.cc
[INFO] [stderr]   [  6%] Building CXX object CMakeFiles/rocksdb.dir/db/db_impl_write.cc.o
[INFO] [stderr]   /usr/bin/c++  -DOS_LINUX -DROCKSDB_LIB_IO_POSIX -DROCKSDB_MALLOC_USABLE_SIZE -DROCKSDB_PLATFORM_POSIX -DROCKSDB_SCHED_GETCPU_PRESENT -DSNAPPY -I/opt/rustwide/target/debug/build/parity-snappy-sys-bb0e52fe9b8e056b/out/build -I/opt/rustwide/cargo-home/registry/src/github.com-1ecc6299db9ec823/parity-rocksdb-sys-0.5.5/rocksdb -I/opt/rustwide/cargo-home/registry/src/github.com-1ecc6299db9ec823/parity-rocksdb-sys-0.5.5/rocksdb/include -isystem /opt/rustwide/cargo-home/registry/src/github.com-1ecc6299db9ec823/parity-rocksdb-sys-0.5.5/rocksdb/third-party/gtest-1.7.0/fused-src  -ffunction-sections -fdata-sections -fPIC -m64 -W -Wextra -Wall -Wsign-compare -Wshadow -Wno-unused-parameter -Wno-unused-variable -Woverloaded-virtual -Wnon-virtual-dtor -Wno-missing-field-initializers -Wno-strict-aliasing -std=c++11 -fno-builtin-memcmp -g -DROCKSDB_USE_RTTI   -o CMakeFiles/rocksdb.dir/db/db_impl.cc.o -c /opt/rustwide/cargo-home/registry/src/github.com-1ecc6299db9ec823/parity-rocksdb-sys-0.5.5/rocksdb/db/db_impl.cc
[INFO] [stderr]   /usr/bin/c++  -DOS_LINUX -DROCKSDB_LIB_IO_POSIX -DROCKSDB_MALLOC_USABLE_SIZE -DROCKSDB_PLATFORM_POSIX -DROCKSDB_SCHED_GETCPU_PRESENT -DSNAPPY -I/opt/rustwide/target/debug/build/parity-snappy-sys-bb0e52fe9b8e056b/out/build -I/opt/rustwide/cargo-home/registry/src/github.com-1ecc6299db9ec823/parity-rocksdb-sys-0.5.5/rocksdb -I/opt/rustwide/cargo-home/registry/src/github.com-1ecc6299db9ec823/parity-rocksdb-sys-0.5.5/rocksdb/include -isystem /opt/rustwide/cargo-home/registry/src/github.com-1ecc6299db9ec823/parity-rocksdb-sys-0.5.5/rocksdb/third-party/gtest-1.7.0/fused-src  -ffunction-sections -fdata-sections -fPIC -m64 -W -Wextra -Wall -Wsign-compare -Wshadow -Wno-unused-parameter -Wno-unused-variable -Woverloaded-virtual -Wnon-virtual-dtor -Wno-missing-field-initializers -Wno-strict-aliasing -std=c++11 -fno-builtin-memcmp -g -DROCKSDB_USE_RTTI   -o CMakeFiles/rocksdb.dir/db/db_impl_write.cc.o -c /opt/rustwide/cargo-home/registry/src/github.com-1ecc6299db9ec823/parity-rocksdb-sys-0.5.5/rocksdb/db/db_impl_write.cc
[INFO] [stderr]   [  6%] Building CXX object CMakeFiles/rocksdb.dir/db/db_impl_compaction_flush.cc.o
[INFO] [stderr]   /usr/bin/c++  -DOS_LINUX -DROCKSDB_LIB_IO_POSIX -DROCKSDB_MALLOC_USABLE_SIZE -DROCKSDB_PLATFORM_POSIX -DROCKSDB_SCHED_GETCPU_PRESENT -DSNAPPY -I/opt/rustwide/target/debug/build/parity-snappy-sys-bb0e52fe9b8e056b/out/build -I/opt/rustwide/cargo-home/registry/src/github.com-1ecc6299db9ec823/parity-rocksdb-sys-0.5.5/rocksdb -I/opt/rustwide/cargo-home/registry/src/github.com-1ecc6299db9ec823/parity-rocksdb-sys-0.5.5/rocksdb/include -isystem /opt/rustwide/cargo-home/registry/src/github.com-1ecc6299db9ec823/parity-rocksdb-sys-0.5.5/rocksdb/third-party/gtest-1.7.0/fused-src  -ffunction-sections -fdata-sections -fPIC -m64 -W -Wextra -Wall -Wsign-compare -Wshadow -Wno-unused-parameter -Wno-unused-variable -Woverloaded-virtual -Wnon-virtual-dtor -Wno-missing-field-initializers -Wno-strict-aliasing -std=c++11 -fno-builtin-memcmp -g -DROCKSDB_USE_RTTI   -o CMakeFiles/rocksdb.dir/db/db_impl_compaction_flush.cc.o -c /opt/rustwide/cargo-home/registry/src/github.com-1ecc6299db9ec823/parity-rocksdb-sys-0.5.5/rocksdb/db/db_impl_compaction_flush.cc
[INFO] [stderr]   [  6%] Building CXX object CMakeFiles/rocksdb.dir/db/db_impl_files.cc.o
[INFO] [stderr]   /usr/bin/c++  -DOS_LINUX -DROCKSDB_LIB_IO_POSIX -DROCKSDB_MALLOC_USABLE_SIZE -DROCKSDB_PLATFORM_POSIX -DROCKSDB_SCHED_GETCPU_PRESENT -DSNAPPY -I/opt/rustwide/target/debug/build/parity-snappy-sys-bb0e52fe9b8e056b/out/build -I/opt/rustwide/cargo-home/registry/src/github.com-1ecc6299db9ec823/parity-rocksdb-sys-0.5.5/rocksdb -I/opt/rustwide/cargo-home/registry/src/github.com-1ecc6299db9ec823/parity-rocksdb-sys-0.5.5/rocksdb/include -isystem /opt/rustwide/cargo-home/registry/src/github.com-1ecc6299db9ec823/parity-rocksdb-sys-0.5.5/rocksdb/third-party/gtest-1.7.0/fused-src  -ffunction-sections -fdata-sections -fPIC -m64 -W -Wextra -Wall -Wsign-compare -Wshadow -Wno-unused-parameter -Wno-unused-variable -Woverloaded-virtual -Wnon-virtual-dtor -Wno-missing-field-initializers -Wno-strict-aliasing -std=c++11 -fno-builtin-memcmp -g -DROCKSDB_USE_RTTI   -o CMakeFiles/rocksdb.dir/db/db_impl_files.cc.o -c /opt/rustwide/cargo-home/registry/src/github.com-1ecc6299db9ec823/parity-rocksdb-sys-0.5.5/rocksdb/db/db_impl_files.cc
[INFO] [stderr]   make[3]: Leaving directory '/opt/rustwide/target/debug/build/parity-rocksdb-sys-115d37cfe251c923/out/build'
[INFO] [stderr]   make[2]: Leaving directory '/opt/rustwide/target/debug/build/parity-rocksdb-sys-115d37cfe251c923/out/build'
[INFO] [stderr]   make[1]: Leaving directory '/opt/rustwide/target/debug/build/parity-rocksdb-sys-115d37cfe251c923/out/build'
[INFO] [stderr] 
[INFO] [stderr]   --- stderr
[INFO] [stderr]   CMake Warning at CMakeLists.txt:74 (find_package):
[INFO] [stderr]     By not providing "Findgflags.cmake" in CMAKE_MODULE_PATH this project has
[INFO] [stderr]     asked CMake to find a package configuration file provided by "gflags", but
[INFO] [stderr]     CMake did not find one.
[INFO] [stderr] 
[INFO] [stderr]     Could not find a package configuration file provided by "gflags" with any
[INFO] [stderr]     of the following names:
[INFO] [stderr] 
[INFO] [stderr]       gflagsConfig.cmake
[INFO] [stderr]       gflags-config.cmake
[INFO] [stderr] 
[INFO] [stderr]     Add the installation prefix of "gflags" to CMAKE_PREFIX_PATH or set
[INFO] [stderr]     "gflags_DIR" to a directory containing one of the above files.  If "gflags"
[INFO] [stderr]     provides a separate development package or SDK, be sure it has been
[INFO] [stderr]     installed.
[INFO] [stderr] 
[INFO] [stderr] 
[INFO] [stderr]   c++: fatal error: Killed signal terminated program cc1plus
[INFO] [stderr]   compilation terminated.
[INFO] [stderr]   make[3]: *** [CMakeFiles/rocksdb.dir/build.make:118: CMakeFiles/rocksdb.dir/db/c.cc.o] Error 1
[INFO] [stderr]   make[3]: *** Waiting for unfinished jobs....
[INFO] [stderr]   c++: fatal error: Killed signal terminated program cc1plus
[INFO] [stderr]   compilation terminated.
[INFO] [stderr]   make[3]: *** [CMakeFiles/rocksdb.dir/build.make:196: CMakeFiles/rocksdb.dir/db/compaction_picker.cc.o] Error 1
[INFO] [stderr]   c++: fatal error: Killed signal terminated program cc1plus
[INFO] [stderr]   compilation terminated.
[INFO] [stderr]   c++: fatal error: Killed signal terminated program cc1plus
[INFO] [stderr]   compilation terminated.
[INFO] [stderr]   make[3]: *** [CMakeFiles/rocksdb.dir/build.make:183: CMakeFiles/rocksdb.dir/db/compaction_job.cc.o] Error 1
[INFO] [stderr]   make[3]: *** [CMakeFiles/rocksdb.dir/build.make:170: CMakeFiles/rocksdb.dir/db/compaction_iterator.cc.o] Error 1
[INFO] [stderr]   In file included from /opt/rustwide/cargo-home/registry/src/github.com-1ecc6299db9ec823/parity-rocksdb-sys-0.5.5/rocksdb/db/range_del_aggregator.h:16,
[INFO] [stderr]                    from /opt/rustwide/cargo-home/registry/src/github.com-1ecc6299db9ec823/parity-rocksdb-sys-0.5.5/rocksdb/db/memtable.h:19,
[INFO] [stderr]                    from /opt/rustwide/cargo-home/registry/src/github.com-1ecc6299db9ec823/parity-rocksdb-sys-0.5.5/rocksdb/db/memtable_list.h:17,
[INFO] [stderr]                    from /opt/rustwide/cargo-home/registry/src/github.com-1ecc6299db9ec823/parity-rocksdb-sys-0.5.5/rocksdb/db/column_family.h:17,
[INFO] [stderr]                    from /opt/rustwide/cargo-home/registry/src/github.com-1ecc6299db9ec823/parity-rocksdb-sys-0.5.5/rocksdb/db/db_impl.h:22,
[INFO] [stderr]                    from /opt/rustwide/cargo-home/registry/src/github.com-1ecc6299db9ec823/parity-rocksdb-sys-0.5.5/rocksdb/db/compacted_db_impl.h:8,
[INFO] [stderr]                    from /opt/rustwide/cargo-home/registry/src/github.com-1ecc6299db9ec823/parity-rocksdb-sys-0.5.5/rocksdb/db/compacted_db_impl.cc:7:
[INFO] [stderr]   /opt/rustwide/cargo-home/registry/src/github.com-1ecc6299db9ec823/parity-rocksdb-sys-0.5.5/rocksdb/db/version_edit.h: In constructor 'rocksdb::FdWithKeyRange::FdWithKeyRange(rocksdb::FileDescriptor, rocksdb::Slice, rocksdb::Slice, rocksdb::FileMetaData*)':
[INFO] [stderr]   /opt/rustwide/cargo-home/registry/src/github.com-1ecc6299db9ec823/parity-rocksdb-sys-0.5.5/rocksdb/db/version_edit.h:157:33: warning: implicitly-declared 'constexpr rocksdb::FileDescriptor::FileDescriptor(const rocksdb::FileDescriptor&)' is deprecated [-Wdeprecated-copy]
[INFO] [stderr]     157 |         largest_key(_largest_key) {}
[INFO] [stderr]         |                                 ^
[INFO] [stderr]   /opt/rustwide/cargo-home/registry/src/github.com-1ecc6299db9ec823/parity-rocksdb-sys-0.5.5/rocksdb/db/version_edit.h:47:19: note: because 'rocksdb::FileDescriptor' has user-provided 'rocksdb::FileDescriptor& rocksdb::FileDescriptor::operator=(const rocksdb::FileDescriptor&)'
[INFO] [stderr]      47 |   FileDescriptor& operator=(const FileDescriptor& fd) {
[INFO] [stderr]         |                   ^~~~~~~~
[INFO] [stderr]   In file included from /opt/rustwide/cargo-home/registry/src/github.com-1ecc6299db9ec823/parity-rocksdb-sys-0.5.5/rocksdb/db/range_del_aggregator.h:16,
[INFO] [stderr]                    from /opt/rustwide/cargo-home/registry/src/github.com-1ecc6299db9ec823/parity-rocksdb-sys-0.5.5/rocksdb/db/memtable.h:19,
[INFO] [stderr]                    from /opt/rustwide/cargo-home/registry/src/github.com-1ecc6299db9ec823/parity-rocksdb-sys-0.5.5/rocksdb/db/memtable_list.h:17,
[INFO] [stderr]                    from /opt/rustwide/cargo-home/registry/src/github.com-1ecc6299db9ec823/parity-rocksdb-sys-0.5.5/rocksdb/db/column_family.h:17,
[INFO] [stderr]                    from /opt/rustwide/cargo-home/registry/src/github.com-1ecc6299db9ec823/parity-rocksdb-sys-0.5.5/rocksdb/db/column_family.cc:10:
[INFO] [stderr]   /opt/rustwide/cargo-home/registry/src/github.com-1ecc6299db9ec823/parity-rocksdb-sys-0.5.5/rocksdb/db/version_edit.h: In constructor 'rocksdb::FdWithKeyRange::FdWithKeyRange(rocksdb::FileDescriptor, rocksdb::Slice, rocksdb::Slice, rocksdb::FileMetaData*)':
[INFO] [stderr]   /opt/rustwide/cargo-home/registry/src/github.com-1ecc6299db9ec823/parity-rocksdb-sys-0.5.5/rocksdb/db/version_edit.h:157:33: warning: implicitly-declared 'constexpr rocksdb::FileDescriptor::FileDescriptor(const rocksdb::FileDescriptor&)' is deprecated [-Wdeprecated-copy]
[INFO] [stderr]     157 |         largest_key(_largest_key) {}
[INFO] [stderr]         |                                 ^
[INFO] [stderr]   /opt/rustwide/cargo-home/registry/src/github.com-1ecc6299db9ec823/parity-rocksdb-sys-0.5.5/rocksdb/db/version_edit.h:47:19: note: because 'rocksdb::FileDescriptor' has user-provided 'rocksdb::FileDescriptor& rocksdb::FileDescriptor::operator=(const rocksdb::FileDescriptor&)'
[INFO] [stderr]      47 |   FileDescriptor& operator=(const FileDescriptor& fd) {
[INFO] [stderr]         |                   ^~~~~~~~
[INFO] [stderr]   In file included from /opt/rustwide/cargo-home/registry/src/github.com-1ecc6299db9ec823/parity-rocksdb-sys-0.5.5/rocksdb/db/range_del_aggregator.h:16,
[INFO] [stderr]                    from /opt/rustwide/cargo-home/registry/src/github.com-1ecc6299db9ec823/parity-rocksdb-sys-0.5.5/rocksdb/db/memtable.h:19,
[INFO] [stderr]                    from /opt/rustwide/cargo-home/registry/src/github.com-1ecc6299db9ec823/parity-rocksdb-sys-0.5.5/rocksdb/db/memtable_list.h:17,
[INFO] [stderr]                    from /opt/rustwide/cargo-home/registry/src/github.com-1ecc6299db9ec823/parity-rocksdb-sys-0.5.5/rocksdb/db/column_family.h:17,
[INFO] [stderr]                    from /opt/rustwide/cargo-home/registry/src/github.com-1ecc6299db9ec823/parity-rocksdb-sys-0.5.5/rocksdb/db/version_set.h:31,
[INFO] [stderr]                    from /opt/rustwide/cargo-home/registry/src/github.com-1ecc6299db9ec823/parity-rocksdb-sys-0.5.5/rocksdb/db/compaction.h:11,
[INFO] [stderr]                    from /opt/rustwide/cargo-home/registry/src/github.com-1ecc6299db9ec823/parity-rocksdb-sys-0.5.5/rocksdb/db/compaction_picker.h:18,
[INFO] [stderr]                    from /opt/rustwide/cargo-home/registry/src/github.com-1ecc6299db9ec823/parity-rocksdb-sys-0.5.5/rocksdb/db/compaction_picker_universal.h:13,
[INFO] [stderr]                    from /opt/rustwide/cargo-home/registry/src/github.com-1ecc6299db9ec823/parity-rocksdb-sys-0.5.5/rocksdb/db/compaction_picker_universal.cc:10:
[INFO] [stderr]   /opt/rustwide/cargo-home/registry/src/github.com-1ecc6299db9ec823/parity-rocksdb-sys-0.5.5/rocksdb/db/version_edit.h: In constructor 'rocksdb::FdWithKeyRange::FdWithKeyRange(rocksdb::FileDescriptor, rocksdb::Slice, rocksdb::Slice, rocksdb::FileMetaData*)':
[INFO] [stderr]   /opt/rustwide/cargo-home/registry/src/github.com-1ecc6299db9ec823/parity-rocksdb-sys-0.5.5/rocksdb/db/version_edit.h:157:33: warning: implicitly-declared 'constexpr rocksdb::FileDescriptor::FileDescriptor(const rocksdb::FileDescriptor&)' is deprecated [-Wdeprecated-copy]
[INFO] [stderr]     157 |         largest_key(_largest_key) {}
[INFO] [stderr]         |                                 ^
[INFO] [stderr]   /opt/rustwide/cargo-home/registry/src/github.com-1ecc6299db9ec823/parity-rocksdb-sys-0.5.5/rocksdb/db/version_edit.h:47:19: note: because 'rocksdb::FileDescriptor' has user-provided 'rocksdb::FileDescriptor& rocksdb::FileDescriptor::operator=(const rocksdb::FileDescriptor&)'
[INFO] [stderr]      47 |   FileDescriptor& operator=(const FileDescriptor& fd) {
[INFO] [stderr]         |                   ^~~~~~~~
[INFO] [stderr]   In file included from /opt/rustwide/cargo-home/registry/src/github.com-1ecc6299db9ec823/parity-rocksdb-sys-0.5.5/rocksdb/db/range_del_aggregator.h:16,
[INFO] [stderr]                    from /opt/rustwide/cargo-home/registry/src/github.com-1ecc6299db9ec823/parity-rocksdb-sys-0.5.5/rocksdb/db/memtable.h:19,
[INFO] [stderr]                    from /opt/rustwide/cargo-home/registry/src/github.com-1ecc6299db9ec823/parity-rocksdb-sys-0.5.5/rocksdb/db/memtable_list.h:17,
[INFO] [stderr]                    from /opt/rustwide/cargo-home/registry/src/github.com-1ecc6299db9ec823/parity-rocksdb-sys-0.5.5/rocksdb/db/column_family.h:17,
[INFO] [stderr]                    from /opt/rustwide/cargo-home/registry/src/github.com-1ecc6299db9ec823/parity-rocksdb-sys-0.5.5/rocksdb/db/db_impl.h:22,
[INFO] [stderr]                    from /opt/rustwide/cargo-home/registry/src/github.com-1ecc6299db9ec823/parity-rocksdb-sys-0.5.5/rocksdb/db/db_filesnapshot.cc:17:
[INFO] [stderr]   /opt/rustwide/cargo-home/registry/src/github.com-1ecc6299db9ec823/parity-rocksdb-sys-0.5.5/rocksdb/db/version_edit.h: In constructor 'rocksdb::FdWithKeyRange::FdWithKeyRange(rocksdb::FileDescriptor, rocksdb::Slice, rocksdb::Slice, rocksdb::FileMetaData*)':
[INFO] [stderr]   /opt/rustwide/cargo-home/registry/src/github.com-1ecc6299db9ec823/parity-rocksdb-sys-0.5.5/rocksdb/db/version_edit.h:157:33: warning: implicitly-declared 'constexpr rocksdb::FileDescriptor::FileDescriptor(const rocksdb::FileDescriptor&)' is deprecated [-Wdeprecated-copy]
[INFO] [stderr]     157 |         largest_key(_largest_key) {}
[INFO] [stderr]         |                                 ^
[INFO] [stderr]   /opt/rustwide/cargo-home/registry/src/github.com-1ecc6299db9ec823/parity-rocksdb-sys-0.5.5/rocksdb/db/version_edit.h:47:19: note: because 'rocksdb::FileDescriptor' has user-provided 'rocksdb::FileDescriptor& rocksdb::FileDescriptor::operator=(const rocksdb::FileDescriptor&)'
[INFO] [stderr]      47 |   FileDescriptor& operator=(const FileDescriptor& fd) {
[INFO] [stderr]         |                   ^~~~~~~~
[INFO] [stderr]   In file included from /opt/rustwide/cargo-home/registry/src/github.com-1ecc6299db9ec823/parity-rocksdb-sys-0.5.5/rocksdb/db/range_del_aggregator.h:16,
[INFO] [stderr]                    from /opt/rustwide/cargo-home/registry/src/github.com-1ecc6299db9ec823/parity-rocksdb-sys-0.5.5/rocksdb/db/memtable.h:19,
[INFO] [stderr]                    from /opt/rustwide/cargo-home/registry/src/github.com-1ecc6299db9ec823/parity-rocksdb-sys-0.5.5/rocksdb/db/memtable_list.h:17,
[INFO] [stderr]                    from /opt/rustwide/cargo-home/registry/src/github.com-1ecc6299db9ec823/parity-rocksdb-sys-0.5.5/rocksdb/db/column_family.h:17,
[INFO] [stderr]                    from /opt/rustwide/cargo-home/registry/src/github.com-1ecc6299db9ec823/parity-rocksdb-sys-0.5.5/rocksdb/db/db_impl.h:22,
[INFO] [stderr]                    from /opt/rustwide/cargo-home/registry/src/github.com-1ecc6299db9ec823/parity-rocksdb-sys-0.5.5/rocksdb/db/db_impl.cc:9:
[INFO] [stderr]   /opt/rustwide/cargo-home/registry/src/github.com-1ecc6299db9ec823/parity-rocksdb-sys-0.5.5/rocksdb/db/version_edit.h: In constructor 'rocksdb::FdWithKeyRange::FdWithKeyRange(rocksdb::FileDescriptor, rocksdb::Slice, rocksdb::Slice, rocksdb::FileMetaData*)':
[INFO] [stderr]   /opt/rustwide/cargo-home/registry/src/github.com-1ecc6299db9ec823/parity-rocksdb-sys-0.5.5/rocksdb/db/version_edit.h:157:33: warning: implicitly-declared 'constexpr rocksdb::FileDescriptor::FileDescriptor(const rocksdb::FileDescriptor&)' is deprecated [-Wdeprecated-copy]
[INFO] [stderr]     157 |         largest_key(_largest_key) {}
[INFO] [stderr]         |                                 ^
[INFO] [stderr]   /opt/rustwide/cargo-home/registry/src/github.com-1ecc6299db9ec823/parity-rocksdb-sys-0.5.5/rocksdb/db/version_edit.h:47:19: note: because 'rocksdb::FileDescriptor' has user-provided 'rocksdb::FileDescriptor& rocksdb::FileDescriptor::operator=(const rocksdb::FileDescriptor&)'
[INFO] [stderr]      47 |   FileDescriptor& operator=(const FileDescriptor& fd) {
[INFO] [stderr]         |                   ^~~~~~~~
[INFO] [stderr]   In file included from /opt/rustwide/cargo-home/registry/src/github.com-1ecc6299db9ec823/parity-rocksdb-sys-0.5.5/rocksdb/db/range_del_aggregator.h:16,
[INFO] [stderr]                    from /opt/rustwide/cargo-home/registry/src/github.com-1ecc6299db9ec823/parity-rocksdb-sys-0.5.5/rocksdb/db/memtable.h:19,
[INFO] [stderr]                    from /opt/rustwide/cargo-home/registry/src/github.com-1ecc6299db9ec823/parity-rocksdb-sys-0.5.5/rocksdb/db/memtable_list.h:17,
[INFO] [stderr]                    from /opt/rustwide/cargo-home/registry/src/github.com-1ecc6299db9ec823/parity-rocksdb-sys-0.5.5/rocksdb/db/column_family.h:17,
[INFO] [stderr]                    from /opt/rustwide/cargo-home/registry/src/github.com-1ecc6299db9ec823/parity-rocksdb-sys-0.5.5/rocksdb/db/version_set.h:31,
[INFO] [stderr]                    from /opt/rustwide/cargo-home/registry/src/github.com-1ecc6299db9ec823/parity-rocksdb-sys-0.5.5/rocksdb/db/compaction.h:11,
[INFO] [stderr]                    from /opt/rustwide/cargo-home/registry/src/github.com-1ecc6299db9ec823/parity-rocksdb-sys-0.5.5/rocksdb/db/compaction.cc:10:
[INFO] [stderr]   /opt/rustwide/cargo-home/registry/src/github.com-1ecc6299db9ec823/parity-rocksdb-sys-0.5.5/rocksdb/db/version_edit.h: In constructor 'rocksdb::FdWithKeyRange::FdWithKeyRange(rocksdb::FileDescriptor, rocksdb::Slice, rocksdb::Slice, rocksdb::FileMetaData*)':
[INFO] [stderr]   /opt/rustwide/cargo-home/registry/src/github.com-1ecc6299db9ec823/parity-rocksdb-sys-0.5.5/rocksdb/db/version_edit.h:157:33: warning: implicitly-declared 'constexpr rocksdb::FileDescriptor::FileDescriptor(const rocksdb::FileDescriptor&)' is deprecated [-Wdeprecated-copy]
[INFO] [stderr]     157 |         largest_key(_largest_key) {}
[INFO] [stderr]         |                                 ^
[INFO] [stderr]   /opt/rustwide/cargo-home/registry/src/github.com-1ecc6299db9ec823/parity-rocksdb-sys-0.5.5/rocksdb/db/version_edit.h:47:19: note: because 'rocksdb::FileDescriptor' has user-provided 'rocksdb::FileDescriptor& rocksdb::FileDescriptor::operator=(const rocksdb::FileDescriptor&)'
[INFO] [stderr]      47 |   FileDescriptor& operator=(const FileDescriptor& fd) {
[INFO] [stderr]         |                   ^~~~~~~~
[INFO] [stderr]   In file included from /opt/rustwide/cargo-home/registry/src/github.com-1ecc6299db9ec823/parity-rocksdb-sys-0.5.5/rocksdb/db/range_del_aggregator.h:16,
[INFO] [stderr]                    from /opt/rustwide/cargo-home/registry/src/github.com-1ecc6299db9ec823/parity-rocksdb-sys-0.5.5/rocksdb/db/memtable.h:19,
[INFO] [stderr]                    from /opt/rustwide/cargo-home/registry/src/github.com-1ecc6299db9ec823/parity-rocksdb-sys-0.5.5/rocksdb/db/memtable_list.h:17,
[INFO] [stderr]                    from /opt/rustwide/cargo-home/registry/src/github.com-1ecc6299db9ec823/parity-rocksdb-sys-0.5.5/rocksdb/db/column_family.h:17,
[INFO] [stderr]                    from /opt/rustwide/cargo-home/registry/src/github.com-1ecc6299db9ec823/parity-rocksdb-sys-0.5.5/rocksdb/db/version_set.h:31,
[INFO] [stderr]                    from /opt/rustwide/cargo-home/registry/src/github.com-1ecc6299db9ec823/parity-rocksdb-sys-0.5.5/rocksdb/db/compaction.h:11,
[INFO] [stderr]                    from /opt/rustwide/cargo-home/registry/src/github.com-1ecc6299db9ec823/parity-rocksdb-sys-0.5.5/rocksdb/db/compaction_iterator.h:12,
[INFO] [stderr]                    from /opt/rustwide/cargo-home/registry/src/github.com-1ecc6299db9ec823/parity-rocksdb-sys-0.5.5/rocksdb/db/builder.cc:16:
[INFO] [stderr]   /opt/rustwide/cargo-home/registry/src/github.com-1ecc6299db9ec823/parity-rocksdb-sys-0.5.5/rocksdb/db/version_edit.h: In constructor 'rocksdb::FdWithKeyRange::FdWithKeyRange(rocksdb::FileDescriptor, rocksdb::Slice, rocksdb::Slice, rocksdb::FileMetaData*)':
[INFO] [stderr]   /opt/rustwide/cargo-home/registry/src/github.com-1ecc6299db9ec823/parity-rocksdb-sys-0.5.5/rocksdb/db/version_edit.h:157:33: warning: implicitly-declared 'constexpr rocksdb::FileDescriptor::FileDescriptor(const rocksdb::FileDescriptor&)' is deprecated [-Wdeprecated-copy]
[INFO] [stderr]     157 |         largest_key(_largest_key) {}
[INFO] [stderr]         |                                 ^
[INFO] [stderr]   /opt/rustwide/cargo-home/registry/src/github.com-1ecc6299db9ec823/parity-rocksdb-sys-0.5.5/rocksdb/db/version_edit.h:47:19: note: because 'rocksdb::FileDescriptor' has user-provided 'rocksdb::FileDescriptor& rocksdb::FileDescriptor::operator=(const rocksdb::FileDescriptor&)'
[INFO] [stderr]      47 |   FileDescriptor& operator=(const FileDescriptor& fd) {
[INFO] [stderr]         |                   ^~~~~~~~
[INFO] [stderr]   c++: fatal error: Killed signal terminated program cc1plus
[INFO] [stderr]   compilation terminated.
[INFO] [stderr]   make[3]: *** [CMakeFiles/rocksdb.dir/build.make:131: CMakeFiles/rocksdb.dir/db/column_family.cc.o] Error 1
[INFO] [stderr]   c++: fatal error: Killed signal terminated program cc1plus
[INFO] [stderr]   compilation terminated.
[INFO] [stderr]   c++: fatal error: Killed signal terminated program cc1plus
[INFO] [stderr]   compilation terminated.
[INFO] [stderr]   In file included from /opt/rustwide/cargo-home/registry/src/github.com-1ecc6299db9ec823/parity-rocksdb-sys-0.5.5/rocksdb/db/range_del_aggregator.h:16,
[INFO] [stderr]                    from /opt/rustwide/cargo-home/registry/src/github.com-1ecc6299db9ec823/parity-rocksdb-sys-0.5.5/rocksdb/db/memtable.h:19,
[INFO] [stderr]                    from /opt/rustwide/cargo-home/registry/src/github.com-1ecc6299db9ec823/parity-rocksdb-sys-0.5.5/rocksdb/db/memtable_list.h:17,
[INFO] [stderr]                    from /opt/rustwide/cargo-home/registry/src/github.com-1ecc6299db9ec823/parity-rocksdb-sys-0.5.5/rocksdb/db/column_family.h:17,
[INFO] [stderr]                    from /opt/rustwide/cargo-home/registry/src/github.com-1ecc6299db9ec823/parity-rocksdb-sys-0.5.5/rocksdb/db/db_impl.h:22,
[INFO] [stderr]                    from /opt/rustwide/cargo-home/registry/src/github.com-1ecc6299db9ec823/parity-rocksdb-sys-0.5.5/rocksdb/db/convenience.cc:11:
[INFO] [stderr]   /opt/rustwide/cargo-home/registry/src/github.com-1ecc6299db9ec823/parity-rocksdb-sys-0.5.5/rocksdb/db/version_edit.h: In constructor 'rocksdb::FdWithKeyRange::FdWithKeyRange(rocksdb::FileDescriptor, rocksdb::Slice, rocksdb::Slice, rocksdb::FileMetaData*)':
[INFO] [stderr]   /opt/rustwide/cargo-home/registry/src/github.com-1ecc6299db9ec823/parity-rocksdb-sys-0.5.5/rocksdb/db/version_edit.h:157:33: warning: implicitly-declared 'constexpr rocksdb::FileDescriptor::FileDescriptor(const rocksdb::FileDescriptor&)' is deprecated [-Wdeprecated-copy]
[INFO] [stderr]     157 |         largest_key(_largest_key) {}
[INFO] [stderr]         |                                 ^
[INFO] [stderr]   /opt/rustwide/cargo-home/registry/src/github.com-1ecc6299db9ec823/parity-rocksdb-sys-0.5.5/rocksdb/db/version_edit.h:47:19: note: because 'rocksdb::FileDescriptor' has user-provided 'rocksdb::FileDescriptor& rocksdb::FileDescriptor::operator=(const rocksdb::FileDescriptor&)'
[INFO] [stderr]      47 |   FileDescriptor& operator=(const FileDescriptor& fd) {
[INFO] [stderr]         |                   ^~~~~~~~
[INFO] [stderr]   c++: fatal error: Killed signal terminated program cc1plus
[INFO] [stderr]   compilation terminated.
[INFO] [stderr]   make[3]: *** [CMakeFiles/rocksdb.dir/build.make:105: CMakeFiles/rocksdb.dir/db/builder.cc.o] Error 1
[INFO] [stderr]   make[3]: *** [CMakeFiles/rocksdb.dir/build.make:144: CMakeFiles/rocksdb.dir/db/compacted_db_impl.cc.o] Error 1
[INFO] [stderr]   make[3]: *** [CMakeFiles/rocksdb.dir/build.make:209: CMakeFiles/rocksdb.dir/db/compaction_picker_universal.cc.o] Error 1
[INFO] [stderr]   In file included from /opt/rustwide/cargo-home/registry/src/github.com-1ecc6299db9ec823/parity-rocksdb-sys-0.5.5/rocksdb/db/range_del_aggregator.h:16,
[INFO] [stderr]                    from /opt/rustwide/cargo-home/registry/src/github.com-1ecc6299db9ec823/parity-rocksdb-sys-0.5.5/rocksdb/db/memtable.h:19,
[INFO] [stderr]                    from /opt/rustwide/cargo-home/registry/src/github.com-1ecc6299db9ec823/parity-rocksdb-sys-0.5.5/rocksdb/db/memtable_list.h:17,
[INFO] [stderr]                    from /opt/rustwide/cargo-home/registry/src/github.com-1ecc6299db9ec823/parity-rocksdb-sys-0.5.5/rocksdb/db/column_family.h:17,
[INFO] [stderr]                    from /opt/rustwide/cargo-home/registry/src/github.com-1ecc6299db9ec823/parity-rocksdb-sys-0.5.5/rocksdb/db/db_impl.h:22,
[INFO] [stderr]                    from /opt/rustwide/cargo-home/registry/src/github.com-1ecc6299db9ec823/parity-rocksdb-sys-0.5.5/rocksdb/db/db_impl_write.cc:9:
[INFO] [stderr]   /opt/rustwide/cargo-home/registry/src/github.com-1ecc6299db9ec823/parity-rocksdb-sys-0.5.5/rocksdb/db/version_edit.h: In constructor 'rocksdb::FdWithKeyRange::FdWithKeyRange(rocksdb::FileDescriptor, rocksdb::Slice, rocksdb::Slice, rocksdb::FileMetaData*)':
[INFO] [stderr]   /opt/rustwide/cargo-home/registry/src/github.com-1ecc6299db9ec823/parity-rocksdb-sys-0.5.5/rocksdb/db/version_edit.h:157:33: warning: implicitly-declared 'constexpr rocksdb::FileDescriptor::FileDescriptor(const rocksdb::FileDescriptor&)' is deprecated [-Wdeprecated-copy]
[INFO] [stderr]     157 |         largest_key(_largest_key) {}
[INFO] [stderr]         |                                 ^
[INFO] [stderr]   /opt/rustwide/cargo-home/registry/src/github.com-1ecc6299db9ec823/parity-rocksdb-sys-0.5.5/rocksdb/db/version_edit.h:47:19: note: because 'rocksdb::FileDescriptor' has user-provided 'rocksdb::FileDescriptor& rocksdb::FileDescriptor::operator=(const rocksdb::FileDescriptor&)'
[INFO] [stderr]      47 |   FileDescriptor& operator=(const FileDescriptor& fd) {
[INFO] [stderr]         |                   ^~~~~~~~
[INFO] [stderr]   /opt/rustwide/cargo-home/registry/src/github.com-1ecc6299db9ec823/parity-rocksdb-sys-0.5.5/rocksdb/db/db_filesnapshot.cc: In member function 'virtual rocksdb::Status rocksdb::DBImpl::GetLiveFiles(std::vector<std::__cxx11::basic_string<char> >&, uint64_t*, bool)':
[INFO] [stderr]   /opt/rustwide/cargo-home/registry/src/github.com-1ecc6299db9ec823/parity-rocksdb-sys-0.5.5/rocksdb/db/db_filesnapshot.cc:129:25: warning: implicitly-declared 'constexpr rocksdb::FileDescriptor::FileDescriptor(const rocksdb::FileDescriptor&)' is deprecated [-Wdeprecated-copy]
[INFO] [stderr]     129 |   for (auto live_file : live) {
[INFO] [stderr]         |                         ^~~~
[INFO] [stderr]   In file included from /opt/rustwide/cargo-home/registry/src/github.com-1ecc6299db9ec823/parity-rocksdb-sys-0.5.5/rocksdb/db/range_del_aggregator.h:16,
[INFO] [stderr]                    from /opt/rustwide/cargo-home/registry/src/github.com-1ecc6299db9ec823/parity-rocksdb-sys-0.5.5/rocksdb/db/memtable.h:19,
[INFO] [stderr]                    from /opt/rustwide/cargo-home/registry/src/github.com-1ecc6299db9ec823/parity-rocksdb-sys-0.5.5/rocksdb/db/memtable_list.h:17,
[INFO] [stderr]                    from /opt/rustwide/cargo-home/registry/src/github.com-1ecc6299db9ec823/parity-rocksdb-sys-0.5.5/rocksdb/db/column_family.h:17,
[INFO] [stderr]                    from /opt/rustwide/cargo-home/registry/src/github.com-1ecc6299db9ec823/parity-rocksdb-sys-0.5.5/rocksdb/db/db_impl.h:22,
[INFO] [stderr]                    from /opt/rustwide/cargo-home/registry/src/github.com-1ecc6299db9ec823/parity-rocksdb-sys-0.5.5/rocksdb/db/db_filesnapshot.cc:17:
[INFO] [stderr]   /opt/rustwide/cargo-home/registry/src/github.com-1ecc6299db9ec823/parity-rocksdb-sys-0.5.5/rocksdb/db/version_edit.h:47:19: note: because 'rocksdb::FileDescriptor' has user-provided 'rocksdb::FileDescriptor& rocksdb::FileDescriptor::operator=(const rocksdb::FileDescriptor&)'
[INFO] [stderr]      47 |   FileDescriptor& operator=(const FileDescriptor& fd) {
[INFO] [stderr]         |                   ^~~~~~~~
[INFO] [stderr]   In file included from /opt/rustwide/cargo-home/registry/src/github.com-1ecc6299db9ec823/parity-rocksdb-sys-0.5.5/rocksdb/db/range_del_aggregator.h:16,
[INFO] [stderr]                    from /opt/rustwide/cargo-home/registry/src/github.com-1ecc6299db9ec823/parity-rocksdb-sys-0.5.5/rocksdb/db/memtable.h:19,
[INFO] [stderr]                    from /opt/rustwide/cargo-home/registry/src/github.com-1ecc6299db9ec823/parity-rocksdb-sys-0.5.5/rocksdb/db/memtable_list.h:17,
[INFO] [stderr]                    from /opt/rustwide/cargo-home/registry/src/github.com-1ecc6299db9ec823/parity-rocksdb-sys-0.5.5/rocksdb/db/column_family.h:17,
[INFO] [stderr]                    from /opt/rustwide/cargo-home/registry/src/github.com-1ecc6299db9ec823/parity-rocksdb-sys-0.5.5/rocksdb/db/db_impl.h:22,
[INFO] [stderr]                    from /opt/rustwide/cargo-home/registry/src/github.com-1ecc6299db9ec823/parity-rocksdb-sys-0.5.5/rocksdb/db/db_impl_compaction_flush.cc:9:
[INFO] [stderr]   /opt/rustwide/cargo-home/registry/src/github.com-1ecc6299db9ec823/parity-rocksdb-sys-0.5.5/rocksdb/db/version_edit.h: In constructor 'rocksdb::FdWithKeyRange::FdWithKeyRange(rocksdb::FileDescriptor, rocksdb::Slice, rocksdb::Slice, rocksdb::FileMetaData*)':
[INFO] [stderr]   /opt/rustwide/cargo-home/registry/src/github.com-1ecc6299db9ec823/parity-rocksdb-sys-0.5.5/rocksdb/db/version_edit.h:157:33: warning: implicitly-declared 'constexpr rocksdb::FileDescriptor::FileDescriptor(const rocksdb::FileDescriptor&)' is deprecated [-Wdeprecated-copy]
[INFO] [stderr]     157 |         largest_key(_largest_key) {}
[INFO] [stderr]         |                                 ^
[INFO] [stderr]   /opt/rustwide/cargo-home/registry/src/github.com-1ecc6299db9ec823/parity-rocksdb-sys-0.5.5/rocksdb/db/version_edit.h:47:19: note: because 'rocksdb::FileDescriptor' has user-provided 'rocksdb::FileDescriptor& rocksdb::FileDescriptor::operator=(const rocksdb::FileDescriptor&)'
[INFO] [stderr]      47 |   FileDescriptor& operator=(const FileDescriptor& fd) {
[INFO] [stderr]         |                   ^~~~~~~~
[INFO] [stderr]   c++: fatal error: Killed signal terminated program cc1plus
[INFO] [stderr]   compilation terminated.
[INFO] [stderr]   make[3]: *** [CMakeFiles/rocksdb.dir/build.make:248: CMakeFiles/rocksdb.dir/db/db_impl.cc.o] Error 1
[INFO] [stderr]   /opt/rustwide/cargo-home/registry/src/github.com-1ecc6299db9ec823/parity-rocksdb-sys-0.5.5/rocksdb/db/version_edit.h: In instantiation of 'constexpr std::pair<_T1, _T2>::pair(_U1&&, _U2&&) [with _U1 = int&; _U2 = rocksdb::FileMetaData; typename std::enable_if<(std::_PCC<true, _T1, _T2>::_MoveConstructiblePair<_U1, _U2>() && std::_PCC<true, _T1, _T2>::_ImplicitlyMoveConvertiblePair<_U1, _U2>()), bool>::type <anonymous> = true; _T1 = int; _T2 = rocksdb::FileMetaData]':
[INFO] [stderr]   /usr/include/c++/9/ext/new_allocator.h:147:4:   required from 'void __gnu_cxx::new_allocator<_Tp>::construct(_Up*, _Args&& ...) [with _Up = std::pair<int, rocksdb::FileMetaData>; _Args = {int&, rocksdb::FileMetaData}; _Tp = std::pair<int, rocksdb::FileMetaData>]'
[INFO] [stderr]   /usr/include/c++/9/bits/alloc_traits.h:484:4:   required from 'static void std::allocator_traits<std::allocator<_Tp1> >::construct(std::allocator_traits<std::allocator<_Tp1> >::allocator_type&, _Up*, _Args&& ...) [with _Up = std::pair<int, rocksdb::FileMetaData>; _Args = {int&, rocksdb::FileMetaData}; _Tp = std::pair<int, rocksdb::FileMetaData>; std::allocator_traits<std::allocator<_Tp1> >::allocator_type = std::allocator<std::pair<int, rocksdb::FileMetaData> >]'
[INFO] [stderr]   /usr/include/c++/9/bits/vector.tcc:115:30:   required from 'void std::vector<_Tp, _Alloc>::emplace_back(_Args&& ...) [with _Args = {int&, rocksdb::FileMetaData}; _Tp = std::pair<int, rocksdb::FileMetaData>; _Alloc = std::allocator<std::pair<int, rocksdb::FileMetaData> >]'
[INFO] [stderr]   /opt/rustwide/cargo-home/registry/src/github.com-1ecc6299db9ec823/parity-rocksdb-sys-0.5.5/rocksdb/db/version_edit.h:227:48:   required from here
[INFO] [stderr]   /opt/rustwide/cargo-home/registry/src/github.com-1ecc6299db9ec823/parity-rocksdb-sys-0.5.5/rocksdb/db/version_edit.h:76:8: warning: implicitly-declared 'constexpr rocksdb::FileDescriptor::FileDescriptor(const rocksdb::FileDescriptor&)' is deprecated [-Wdeprecated-copy]
[INFO] [stderr]      76 | struct FileMetaData {
[INFO] [stderr]         |        ^~~~~~~~~~~~
[INFO] [stderr]   /opt/rustwide/cargo-home/registry/src/github.com-1ecc6299db9ec823/parity-rocksdb-sys-0.5.5/rocksdb/db/version_edit.h:47:19: note: because 'rocksdb::FileDescriptor' has user-provided 'rocksdb::FileDescriptor& rocksdb::FileDescriptor::operator=(const rocksdb::FileDescriptor&)'
[INFO] [stderr]      47 |   FileDescriptor& operator=(const FileDescriptor& fd) {
[INFO] [stderr]         |                   ^~~~~~~~
[INFO] [stderr]   In file included from /usr/include/c++/9/bits/stl_algobase.h:64,
[INFO] [stderr]                    from /usr/include/c++/9/deque:60,
[INFO] [stderr]                    from /opt/rustwide/cargo-home/registry/src/github.com-1ecc6299db9ec823/parity-rocksdb-sys-0.5.5/rocksdb/db/version_set.h:22,
[INFO] [stderr]                    from /opt/rustwide/cargo-home/registry/src/github.com-1ecc6299db9ec823/parity-rocksdb-sys-0.5.5/rocksdb/db/compaction.h:11,
[INFO] [stderr]                    from /opt/rustwide/cargo-home/registry/src/github.com-1ecc6299db9ec823/parity-rocksdb-sys-0.5.5/rocksdb/db/compaction.cc:10:
[INFO] [stderr]   /usr/include/c++/9/bits/stl_pair.h:342:64: note: synthesized method 'rocksdb::FileMetaData::FileMetaData(rocksdb::FileMetaData&&)' first required here
[INFO] [stderr]     342 |  : first(std::forward<_U1>(__x)), second(std::forward<_U2>(__y)) { }
[INFO] [stderr]         |                                                                ^
[INFO] [stderr]   In file included from /opt/rustwide/cargo-home/registry/src/github.com-1ecc6299db9ec823/parity-rocksdb-sys-0.5.5/rocksdb/db/range_del_aggregator.h:16,
[INFO] [stderr]                    from /opt/rustwide/cargo-home/registry/src/github.com-1ecc6299db9ec823/parity-rocksdb-sys-0.5.5/rocksdb/db/memtable.h:19,
[INFO] [stderr]                    from /opt/rustwide/cargo-home/registry/src/github.com-1ecc6299db9ec823/parity-rocksdb-sys-0.5.5/rocksdb/db/memtable_list.h:17,
[INFO] [stderr]                    from /opt/rustwide/cargo-home/registry/src/github.com-1ecc6299db9ec823/parity-rocksdb-sys-0.5.5/rocksdb/db/column_family.h:17,
[INFO] [stderr]                    from /opt/rustwide/cargo-home/registry/src/github.com-1ecc6299db9ec823/parity-rocksdb-sys-0.5.5/rocksdb/db/version_set.h:31,
[INFO] [stderr]                    from /opt/rustwide/cargo-home/registry/src/github.com-1ecc6299db9ec823/parity-rocksdb-sys-0.5.5/rocksdb/db/compaction.h:11,
[INFO] [stderr]                    from /opt/rustwide/cargo-home/registry/src/github.com-1ecc6299db9ec823/parity-rocksdb-sys-0.5.5/rocksdb/db/compaction.cc:10:
[INFO] [stderr]   /opt/rustwide/cargo-home/registry/src/github.com-1ecc6299db9ec823/parity-rocksdb-sys-0.5.5/rocksdb/db/version_edit.h: In instantiation of 'constexpr std::pair<_T1, _T2>::pair(_U1&&, const _T2&) [with _U1 = int&; typename std::enable_if<std::_PCC<true, _T1, _T2>::_MoveCopyPair<true, _U1, _T2>(), bool>::type <anonymous> = true; _T1 = int; _T2 = rocksdb::FileMetaData]':
[INFO] [stderr]   /usr/include/c++/9/ext/new_allocator.h:147:4:   required from 'void __gnu_cxx::new_allocator<_Tp>::construct(_Up*, _Args&& ...) [with _Up = std::pair<int, rocksdb::FileMetaData>; _Args = {int&, const rocksdb::FileMetaData&}; _Tp = std::pair<int, rocksdb::FileMetaData>]'
[INFO] [stderr]   /usr/include/c++/9/bits/alloc_traits.h:484:4:   required from 'static void std::allocator_traits<std::allocator<_Tp1> >::construct(std::allocator_traits<std::allocator<_Tp1> >::allocator_type&, _Up*, _Args&& ...) [with _Up = std::pair<int, rocksdb::FileMetaData>; _Args = {int&, const rocksdb::FileMetaData&}; _Tp = std::pair<int, rocksdb::FileMetaData>; std::allocator_traits<std::allocator<_Tp1> >::allocator_type = std::allocator<std::pair<int, rocksdb::FileMetaData> >]'
[INFO] [stderr]   /usr/include/c++/9/bits/vector.tcc:115:30:   required from 'void std::vector<_Tp, _Alloc>::emplace_back(_Args&& ...) [with _Args = {int&, const rocksdb::FileMetaData&}; _Tp = std::pair<int, rocksdb::FileMetaData>; _Alloc = std::allocator<std::pair<int, rocksdb::FileMetaData> >]'
[INFO] [stderr]   /opt/rustwide/cargo-home/registry/src/github.com-1ecc6299db9ec823/parity-rocksdb-sys-0.5.5/rocksdb/db/version_edit.h:232:37:   required from here
[INFO] [stderr]   /opt/rustwide/cargo-home/registry/src/github.com-1ecc6299db9ec823/parity-rocksdb-sys-0.5.5/rocksdb/db/version_edit.h:76:8: warning: implicitly-declared 'constexpr rocksdb::FileDescriptor::FileDescriptor(const rocksdb::FileDescriptor&)' is deprecated [-Wdeprecated-copy]
[INFO] [stderr]      76 | struct FileMetaData {
[INFO] [stderr]         |        ^~~~~~~~~~~~
[INFO] [stderr]   /opt/rustwide/cargo-home/registry/src/github.com-1ecc6299db9ec823/parity-rocksdb-sys-0.5.5/rocksdb/db/version_edit.h:47:19: note: because 'rocksdb::FileDescriptor' has user-provided 'rocksdb::FileDescriptor& rocksdb::FileDescriptor::operator=(const rocksdb::FileDescriptor&)'
[INFO] [stderr]      47 |   FileDescriptor& operator=(const FileDescriptor& fd) {
[INFO] [stderr]         |                   ^~~~~~~~
[INFO] [stderr]   In file included from /usr/include/c++/9/bits/stl_algobase.h:64,
[INFO] [stderr]                    from /usr/include/c++/9/deque:60,
[INFO] [stderr]                    from /opt/rustwide/cargo-home/registry/src/github.com-1ecc6299db9ec823/parity-rocksdb-sys-0.5.5/rocksdb/db/version_set.h:22,
[INFO] [stderr]                    from /opt/rustwide/cargo-home/registry/src/github.com-1ecc6299db9ec823/parity-rocksdb-sys-0.5.5/rocksdb/db/compaction.h:11,
[INFO] [stderr]                    from /opt/rustwide/cargo-home/registry/src/github.com-1ecc6299db9ec823/parity-rocksdb-sys-0.5.5/rocksdb/db/compaction.cc:10:
[INFO] [stderr]   /usr/include/c++/9/bits/stl_pair.h:312:51: note: synthesized method 'rocksdb::FileMetaData::FileMetaData(const rocksdb::FileMetaData&)' first required here
[INFO] [stderr]     312 |        : first(std::forward<_U1>(__x)), second(__y) { }
[INFO] [stderr]         |                                                   ^
[INFO] [stderr]   In file included from /opt/rustwide/cargo-home/registry/src/github.com-1ecc6299db9ec823/parity-rocksdb-sys-0.5.5/rocksdb/db/range_del_aggregator.h:16,
[INFO] [stderr]                    from /opt/rustwide/cargo-home/registry/src/github.com-1ecc6299db9ec823/parity-rocksdb-sys-0.5.5/rocksdb/db/memtable.h:19,
[INFO] [stderr]                    from /opt/rustwide/cargo-home/registry/src/github.com-1ecc6299db9ec823/parity-rocksdb-sys-0.5.5/rocksdb/db/memtable_list.h:17,
[INFO] [stderr]                    from /opt/rustwide/cargo-home/registry/src/github.com-1ecc6299db9ec823/parity-rocksdb-sys-0.5.5/rocksdb/db/column_family.h:17,
[INFO] [stderr]                    from /opt/rustwide/cargo-home/registry/src/github.com-1ecc6299db9ec823/parity-rocksdb-sys-0.5.5/rocksdb/db/db_impl.h:22,
[INFO] [stderr]                    from /opt/rustwide/cargo-home/registry/src/github.com-1ecc6299db9ec823/parity-rocksdb-sys-0.5.5/rocksdb/db/db_impl_files.cc:9:
[INFO] [stderr]   /opt/rustwide/cargo-home/registry/src/github.com-1ecc6299db9ec823/parity-rocksdb-sys-0.5.5/rocksdb/db/version_edit.h: In constructor 'rocksdb::FdWithKeyRange::FdWithKeyRange(rocksdb::FileDescriptor, rocksdb::Slice, rocksdb::Slice, rocksdb::FileMetaData*)':
[INFO] [stderr]   /opt/rustwide/cargo-home/registry/src/github.com-1ecc6299db9ec823/parity-rocksdb-sys-0.5.5/rocksdb/db/version_edit.h:157:33: warning: implicitly-declared 'constexpr rocksdb::FileDescriptor::FileDescriptor(const rocksdb::FileDescriptor&)' is deprecated [-Wdeprecated-copy]
[INFO] [stderr]     157 |         largest_key(_largest_key) {}
[INFO] [stderr]         |                                 ^
[INFO] [stderr]   /opt/rustwide/cargo-home/registry/src/github.com-1ecc6299db9ec823/parity-rocksdb-sys-0.5.5/rocksdb/db/version_edit.h:47:19: note: because 'rocksdb::FileDescriptor' has user-provided 'rocksdb::FileDescriptor& rocksdb::FileDescriptor::operator=(const rocksdb::FileDescriptor&)'
[INFO] [stderr]      47 |   FileDescriptor& operator=(const FileDescriptor& fd) {
[INFO] [stderr]         |                   ^~~~~~~~
[INFO] [stderr]   c++: fatal error: Killed signal terminated program cc1plus
[INFO] [stderr]   compilation terminated.
[INFO] [stderr]   make[3]: *** [CMakeFiles/rocksdb.dir/build.make:235: CMakeFiles/rocksdb.dir/db/db_filesnapshot.cc.o] Error 1
[INFO] [stderr]   c++: fatal error: Killed signal terminated program cc1plus
[INFO] [stderr]   compilation terminated.
[INFO] [stderr]   c++: fatal error: Killed signal terminated program cc1plus
[INFO] [stderr]   compilation terminated.
[INFO] [stderr]   make[3]: *** [CMakeFiles/rocksdb.dir/build.make:157: CMakeFiles/rocksdb.dir/db/compaction.cc.o] Error 1
[INFO] [stderr]   make[3]: *** [CMakeFiles/rocksdb.dir/build.make:261: CMakeFiles/rocksdb.dir/db/db_impl_write.cc.o] Error 1
[INFO] [stderr]   /opt/rustwide/cargo-home/registry/src/github.com-1ecc6299db9ec823/parity-rocksdb-sys-0.5.5/rocksdb/db/version_edit.h: In copy constructor 'rocksdb::FileMetaData::FileMetaData(const rocksdb::FileMetaData&)':
[INFO] [stderr]   /opt/rustwide/cargo-home/registry/src/github.com-1ecc6299db9ec823/parity-rocksdb-sys-0.5.5/rocksdb/db/version_edit.h:76:8: warning: implicitly-declared 'constexpr rocksdb::FileDescriptor::FileDescriptor(const rocksdb::FileDescriptor&)' is deprecated [-Wdeprecated-copy]
[INFO] [stderr]      76 | struct FileMetaData {
[INFO] [stderr]         |        ^~~~~~~~~~~~
[INFO] [stderr]   /opt/rustwide/cargo-home/registry/src/github.com-1ecc6299db9ec823/parity-rocksdb-sys-0.5.5/rocksdb/db/version_edit.h:47:19: note: because 'rocksdb::FileDescriptor' has user-provided 'rocksdb::FileDescriptor& rocksdb::FileDescriptor::operator=(const rocksdb::FileDescriptor&)'
[INFO] [stderr]      47 |   FileDescriptor& operator=(const FileDescriptor& fd) {
[INFO] [stderr]         |                   ^~~~~~~~
[INFO] [stderr]   In file included from /usr/include/c++/9/bits/stl_algobase.h:64,
[INFO] [stderr]                    from /usr/include/c++/9/deque:60,
[INFO] [stderr]                    from /opt/rustwide/cargo-home/registry/src/github.com-1ecc6299db9ec823/parity-rocksdb-sys-0.5.5/rocksdb/db/db_impl.h:12,
[INFO] [stderr]                    from /opt/rustwide/cargo-home/registry/src/github.com-1ecc6299db9ec823/parity-rocksdb-sys-0.5.5/rocksdb/db/db_impl_compaction_flush.cc:9:
[INFO] [stderr]   /usr/include/c++/9/bits/stl_pair.h: In copy constructor 'std::pair<_T1, _T2>::pair(const std::pair<_T1, _T2>&) [with _T1 = int; _T2 = rocksdb::FileMetaData]':
[INFO] [stderr]   /usr/include/c++/9/bits/stl_pair.h:303:17: note: synthesized method 'rocksdb::FileMetaData::FileMetaData(const rocksdb::FileMetaData&)' first required here
[INFO] [stderr]     303 |       constexpr pair(const pair&) = default;
[INFO] [stderr]         |                 ^~~~
[INFO] [stderr]   /opt/rustwide/cargo-home/registry/src/github.com-1ecc6299db9ec823/parity-rocksdb-sys-0.5.5/rocksdb/db/db_impl_compaction_flush.cc: In member function 'rocksdb::Status rocksdb::DBImpl::CompactFilesImpl(const rocksdb::CompactionOptions&, rocksdb::ColumnFamilyData*, rocksdb::Version*, const std::vector<std::__cxx11::basic_string<char> >&, std::vector<std::__cxx11::basic_string<char> >*, int, int, rocksdb::JobContext*, rocksdb::LogBuffer*)':
[INFO] [stderr]   /opt/rustwide/cargo-home/registry/src/github.com-1ecc6299db9ec823/parity-rocksdb-sys-0.5.5/rocksdb/db/db_impl_compaction_flush.cc:752:51: note: synthesized method 'std::pair<_T1, _T2>::pair(const std::pair<_T1, _T2>&) [with _T1 = int; _T2 = rocksdb::FileMetaData]' first required here
[INFO] [stderr]     752 |     for (const auto newf : c->edit()->GetNewFiles()) {
[INFO] [stderr]         |                                                   ^
[INFO] [stderr]   /opt/rustwide/cargo-home/registry/src/github.com-1ecc6299db9ec823/parity-rocksdb-sys-0.5.5/rocksdb/db/version_edit.h: In instantiation of 'constexpr std::pair<_T1, _T2>::pair(_U1&&, _U2&&) [with _U1 = int&; _U2 = rocksdb::FileMetaData; typename std::enable_if<(std::_PCC<true, _T1, _T2>::_MoveConstructiblePair<_U1, _U2>() && std::_PCC<true, _T1, _T2>::_ImplicitlyMoveConvertiblePair<_U1, _U2>()), bool>::type <anonymous> = true; _T1 = int; _T2 = rocksdb::FileMetaData]':
[INFO] [stderr]   /usr/include/c++/9/ext/new_allocator.h:147:4:   required from 'void __gnu_cxx::new_allocator<_Tp>::construct(_Up*, _Args&& ...) [with _Up = std::pair<int, rocksdb::FileMetaData>; _Args = {int&, rocksdb::FileMetaData}; _Tp = std::pair<int, rocksdb::FileMetaData>]'
[INFO] [stderr]   /usr/include/c++/9/bits/alloc_traits.h:484:4:   required from 'static void std::allocator_traits<std::allocator<_CharT> >::construct(std::allocator_traits<std::allocator<_CharT> >::allocator_type&, _Up*, _Args&& ...) [with _Up = std::pair<int, rocksdb::FileMetaData>; _Args = {int&, rocksdb::FileMetaData}; _Tp = std::pair<int, rocksdb::FileMetaData>; std::allocator_traits<std::allocator<_CharT> >::allocator_type = std::allocator<std::pair<int, rocksdb::FileMetaData> >]'
[INFO] [stderr]   /usr/include/c++/9/bits/vector.tcc:115:30:   required from 'void std::vector<_Tp, _Alloc>::emplace_back(_Args&& ...) [with _Args = {int&, rocksdb::FileMetaData}; _Tp = std::pair<int, rocksdb::FileMetaData>; _Alloc = std::allocator<std::pair<int, rocksdb::FileMetaData> >]'
[INFO] [stderr]   /opt/rustwide/cargo-home/registry/src/github.com-1ecc6299db9ec823/parity-rocksdb-sys-0.5.5/rocksdb/db/version_edit.h:227:48:   required from here
[INFO] [stderr]   /opt/rustwide/cargo-home/registry/src/github.com-1ecc6299db9ec823/parity-rocksdb-sys-0.5.5/rocksdb/db/version_edit.h:76:8: warning: implicitly-declared 'constexpr rocksdb::FileDescriptor::FileDescriptor(const rocksdb::FileDescriptor&)' is deprecated [-Wdeprecated-copy]
[INFO] [stderr]      76 | struct FileMetaData {
[INFO] [stderr]         |        ^~~~~~~~~~~~
[INFO] [stderr]   /opt/rustwide/cargo-home/registry/src/github.com-1ecc6299db9ec823/parity-rocksdb-sys-0.5.5/rocksdb/db/version_edit.h:47:19: note: because 'rocksdb::FileDescriptor' has user-provided 'rocksdb::FileDescriptor& rocksdb::FileDescriptor::operator=(const rocksdb::FileDescriptor&)'
[INFO] [stderr]      47 |   FileDescriptor& operator=(const FileDescriptor& fd) {
[INFO] [stderr]         |                   ^~~~~~~~
[INFO] [stderr]   In file included from /usr/include/c++/9/bits/stl_algobase.h:64,
[INFO] [stderr]                    from /usr/include/c++/9/bits/char_traits.h:39,
[INFO] [stderr]                    from /usr/include/c++/9/string:40,
[INFO] [stderr]                    from /opt/rustwide/cargo-home/registry/src/github.com-1ecc6299db9ec823/parity-rocksdb-sys-0.5.5/rocksdb/include/rocksdb/convenience.h:8,
[INFO] [stderr]                    from /opt/rustwide/cargo-home/registry/src/github.com-1ecc6299db9ec823/parity-rocksdb-sys-0.5.5/rocksdb/db/convenience.cc:9:
[INFO] [stderr]   /usr/include/c++/9/bits/stl_pair.h:342:64: note: synthesized method 'rocksdb::FileMetaData::FileMetaData(rocksdb::FileMetaData&&)' first required here
[INFO] [stderr]     342 |  : first(std::forward<_U1>(__x)), second(std::forward<_U2>(__y)) { }
[INFO] [stderr]         |                                                                ^
[INFO] [stderr]   In file included from /opt/rustwide/cargo-home/registry/src/github.com-1ecc6299db9ec823/parity-rocksdb-sys-0.5.5/rocksdb/db/range_del_aggregator.h:16,
[INFO] [stderr]                    from /opt/rustwide/cargo-home/registry/src/github.com-1ecc6299db9ec823/parity-rocksdb-sys-0.5.5/rocksdb/db/memtable.h:19,
[INFO] [stderr]                    from /opt/rustwide/cargo-home/registry/src/github.com-1ecc6299db9ec823/parity-rocksdb-sys-0.5.5/rocksdb/db/memtable_list.h:17,
[INFO] [stderr]                    from /opt/rustwide/cargo-home/registry/src/github.com-1ecc6299db9ec823/parity-rocksdb-sys-0.5.5/rocksdb/db/column_family.h:17,
[INFO] [stderr]                    from /opt/rustwide/cargo-home/registry/src/github.com-1ecc6299db9ec823/parity-rocksdb-sys-0.5.5/rocksdb/db/db_impl.h:22,
[INFO] [stderr]                    from /opt/rustwide/cargo-home/registry/src/github.com-1ecc6299db9ec823/parity-rocksdb-sys-0.5.5/rocksdb/db/convenience.cc:11:
[INFO] [stderr]   /opt/rustwide/cargo-home/registry/src/github.com-1ecc6299db9ec823/parity-rocksdb-sys-0.5.5/rocksdb/db/version_edit.h: In instantiation of 'constexpr std::pair<_T1, _T2>::pair(_U1&&, const _T2&) [with _U1 = int&; typename std::enable_if<std::_PCC<true, _T1, _T2>::_MoveCopyPair<true, _U1, _T2>(), bool>::type <anonymous> = true; _T1 = int; _T2 = rocksdb::FileMetaData]':
[INFO] [stderr]   /usr/include/c++/9/ext/new_allocator.h:147:4:   required from 'void __gnu_cxx::new_allocator<_Tp>::construct(_Up*, _Args&& ...) [with _Up = std::pair<int, rocksdb::FileMetaData>; _Args = {int&, const rocksdb::FileMetaData&}; _Tp = std::pair<int, rocksdb::FileMetaData>]'
[INFO] [stderr]   /usr/include/c++/9/bits/alloc_traits.h:484:4:   required from 'static void std::allocator_traits<std::allocator<_CharT> >::construct(std::allocator_traits<std::allocator<_CharT> >::allocator_type&, _Up*, _Args&& ...) [with _Up = std::pair<int, rocksdb::FileMetaData>; _Args = {int&, const rocksdb::FileMetaData&}; _Tp = std::pair<int, rocksdb::FileMetaData>; std::allocator_traits<std::allocator<_CharT> >::allocator_type = std::allocator<std::pair<int, rocksdb::FileMetaData> >]'
[INFO] [stderr]   /usr/include/c++/9/bits/vector.tcc:115:30:   required from 'void std::vector<_Tp, _Alloc>::emplace_back(_Args&& ...) [with _Args = {int&, const rocksdb::FileMetaData&}; _Tp = std::pair<int, rocksdb::FileMetaData>; _Alloc = std::allocator<std::pair<int, rocksdb::FileMetaData> >]'
[INFO] [stderr]   /opt/rustwide/cargo-home/registry/src/github.com-1ecc6299db9ec823/parity-rocksdb-sys-0.5.5/rocksdb/db/version_edit.h:232:37:   required from here
[INFO] [stderr]   /opt/rustwide/cargo-home/registry/src/github.com-1ecc6299db9ec823/parity-rocksdb-sys-0.5.5/rocksdb/db/version_edit.h:76:8: warning: implicitly-declared 'constexpr rocksdb::FileDescriptor::FileDescriptor(const rocksdb::FileDescriptor&)' is deprecated [-Wdeprecated-copy]
[INFO] [stderr]      76 | struct FileMetaData {
[INFO] [stderr]         |        ^~~~~~~~~~~~
[INFO] [stderr]   /opt/rustwide/cargo-home/registry/src/github.com-1ecc6299db9ec823/parity-rocksdb-sys-0.5.5/rocksdb/db/version_edit.h:47:19: note: because 'rocksdb::FileDescriptor' has user-provided 'rocksdb::FileDescriptor& rocksdb::FileDescriptor::operator=(const rocksdb::FileDescriptor&)'
[INFO] [stderr]      47 |   FileDescriptor& operator=(const FileDescriptor& fd) {
[INFO] [stderr]         |                   ^~~~~~~~
[INFO] [stderr]   In file included from /usr/include/c++/9/bits/stl_algobase.h:64,
[INFO] [stderr]                    from /usr/include/c++/9/bits/char_traits.h:39,
[INFO] [stderr]                    from /usr/include/c++/9/string:40,
[INFO] [stderr]                    from /opt/rustwide/cargo-home/registry/src/github.com-1ecc6299db9ec823/parity-rocksdb-sys-0.5.5/rocksdb/include/rocksdb/convenience.h:8,
[INFO] [stderr]                    from /opt/rustwide/cargo-home/registry/src/github.com-1ecc6299db9ec823/parity-rocksdb-sys-0.5.5/rocksdb/db/convenience.cc:9:
[INFO] [stderr]   /usr/include/c++/9/bits/stl_pair.h:312:51: note: synthesized method 'rocksdb::FileMetaData::FileMetaData(const rocksdb::FileMetaData&)' first required here
[INFO] [stderr]     312 |        : first(std::forward<_U1>(__x)), second(__y) { }
[INFO] [stderr]         |                                                   ^
[INFO] [stderr]   In file included from /opt/rustwide/cargo-home/registry/src/github.com-1ecc6299db9ec823/parity-rocksdb-sys-0.5.5/rocksdb/db/range_del_aggregator.h:16,
[INFO] [stderr]                    from /opt/rustwide/cargo-home/registry/src/github.com-1ecc6299db9ec823/parity-rocksdb-sys-0.5.5/rocksdb/db/memtable.h:19,
[INFO] [stderr]                    from /opt/rustwide/cargo-home/registry/src/github.com-1ecc6299db9ec823/parity-rocksdb-sys-0.5.5/rocksdb/db/memtable_list.h:17,
[INFO] [stderr]                    from /opt/rustwide/cargo-home/registry/src/github.com-1ecc6299db9ec823/parity-rocksdb-sys-0.5.5/rocksdb/db/column_family.h:17,
[INFO] [stderr]                    from /opt/rustwide/cargo-home/registry/src/github.com-1ecc6299db9ec823/parity-rocksdb-sys-0.5.5/rocksdb/db/db_impl.h:22,
[INFO] [stderr]                    from /opt/rustwide/cargo-home/registry/src/github.com-1ecc6299db9ec823/parity-rocksdb-sys-0.5.5/rocksdb/db/db_impl_compaction_flush.cc:9:
[INFO] [stderr]   /opt/rustwide/cargo-home/registry/src/github.com-1ecc6299db9ec823/parity-rocksdb-sys-0.5.5/rocksdb/db/version_edit.h: In instantiation of 'constexpr std::pair<_T1, _T2>::pair(_U1&&, _U2&&) [with _U1 = int&; _U2 = rocksdb::FileMetaData; typename std::enable_if<(std::_PCC<true, _T1, _T2>::_MoveConstructiblePair<_U1, _U2>() && std::_PCC<true, _T1, _T2>::_ImplicitlyMoveConvertiblePair<_U1, _U2>()), bool>::type <anonymous> = true; _T1 = int; _T2 = rocksdb::FileMetaData]':
[INFO] [stderr]   /usr/include/c++/9/ext/new_allocator.h:147:4:   required from 'void __gnu_cxx::new_allocator<_Tp>::construct(_Up*, _Args&& ...) [with _Up = std::pair<int, rocksdb::FileMetaData>; _Args = {int&, rocksdb::FileMetaData}; _Tp = std::pair<int, rocksdb::FileMetaData>]'
[INFO] [stderr]   /usr/include/c++/9/bits/alloc_traits.h:484:4:   required from 'static void std::allocator_traits<std::allocator<_Tp1> >::construct(std::allocator_traits<std::allocator<_Tp1> >::allocator_type&, _Up*, _Args&& ...) [with _Up = std::pair<int, rocksdb::FileMetaData>; _Args = {int&, rocksdb::FileMetaData}; _Tp = std::pair<int, rocksdb::FileMetaData>; std::allocator_traits<std::allocator<_Tp1> >::allocator_type = std::allocator<std::pair<int, rocksdb::FileMetaData> >]'
[INFO] [stderr]   /usr/include/c++/9/bits/vector.tcc:115:30:   required from 'void std::vector<_Tp, _Alloc>::emplace_back(_Args&& ...) [with _Args = {int&, rocksdb::FileMetaData}; _Tp = std::pair<int, rocksdb::FileMetaData>; _Alloc = std::allocator<std::pair<int, rocksdb::FileMetaData> >]'
[INFO] [stderr]   /opt/rustwide/cargo-home/registry/src/github.com-1ecc6299db9ec823/parity-rocksdb-sys-0.5.5/rocksdb/db/version_edit.h:227:48:   required from here
[INFO] [stderr]   /opt/rustwide/cargo-home/registry/src/github.com-1ecc6299db9ec823/parity-rocksdb-sys-0.5.5/rocksdb/db/version_edit.h:76:8: warning: implicitly-declared 'constexpr rocksdb::FileDescriptor::FileDescriptor(const rocksdb::FileDescriptor&)' is deprecated [-Wdeprecated-copy]
[INFO] [stderr]      76 | struct FileMetaData {
[INFO] [stderr]         |        ^~~~~~~~~~~~
[INFO] [stderr]   /opt/rustwide/cargo-home/registry/src/github.com-1ecc6299db9ec823/parity-rocksdb-sys-0.5.5/rocksdb/db/version_edit.h:47:19: note: because 'rocksdb::FileDescriptor' has user-provided 'rocksdb::FileDescriptor& rocksdb::FileDescriptor::operator=(const rocksdb::FileDescriptor&)'
[INFO] [stderr]      47 |   FileDescriptor& operator=(const FileDescriptor& fd) {
[INFO] [stderr]         |                   ^~~~~~~~
[INFO] [stderr]   In file included from /usr/include/c++/9/bits/stl_algobase.h:64,
[INFO] [stderr]                    from /usr/include/c++/9/deque:60,
[INFO] [stderr]                    from /opt/rustwide/cargo-home/registry/src/github.com-1ecc6299db9ec823/parity-rocksdb-sys-0.5.5/rocksdb/db/db_impl.h:12,
[INFO] [stderr]                    from /opt/rustwide/cargo-home/registry/src/github.com-1ecc6299db9ec823/parity-rocksdb-sys-0.5.5/rocksdb/db/db_impl_compaction_flush.cc:9:
[INFO] [stderr]   /usr/include/c++/9/bits/stl_pair.h:342:64: note: synthesized method 'rocksdb::FileMetaData::FileMetaData(rocksdb::FileMetaData&&)' first required here
[INFO] [stderr]     342 |  : first(std::forward<_U1>(__x)), second(std::forward<_U2>(__y)) { }
[INFO] [stderr]         |                                                                ^
[INFO] [stderr]   /opt/rustwide/cargo-home/registry/src/github.com-1ecc6299db9ec823/parity-rocksdb-sys-0.5.5/rocksdb/db/version_edit.h: In instantiation of 'constexpr std::pair<_T1, _T2>::pair(_U1&&, _U2&&) [with _U1 = int&; _U2 = rocksdb::FileMetaData; typename std::enable_if<(std::_PCC<true, _T1, _T2>::_MoveConstructiblePair<_U1, _U2>() && std::_PCC<true, _T1, _T2>::_ImplicitlyMoveConvertiblePair<_U1, _U2>()), bool>::type <anonymous> = true; _T1 = int; _T2 = rocksdb::FileMetaData]':
[INFO] [stderr]   /usr/include/c++/9/ext/new_allocator.h:147:4:   required from 'void __gnu_cxx::new_allocator<_Tp>::construct(_Up*, _Args&& ...) [with _Up = std::pair<int, rocksdb::FileMetaData>; _Args = {int&, rocksdb::FileMetaData}; _Tp = std::pair<int, rocksdb::FileMetaData>]'
[INFO] [stderr]   /usr/include/c++/9/bits/alloc_traits.h:484:4:   required from 'static void std::allocator_traits<std::allocator<_Tp1> >::construct(std::allocator_traits<std::allocator<_Tp1> >::allocator_type&, _Up*, _Args&& ...) [with _Up = std::pair<int, rocksdb::FileMetaData>; _Args = {int&, rocksdb::FileMetaData}; _Tp = std::pair<int, rocksdb::FileMetaData>; std::allocator_traits<std::allocator<_Tp1> >::allocator_type = std::allocator<std::pair<int, rocksdb::FileMetaData> >]'
[INFO] [stderr]   /usr/include/c++/9/bits/vector.tcc:115:30:   required from 'void std::vector<_Tp, _Alloc>::emplace_back(_Args&& ...) [with _Args = {int&, rocksdb::FileMetaData}; _Tp = std::pair<int, rocksdb::FileMetaData>; _Alloc = std::allocator<std::pair<int, rocksdb::FileMetaData> >]'
[INFO] [stderr]   /opt/rustwide/cargo-home/registry/src/github.com-1ecc6299db9ec823/parity-rocksdb-sys-0.5.5/rocksdb/db/version_edit.h:227:48:   required from here
[INFO] [stderr]   /opt/rustwide/cargo-home/registry/src/github.com-1ecc6299db9ec823/parity-rocksdb-sys-0.5.5/rocksdb/db/version_edit.h:76:8: warning: implicitly-declared 'constexpr rocksdb::FileDescriptor::FileDescriptor(const rocksdb::FileDescriptor&)' is deprecated [-Wdeprecated-copy]
[INFO] [stderr]      76 | struct FileMetaData {
[INFO] [stderr]         |        ^~~~~~~~~~~~
[INFO] [stderr]   /opt/rustwide/cargo-home/registry/src/github.com-1ecc6299db9ec823/parity-rocksdb-sys-0.5.5/rocksdb/db/version_edit.h:47:19: note: because 'rocksdb::FileDescriptor' has user-provided 'rocksdb::FileDescriptor& rocksdb::FileDescriptor::operator=(const rocksdb::FileDescriptor&)'
[INFO] [stderr]      47 |   FileDescriptor& operator=(const FileDescriptor& fd) {
[INFO] [stderr]         |                   ^~~~~~~~
[INFO] [stderr]   In file included from /usr/include/c++/9/bits/stl_algobase.h:64,
[INFO] [stderr]                    from /usr/include/c++/9/deque:60,
[INFO] [stderr]                    from /opt/rustwide/cargo-home/registry/src/github.com-1ecc6299db9ec823/parity-rocksdb-sys-0.5.5/rocksdb/db/db_impl.h:12,
[INFO] [stderr]                    from /opt/rustwide/cargo-home/registry/src/github.com-1ecc6299db9ec823/parity-rocksdb-sys-0.5.5/rocksdb/db/db_impl_files.cc:9:
[INFO] [stderr]   /usr/include/c++/9/bits/stl_pair.h:342:64: note: synthesized method 'rocksdb::FileMetaData::FileMetaData(rocksdb::FileMetaData&&)' first required here
[INFO] [stderr]     342 |  : first(std::forward<_U1>(__x)), second(std::forward<_U2>(__y)) { }
[INFO] [stderr]         |                                                                ^
[INFO] [stderr]   In file included from /opt/rustwide/cargo-home/registry/src/github.com-1ecc6299db9ec823/parity-rocksdb-sys-0.5.5/rocksdb/db/range_del_aggregator.h:16,
[INFO] [stderr]                    from /opt/rustwide/cargo-home/registry/src/github.com-1ecc6299db9ec823/parity-rocksdb-sys-0.5.5/rocksdb/db/memtable.h:19,
[INFO] [stderr]                    from /opt/rustwide/cargo-home/registry/src/github.com-1ecc6299db9ec823/parity-rocksdb-sys-0.5.5/rocksdb/db/memtable_list.h:17,
[INFO] [stderr]                    from /opt/rustwide/cargo-home/registry/src/github.com-1ecc6299db9ec823/parity-rocksdb-sys-0.5.5/rocksdb/db/column_family.h:17,
[INFO] [stderr]                    from /opt/rustwide/cargo-home/registry/src/github.com-1ecc6299db9ec823/parity-rocksdb-sys-0.5.5/rocksdb/db/db_impl.h:22,
[INFO] [stderr]                    from /opt/rustwide/cargo-home/registry/src/github.com-1ecc6299db9ec823/parity-rocksdb-sys-0.5.5/rocksdb/db/db_impl_files.cc:9:
[INFO] [stderr]   /opt/rustwide/cargo-home/registry/src/github.com-1ecc6299db9ec823/parity-rocksdb-sys-0.5.5/rocksdb/db/version_edit.h: In instantiation of 'constexpr std::pair<_T1, _T2>::pair(_U1&&, const _T2&) [with _U1 = int&; typename std::enable_if<std::_PCC<true, _T1, _T2>::_MoveCopyPair<true, _U1, _T2>(), bool>::type <anonymous> = true; _T1 = int; _T2 = rocksdb::FileMetaData]':
[INFO] [stderr]   /usr/include/c++/9/ext/new_allocator.h:147:4:   required from 'void __gnu_cxx::new_allocator<_Tp>::construct(_Up*, _Args&& ...) [with _Up = std::pair<int, rocksdb::FileMetaData>; _Args = {int&, const rocksdb::FileMetaData&}; _Tp = std::pair<int, rocksdb::FileMetaData>]'
[INFO] [stderr]   /usr/include/c++/9/bits/alloc_traits.h:484:4:   required from 'static void std::allocator_traits<std::allocator<_Tp1> >::construct(std::allocator_traits<std::allocator<_Tp1> >::allocator_type&, _Up*, _Args&& ...) [with _Up = std::pair<int, rocksdb::FileMetaData>; _Args = {int&, const rocksdb::FileMetaData&}; _Tp = std::pair<int, rocksdb::FileMetaData>; std::allocator_traits<std::allocator<_Tp1> >::allocator_type = std::allocator<std::pair<int, rocksdb::FileMetaData> >]'
[INFO] [stderr]   /usr/include/c++/9/bits/vector.tcc:115:30:   required from 'void std::vector<_Tp, _Alloc>::emplace_back(_Args&& ...) [with _Args = {int&, const rocksdb::FileMetaData&}; _Tp = std::pair<int, rocksdb::FileMetaData>; _Alloc = std::allocator<std::pair<int, rocksdb::FileMetaData> >]'
[INFO] [stderr]   /opt/rustwide/cargo-home/registry/src/github.com-1ecc6299db9ec823/parity-rocksdb-sys-0.5.5/rocksdb/db/version_edit.h:232:37:   required from here
[INFO] [stderr]   /opt/rustwide/cargo-home/registry/src/github.com-1ecc6299db9ec823/parity-rocksdb-sys-0.5.5/rocksdb/db/version_edit.h:76:8: warning: implicitly-declared 'constexpr rocksdb::FileDescriptor::FileDescriptor(const rocksdb::FileDescriptor&)' is deprecated [-Wdeprecated-copy]
[INFO] [stderr]      76 | struct FileMetaData {
[INFO] [stderr]         |        ^~~~~~~~~~~~
[INFO] [stderr]   /opt/rustwide/cargo-home/registry/src/github.com-1ecc6299db9ec823/parity-rocksdb-sys-0.5.5/rocksdb/db/version_edit.h:47:19: note: because 'rocksdb::FileDescriptor' has user-provided 'rocksdb::FileDescriptor& rocksdb::FileDescriptor::operator=(const rocksdb::FileDescriptor&)'
[INFO] [stderr]      47 |   FileDescriptor& operator=(const FileDescriptor& fd) {
[INFO] [stderr]         |                   ^~~~~~~~
[INFO] [stderr]   In file included from /usr/include/c++/9/bits/stl_algobase.h:64,
[INFO] [stderr]                    from /usr/include/c++/9/deque:60,
[INFO] [stderr]                    from /opt/rustwide/cargo-home/registry/src/github.com-1ecc6299db9ec823/parity-rocksdb-sys-0.5.5/rocksdb/db/db_impl.h:12,
[INFO] [stderr]                    from /opt/rustwide/cargo-home/registry/src/github.com-1ecc6299db9ec823/parity-rocksdb-sys-0.5.5/rocksdb/db/db_impl_files.cc:9:
[INFO] [stderr]   /usr/include/c++/9/bits/stl_pair.h:312:51: note: synthesized method 'rocksdb::FileMetaData::FileMetaData(const rocksdb::FileMetaData&)' first required here
[INFO] [stderr]     312 |        : first(std::forward<_U1>(__x)), second(__y) { }
[INFO] [stderr]         |                                                   ^
[INFO] [stderr]   make[2]: *** [CMakeFiles/Makefile2:2205: CMakeFiles/rocksdb.dir/all] Error 2
[INFO] [stderr]   make[1]: *** [CMakeFiles/Makefile2:2212: CMakeFiles/rocksdb.dir/rule] Error 2
[INFO] [stderr]   make: *** [Makefile:893: rocksdb] Error 2
[INFO] [stderr]   thread 'main' panicked at '
[INFO] [stderr]   command did not execute successfully, got: exit code: 2
[INFO] [stderr] 
[INFO] [stderr]   build script failed, must exit now', /opt/rustwide/cargo-home/registry/src/github.com-1ecc6299db9ec823/cmake-0.1.35/src/lib.rs:778:5
[INFO] [stderr]   stack backtrace:
[INFO] [stderr]      0:     0x55575d6c85d5 - backtrace::backtrace::libunwind::trace::h5e2646fa3eddf2ea
[INFO] [stderr]                                  at /cargo/registry/src/github.com-1ecc6299db9ec823/backtrace-0.3.46/src/backtrace/libunwind.rs:86
[INFO] [stderr]      1:     0x55575d6c85d5 - backtrace::backtrace::trace_unsynchronized::hb95dd7f77ce47877
[INFO] [stderr]                                  at /cargo/registry/src/github.com-1ecc6299db9ec823/backtrace-0.3.46/src/backtrace/mod.rs:66
[INFO] [stderr]      2:     0x55575d6c85d5 - std::sys_common::backtrace::_print_fmt::h5e71b67af43fd70d
[INFO] [stderr]                                  at src/libstd/sys_common/backtrace.rs:78
[INFO] [stderr]      3:     0x55575d6c85d5 - <std::sys_common::backtrace::_print::DisplayBacktrace as core::fmt::Display>::fmt::hdb4a83d2b61107e5
[INFO] [stderr]                                  at src/libstd/sys_common/backtrace.rs:59
[INFO] [stderr]      4:     0x55575d6ec77c - core::fmt::write::ha20e7262fa3e8a7a
[INFO] [stderr]                                  at src/libcore/fmt/mod.rs:1076
[INFO] [stderr]      5:     0x55575d6c4c52 - std::io::Write::write_fmt::h1aebfe8a5a79e36d
[INFO] [stderr]                                  at src/libstd/io/mod.rs:1537
[INFO] [stderr]      6:     0x55575d6cb0b0 - std::sys_common::backtrace::_print::h9c07314cc66ba539
[INFO] [stderr]                                  at src/libstd/sys_common/backtrace.rs:62
[INFO] [stderr]      7:     0x55575d6cb0b0 - std::sys_common::backtrace::print::hd1fd65f49a2d8544
[INFO] [stderr]                                  at src/libstd/sys_common/backtrace.rs:49
[INFO] [stderr]      8:     0x55575d6cb0b0 - std::panicking::default_hook::{{closure}}::h222da46485ab36fc
[INFO] [stderr]                                  at src/libstd/panicking.rs:198
[INFO] [stderr]      9:     0x55575d6cadfc - std::panicking::default_hook::hc5868949d129ed00
[INFO] [stderr]                                  at src/libstd/panicking.rs:217
[INFO] [stderr]     10:     0x55575d6cb6f3 - std::panicking::rust_panic_with_hook::h26a6ab8b0993c0c8
[INFO] [stderr]                                  at src/libstd/panicking.rs:526
[INFO] [stderr]     11:     0x55575d6cb2eb - rust_begin_unwind
[INFO] [stderr]                                  at src/libstd/panicking.rs:437
[INFO] [stderr]     12:     0x55575d6cb25b - std::panicking::begin_panic_fmt::h2ff295231415d4a6
[INFO] [stderr]                                  at src/libstd/panicking.rs:391
[INFO] [stderr]     13:     0x55575d66b927 - cmake::fail::h31d1f4aafac8d890
[INFO] [stderr]                                  at /opt/rustwide/cargo-home/registry/src/github.com-1ecc6299db9ec823/cmake-0.1.35/src/lib.rs:778
[INFO] [stderr]     14:     0x55575d66b26e - cmake::run::hfb9708d24da290f4
[INFO] [stderr]                                  at /opt/rustwide/cargo-home/registry/src/github.com-1ecc6299db9ec823/cmake-0.1.35/src/lib.rs:759
[INFO] [stderr]     15:     0x55575d667b60 - cmake::Config::build::h9df5092c033b59aa
[INFO] [stderr]                                  at /opt/rustwide/cargo-home/registry/src/github.com-1ecc6299db9ec823/cmake-0.1.35/src/lib.rs:671
[INFO] [stderr]     16:     0x55575d662cbc - build_script_build::main::h9567ed6e8d5a034d
[INFO] [stderr]                                  at /opt/rustwide/cargo-home/registry/src/github.com-1ecc6299db9ec823/parity-rocksdb-sys-0.5.5/build.rs:50
[INFO] [stderr]     17:     0x55575d6623fb - std::rt::lang_start::{{closure}}::hcf3b91ae9a43d936
[INFO] [stderr]                                  at /rustc/6f959902b3103c49ca981fbc01871589c3498489/src/libstd/rt.rs:67
[INFO] [stderr]     18:     0x55575d6cbac3 - std::rt::lang_start_internal::{{closure}}::h84a998219831fa70
[INFO] [stderr]                                  at src/libstd/rt.rs:52
[INFO] [stderr]     19:     0x55575d6cbac3 - std::panicking::try::do_call::he8e1d689a3e26def
[INFO] [stderr]                                  at src/libstd/panicking.rs:348
[INFO] [stderr]     20:     0x55575d6cbac3 - std::panicking::try::h264b6eebc2fa7bbf
[INFO] [stderr]                                  at src/libstd/panicking.rs:325
[INFO] [stderr]     21:     0x55575d6cbac3 - std::panic::catch_unwind::hbf28fafa723b2128
[INFO] [stderr]                                  at src/libstd/panic.rs:394
[INFO] [stderr]     22:     0x55575d6cbac3 - std::rt::lang_start_internal::he959aa59bc3ec202
[INFO] [stderr]                                  at src/libstd/rt.rs:51
[INFO] [stderr]     23:     0x55575d6623d7 - std::rt::lang_start::h61bb24d4aea3d915
[INFO] [stderr]                                  at /rustc/6f959902b3103c49ca981fbc01871589c3498489/src/libstd/rt.rs:67
[INFO] [stderr]     24:     0x55575d66368a - main
[INFO] [stderr]     25:     0x7f6af5aaf0b3 - __libc_start_main
[INFO] [stderr]     26:     0x55575d66219e - _start
[INFO] [stderr]     27:                0x0 - <unknown>
[INFO] running `Command { std: "docker" "inspect" "e24eefdf6c603ff2eae6356daf19e615dfd9263e91ac16aa102b4fbe2de9a582", kill_on_drop: false }`
[INFO] running `Command { std: "docker" "rm" "-f" "e24eefdf6c603ff2eae6356daf19e615dfd9263e91ac16aa102b4fbe2de9a582", kill_on_drop: false }`
[INFO] [stdout] e24eefdf6c603ff2eae6356daf19e615dfd9263e91ac16aa102b4fbe2de9a582
