[INFO] cloning repository https://github.com/jam1garner/ultimate-conversion-bot
[INFO] running `Command { std: "git" "-c" "credential.helper=" "-c" "credential.helper=/workspace/cargo-home/bin/git-credential-null" "clone" "--bare" "https://github.com/jam1garner/ultimate-conversion-bot" "/workspace/cache/git-repos/https%3A%2F%2Fgithub.com%2Fjam1garner%2Fultimate-conversion-bot", kill_on_drop: false }`
[INFO] [stderr] Cloning into bare repository '/workspace/cache/git-repos/https%3A%2F%2Fgithub.com%2Fjam1garner%2Fultimate-conversion-bot'...
[INFO] running `Command { std: "git" "rev-parse" "HEAD", kill_on_drop: false }`
[INFO] [stdout] 3196fea18c8ae90b84b9fff2b523ed3f85bc359b
[INFO] checking jam1garner/ultimate-conversion-bot against beta-2020-07-24 for pr-75494-beta
[INFO] running `Command { std: "git" "clone" "/workspace/cache/git-repos/https%3A%2F%2Fgithub.com%2Fjam1garner%2Fultimate-conversion-bot" "/workspace/builds/worker-6/source", kill_on_drop: false }`
[INFO] [stderr] Cloning into '/workspace/builds/worker-6/source'...
[INFO] [stderr] done.
[INFO] validating manifest of git repo https://github.com/jam1garner/ultimate-conversion-bot on toolchain beta-2020-07-24
[INFO] running `Command { std: "/workspace/cargo-home/bin/cargo" "+beta-2020-07-24" "read-manifest" "--manifest-path" "Cargo.toml", kill_on_drop: false }`
[INFO] started tweaking git repo https://github.com/jam1garner/ultimate-conversion-bot
[INFO] finished tweaking git repo https://github.com/jam1garner/ultimate-conversion-bot
[INFO] tweaked toml for git repo https://github.com/jam1garner/ultimate-conversion-bot written to /workspace/builds/worker-6/source/Cargo.toml
[INFO] crate git repo https://github.com/jam1garner/ultimate-conversion-bot already has a lockfile, it will not be regenerated
[INFO] running `Command { std: "/workspace/cargo-home/bin/cargo" "+beta-2020-07-24" "fetch" "--locked" "--manifest-path" "Cargo.toml", kill_on_drop: false }`
[INFO] [stderr] warning: unused manifest key: path
[INFO] [stderr]     Blocking waiting for file lock on package cache
[INFO] [stderr]     Blocking waiting for file lock on package cache
[INFO] running `Command { std: "docker" "create" "-v" "/var/lib/crater-agent-workspace/builds/worker-6/target:/opt/rustwide/target:rw,Z" "-v" "/var/lib/crater-agent-workspace/builds/worker-6/source:/opt/rustwide/workdir:ro,Z" "-v" "/var/lib/crater-agent-workspace/cargo-home:/opt/rustwide/cargo-home:ro,Z" "-v" "/var/lib/crater-agent-workspace/rustup-home:/opt/rustwide/rustup-home:ro,Z" "-e" "SOURCE_DIR=/opt/rustwide/workdir" "-e" "CARGO_TARGET_DIR=/opt/rustwide/target" "-e" "CARGO_HOME=/opt/rustwide/cargo-home" "-e" "RUSTUP_HOME=/opt/rustwide/rustup-home" "-w" "/opt/rustwide/workdir" "-m" "1610612736" "--user" "0:0" "--network" "none" "rustops/crates-build-env@sha256:a636fd89d022f18117e1dc8fb37a0a009933cdbbe082814857f0e2024962d47c" "/opt/rustwide/cargo-home/bin/cargo" "+beta-2020-07-24" "metadata" "--no-deps" "--format-version=1", kill_on_drop: false }`
[INFO] [stdout] 00b33682916f61464efab3bf426e06b2273e2779825c3e140cc636bbfeeca8da
[INFO] [stderr] WARNING: Your kernel does not support swap limit capabilities or the cgroup is not mounted. Memory limited without swap.
[INFO] running `Command { std: "docker" "start" "-a" "00b33682916f61464efab3bf426e06b2273e2779825c3e140cc636bbfeeca8da", kill_on_drop: false }`
[INFO] running `Command { std: "docker" "inspect" "00b33682916f61464efab3bf426e06b2273e2779825c3e140cc636bbfeeca8da", kill_on_drop: false }`
[INFO] running `Command { std: "docker" "rm" "-f" "00b33682916f61464efab3bf426e06b2273e2779825c3e140cc636bbfeeca8da", kill_on_drop: false }`
[INFO] [stdout] 00b33682916f61464efab3bf426e06b2273e2779825c3e140cc636bbfeeca8da
[INFO] running `Command { std: "docker" "create" "-v" "/var/lib/crater-agent-workspace/builds/worker-6/target:/opt/rustwide/target:rw,Z" "-v" "/var/lib/crater-agent-workspace/builds/worker-6/source:/opt/rustwide/workdir:ro,Z" "-v" "/var/lib/crater-agent-workspace/cargo-home:/opt/rustwide/cargo-home:ro,Z" "-v" "/var/lib/crater-agent-workspace/rustup-home:/opt/rustwide/rustup-home:ro,Z" "-e" "SOURCE_DIR=/opt/rustwide/workdir" "-e" "CARGO_TARGET_DIR=/opt/rustwide/target" "-e" "CARGO_INCREMENTAL=0" "-e" "RUST_BACKTRACE=full" "-e" "RUSTFLAGS=--cap-lints=forbid" "-e" "CARGO_HOME=/opt/rustwide/cargo-home" "-e" "RUSTUP_HOME=/opt/rustwide/rustup-home" "-w" "/opt/rustwide/workdir" "-m" "1610612736" "--user" "0:0" "--network" "none" "rustops/crates-build-env@sha256:a636fd89d022f18117e1dc8fb37a0a009933cdbbe082814857f0e2024962d47c" "/opt/rustwide/cargo-home/bin/cargo" "+beta-2020-07-24" "check" "--frozen" "--all" "--all-targets" "--message-format=json", kill_on_drop: false }`
[INFO] [stdout] 6335a101f2118bb202c3f2909a70a5a6b0e03dd7a8dbc5fc54388020804b732e
[INFO] [stderr] WARNING: Your kernel does not support swap limit capabilities or the cgroup is not mounted. Memory limited without swap.
[INFO] running `Command { std: "docker" "start" "-a" "6335a101f2118bb202c3f2909a70a5a6b0e03dd7a8dbc5fc54388020804b732e", kill_on_drop: false }`
[INFO] [stderr] warning: unused manifest key: path
[INFO] [stderr]    Compiling libc v0.2.66
[INFO] [stderr]    Compiling syn v1.0.13
[INFO] [stderr]     Checking cfg-if v0.1.10
[INFO] [stderr]    Compiling byteorder v1.3.2
[INFO] [stderr]    Compiling memchr v2.3.0
[INFO] [stderr]    Compiling version_check v0.1.5
[INFO] [stderr]    Compiling semver-parser v0.7.0
[INFO] [stderr]    Compiling glob v0.3.0
[INFO] [stderr]    Compiling serde v1.0.104
[INFO] [stderr]     Checking untrusted v0.7.0
[INFO] [stderr]     Checking itoa v0.4.4
[INFO] [stderr]    Compiling build_const v0.2.1
[INFO] [stderr]     Checking futures-core v0.3.4
[INFO] [stderr]    Compiling ryu v1.0.2
[INFO] [stderr]    Compiling typenum v1.11.2
[INFO] [stderr]    Compiling proc-macro-nested v0.1.3
[INFO] [stderr]    Compiling arrayvec v0.4.12
[INFO] [stderr]    Compiling unicode-width v0.1.7
[INFO] [stderr]     Checking matches v0.1.8
[INFO] [stderr]    Compiling getrandom v0.1.14
[INFO] [stderr]    Compiling quick-error v1.2.3
[INFO] [stderr]    Compiling httparse v1.3.4
[INFO] [stderr]    Compiling regex-syntax v0.6.14
[INFO] [stderr]     Checking nodrop v0.1.14
[INFO] [stderr]    Compiling vec_map v0.8.1
[INFO] [stderr]     Checking futures-task v0.3.4
[INFO] [stderr]    Compiling bindgen v0.51.1
[INFO] [stderr]    Compiling termcolor v1.1.0
[INFO] [stderr]    Compiling strsim v0.8.0
[INFO] [stderr]     Checking dtoa v0.4.4
[INFO] [stderr]     Checking futures-io v0.3.4
[INFO] [stderr]    Compiling ansi_term v0.11.0
[INFO] [stderr]     Checking byte-tools v0.3.1
[INFO] [stderr]     Checking try-lock v0.2.2
[INFO] [stderr]    Compiling peeking_take_while v0.1.2
[INFO] [stderr]     Checking ppv-lite86 v0.2.6
[INFO] [stderr]    Compiling crc32fast v1.2.0
[INFO] [stderr]    Compiling shlex v0.1.1
[INFO] [stderr]     Checking openssl-probe v0.1.2
[INFO] [stderr]     Checking linked-hash-map v0.5.2
[INFO] [stderr]     Checking tower-service v0.3.0
[INFO] [stderr]     Checking static_assertions v0.3.4
[INFO] [stderr]    Compiling pathdiff v0.1.0
[INFO] [stderr]     Checking opaque-debug v0.2.3
[INFO] [stderr]     Checking base64 v0.11.0
[INFO] [stderr]     Checking scopeguard v1.0.0
[INFO] [stderr]     Checking traitobject v0.1.0
[INFO] [stderr]     Checking fake-simd v0.1.2
[INFO] [stderr]     Checking mime v0.3.16
[INFO] [stderr]     Checking utf-8 v0.7.5
[INFO] [stderr]    Compiling serenity v0.8.0
[INFO] [stderr]     Checking uwl v0.5.1
[INFO] [stderr]     Checking podio v0.1.6
[INFO] [stderr]     Checking hound v3.4.0
[INFO] [stderr]    Compiling proc-macro2 v1.0.7
[INFO] [stderr]    Compiling num-integer v0.1.42
[INFO] [stderr]     Checking bimap v0.4.0
[INFO] [stderr]    Compiling unicase v2.6.0
[INFO] [stderr]    Compiling indexmap v1.3.0
[INFO] [stderr]     Checking futures-channel v0.3.4
[INFO] [stderr]    Compiling thread_local v1.0.1
[INFO] [stderr]     Checking http v0.2.0
[INFO] [stderr]    Compiling semver v0.9.0
[INFO] [stderr]     Checking unicode-bidi v0.3.4
[INFO] [stderr]    Compiling textwrap v0.11.0
[INFO] [stderr]    Compiling crc v1.8.1
[INFO] [stderr]    Compiling humantime v1.3.0
[INFO] [stderr]    Compiling nom v4.2.3
[INFO] [stderr]    Compiling nom v5.1.0
[INFO] [stderr]     Checking block-padding v0.1.5
[INFO] [stderr]     Checking miniz_oxide v0.3.5
[INFO] [stderr]     Checking yaml-rust v0.4.3
[INFO] [stderr]    Compiling clang-sys v0.28.1
[INFO] [stderr]     Checking itertools v0.8.2
[INFO] [stderr]     Checking lock_api v0.3.3
[INFO] [stderr]     Checking unsafe-any v0.4.2
[INFO] [stderr]     Checking log v0.4.8
[INFO] [stderr]     Checking fuzzy-matcher v0.3.3
[INFO] [stderr]    Compiling bitflags v1.2.1
[INFO] [stderr]     Checking c2-chacha v0.2.3
[INFO] [stderr]     Checking encoding_rs v0.8.22
[INFO] [stderr]    Compiling rustc_version v0.2.3
[INFO] [stderr]     Checking idna v0.2.0
[INFO] [stderr]     Checking typemap v0.3.3
[INFO] [stderr]     Checking want v0.3.0
[INFO] [stderr]    Compiling aho-corasick v0.7.7
[INFO] [stderr]    Compiling quote v1.0.2
[INFO] [stderr]     Checking base64 v0.10.1
[INFO] [stderr]    Compiling rustc-hash v1.0.1
[INFO] [stderr]     Checking iovec v0.1.4
[INFO] [stderr]     Checking net2 v0.2.33
[INFO] [stderr]     Checking num_cpus v1.11.1
[INFO] [stderr]     Checking time v0.1.42
[INFO] [stderr]     Checking atty v0.2.14
[INFO] [stderr]     Checking flate2 v1.0.13
[INFO] [stderr]     Checking yaz0 v0.1.2
[INFO] [stderr]    Compiling lexical-core v0.4.6
[INFO] [stderr]    Compiling parking_lot_core v0.6.2
[INFO] [stderr]    Compiling parking_lot v0.9.0
[INFO] [stderr]    Compiling jobserver v0.1.21
[INFO] [stderr]    Compiling which v3.1.0
[INFO] [stderr]     Checking generic-array v0.12.3
[INFO] [stderr]    Compiling mime_guess v2.0.1
[INFO] [stderr]     Checking url v2.1.1
[INFO] [stderr]     Checking bytes v0.4.12
[INFO] [stderr]     Checking threadpool v1.7.1
[INFO] [stderr]     Checking clap v2.33.0
[INFO] [stderr]     Checking rand_core v0.5.1
[INFO] [stderr]     Checking mio v0.6.21
[INFO] [stderr]    Compiling cc v1.0.50
[INFO] [stderr]     Checking ddsfile v0.4.0
[INFO] [stderr]     Checking digest v0.8.1
[INFO] [stderr]     Checking block-buffer v0.7.3
[INFO] [stderr]     Checking rand_chacha v0.2.1
[INFO] [stderr]    Compiling regex v1.3.4
[INFO] [stderr]     Checking http-body v0.3.1
[INFO] [stderr]     Checking http v0.1.21
[INFO] [stderr]     Checking input_buffer v0.2.0
[INFO] [stderr]     Checking sha-1 v0.8.2
[INFO] [stderr]     Checking rand v0.7.3
[INFO] [stderr]    Compiling cexpr v0.3.6
[INFO] [stderr]     Checking tokio v0.2.11
[INFO] [stderr]    Compiling ring v0.16.11
[INFO] [stderr]    Compiling libloading v0.5.2
[INFO] [stderr]    Compiling zstd-sys v1.4.15+zstd.1.4.4
[INFO] [stderr]    Compiling bzip2-sys v0.1.7
[INFO] [stderr]    Compiling env_logger v0.6.2
[INFO] [stderr]     Checking tungstenite v0.9.2
[INFO] [stderr]     Checking bzip2 v0.3.3
[INFO] [stderr]     Checking zip v0.5.5
[INFO] [stderr]     Checking tokio-util v0.2.0
[INFO] [stderr]     Checking webpki v0.21.2
[INFO] [stderr]     Checking sct v0.6.0
[INFO] [stderr]     Checking webpki-roots v0.17.0
[INFO] [stderr]     Checking webpki-roots v0.18.0
[INFO] [stderr]     Checking rustls v0.16.0
[INFO] [stderr]     Checking ct-logs v0.6.0
[INFO] [stderr]    Compiling syn-mid v0.4.0
[INFO] [stderr]     Checking rustls-native-certs v0.1.0
[INFO] [stderr]     Checking tokio-rustls v0.12.2
[INFO] [stderr]    Compiling proc-macro-hack v0.5.11
[INFO] [stderr]    Compiling serde_derive v1.0.104
[INFO] [stderr]    Compiling rustversion v1.0.1
[INFO] [stderr]    Compiling pin-project-internal v0.4.8
[INFO] [stderr]    Compiling binwrite_derive v0.2.1
[INFO] [stderr]    Compiling binwrite_derive v0.1.2
[INFO] [stderr]    Compiling command_attr v0.1.7
[INFO] [stderr]    Compiling proc-macro-error v0.4.4
[INFO] [stderr]    Compiling proc-macro-error-attr v0.4.3
[INFO] [stderr]    Compiling futures-macro v0.3.4
[INFO] [stderr]    Compiling paste-impl v0.1.6
[INFO] [stderr]    Compiling compile-time-crc32-impl v0.1.0
[INFO] [stderr]     Checking compile-time-crc32 v0.1.2
[INFO] [stderr]     Checking pin-project v0.4.8
[INFO] [stderr]     Checking paste v0.1.6
[INFO] [stderr]    Compiling structopt-derive v0.4.0
[INFO] [stderr]     Checking binwrite v0.1.5
[INFO] [stderr]     Checking binwrite v0.2.1
[INFO] [stderr]     Checking futures-util v0.3.4
[INFO] [stderr]     Checking nus3audio v1.0.5
[INFO] [stderr]     Checking nutexb v0.0.3
[INFO] [stderr]    Compiling libsamplerate-sys v0.1.7
[INFO] [stderr]     Checking structopt v0.3.7
[INFO] [stderr]     Checking samplerate v0.2.1
[INFO] [stderr]     Checking hash40 v0.3.0
[INFO] [stderr]     Checking serde_urlencoded v0.6.1
[INFO] [stderr]     Checking serde_json v1.0.44
[INFO] [stderr]     Checking serde_yaml v0.8.11
[INFO] [stderr]     Checking chrono v0.4.10
[INFO] [stderr]     Checking h2 v0.2.1
[INFO] [stderr]     Checking motion_list_rs v1.1.0
[INFO] [stderr]     Checking sqb-rs v0.1.0 (https://github.com/BenHall-7/sqb-rs#923495c9)
[INFO] [stderr]     Checking zstd-safe v2.0.3+zstd.1.4.4
[INFO] [stderr]     Checking zstd v0.5.1+zstd.1.4.4
[INFO] [stderr]     Checking sarc v1.1.1
[INFO] [stderr]     Checking hyper v0.13.2
[INFO] [stderr]     Checking hyper-rustls v0.19.1
[INFO] [stderr]     Checking reqwest v0.10.1
[INFO] [stderr]     Checking smush-convert-bot v0.1.0 (/opt/rustwide/workdir)
[INFO] [stdout] error[E0554]: `#![feature]` may not be used on the beta release channel
[INFO] [stdout]  --> src/main.rs:1:1
[INFO] [stdout]   |
[INFO] [stdout] 1 | #![feature(try_trait)]
[INFO] [stdout]   | ^^^^^^^^^^^^^^^^^^^^^^
[INFO] [stdout] 
[INFO] [stdout] 
[INFO] [stdout] error[E0554]: `#![feature]` may not be used on the beta release channel
[INFO] [stdout]  --> src/main.rs:2:1
[INFO] [stdout]   |
[INFO] [stdout] 2 | #![feature(label_break_value)]
[INFO] [stdout]   | ^^^^^^^^^^^^^^^^^^^^^^^^^^^^^^
[INFO] [stdout] 
[INFO] [stdout] 
[INFO] [stdout] error[E0554]: `#![feature]` may not be used on the beta release channel
[INFO] [stdout]  --> src/main.rs:1:1
[INFO] [stdout]   |
[INFO] [stdout] 1 | #![feature(try_trait)]
[INFO] [stdout]   | ^^^^^^^^^^^^^^^^^^^^^^
[INFO] [stdout] 
[INFO] [stdout] 
[INFO] [stdout] error[E0554]: `#![feature]` may not be used on the beta release channel
[INFO] [stdout]  --> src/main.rs:2:1
[INFO] [stdout]   |
[INFO] [stdout] 2 | #![feature(label_break_value)]
[INFO] [stdout]   | ^^^^^^^^^^^^^^^^^^^^^^^^^^^^^^
[INFO] [stdout] 
[INFO] [stdout] 
[INFO] [stdout] warning: unused import: `result::ZipError`
[INFO] [stdout]  --> src/converter/sarc_converter.rs:7:53
[INFO] [stdout]   |
[INFO] [stdout] 7 | use zip::{CompressionMethod, ZipArchive, ZipWriter, result::ZipError, write::FileOptions};
[INFO] [stdout]   |                                                     ^^^^^^^^^^^^^^^^
[INFO] [stdout]   |
[INFO] [stdout]   = note: `#[warn(unused_imports)]` on by default
[INFO] [stdout] 
[INFO] [stdout] 
[INFO] [stdout] warning: unused import: `result::ZipError`
[INFO] [stdout]  --> src/converter/sarc_converter.rs:7:53
[INFO] [stdout]   |
[INFO] [stdout] 7 | use zip::{CompressionMethod, ZipArchive, ZipWriter, result::ZipError, write::FileOptions};
[INFO] [stdout]   |                                                     ^^^^^^^^^^^^^^^^
[INFO] [stdout]   |
[INFO] [stdout]   = note: `#[warn(unused_imports)]` on by default
[INFO] [stdout] 
[INFO] [stdout] 
[INFO] [stdout] error: aborting due to 2 previous errors; 1 warning emitted
[INFO] [stdout] 
[INFO] [stdout] 
[INFO] [stdout] For more information about this error, try `rustc --explain E0554`.
[INFO] [stdout] 
[INFO] [stdout] error: aborting due to 2 previous errors; 1 warning emitted
[INFO] [stdout] 
[INFO] [stdout] 
[INFO] [stdout] For more information about this error, try `rustc --explain E0554`.
[INFO] [stdout] 
[INFO] [stderr] error: could not compile `smush-convert-bot`.
[INFO] [stderr] 
[INFO] [stderr] To learn more, run the command again with --verbose.
[INFO] [stderr] warning: build failed, waiting for other jobs to finish...
[INFO] [stderr] error: build failed
[INFO] running `Command { std: "docker" "inspect" "6335a101f2118bb202c3f2909a70a5a6b0e03dd7a8dbc5fc54388020804b732e", kill_on_drop: false }`
[INFO] running `Command { std: "docker" "rm" "-f" "6335a101f2118bb202c3f2909a70a5a6b0e03dd7a8dbc5fc54388020804b732e", kill_on_drop: false }`
[INFO] [stdout] 6335a101f2118bb202c3f2909a70a5a6b0e03dd7a8dbc5fc54388020804b732e
