[INFO] cloning repository https://github.com/j16r/mathtogenerics
[INFO] running `Command { std: "git" "-c" "credential.helper=" "-c" "credential.helper=/workspace/cargo-home/bin/git-credential-null" "clone" "--bare" "https://github.com/j16r/mathtogenerics" "/workspace/cache/git-repos/https%3A%2F%2Fgithub.com%2Fj16r%2Fmathtogenerics", kill_on_drop: false }`
[INFO] [stderr] Cloning into bare repository '/workspace/cache/git-repos/https%3A%2F%2Fgithub.com%2Fj16r%2Fmathtogenerics'...
[INFO] running `Command { std: "git" "rev-parse" "HEAD", kill_on_drop: false }`
[INFO] [stdout] cf017178ee20c4f39ab108750858c1a0816ffd32
[INFO] checking j16r/mathtogenerics against beta-2020-07-24 for pr-75494-beta
[INFO] running `Command { std: "git" "clone" "/workspace/cache/git-repos/https%3A%2F%2Fgithub.com%2Fj16r%2Fmathtogenerics" "/workspace/builds/worker-1/source", kill_on_drop: false }`
[INFO] [stderr] Cloning into '/workspace/builds/worker-1/source'...
[INFO] [stderr] done.
[INFO] validating manifest of git repo https://github.com/j16r/mathtogenerics on toolchain beta-2020-07-24
[INFO] running `Command { std: "/workspace/cargo-home/bin/cargo" "+beta-2020-07-24" "read-manifest" "--manifest-path" "Cargo.toml", kill_on_drop: false }`
[INFO] started tweaking git repo https://github.com/j16r/mathtogenerics
[INFO] finished tweaking git repo https://github.com/j16r/mathtogenerics
[INFO] tweaked toml for git repo https://github.com/j16r/mathtogenerics written to /workspace/builds/worker-1/source/Cargo.toml
[INFO] crate git repo https://github.com/j16r/mathtogenerics already has a lockfile, it will not be regenerated
[INFO] running `Command { std: "/workspace/cargo-home/bin/cargo" "+beta-2020-07-24" "fetch" "--locked" "--manifest-path" "Cargo.toml", kill_on_drop: false }`
[INFO] running `Command { std: "docker" "create" "-v" "/var/lib/crater-agent-workspace/builds/worker-1/target:/opt/rustwide/target:rw,Z" "-v" "/var/lib/crater-agent-workspace/builds/worker-1/source:/opt/rustwide/workdir:ro,Z" "-v" "/var/lib/crater-agent-workspace/cargo-home:/opt/rustwide/cargo-home:ro,Z" "-v" "/var/lib/crater-agent-workspace/rustup-home:/opt/rustwide/rustup-home:ro,Z" "-e" "SOURCE_DIR=/opt/rustwide/workdir" "-e" "CARGO_TARGET_DIR=/opt/rustwide/target" "-e" "CARGO_HOME=/opt/rustwide/cargo-home" "-e" "RUSTUP_HOME=/opt/rustwide/rustup-home" "-w" "/opt/rustwide/workdir" "-m" "1610612736" "--user" "0:0" "--network" "none" "rustops/crates-build-env@sha256:a636fd89d022f18117e1dc8fb37a0a009933cdbbe082814857f0e2024962d47c" "/opt/rustwide/cargo-home/bin/cargo" "+beta-2020-07-24" "metadata" "--no-deps" "--format-version=1", kill_on_drop: false }`
[INFO] [stdout] 0517e569ac92077af92012bc7df9da34dc94a8613180c43109483aa48099ea81
[INFO] [stderr] WARNING: Your kernel does not support swap limit capabilities or the cgroup is not mounted. Memory limited without swap.
[INFO] running `Command { std: "docker" "start" "-a" "0517e569ac92077af92012bc7df9da34dc94a8613180c43109483aa48099ea81", kill_on_drop: false }`
[INFO] running `Command { std: "docker" "inspect" "0517e569ac92077af92012bc7df9da34dc94a8613180c43109483aa48099ea81", kill_on_drop: false }`
[INFO] running `Command { std: "docker" "rm" "-f" "0517e569ac92077af92012bc7df9da34dc94a8613180c43109483aa48099ea81", kill_on_drop: false }`
[INFO] [stdout] 0517e569ac92077af92012bc7df9da34dc94a8613180c43109483aa48099ea81
[INFO] running `Command { std: "docker" "create" "-v" "/var/lib/crater-agent-workspace/builds/worker-1/target:/opt/rustwide/target:rw,Z" "-v" "/var/lib/crater-agent-workspace/builds/worker-1/source:/opt/rustwide/workdir:ro,Z" "-v" "/var/lib/crater-agent-workspace/cargo-home:/opt/rustwide/cargo-home:ro,Z" "-v" "/var/lib/crater-agent-workspace/rustup-home:/opt/rustwide/rustup-home:ro,Z" "-e" "SOURCE_DIR=/opt/rustwide/workdir" "-e" "CARGO_TARGET_DIR=/opt/rustwide/target" "-e" "CARGO_INCREMENTAL=0" "-e" "RUST_BACKTRACE=full" "-e" "RUSTFLAGS=--cap-lints=forbid" "-e" "CARGO_HOME=/opt/rustwide/cargo-home" "-e" "RUSTUP_HOME=/opt/rustwide/rustup-home" "-w" "/opt/rustwide/workdir" "-m" "1610612736" "--user" "0:0" "--network" "none" "rustops/crates-build-env@sha256:a636fd89d022f18117e1dc8fb37a0a009933cdbbe082814857f0e2024962d47c" "/opt/rustwide/cargo-home/bin/cargo" "+beta-2020-07-24" "check" "--frozen" "--all" "--all-targets" "--message-format=json", kill_on_drop: false }`
[INFO] [stderr] WARNING: Your kernel does not support swap limit capabilities or the cgroup is not mounted. Memory limited without swap.
[INFO] [stdout] 031f46c1119f6ec4b2b3722dec0eeb9ce0b6130762f0f8864cdeab66fba2220b
[INFO] running `Command { std: "docker" "start" "-a" "031f46c1119f6ec4b2b3722dec0eeb9ce0b6130762f0f8864cdeab66fba2220b", kill_on_drop: false }`
[INFO] [stderr]     Checking mathtogenerics v0.0.0 (/opt/rustwide/workdir)
[INFO] [stdout] error[E0554]: `#![feature]` may not be used on the beta release channel
[INFO] [stdout]  --> src/main.rs:1:1
[INFO] [stdout]   |
[INFO] [stdout] 1 | #![feature(test)]
[INFO] [stdout]   | ^^^^^^^^^^^^^^^^^
[INFO] [stdout] 
[INFO] [stdout] 
[INFO] [stdout] error[E0107]: wrong number of type arguments: expected 1, found 0
[INFO] [stdout]   --> src/primes.rs:51:9
[INFO] [stdout]    |
[INFO] [stdout] 51 | impl<T> RandomAccessIterator for Vec<T> {
[INFO] [stdout]    |         ^^^^^^^^^^^^^^^^^^^^ expected 1 type argument
[INFO] [stdout] 
[INFO] [stdout] 
[INFO] [stdout] error[E0107]: wrong number of type arguments: expected 1, found 0
[INFO] [stdout]   --> src/primes.rs:66:18
[INFO] [stdout]    |
[INFO] [stdout] 66 | fn mark_sieve<I: RandomAccessIterator<Item=bool>>(iter: I, mut begin: usize, end: usize, factor: usize) {
[INFO] [stdout]    |                  ^^^^^^^^^^^^^^^^^^^^^^^^^^^^^^^ expected 1 type argument
[INFO] [stdout] 
[INFO] [stdout] 
[INFO] [stdout] error: aborting due to 3 previous errors
[INFO] [stdout] 
[INFO] [stdout] 
[INFO] [stdout] Some errors have detailed explanations: E0107, E0554.
[INFO] [stdout] 
[INFO] [stdout] For more information about an error, try `rustc --explain E0107`.
[INFO] [stdout] 
[INFO] [stdout] error[E0554]: `#![feature]` may not be used on the beta release channel
[INFO] [stdout]  --> src/main.rs:1:1
[INFO] [stdout]   |
[INFO] [stdout] 1 | #![feature(test)]
[INFO] [stdout]   | ^^^^^^^^^^^^^^^^^
[INFO] [stdout] 
[INFO] [stdout] 
[INFO] [stderr] error: could not compile `mathtogenerics`.
[INFO] [stderr] 
[INFO] [stderr] To learn more, run the command again with --verbose.
[INFO] [stderr] warning: build failed, waiting for other jobs to finish...
[INFO] [stdout] warning: unused import: `self::test::Bencher`
[INFO] [stdout]  --> src/multiply.rs:5:5
[INFO] [stdout]   |
[INFO] [stdout] 5 | use self::test::Bencher;
[INFO] [stdout]   |     ^^^^^^^^^^^^^^^^^^^
[INFO] [stdout]   |
[INFO] [stdout]   = note: `#[warn(unused_imports)]` on by default
[INFO] [stdout] 
[INFO] [stdout] 
[INFO] [stdout] error[E0601]: `main` function not found in crate `mathtogenerics`
[INFO] [stdout]  --> src/main.rs:1:1
[INFO] [stdout]   |
[INFO] [stdout] 1 | / #![feature(test)]
[INFO] [stdout] 2 | |
[INFO] [stdout] 3 | | mod multiply;
[INFO] [stdout] 4 | | mod primes;
[INFO] [stdout]   | |___________^ consider adding a `main` function to `src/main.rs`
[INFO] [stdout] 
[INFO] [stdout] 
[INFO] [stdout] error[E0107]: wrong number of type arguments: expected 1, found 0
[INFO] [stdout]   --> src/primes.rs:51:9
[INFO] [stdout]    |
[INFO] [stdout] 51 | impl<T> RandomAccessIterator for Vec<T> {
[INFO] [stdout]    |         ^^^^^^^^^^^^^^^^^^^^ expected 1 type argument
[INFO] [stdout] 
[INFO] [stdout] 
[INFO] [stdout] error[E0107]: wrong number of type arguments: expected 1, found 0
[INFO] [stdout]   --> src/primes.rs:66:18
[INFO] [stdout]    |
[INFO] [stdout] 66 | fn mark_sieve<I: RandomAccessIterator<Item=bool>>(iter: I, mut begin: usize, end: usize, factor: usize) {
[INFO] [stdout]    |                  ^^^^^^^^^^^^^^^^^^^^^^^^^^^^^^^ expected 1 type argument
[INFO] [stdout] 
[INFO] [stdout] 
[INFO] [stdout] error: aborting due to 4 previous errors; 1 warning emitted
[INFO] [stdout] 
[INFO] [stdout] 
[INFO] [stdout] Some errors have detailed explanations: E0107, E0554, E0601.
[INFO] [stdout] 
[INFO] [stdout] For more information about an error, try `rustc --explain E0107`.
[INFO] [stdout] 
[INFO] [stderr] error: build failed
[INFO] running `Command { std: "docker" "inspect" "031f46c1119f6ec4b2b3722dec0eeb9ce0b6130762f0f8864cdeab66fba2220b", kill_on_drop: false }`
[INFO] running `Command { std: "docker" "rm" "-f" "031f46c1119f6ec4b2b3722dec0eeb9ce0b6130762f0f8864cdeab66fba2220b", kill_on_drop: false }`
[INFO] [stdout] 031f46c1119f6ec4b2b3722dec0eeb9ce0b6130762f0f8864cdeab66fba2220b
