[INFO] cloning repository https://github.com/iPTF14hls/rust_sorting_algorithms
[INFO] running `Command { std: "git" "-c" "credential.helper=" "-c" "credential.helper=/workspace/cargo-home/bin/git-credential-null" "clone" "--bare" "https://github.com/iPTF14hls/rust_sorting_algorithms" "/workspace/cache/git-repos/https%3A%2F%2Fgithub.com%2FiPTF14hls%2Frust_sorting_algorithms", kill_on_drop: false }`
[INFO] [stderr] Cloning into bare repository '/workspace/cache/git-repos/https%3A%2F%2Fgithub.com%2FiPTF14hls%2Frust_sorting_algorithms'...
[INFO] running `Command { std: "git" "rev-parse" "HEAD", kill_on_drop: false }`
[INFO] [stdout] fa220b5d409221d7e4b5b3663360ae30037aa5c1
[INFO] checking iPTF14hls/rust_sorting_algorithms against beta-2020-07-24 for pr-75494-beta
[INFO] running `Command { std: "git" "clone" "/workspace/cache/git-repos/https%3A%2F%2Fgithub.com%2FiPTF14hls%2Frust_sorting_algorithms" "/workspace/builds/worker-8/source", kill_on_drop: false }`
[INFO] [stderr] Cloning into '/workspace/builds/worker-8/source'...
[INFO] [stderr] done.
[INFO] validating manifest of git repo https://github.com/iPTF14hls/rust_sorting_algorithms on toolchain beta-2020-07-24
[INFO] running `Command { std: "/workspace/cargo-home/bin/cargo" "+beta-2020-07-24" "read-manifest" "--manifest-path" "Cargo.toml", kill_on_drop: false }`
[INFO] started tweaking git repo https://github.com/iPTF14hls/rust_sorting_algorithms
[INFO] finished tweaking git repo https://github.com/iPTF14hls/rust_sorting_algorithms
[INFO] tweaked toml for git repo https://github.com/iPTF14hls/rust_sorting_algorithms written to /workspace/builds/worker-8/source/Cargo.toml
[INFO] crate git repo https://github.com/iPTF14hls/rust_sorting_algorithms already has a lockfile, it will not be regenerated
[INFO] running `Command { std: "/workspace/cargo-home/bin/cargo" "+beta-2020-07-24" "fetch" "--locked" "--manifest-path" "Cargo.toml", kill_on_drop: false }`
[INFO] [stderr]     Blocking waiting for file lock on package cache
[INFO] running `Command { std: "docker" "create" "-v" "/var/lib/crater-agent-workspace/builds/worker-8/target:/opt/rustwide/target:rw,Z" "-v" "/var/lib/crater-agent-workspace/builds/worker-8/source:/opt/rustwide/workdir:ro,Z" "-v" "/var/lib/crater-agent-workspace/cargo-home:/opt/rustwide/cargo-home:ro,Z" "-v" "/var/lib/crater-agent-workspace/rustup-home:/opt/rustwide/rustup-home:ro,Z" "-e" "SOURCE_DIR=/opt/rustwide/workdir" "-e" "CARGO_TARGET_DIR=/opt/rustwide/target" "-e" "CARGO_HOME=/opt/rustwide/cargo-home" "-e" "RUSTUP_HOME=/opt/rustwide/rustup-home" "-w" "/opt/rustwide/workdir" "-m" "1610612736" "--user" "0:0" "--network" "none" "rustops/crates-build-env@sha256:a636fd89d022f18117e1dc8fb37a0a009933cdbbe082814857f0e2024962d47c" "/opt/rustwide/cargo-home/bin/cargo" "+beta-2020-07-24" "metadata" "--no-deps" "--format-version=1", kill_on_drop: false }`
[INFO] [stdout] 301c00e11f138904b760bcc81a08e941d30eefe0c97b76d06ba713241f6029b2
[INFO] [stderr] WARNING: Your kernel does not support swap limit capabilities or the cgroup is not mounted. Memory limited without swap.
[INFO] running `Command { std: "docker" "start" "-a" "301c00e11f138904b760bcc81a08e941d30eefe0c97b76d06ba713241f6029b2", kill_on_drop: false }`
[INFO] running `Command { std: "docker" "inspect" "301c00e11f138904b760bcc81a08e941d30eefe0c97b76d06ba713241f6029b2", kill_on_drop: false }`
[INFO] running `Command { std: "docker" "rm" "-f" "301c00e11f138904b760bcc81a08e941d30eefe0c97b76d06ba713241f6029b2", kill_on_drop: false }`
[INFO] [stdout] 301c00e11f138904b760bcc81a08e941d30eefe0c97b76d06ba713241f6029b2
[INFO] running `Command { std: "docker" "create" "-v" "/var/lib/crater-agent-workspace/builds/worker-8/target:/opt/rustwide/target:rw,Z" "-v" "/var/lib/crater-agent-workspace/builds/worker-8/source:/opt/rustwide/workdir:ro,Z" "-v" "/var/lib/crater-agent-workspace/cargo-home:/opt/rustwide/cargo-home:ro,Z" "-v" "/var/lib/crater-agent-workspace/rustup-home:/opt/rustwide/rustup-home:ro,Z" "-e" "SOURCE_DIR=/opt/rustwide/workdir" "-e" "CARGO_TARGET_DIR=/opt/rustwide/target" "-e" "CARGO_INCREMENTAL=0" "-e" "RUST_BACKTRACE=full" "-e" "RUSTFLAGS=--cap-lints=forbid" "-e" "CARGO_HOME=/opt/rustwide/cargo-home" "-e" "RUSTUP_HOME=/opt/rustwide/rustup-home" "-w" "/opt/rustwide/workdir" "-m" "1610612736" "--user" "0:0" "--network" "none" "rustops/crates-build-env@sha256:a636fd89d022f18117e1dc8fb37a0a009933cdbbe082814857f0e2024962d47c" "/opt/rustwide/cargo-home/bin/cargo" "+beta-2020-07-24" "check" "--frozen" "--all" "--all-targets" "--message-format=json", kill_on_drop: false }`
[INFO] [stderr] WARNING: Your kernel does not support swap limit capabilities or the cgroup is not mounted. Memory limited without swap.
[INFO] [stdout] 29f10ee390e2fe2bf7352569102f6a96cfadc5e12972fec82bdbac0cae12b8e1
[INFO] running `Command { std: "docker" "start" "-a" "29f10ee390e2fe2bf7352569102f6a96cfadc5e12972fec82bdbac0cae12b8e1", kill_on_drop: false }`
[INFO] [stderr]     Checking rand_core v0.4.0
[INFO] [stderr]     Checking cfg-if v0.1.9
[INFO] [stderr]     Checking lazy_static v1.3.0
[INFO] [stderr]    Compiling rayon-core v1.4.1
[INFO] [stderr]     Checking memoffset v0.2.1
[INFO] [stderr]    Compiling rayon v1.0.3
[INFO] [stderr]     Checking either v1.5.2
[INFO] [stderr]     Checking crossbeam-utils v0.2.2
[INFO] [stderr]     Checking crossbeam-epoch v0.3.1
[INFO] [stderr]     Checking rand_core v0.3.1
[INFO] [stderr]     Checking rand_pcg v0.1.2
[INFO] [stderr]     Checking rand_os v0.1.3
[INFO] [stderr]     Checking rand_jitter v0.1.3
[INFO] [stderr]     Checking rand_xorshift v0.1.1
[INFO] [stderr]     Checking rand_chacha v0.1.1
[INFO] [stderr]     Checking rand_isaac v0.1.1
[INFO] [stderr]     Checking rand_hc v0.1.0
[INFO] [stderr]     Checking crossbeam-deque v0.2.0
[INFO] [stderr]     Checking rand v0.6.5
[INFO] [stderr]     Checking merge_sort v0.1.0 (/opt/rustwide/workdir)
[INFO] [stdout] error[E0583]: file not found for module `ts`
[INFO] [stdout]  --> src/lib.rs:9:1
[INFO] [stdout]   |
[INFO] [stdout] 9 | pub mod ts;
[INFO] [stdout]   | ^^^^^^^^^^^
[INFO] [stdout]   |
[INFO] [stdout]   = help: to create the module `ts`, create file "src/ts.rs"
[INFO] [stdout] 
[INFO] [stdout] 
[INFO] [stdout] error[E0583]: file not found for module `ts`
[INFO] [stdout]  --> src/lib.rs:9:1
[INFO] [stdout]   |
[INFO] [stdout] 9 | pub mod ts;
[INFO] [stdout]   | ^^^^^^^^^^^
[INFO] [stdout]   |
[INFO] [stdout]   = help: to create the module `ts`, create file "src/ts.rs"
[INFO] [stdout] 
[INFO] [stdout] 
[INFO] [stdout] error[E0554]: `#![feature]` may not be used on the beta release channel
[INFO] [stdout]  --> src/lib.rs:1:1
[INFO] [stdout]   |
[INFO] [stdout] 1 | #![feature(test, toowned_clone_into)]
[INFO] [stdout]   | ^^^^^^^^^^^^^^^^^^^^^^^^^^^^^^^^^^^^^
[INFO] [stdout] 
[INFO] [stdout] 
[INFO] [stdout] error[E0554]: `#![feature]` may not be used on the beta release channel
[INFO] [stdout]  --> src/lib.rs:1:1
[INFO] [stdout]   |
[INFO] [stdout] 1 | #![feature(test, toowned_clone_into)]
[INFO] [stdout]   | ^^^^^^^^^^^^^^^^^^^^^^^^^^^^^^^^^^^^^
[INFO] [stdout] 
[INFO] [stdout] 
[INFO] [stdout] warning: trait objects without an explicit `dyn` are deprecated
[INFO] [stdout]   --> src/lib.rs:21:32
[INFO] [stdout]    |
[INFO] [stdout] 21 |     pub fn sort_testing(sort: &Fn(&mut [usize]), len: usize, b: &mut Bencher) {
[INFO] [stdout]    |                                ^^^^^^^^^^^^^^^^ help: use `dyn`: `dyn Fn(&mut [usize])`
[INFO] [stdout]    |
[INFO] [stdout]    = note: `#[warn(bare_trait_objects)]` on by default
[INFO] [stdout] 
[INFO] [stdout] 
[INFO] [stdout] error: aborting due to 2 previous errors
[INFO] [stdout] 
[INFO] [stdout] 
[INFO] [stdout] Some errors have detailed explanations: E0554, E0583.
[INFO] [stdout] 
[INFO] [stdout] For more information about an error, try `rustc --explain E0554`.
[INFO] [stdout] 
[INFO] [stderr] error: could not compile `merge_sort`.
[INFO] [stderr] 
[INFO] [stderr] To learn more, run the command again with --verbose.
[INFO] [stderr] warning: build failed, waiting for other jobs to finish...
[INFO] [stdout] error: aborting due to 2 previous errors; 1 warning emitted
[INFO] [stdout] 
[INFO] [stdout] 
[INFO] [stdout] Some errors have detailed explanations: E0554, E0583.
[INFO] [stdout] 
[INFO] [stdout] For more information about an error, try `rustc --explain E0554`.
[INFO] [stdout] 
[INFO] [stderr] error: build failed
[INFO] running `Command { std: "docker" "inspect" "29f10ee390e2fe2bf7352569102f6a96cfadc5e12972fec82bdbac0cae12b8e1", kill_on_drop: false }`
[INFO] running `Command { std: "docker" "rm" "-f" "29f10ee390e2fe2bf7352569102f6a96cfadc5e12972fec82bdbac0cae12b8e1", kill_on_drop: false }`
[INFO] [stdout] 29f10ee390e2fe2bf7352569102f6a96cfadc5e12972fec82bdbac0cae12b8e1
