[INFO] cloning repository https://github.com/hugecheese/morpheus
[INFO] running `Command { std: "git" "-c" "credential.helper=" "-c" "credential.helper=/workspace/cargo-home/bin/git-credential-null" "clone" "--bare" "https://github.com/hugecheese/morpheus" "/workspace/cache/git-repos/https%3A%2F%2Fgithub.com%2Fhugecheese%2Fmorpheus", kill_on_drop: false }`
[INFO] [stderr] Cloning into bare repository '/workspace/cache/git-repos/https%3A%2F%2Fgithub.com%2Fhugecheese%2Fmorpheus'...
[INFO] running `Command { std: "git" "rev-parse" "HEAD", kill_on_drop: false }`
[INFO] [stdout] 328002a4e21cb18c5316fa059c130cc3c2d784aa
[INFO] checking hugecheese/morpheus against beta-2020-07-24 for pr-75494-beta
[INFO] running `Command { std: "git" "clone" "/workspace/cache/git-repos/https%3A%2F%2Fgithub.com%2Fhugecheese%2Fmorpheus" "/workspace/builds/worker-2/source", kill_on_drop: false }`
[INFO] [stderr] Cloning into '/workspace/builds/worker-2/source'...
[INFO] [stderr] done.
[INFO] validating manifest of git repo https://github.com/hugecheese/morpheus on toolchain beta-2020-07-24
[INFO] running `Command { std: "/workspace/cargo-home/bin/cargo" "+beta-2020-07-24" "read-manifest" "--manifest-path" "Cargo.toml", kill_on_drop: false }`
[INFO] started tweaking git repo https://github.com/hugecheese/morpheus
[INFO] finished tweaking git repo https://github.com/hugecheese/morpheus
[INFO] tweaked toml for git repo https://github.com/hugecheese/morpheus written to /workspace/builds/worker-2/source/Cargo.toml
[INFO] crate git repo https://github.com/hugecheese/morpheus already has a lockfile, it will not be regenerated
[INFO] running `Command { std: "/workspace/cargo-home/bin/cargo" "+beta-2020-07-24" "fetch" "--locked" "--manifest-path" "Cargo.toml", kill_on_drop: false }`
[INFO] [stderr]     Blocking waiting for file lock on package cache
[INFO] [stderr]     Blocking waiting for file lock on package cache
[INFO] running `Command { std: "docker" "create" "-v" "/var/lib/crater-agent-workspace/builds/worker-2/target:/opt/rustwide/target:rw,Z" "-v" "/var/lib/crater-agent-workspace/builds/worker-2/source:/opt/rustwide/workdir:ro,Z" "-v" "/var/lib/crater-agent-workspace/cargo-home:/opt/rustwide/cargo-home:ro,Z" "-v" "/var/lib/crater-agent-workspace/rustup-home:/opt/rustwide/rustup-home:ro,Z" "-e" "SOURCE_DIR=/opt/rustwide/workdir" "-e" "CARGO_TARGET_DIR=/opt/rustwide/target" "-e" "CARGO_HOME=/opt/rustwide/cargo-home" "-e" "RUSTUP_HOME=/opt/rustwide/rustup-home" "-w" "/opt/rustwide/workdir" "-m" "1610612736" "--user" "0:0" "--network" "none" "rustops/crates-build-env@sha256:a636fd89d022f18117e1dc8fb37a0a009933cdbbe082814857f0e2024962d47c" "/opt/rustwide/cargo-home/bin/cargo" "+beta-2020-07-24" "metadata" "--no-deps" "--format-version=1", kill_on_drop: false }`
[INFO] [stdout] 6d542e4883df8ee9bfbb55d24d3a25467751da26a71842f09df9c1a447bb59f1
[INFO] [stderr] WARNING: Your kernel does not support swap limit capabilities or the cgroup is not mounted. Memory limited without swap.
[INFO] running `Command { std: "docker" "start" "-a" "6d542e4883df8ee9bfbb55d24d3a25467751da26a71842f09df9c1a447bb59f1", kill_on_drop: false }`
[INFO] running `Command { std: "docker" "inspect" "6d542e4883df8ee9bfbb55d24d3a25467751da26a71842f09df9c1a447bb59f1", kill_on_drop: false }`
[INFO] running `Command { std: "docker" "rm" "-f" "6d542e4883df8ee9bfbb55d24d3a25467751da26a71842f09df9c1a447bb59f1", kill_on_drop: false }`
[INFO] [stdout] 6d542e4883df8ee9bfbb55d24d3a25467751da26a71842f09df9c1a447bb59f1
[INFO] running `Command { std: "docker" "create" "-v" "/var/lib/crater-agent-workspace/builds/worker-2/target:/opt/rustwide/target:rw,Z" "-v" "/var/lib/crater-agent-workspace/builds/worker-2/source:/opt/rustwide/workdir:ro,Z" "-v" "/var/lib/crater-agent-workspace/cargo-home:/opt/rustwide/cargo-home:ro,Z" "-v" "/var/lib/crater-agent-workspace/rustup-home:/opt/rustwide/rustup-home:ro,Z" "-e" "SOURCE_DIR=/opt/rustwide/workdir" "-e" "CARGO_TARGET_DIR=/opt/rustwide/target" "-e" "CARGO_INCREMENTAL=0" "-e" "RUST_BACKTRACE=full" "-e" "RUSTFLAGS=--cap-lints=forbid" "-e" "CARGO_HOME=/opt/rustwide/cargo-home" "-e" "RUSTUP_HOME=/opt/rustwide/rustup-home" "-w" "/opt/rustwide/workdir" "-m" "1610612736" "--user" "0:0" "--network" "none" "rustops/crates-build-env@sha256:a636fd89d022f18117e1dc8fb37a0a009933cdbbe082814857f0e2024962d47c" "/opt/rustwide/cargo-home/bin/cargo" "+beta-2020-07-24" "check" "--frozen" "--all" "--all-targets" "--message-format=json", kill_on_drop: false }`
[INFO] [stdout] cc5072e747121eb51a34a75b0333e232fb232f880cfe6cbb0f03076bfb2a28d2
[INFO] [stderr] WARNING: Your kernel does not support swap limit capabilities or the cgroup is not mounted. Memory limited without swap.
[INFO] running `Command { std: "docker" "start" "-a" "cc5072e747121eb51a34a75b0333e232fb232f880cfe6cbb0f03076bfb2a28d2", kill_on_drop: false }`
[INFO] [stderr]    Compiling libc v0.2.64
[INFO] [stderr]    Compiling syn v1.0.5
[INFO] [stderr]     Checking spin v0.5.2
[INFO] [stderr]    Compiling semver-parser v0.7.0
[INFO] [stderr]    Compiling log v0.4.8
[INFO] [stderr]    Compiling byteorder v1.3.2
[INFO] [stderr]     Checking futures-core-preview v0.3.0-alpha.19
[INFO] [stderr]    Compiling memchr v2.2.1
[INFO] [stderr]     Checking futures-sink-preview v0.3.0-alpha.19
[INFO] [stderr]     Checking pin-utils v0.1.0-alpha.4
[INFO] [stderr]     Checking smallvec v0.6.10
[INFO] [stderr]    Compiling cc v1.0.46
[INFO] [stderr]     Checking itoa v0.4.4
[INFO] [stderr]    Compiling version_check v0.1.5
[INFO] [stderr]     Checking matches v0.1.8
[INFO] [stderr]    Compiling getrandom v0.1.12
[INFO] [stderr]    Compiling native-tls v0.2.3
[INFO] [stderr]    Compiling ryu v1.0.2
[INFO] [stderr]     Checking tower-service v0.3.0-alpha.2
[INFO] [stderr]     Checking ppv-lite86 v0.2.5
[INFO] [stderr]     Checking unicode-bidi v0.3.4
[INFO] [stderr]     Checking lazy_static v1.4.0
[INFO] [stderr]     Checking futures-channel-preview v0.3.0-alpha.19
[INFO] [stderr]    Compiling proc-macro2 v1.0.5
[INFO] [stderr]     Checking unicode-normalization v0.1.8
[INFO] [stderr]    Compiling semver v0.9.0
[INFO] [stderr]     Checking encoding_rs v0.8.20
[INFO] [stderr]     Checking crossbeam-utils v0.6.6
[INFO] [stderr]     Checking tracing-core v0.1.6
[INFO] [stderr]     Checking futures-util-preview v0.3.0-alpha.19
[INFO] [stderr]    Compiling unicase v2.5.1
[INFO] [stderr]     Checking want v0.3.0
[INFO] [stderr]     Checking c2-chacha v0.2.2
[INFO] [stderr]    Compiling rustc_version v0.2.3
[INFO] [stderr]     Checking crossbeam-queue v0.1.2
[INFO] [stderr]     Checking crossbeam-channel v0.3.9
[INFO] [stderr]    Compiling memoffset v0.5.1
[INFO] [stderr]    Compiling parking_lot_core v0.6.2
[INFO] [stderr]    Compiling parking_lot v0.9.0
[INFO] [stderr]     Checking base64 v0.10.1
[INFO] [stderr]    Compiling quote v1.0.2
[INFO] [stderr]    Compiling mime_guess v2.0.1
[INFO] [stderr]     Checking iovec v0.1.4
[INFO] [stderr]     Checking num_cpus v1.10.1
[INFO] [stderr]     Checking net2 v0.2.33
[INFO] [stderr]     Checking rand_os v0.1.3
[INFO] [stderr]     Checking time v0.1.42
[INFO] [stderr]     Checking bytes v0.4.12
[INFO] [stderr]     Checking idna v0.2.0
[INFO] [stderr]    Compiling openssl-sys v0.9.51
[INFO] [stderr]     Checking rand v0.6.5
[INFO] [stderr]     Checking mio v0.6.19
[INFO] [stderr]     Checking rand_core v0.5.1
[INFO] [stderr]     Checking crossbeam-epoch v0.7.2
[INFO] [stderr]     Checking http v0.1.19
[INFO] [stderr]     Checking string v0.2.1
[INFO] [stderr]     Checking rand_chacha v0.2.1
[INFO] [stderr]     Checking crossbeam-deque v0.7.1
[INFO] [stderr]     Checking rand v0.7.2
[INFO] [stderr]     Checking url v2.1.0
[INFO] [stderr]    Compiling openssl v0.10.25
[INFO] [stderr]     Checking tokio-sync v0.2.0-alpha.6
[INFO] [stderr]     Checking mio-uds v0.6.7
[INFO] [stderr]     Checking uuid v0.7.4
[INFO] [stderr]     Checking http-body v0.2.0-alpha.3
[INFO] [stderr]    Compiling pin-project-internal v0.4.4
[INFO] [stderr]    Compiling tracing-attributes v0.1.4
[INFO] [stderr]    Compiling serde_derive v1.0.101
[INFO] [stderr]    Compiling tokio-macros v0.2.0-alpha.6
[INFO] [stderr]     Checking tracing v0.1.9
[INFO] [stderr]     Checking tokio-executor v0.2.0-alpha.6
[INFO] [stderr]     Checking pin-project v0.4.4
[INFO] [stderr]     Checking tokio-io v0.2.0-alpha.6
[INFO] [stderr]     Checking tokio-codec v0.2.0-alpha.6
[INFO] [stderr]     Checking tower-make v0.3.0-alpha.2a
[INFO] [stderr]     Checking tokio-tls v0.3.0-alpha.6
[INFO] [stderr]     Checking h2 v0.2.0-alpha.3
[INFO] [stderr]     Checking tokio-net v0.2.0-alpha.6
[INFO] [stderr]     Checking tokio-timer v0.3.0-alpha.6
[INFO] [stderr]     Checking tokio-fs v0.2.0-alpha.6
[INFO] [stderr]     Checking tokio v0.2.0-alpha.6
[INFO] [stderr]     Checking hyper v0.13.0-alpha.4
[INFO] [stderr]     Checking serde v1.0.101
[INFO] [stderr]     Checking hyper-tls v0.4.0-alpha.4
[INFO] [stderr]     Checking serde_urlencoded v0.6.1
[INFO] [stderr]     Checking serde_json v1.0.41
[INFO] [stderr]     Checking reqwest v0.10.0-alpha.1
[INFO] [stderr]     Checking morpheus v0.1.0 (/opt/rustwide/workdir)
[INFO] [stdout] error: environment variable `MATRIX_TOKEN` not defined
[INFO] [stdout]   --> src/main.rs:33:29
[INFO] [stdout]    |
[INFO] [stdout] 33 |     let mut c = Client::new(env!("MATRIX_TOKEN"));
[INFO] [stdout]    |                             ^^^^^^^^^^^^^^^^^^^^
[INFO] [stdout]    |
[INFO] [stdout]    = note: this error originates in a macro (in Nightly builds, run with -Z macro-backtrace for more info)
[INFO] [stdout] 
[INFO] [stdout] 
[INFO] [stdout] error: environment variable `MATRIX_TOKEN` not defined
[INFO] [stdout]   --> src/main.rs:33:29
[INFO] [stdout]    |
[INFO] [stdout] 33 |     let mut c = Client::new(env!("MATRIX_TOKEN"));
[INFO] [stdout]    |                             ^^^^^^^^^^^^^^^^^^^^
[INFO] [stdout]    |
[INFO] [stdout]    = note: this error originates in a macro (in Nightly builds, run with -Z macro-backtrace for more info)
[INFO] [stdout] 
[INFO] [stdout] 
[INFO] [stdout] error[E0554]: `#![feature]` may not be used on the beta release channel
[INFO] [stdout]   --> src/main.rs:20:1
[INFO] [stdout]    |
[INFO] [stdout] 20 | #![feature(decl_macro)]
[INFO] [stdout]    | ^^^^^^^^^^^^^^^^^^^^^^^
[INFO] [stdout] 
[INFO] [stdout] 
[INFO] [stdout] error[E0554]: `#![feature]` may not be used on the beta release channel
[INFO] [stdout]   --> src/main.rs:21:1
[INFO] [stdout]    |
[INFO] [stdout] 21 | #![feature(type_alias_impl_trait)]
[INFO] [stdout]    | ^^^^^^^^^^^^^^^^^^^^^^^^^^^^^^^^^^
[INFO] [stdout] 
[INFO] [stdout] 
[INFO] [stdout] error[E0554]: `#![feature]` may not be used on the beta release channel
[INFO] [stdout]   --> src/main.rs:22:1
[INFO] [stdout]    |
[INFO] [stdout] 22 | #![feature(async_closure)]
[INFO] [stdout]    | ^^^^^^^^^^^^^^^^^^^^^^^^^^
[INFO] [stdout] 
[INFO] [stdout] 
[INFO] [stdout] error[E0554]: `#![feature]` may not be used on the beta release channel
[INFO] [stdout]   --> src/main.rs:20:1
[INFO] [stdout]    |
[INFO] [stdout] 20 | #![feature(decl_macro)]
[INFO] [stdout]    | ^^^^^^^^^^^^^^^^^^^^^^^
[INFO] [stdout] 
[INFO] [stdout] 
[INFO] [stdout] error[E0554]: `#![feature]` may not be used on the beta release channel
[INFO] [stdout]   --> src/main.rs:21:1
[INFO] [stdout]    |
[INFO] [stdout] 21 | #![feature(type_alias_impl_trait)]
[INFO] [stdout]    | ^^^^^^^^^^^^^^^^^^^^^^^^^^^^^^^^^^
[INFO] [stdout] 
[INFO] [stdout] 
[INFO] [stdout] error[E0554]: `#![feature]` may not be used on the beta release channel
[INFO] [stdout]   --> src/main.rs:22:1
[INFO] [stdout]    |
[INFO] [stdout] 22 | #![feature(async_closure)]
[INFO] [stdout]    | ^^^^^^^^^^^^^^^^^^^^^^^^^^
[INFO] [stdout] 
[INFO] [stdout] 
[INFO] [stdout] error: aborting due to 4 previous errors
[INFO] [stdout] 
[INFO] [stdout] 
[INFO] [stdout] For more information about this error, try `rustc --explain E0554`.
[INFO] [stdout] 
[INFO] [stderr] error: could not compile `morpheus`.
[INFO] [stderr] 
[INFO] [stderr] To learn more, run the command again with --verbose.
[INFO] [stderr] warning: build failed, waiting for other jobs to finish...
[INFO] [stdout] error: aborting due to 4 previous errors
[INFO] [stdout] 
[INFO] [stdout] 
[INFO] [stdout] For more information about this error, try `rustc --explain E0554`.
[INFO] [stdout] 
[INFO] [stderr] error: build failed
[INFO] running `Command { std: "docker" "inspect" "cc5072e747121eb51a34a75b0333e232fb232f880cfe6cbb0f03076bfb2a28d2", kill_on_drop: false }`
[INFO] running `Command { std: "docker" "rm" "-f" "cc5072e747121eb51a34a75b0333e232fb232f880cfe6cbb0f03076bfb2a28d2", kill_on_drop: false }`
[INFO] [stdout] cc5072e747121eb51a34a75b0333e232fb232f880cfe6cbb0f03076bfb2a28d2
