[INFO] cloning repository https://github.com/gruberb/ynab_doctor_rust
[INFO] running `Command { std: "git" "-c" "credential.helper=" "-c" "credential.helper=/workspace/cargo-home/bin/git-credential-null" "clone" "--bare" "https://github.com/gruberb/ynab_doctor_rust" "/workspace/cache/git-repos/https%3A%2F%2Fgithub.com%2Fgruberb%2Fynab_doctor_rust", kill_on_drop: false }`
[INFO] [stderr] Cloning into bare repository '/workspace/cache/git-repos/https%3A%2F%2Fgithub.com%2Fgruberb%2Fynab_doctor_rust'...
[INFO] running `Command { std: "git" "rev-parse" "HEAD", kill_on_drop: false }`
[INFO] [stdout] 62ade82c6c2f0c95a2232c3c1264feed9f99b62d
[INFO] checking gruberb/ynab_doctor_rust against beta-2020-07-24 for pr-75494-beta
[INFO] running `Command { std: "git" "clone" "/workspace/cache/git-repos/https%3A%2F%2Fgithub.com%2Fgruberb%2Fynab_doctor_rust" "/workspace/builds/worker-7/source", kill_on_drop: false }`
[INFO] [stderr] Cloning into '/workspace/builds/worker-7/source'...
[INFO] [stderr] done.
[INFO] validating manifest of git repo https://github.com/gruberb/ynab_doctor_rust on toolchain beta-2020-07-24
[INFO] running `Command { std: "/workspace/cargo-home/bin/cargo" "+beta-2020-07-24" "read-manifest" "--manifest-path" "Cargo.toml", kill_on_drop: false }`
[INFO] started tweaking git repo https://github.com/gruberb/ynab_doctor_rust
[INFO] finished tweaking git repo https://github.com/gruberb/ynab_doctor_rust
[INFO] tweaked toml for git repo https://github.com/gruberb/ynab_doctor_rust written to /workspace/builds/worker-7/source/Cargo.toml
[INFO] crate git repo https://github.com/gruberb/ynab_doctor_rust already has a lockfile, it will not be regenerated
[INFO] running `Command { std: "/workspace/cargo-home/bin/cargo" "+beta-2020-07-24" "fetch" "--locked" "--manifest-path" "Cargo.toml", kill_on_drop: false }`
[INFO] [stderr]     Blocking waiting for file lock on package cache
[INFO] [stderr]     Blocking waiting for file lock on package cache
[INFO] running `Command { std: "docker" "create" "-v" "/var/lib/crater-agent-workspace/builds/worker-7/target:/opt/rustwide/target:rw,Z" "-v" "/var/lib/crater-agent-workspace/builds/worker-7/source:/opt/rustwide/workdir:ro,Z" "-v" "/var/lib/crater-agent-workspace/cargo-home:/opt/rustwide/cargo-home:ro,Z" "-v" "/var/lib/crater-agent-workspace/rustup-home:/opt/rustwide/rustup-home:ro,Z" "-e" "SOURCE_DIR=/opt/rustwide/workdir" "-e" "CARGO_TARGET_DIR=/opt/rustwide/target" "-e" "CARGO_HOME=/opt/rustwide/cargo-home" "-e" "RUSTUP_HOME=/opt/rustwide/rustup-home" "-w" "/opt/rustwide/workdir" "-m" "1610612736" "--user" "0:0" "--network" "none" "rustops/crates-build-env@sha256:a636fd89d022f18117e1dc8fb37a0a009933cdbbe082814857f0e2024962d47c" "/opt/rustwide/cargo-home/bin/cargo" "+beta-2020-07-24" "metadata" "--no-deps" "--format-version=1", kill_on_drop: false }`
[INFO] [stdout] f09a7310179e674a74a59734ceb884798124fe854e3db8985c2a7e3493a0807e
[INFO] [stderr] WARNING: Your kernel does not support swap limit capabilities or the cgroup is not mounted. Memory limited without swap.
[INFO] running `Command { std: "docker" "start" "-a" "f09a7310179e674a74a59734ceb884798124fe854e3db8985c2a7e3493a0807e", kill_on_drop: false }`
[INFO] running `Command { std: "docker" "inspect" "f09a7310179e674a74a59734ceb884798124fe854e3db8985c2a7e3493a0807e", kill_on_drop: false }`
[INFO] running `Command { std: "docker" "rm" "-f" "f09a7310179e674a74a59734ceb884798124fe854e3db8985c2a7e3493a0807e", kill_on_drop: false }`
[INFO] [stdout] f09a7310179e674a74a59734ceb884798124fe854e3db8985c2a7e3493a0807e
[INFO] running `Command { std: "docker" "create" "-v" "/var/lib/crater-agent-workspace/builds/worker-7/target:/opt/rustwide/target:rw,Z" "-v" "/var/lib/crater-agent-workspace/builds/worker-7/source:/opt/rustwide/workdir:ro,Z" "-v" "/var/lib/crater-agent-workspace/cargo-home:/opt/rustwide/cargo-home:ro,Z" "-v" "/var/lib/crater-agent-workspace/rustup-home:/opt/rustwide/rustup-home:ro,Z" "-e" "SOURCE_DIR=/opt/rustwide/workdir" "-e" "CARGO_TARGET_DIR=/opt/rustwide/target" "-e" "CARGO_INCREMENTAL=0" "-e" "RUST_BACKTRACE=full" "-e" "RUSTFLAGS=--cap-lints=forbid" "-e" "CARGO_HOME=/opt/rustwide/cargo-home" "-e" "RUSTUP_HOME=/opt/rustwide/rustup-home" "-w" "/opt/rustwide/workdir" "-m" "1610612736" "--user" "0:0" "--network" "none" "rustops/crates-build-env@sha256:a636fd89d022f18117e1dc8fb37a0a009933cdbbe082814857f0e2024962d47c" "/opt/rustwide/cargo-home/bin/cargo" "+beta-2020-07-24" "check" "--frozen" "--all" "--all-targets" "--message-format=json", kill_on_drop: false }`
[INFO] [stdout] bb44737f9b3f9b8636cc969af5efce872a68f02498c2609a46f7d15b7807affb
[INFO] [stderr] WARNING: Your kernel does not support swap limit capabilities or the cgroup is not mounted. Memory limited without swap.
[INFO] running `Command { std: "docker" "start" "-a" "bb44737f9b3f9b8636cc969af5efce872a68f02498c2609a46f7d15b7807affb", kill_on_drop: false }`
[INFO] [stderr]    Compiling libc v0.2.48
[INFO] [stderr]    Compiling autocfg v0.1.2
[INFO] [stderr]    Compiling semver-parser v0.7.0
[INFO] [stderr]     Checking cfg-if v0.1.6
[INFO] [stderr]     Checking lazy_static v1.2.0
[INFO] [stderr]    Compiling proc-macro2 v0.4.27
[INFO] [stderr]    Compiling byteorder v1.3.1
[INFO] [stderr]    Compiling unicode-xid v0.1.0
[INFO] [stderr]    Compiling siphasher v0.2.3
[INFO] [stderr]     Checking futures v0.1.25
[INFO] [stderr]    Compiling memchr v2.2.0
[INFO] [stderr]    Compiling serde v1.0.88
[INFO] [stderr]     Checking scopeguard v0.3.3
[INFO] [stderr]     Checking stable_deref_trait v1.1.1
[INFO] [stderr]    Compiling typenum v1.10.0
[INFO] [stderr]     Checking either v1.5.1
[INFO] [stderr]     Checking memoffset v0.2.1
[INFO] [stderr]    Compiling byte-tools v0.3.1
[INFO] [stderr]    Compiling cc v1.0.29
[INFO] [stderr]    Compiling ucd-util v0.1.3
[INFO] [stderr]    Compiling proc-macro-nested v0.1.2
[INFO] [stderr]    Compiling utf8-ranges v1.0.2
[INFO] [stderr]     Checking lazycell v1.2.1
[INFO] [stderr]    Compiling precomputed-hash v0.1.1
[INFO] [stderr]     Checking itoa v0.4.3
[INFO] [stderr]    Compiling slog v2.4.1
[INFO] [stderr]    Compiling fixedbitset v0.1.9
[INFO] [stderr]    Compiling strsim v0.7.0
[INFO] [stderr]    Compiling ordermap v0.3.5
[INFO] [stderr]    Compiling fake-simd v0.1.2
[INFO] [stderr]    Compiling opaque-debug v0.2.2
[INFO] [stderr]    Compiling num-integer v0.1.39
[INFO] [stderr]    Compiling bit-vec v0.5.0
[INFO] [stderr]    Compiling new_debug_unreachable v1.0.2
[INFO] [stderr]    Compiling term v0.4.6
[INFO] [stderr]    Compiling lalrpop-util v0.16.3
[INFO] [stderr]    Compiling ryu v0.2.7
[INFO] [stderr]     Checking rustc-demangle v0.1.13
[INFO] [stderr]     Checking fnv v1.0.6
[INFO] [stderr]    Compiling diff v0.1.11
[INFO] [stderr]     Checking remove_dir_all v0.5.1
[INFO] [stderr]     Checking try-lock v0.2.2
[INFO] [stderr]     Checking string v0.1.3
[INFO] [stderr]     Checking traitobject v0.1.0
[INFO] [stderr]     Checking data-encoding v2.1.2
[INFO] [stderr]     Checking safemem v0.3.0
[INFO] [stderr]     Checking percent-encoding v1.0.1
[INFO] [stderr]     Checking quick-error v1.2.2
[INFO] [stderr]     Checking path-table v1.0.0
[INFO] [stderr]    Compiling rand_core v0.3.1
[INFO] [stderr]    Compiling rand_jitter v0.1.3
[INFO] [stderr]     Checking log v0.4.6
[INFO] [stderr]     Checking crossbeam-utils v0.6.5
[INFO] [stderr]     Checking thread_local v0.3.6
[INFO] [stderr]     Checking owning_ref v0.4.0
[INFO] [stderr]    Compiling block-padding v0.1.3
[INFO] [stderr]    Compiling semver v0.9.0
[INFO] [stderr]     Checking futures-core-preview v0.3.0-alpha.13
[INFO] [stderr]    Compiling regex-syntax v0.6.5
[INFO] [stdout] error[E0554]: `#![feature]` may not be used on the beta release channel
[INFO] [stdout]  --> /opt/rustwide/cargo-home/registry/src/github.com-1ecc6299db9ec823/futures-core-preview-0.3.0-alpha.13/src/lib.rs:3:1
[INFO] [stdout]   |
[INFO] [stdout] 3 | #![feature(futures_api)]
[INFO] [stdout]   | ^^^^^^^^^^^^^^^^^^^^^^^^
[INFO] [stdout] 
[INFO] [stdout] 
[INFO] [stdout] error[E0053]: method `poll` has an incompatible type for trait
[INFO] [stdout]   --> /opt/rustwide/cargo-home/registry/src/github.com-1ecc6299db9ec823/futures-core-preview-0.3.0-alpha.13/src/future/future_obj.rs:64:5
[INFO] [stdout]    |
[INFO] [stdout] 64 |     fn poll(self: Pin<&mut Self>, waker: &Waker) -> Poll<T> {
[INFO] [stdout]    |     ^^^^^^^^^^^^^^^^^^^^^^^^^^^^^^^^^^^^^^^^^^^^^^^^^^^^^^^ types differ in mutability
[INFO] [stdout]    |
[INFO] [stdout]    = note: expected fn pointer `fn(std::pin::Pin<&mut future::future_obj::LocalFutureObj<'a, T>>, &mut std::task::Context<'_>) -> std::task::Poll<_>`
[INFO] [stdout]               found fn pointer `fn(std::pin::Pin<&mut future::future_obj::LocalFutureObj<'a, T>>, &std::task::Waker) -> std::task::Poll<_>`
[INFO] [stdout] 
[INFO] [stdout] 
[INFO] [stdout] error[E0053]: method `poll` has an incompatible type for trait
[INFO] [stdout]    --> /opt/rustwide/cargo-home/registry/src/github.com-1ecc6299db9ec823/futures-core-preview-0.3.0-alpha.13/src/future/future_obj.rs:114:5
[INFO] [stdout]     |
[INFO] [stdout] 114 |     fn poll(self: Pin<&mut Self>, waker: &Waker) -> Poll<T> {
[INFO] [stdout]     |     ^^^^^^^^^^^^^^^^^^^^^^^^^^^^^^^^^^^^^^^^^^^^^^^^^^^^^^^ types differ in mutability
[INFO] [stdout]     |
[INFO] [stdout]     = note: expected fn pointer `fn(std::pin::Pin<&mut future::future_obj::FutureObj<'a, T>>, &mut std::task::Context<'_>) -> std::task::Poll<_>`
[INFO] [stdout]                found fn pointer `fn(std::pin::Pin<&mut future::future_obj::FutureObj<'a, T>>, &std::task::Waker) -> std::task::Poll<_>`
[INFO] [stdout] 
[INFO] [stdout] 
[INFO] [stdout] error[E0308]: mismatched types
[INFO] [stdout]   --> /opt/rustwide/cargo-home/registry/src/github.com-1ecc6299db9ec823/futures-core-preview-0.3.0-alpha.13/src/future/mod.rs:86:19
[INFO] [stdout]    |
[INFO] [stdout] 86 |         self.poll(waker)
[INFO] [stdout]    |                   ^^^^^ types differ in mutability
[INFO] [stdout]    |
[INFO] [stdout]    = note: expected mutable reference `&mut std::task::Context<'_>`
[INFO] [stdout]                       found reference `&std::task::Waker`
[INFO] [stdout] 
[INFO] [stdout] 
[INFO] [stderr]    Compiling itertools v0.8.0
[INFO] [stderr]    Compiling rand_chacha v0.1.1
[INFO] [stdout] error[E0308]: mismatched types
[INFO] [stdout]    --> /opt/rustwide/cargo-home/registry/src/github.com-1ecc6299db9ec823/futures-core-preview-0.3.0-alpha.13/src/future/future_obj.rs:118:44
[INFO] [stdout]     |
[INFO] [stdout] 118 |         LocalFutureObj::poll(pinned_field, waker)
[INFO] [stdout]     |                                            ^^^^^ types differ in mutability
[INFO] [stdout]     |
[INFO] [stdout]     = note: expected mutable reference `&mut std::task::Context<'_>`
[INFO] [stdout]                        found reference `&std::task::Waker`
[INFO] [stdout] 
[INFO] [stdout] 
[INFO] [stdout] error[E0308]: mismatched types
[INFO] [stdout]    --> /opt/rustwide/cargo-home/registry/src/github.com-1ecc6299db9ec823/futures-core-preview-0.3.0-alpha.13/src/future/future_obj.rs:165:20
[INFO] [stdout]     |
[INFO] [stdout] 165 |         F::poll(p, waker)
[INFO] [stdout]     |                    ^^^^^ types differ in mutability
[INFO] [stdout]     |
[INFO] [stdout]     = note: expected mutable reference `&mut std::task::Context<'_>`
[INFO] [stdout]                        found reference `&std::task::Waker`
[INFO] [stdout] 
[INFO] [stdout] 
[INFO] [stderr]    Compiling rand v0.6.5
[INFO] [stdout] error[E0308]: mismatched types
[INFO] [stdout]    --> /opt/rustwide/cargo-home/registry/src/github.com-1ecc6299db9ec823/futures-core-preview-0.3.0-alpha.13/src/future/future_obj.rs:182:25
[INFO] [stdout]     |
[INFO] [stdout] 182 |         F::poll(future, waker)
[INFO] [stdout]     |                         ^^^^^ types differ in mutability
[INFO] [stdout]     |
[INFO] [stdout]     = note: expected mutable reference `&mut std::task::Context<'_>`
[INFO] [stdout]                        found reference `&std::task::Waker`
[INFO] [stdout] 
[INFO] [stdout] 
[INFO] [stderr]    Compiling backtrace v0.3.14
[INFO] [stdout] error[E0308]: mismatched types
[INFO] [stdout]    --> /opt/rustwide/cargo-home/registry/src/github.com-1ecc6299db9ec823/futures-core-preview-0.3.0-alpha.13/src/future/future_obj.rs:203:26
[INFO] [stdout]     |
[INFO] [stdout] 203 |             F::poll(pin, waker)
[INFO] [stdout]     |                          ^^^^^ types differ in mutability
[INFO] [stdout]     |
[INFO] [stdout]     = note: expected mutable reference `&mut std::task::Context<'_>`
[INFO] [stdout]                        found reference `&std::task::Waker`
[INFO] [stdout] 
[INFO] [stdout] 
[INFO] [stdout] error[E0308]: mismatched types
[INFO] [stdout]    --> /opt/rustwide/cargo-home/registry/src/github.com-1ecc6299db9ec823/futures-core-preview-0.3.0-alpha.13/src/future/future_obj.rs:225:26
[INFO] [stdout]     |
[INFO] [stdout] 225 |             F::poll(pin, waker)
[INFO] [stdout]     |                          ^^^^^ types differ in mutability
[INFO] [stdout]     |
[INFO] [stdout]     = note: expected mutable reference `&mut std::task::Context<'_>`
[INFO] [stdout]                        found reference `&std::task::Waker`
[INFO] [stdout] 
[INFO] [stdout] 
[INFO] [stdout] error: aborting due to 9 previous errors
[INFO] [stdout] 
[INFO] [stdout] 
[INFO] [stdout] Some errors have detailed explanations: E0053, E0308, E0554.
[INFO] [stdout] 
[INFO] [stdout] For more information about an error, try `rustc --explain E0053`.
[INFO] [stdout] 
[INFO] [stderr] error: could not compile `futures-core-preview`.
[INFO] [stderr] 
[INFO] [stderr] To learn more, run the command again with --verbose.
[INFO] [stderr] warning: build failed, waiting for other jobs to finish...
[INFO] [stderr] error: build failed
[INFO] running `Command { std: "docker" "inspect" "bb44737f9b3f9b8636cc969af5efce872a68f02498c2609a46f7d15b7807affb", kill_on_drop: false }`
[INFO] running `Command { std: "docker" "rm" "-f" "bb44737f9b3f9b8636cc969af5efce872a68f02498c2609a46f7d15b7807affb", kill_on_drop: false }`
[INFO] [stdout] bb44737f9b3f9b8636cc969af5efce872a68f02498c2609a46f7d15b7807affb
