[INFO] cloning repository https://github.com/grantdhunter/rust_on_android_talk
[INFO] running `Command { std: "git" "-c" "credential.helper=" "-c" "credential.helper=/workspace/cargo-home/bin/git-credential-null" "clone" "--bare" "https://github.com/grantdhunter/rust_on_android_talk" "/workspace/cache/git-repos/https%3A%2F%2Fgithub.com%2Fgrantdhunter%2Frust_on_android_talk", kill_on_drop: false }`
[INFO] [stderr] Cloning into bare repository '/workspace/cache/git-repos/https%3A%2F%2Fgithub.com%2Fgrantdhunter%2Frust_on_android_talk'...
[INFO] running `Command { std: "git" "rev-parse" "HEAD", kill_on_drop: false }`
[INFO] [stdout] 0781fedec7cba2e3b8df23e8c186a03b33979749
[INFO] checking grantdhunter/rust_on_android_talk against beta-2020-07-24 for pr-75494-beta
[INFO] running `Command { std: "git" "clone" "/workspace/cache/git-repos/https%3A%2F%2Fgithub.com%2Fgrantdhunter%2Frust_on_android_talk" "/workspace/builds/worker-9/source", kill_on_drop: false }`
[INFO] [stderr] Cloning into '/workspace/builds/worker-9/source'...
[INFO] [stderr] done.
[INFO] validating manifest of git repo https://github.com/grantdhunter/rust_on_android_talk on toolchain beta-2020-07-24
[INFO] running `Command { std: "/workspace/cargo-home/bin/cargo" "+beta-2020-07-24" "read-manifest" "--manifest-path" "Cargo.toml", kill_on_drop: false }`
[INFO] started tweaking git repo https://github.com/grantdhunter/rust_on_android_talk
[INFO] finished tweaking git repo https://github.com/grantdhunter/rust_on_android_talk
[INFO] tweaked toml for git repo https://github.com/grantdhunter/rust_on_android_talk written to /workspace/builds/worker-9/source/Cargo.toml
[INFO] crate git repo https://github.com/grantdhunter/rust_on_android_talk already has a lockfile, it will not be regenerated
[INFO] running `Command { std: "/workspace/cargo-home/bin/cargo" "+beta-2020-07-24" "fetch" "--locked" "--manifest-path" "Cargo.toml", kill_on_drop: false }`
[INFO] running `Command { std: "docker" "create" "-v" "/var/lib/crater-agent-workspace/builds/worker-9/target:/opt/rustwide/target:rw,Z" "-v" "/var/lib/crater-agent-workspace/builds/worker-9/source:/opt/rustwide/workdir:ro,Z" "-v" "/var/lib/crater-agent-workspace/cargo-home:/opt/rustwide/cargo-home:ro,Z" "-v" "/var/lib/crater-agent-workspace/rustup-home:/opt/rustwide/rustup-home:ro,Z" "-e" "SOURCE_DIR=/opt/rustwide/workdir" "-e" "CARGO_TARGET_DIR=/opt/rustwide/target" "-e" "CARGO_HOME=/opt/rustwide/cargo-home" "-e" "RUSTUP_HOME=/opt/rustwide/rustup-home" "-w" "/opt/rustwide/workdir" "-m" "1610612736" "--user" "0:0" "--network" "none" "rustops/crates-build-env@sha256:a636fd89d022f18117e1dc8fb37a0a009933cdbbe082814857f0e2024962d47c" "/opt/rustwide/cargo-home/bin/cargo" "+beta-2020-07-24" "metadata" "--no-deps" "--format-version=1", kill_on_drop: false }`
[INFO] [stderr] WARNING: Your kernel does not support swap limit capabilities or the cgroup is not mounted. Memory limited without swap.
[INFO] [stdout] 37615f27f31ead8b1a2de3d73df85f623b85b3a7414ac07bb6102e41c2e3a15e
[INFO] running `Command { std: "docker" "start" "-a" "37615f27f31ead8b1a2de3d73df85f623b85b3a7414ac07bb6102e41c2e3a15e", kill_on_drop: false }`
[INFO] running `Command { std: "docker" "inspect" "37615f27f31ead8b1a2de3d73df85f623b85b3a7414ac07bb6102e41c2e3a15e", kill_on_drop: false }`
[INFO] running `Command { std: "docker" "rm" "-f" "37615f27f31ead8b1a2de3d73df85f623b85b3a7414ac07bb6102e41c2e3a15e", kill_on_drop: false }`
[INFO] [stdout] 37615f27f31ead8b1a2de3d73df85f623b85b3a7414ac07bb6102e41c2e3a15e
[INFO] running `Command { std: "docker" "create" "-v" "/var/lib/crater-agent-workspace/builds/worker-9/target:/opt/rustwide/target:rw,Z" "-v" "/var/lib/crater-agent-workspace/builds/worker-9/source:/opt/rustwide/workdir:ro,Z" "-v" "/var/lib/crater-agent-workspace/cargo-home:/opt/rustwide/cargo-home:ro,Z" "-v" "/var/lib/crater-agent-workspace/rustup-home:/opt/rustwide/rustup-home:ro,Z" "-e" "SOURCE_DIR=/opt/rustwide/workdir" "-e" "CARGO_TARGET_DIR=/opt/rustwide/target" "-e" "CARGO_INCREMENTAL=0" "-e" "RUST_BACKTRACE=full" "-e" "RUSTFLAGS=--cap-lints=forbid" "-e" "CARGO_HOME=/opt/rustwide/cargo-home" "-e" "RUSTUP_HOME=/opt/rustwide/rustup-home" "-w" "/opt/rustwide/workdir" "-m" "1610612736" "--user" "0:0" "--network" "none" "rustops/crates-build-env@sha256:a636fd89d022f18117e1dc8fb37a0a009933cdbbe082814857f0e2024962d47c" "/opt/rustwide/cargo-home/bin/cargo" "+beta-2020-07-24" "check" "--frozen" "--all" "--all-targets" "--message-format=json", kill_on_drop: false }`
[INFO] [stderr] WARNING: Your kernel does not support swap limit capabilities or the cgroup is not mounted. Memory limited without swap.
[INFO] [stdout] cce87a9b25c4d1b5de95d793e3786c8627db7c7d2e2ef616f51cf27bde60c3d1
[INFO] running `Command { std: "docker" "start" "-a" "cce87a9b25c4d1b5de95d793e3786c8627db7c7d2e2ef616f51cf27bde60c3d1", kill_on_drop: false }`
[INFO] [stderr]    Compiling siphasher v0.2.1
[INFO] [stderr]    Compiling serde v0.9.11
[INFO] [stderr]     Checking lazy_static v0.2.4
[INFO] [stderr]    Compiling semver v0.1.20
[INFO] [stderr]     Checking byteorder v1.0.0
[INFO] [stderr]     Checking android_glue v0.2.2
[INFO] [stderr]    Compiling x11-dl v2.12.0
[INFO] [stderr]    Compiling glutin v0.7.4
[INFO] [stderr]     Checking fs2 v0.2.5
[INFO] [stderr]    Compiling wayland-client v0.7.8
[INFO] [stderr]    Compiling gl v0.6.1
[INFO] [stderr]     Checking shared_library v0.1.5
[INFO] [stderr]     Checking memmap v0.4.0
[INFO] [stderr]    Compiling phf_shared v0.7.21
[INFO] [stderr]     Checking osmesa-sys v0.1.2
[INFO] [stderr]    Compiling phf_generator v0.7.21
[INFO] [stderr]    Compiling phf v0.7.21
[INFO] [stderr]    Compiling rustc_version v0.1.7
[INFO] [stderr]    Compiling phf_codegen v0.7.21
[INFO] [stderr]    Compiling tempfile v2.1.5
[INFO] [stderr]    Compiling target_build_utils v0.3.0
[INFO] [stderr]    Compiling serde_json v0.9.9
[INFO] [stderr]    Compiling libloading v0.3.2
[INFO] [stderr]     Checking dlib v0.3.1
[INFO] [stderr]     Checking wayland-sys v0.7.8
[INFO] [stderr]     Checking wayland-window v0.4.4
[INFO] [stderr]     Checking wayland-kbd v0.6.3
[INFO] [stderr]     Checking winit v0.5.11
[INFO] [stderr]     Checking android_rust_talk v0.1.0 (/opt/rustwide/workdir)
[INFO] [stdout] error[E0432]: unresolved imports `android_glue::Event`, `android_glue::MotionAction`
[INFO] [stdout]  --> src/main.rs:6:20
[INFO] [stdout]   |
[INFO] [stdout] 6 | use android_glue::{Event, MotionAction};
[INFO] [stdout]   |                    ^^^^^  ^^^^^^^^^^^^ no `MotionAction` in the root
[INFO] [stdout]   |                    |
[INFO] [stdout]   |                    no `Event` in the root
[INFO] [stdout] 
[INFO] [stdout] 
[INFO] [stdout] error[E0432]: unresolved imports `android_glue::Event`, `android_glue::MotionAction`
[INFO] [stdout]  --> src/main.rs:6:20
[INFO] [stdout]   |
[INFO] [stdout] 6 | use android_glue::{Event, MotionAction};
[INFO] [stdout]   |                    ^^^^^  ^^^^^^^^^^^^ no `MotionAction` in the root
[INFO] [stdout]   |                    |
[INFO] [stdout]   |                    no `Event` in the root
[INFO] [stdout] 
[INFO] [stdout] 
[INFO] [stdout] error[E0425]: cannot find function `write_log` in crate `android_glue`
[INFO] [stdout]   --> src/main.rs:91:19
[INFO] [stdout]    |
[INFO] [stdout] 91 |     android_glue::write_log("Hello, world!");
[INFO] [stdout]    |                   ^^^^^^^^^ not found in `android_glue`
[INFO] [stdout] 
[INFO] [stdout] 
[INFO] [stdout] error[E0425]: cannot find function `add_sender` in crate `android_glue`
[INFO] [stdout]   --> src/main.rs:95:19
[INFO] [stdout]    |
[INFO] [stdout] 95 |     android_glue::add_sender(sender);
[INFO] [stdout]    |                   ^^^^^^^^^^ not found in `android_glue`
[INFO] [stdout] 
[INFO] [stdout] 
[INFO] [stdout] error[E0425]: cannot find function `set_multitouch` in crate `android_glue`
[INFO] [stdout]   --> src/main.rs:96:19
[INFO] [stdout]    |
[INFO] [stdout] 96 |     android_glue::set_multitouch(true);
[INFO] [stdout]    |                   ^^^^^^^^^^^^^^ not found in `android_glue`
[INFO] [stdout] 
[INFO] [stdout] 
[INFO] [stdout] error[E0425]: cannot find function `write_log` in crate `android_glue`
[INFO] [stdout]   --> src/main.rs:91:19
[INFO] [stdout]    |
[INFO] [stdout] 91 |     android_glue::write_log("Hello, world!");
[INFO] [stdout]    |                   ^^^^^^^^^ not found in `android_glue`
[INFO] [stdout] 
[INFO] [stdout] 
[INFO] [stdout] error[E0425]: cannot find function `add_sender` in crate `android_glue`
[INFO] [stdout]   --> src/main.rs:95:19
[INFO] [stdout]    |
[INFO] [stdout] 95 |     android_glue::add_sender(sender);
[INFO] [stdout]    |                   ^^^^^^^^^^ not found in `android_glue`
[INFO] [stdout] 
[INFO] [stdout] 
[INFO] [stdout] error[E0425]: cannot find function `set_multitouch` in crate `android_glue`
[INFO] [stdout]   --> src/main.rs:96:19
[INFO] [stdout]    |
[INFO] [stdout] 96 |     android_glue::set_multitouch(true);
[INFO] [stdout]    |                   ^^^^^^^^^^^^^^ not found in `android_glue`
[INFO] [stdout] 
[INFO] [stdout] 
[INFO] [stdout] error: aborting due to 4 previous errors
[INFO] [stdout] 
[INFO] [stdout] 
[INFO] [stdout] Some errors have detailed explanations: E0425, E0432.
[INFO] [stdout] 
[INFO] [stdout] For more information about an error, try `rustc --explain E0425`.
[INFO] [stdout] 
[INFO] [stderr] error: could not compile `android_rust_talk`.
[INFO] [stderr] 
[INFO] [stderr] To learn more, run the command again with --verbose.
[INFO] [stderr] warning: build failed, waiting for other jobs to finish...
[INFO] [stdout] error: aborting due to 4 previous errors
[INFO] [stdout] 
[INFO] [stdout] 
[INFO] [stdout] Some errors have detailed explanations: E0425, E0432.
[INFO] [stdout] 
[INFO] [stdout] For more information about an error, try `rustc --explain E0425`.
[INFO] [stdout] 
[INFO] [stderr] error: build failed
[INFO] running `Command { std: "docker" "inspect" "cce87a9b25c4d1b5de95d793e3786c8627db7c7d2e2ef616f51cf27bde60c3d1", kill_on_drop: false }`
[INFO] running `Command { std: "docker" "rm" "-f" "cce87a9b25c4d1b5de95d793e3786c8627db7c7d2e2ef616f51cf27bde60c3d1", kill_on_drop: false }`
[INFO] [stdout] cce87a9b25c4d1b5de95d793e3786c8627db7c7d2e2ef616f51cf27bde60c3d1
