[INFO] cloning repository https://github.com/gilescope/dockershell
[INFO] running `Command { std: "git" "-c" "credential.helper=" "-c" "credential.helper=/workspace/cargo-home/bin/git-credential-null" "clone" "--bare" "https://github.com/gilescope/dockershell" "/workspace/cache/git-repos/https%3A%2F%2Fgithub.com%2Fgilescope%2Fdockershell", kill_on_drop: false }`
[INFO] [stderr] Cloning into bare repository '/workspace/cache/git-repos/https%3A%2F%2Fgithub.com%2Fgilescope%2Fdockershell'...
[INFO] running `Command { std: "git" "rev-parse" "HEAD", kill_on_drop: false }`
[INFO] [stdout] 402bee3692523a4de2278e5d0113dedd190339f6
[INFO] checking gilescope/dockershell against beta-2020-07-24 for pr-75494-beta
[INFO] running `Command { std: "git" "clone" "/workspace/cache/git-repos/https%3A%2F%2Fgithub.com%2Fgilescope%2Fdockershell" "/workspace/builds/worker-0/source", kill_on_drop: false }`
[INFO] [stderr] Cloning into '/workspace/builds/worker-0/source'...
[INFO] [stderr] done.
[INFO] validating manifest of git repo https://github.com/gilescope/dockershell on toolchain beta-2020-07-24
[INFO] running `Command { std: "/workspace/cargo-home/bin/cargo" "+beta-2020-07-24" "read-manifest" "--manifest-path" "Cargo.toml", kill_on_drop: false }`
[INFO] started tweaking git repo https://github.com/gilescope/dockershell
[INFO] finished tweaking git repo https://github.com/gilescope/dockershell
[INFO] tweaked toml for git repo https://github.com/gilescope/dockershell written to /workspace/builds/worker-0/source/Cargo.toml
[INFO] crate git repo https://github.com/gilescope/dockershell already has a lockfile, it will not be regenerated
[INFO] running `Command { std: "/workspace/cargo-home/bin/cargo" "+beta-2020-07-24" "fetch" "--locked" "--manifest-path" "Cargo.toml", kill_on_drop: false }`
[INFO] [stderr]     Blocking waiting for file lock on package cache
[INFO] running `Command { std: "docker" "create" "-v" "/var/lib/crater-agent-workspace/builds/worker-0/target:/opt/rustwide/target:rw,Z" "-v" "/var/lib/crater-agent-workspace/builds/worker-0/source:/opt/rustwide/workdir:ro,Z" "-v" "/var/lib/crater-agent-workspace/cargo-home:/opt/rustwide/cargo-home:ro,Z" "-v" "/var/lib/crater-agent-workspace/rustup-home:/opt/rustwide/rustup-home:ro,Z" "-e" "SOURCE_DIR=/opt/rustwide/workdir" "-e" "CARGO_TARGET_DIR=/opt/rustwide/target" "-e" "CARGO_HOME=/opt/rustwide/cargo-home" "-e" "RUSTUP_HOME=/opt/rustwide/rustup-home" "-w" "/opt/rustwide/workdir" "-m" "1610612736" "--user" "0:0" "--network" "none" "rustops/crates-build-env@sha256:a636fd89d022f18117e1dc8fb37a0a009933cdbbe082814857f0e2024962d47c" "/opt/rustwide/cargo-home/bin/cargo" "+beta-2020-07-24" "metadata" "--no-deps" "--format-version=1", kill_on_drop: false }`
[INFO] [stdout] 458a6ceafb873b4d3716bef47700375853b7c222c34017f89b3909fb0c0ad899
[INFO] [stderr] WARNING: Your kernel does not support swap limit capabilities or the cgroup is not mounted. Memory limited without swap.
[INFO] running `Command { std: "docker" "start" "-a" "458a6ceafb873b4d3716bef47700375853b7c222c34017f89b3909fb0c0ad899", kill_on_drop: false }`
[INFO] running `Command { std: "docker" "inspect" "458a6ceafb873b4d3716bef47700375853b7c222c34017f89b3909fb0c0ad899", kill_on_drop: false }`
[INFO] running `Command { std: "docker" "rm" "-f" "458a6ceafb873b4d3716bef47700375853b7c222c34017f89b3909fb0c0ad899", kill_on_drop: false }`
[INFO] [stdout] 458a6ceafb873b4d3716bef47700375853b7c222c34017f89b3909fb0c0ad899
[INFO] running `Command { std: "docker" "create" "-v" "/var/lib/crater-agent-workspace/builds/worker-0/target:/opt/rustwide/target:rw,Z" "-v" "/var/lib/crater-agent-workspace/builds/worker-0/source:/opt/rustwide/workdir:ro,Z" "-v" "/var/lib/crater-agent-workspace/cargo-home:/opt/rustwide/cargo-home:ro,Z" "-v" "/var/lib/crater-agent-workspace/rustup-home:/opt/rustwide/rustup-home:ro,Z" "-e" "SOURCE_DIR=/opt/rustwide/workdir" "-e" "CARGO_TARGET_DIR=/opt/rustwide/target" "-e" "CARGO_INCREMENTAL=0" "-e" "RUST_BACKTRACE=full" "-e" "RUSTFLAGS=--cap-lints=forbid" "-e" "CARGO_HOME=/opt/rustwide/cargo-home" "-e" "RUSTUP_HOME=/opt/rustwide/rustup-home" "-w" "/opt/rustwide/workdir" "-m" "1610612736" "--user" "0:0" "--network" "none" "rustops/crates-build-env@sha256:a636fd89d022f18117e1dc8fb37a0a009933cdbbe082814857f0e2024962d47c" "/opt/rustwide/cargo-home/bin/cargo" "+beta-2020-07-24" "check" "--frozen" "--all" "--all-targets" "--message-format=json", kill_on_drop: false }`
[INFO] [stdout] c5e0127f3348af75acb5a0e654128f0459bb0e6e9770bfad018a195437d86213
[INFO] [stderr] WARNING: Your kernel does not support swap limit capabilities or the cgroup is not mounted. Memory limited without swap.
[INFO] running `Command { std: "docker" "start" "-a" "c5e0127f3348af75acb5a0e654128f0459bb0e6e9770bfad018a195437d86213", kill_on_drop: false }`
[INFO] [stderr]    Compiling libc v0.2.60
[INFO] [stderr]     Checking futures v0.1.28
[INFO] [stderr]     Checking either v1.5.0
[INFO] [stderr]     Checking lazy_static v1.2.0
[INFO] [stderr]     Checking scopeguard v0.3.3
[INFO] [stderr]     Checking stable_deref_trait v1.1.1
[INFO] [stderr]    Compiling arrayvec v0.4.9
[INFO] [stderr]    Compiling version_check v0.1.5
[INFO] [stderr]     Checking nodrop v0.1.13
[INFO] [stderr]     Checking memoffset v0.2.1
[INFO] [stderr]    Compiling cc v1.0.26
[INFO] [stderr]    Compiling memchr v2.2.1
[INFO] [stderr]    Compiling proc-macro2 v0.4.24
[INFO] [stderr]    Compiling num-traits v0.2.6
[INFO] [stderr]     Checking bitflags v1.0.4
[INFO] [stderr]    Compiling autocfg v0.1.1
[INFO] [stderr]     Checking futures-core-preview v0.3.0-alpha.17
[INFO] [stderr]    Compiling ryu v0.2.7
[INFO] [stderr]     Checking indexmap v1.0.2
[INFO] [stderr]     Checking void v1.0.2
[INFO] [stderr]    Compiling num-integer v0.1.39
[INFO] [stderr]     Checking matches v0.1.8
[INFO] [stderr]    Compiling serde v1.0.82
[INFO] [stderr]     Checking try-lock v0.2.2
[INFO] [stderr]     Checking rustc-demangle v0.1.11
[INFO] [stderr]    Compiling nix v0.11.0
[INFO] [stderr]     Checking futures-io-preview v0.3.0-alpha.17
[INFO] [stderr]     Checking percent-encoding v1.0.1
[INFO] [stderr]     Checking pin-utils v0.1.0-alpha.4
[INFO] [stderr]    Compiling nix v0.14.1
[INFO] [stderr]     Checking unicode-width v0.1.5
[INFO] [stderr]     Checking hex v0.3.2
[INFO] [stderr]     Checking language-tags v0.2.2
[INFO] [stderr]     Checking vec_map v0.8.1
[INFO] [stderr]     Checking utf8parse v0.1.1
[INFO] [stderr]     Checking ansi_term v0.11.0
[INFO] [stderr]     Checking unicode-segmentation v1.2.1
[INFO] [stderr]     Checking rand_isaac v0.1.1
[INFO] [stderr]     Checking rand_xorshift v0.1.0
[INFO] [stderr]     Checking rand_hc v0.1.0
[INFO] [stderr]     Checking owning_ref v0.4.0
[INFO] [stderr]     Checking crossbeam-utils v0.6.5
[INFO] [stderr]     Checking unicode-bidi v0.3.4
[INFO] [stderr]     Checking futures-sink-preview v0.3.0-alpha.17
[INFO] [stderr]     Checking base64 v0.9.3
[INFO] [stderr]     Checking textwrap v0.10.0
[INFO] [stderr]    Compiling unicase v2.4.0
[INFO] [stderr]    Compiling error-chain v0.12.1
[INFO] [stderr]    Compiling backtrace v0.3.13
[INFO] [stderr]     Checking futures-channel-preview v0.3.0-alpha.17
[INFO] [stderr]    Compiling rand_chacha v0.1.0
[INFO] [stderr]    Compiling rand_pcg v0.1.1
[INFO] [stderr]    Compiling rand v0.6.1
[INFO] [stderr]    Compiling parking_lot_core v0.4.0
[INFO] [stderr]    Compiling hyper v0.12.33
[INFO] [stderr]     Checking lock_api v0.1.5
[INFO] [stderr]     Checking idna v0.1.5
[INFO] [stderr]     Checking crossbeam-queue v0.1.2
[INFO] [stderr]     Checking crossbeam-epoch v0.7.1
[INFO] [stderr]    Compiling quote v0.6.10
[INFO] [stderr]     Checking futures-util-preview v0.3.0-alpha.17
[INFO] [stderr]     Checking mime v0.3.13
[INFO] [stderr]    Compiling backtrace-sys v0.1.23
[INFO] [stderr]     Checking iovec v0.1.2
[INFO] [stderr]     Checking num_cpus v1.9.0
[INFO] [stderr]     Checking net2 v0.2.33
[INFO] [stderr]     Checking time v0.1.41
[INFO] [stderr]     Checking dirs-sys v0.3.3
[INFO] [stderr]     Checking xattr v0.2.2
[INFO] [stderr]     Checking filetime v0.2.4
[INFO] [stderr]     Checking unix_socket v0.5.0
[INFO] [stderr]     Checking dirs v1.0.4
[INFO] [stderr]     Checking atty v0.2.11
[INFO] [stderr]     Checking termion v1.5.1
[INFO] [stderr]     Checking bytes v0.4.12
[INFO] [stderr]    Compiling syn v0.15.23
[INFO] [stderr]     Checking url v1.7.2
[INFO] [stderr]     Checking dirs v2.0.1
[INFO] [stderr]     Checking crossbeam-deque v0.7.1
[INFO] [stderr]     Checking mio v0.6.19
[INFO] [stderr]     Checking tokio-executor v0.1.8
[INFO] [stderr]     Checking tokio-sync v0.1.6
[INFO] [stderr]     Checking futures-cpupool v0.1.8
[INFO] [stderr]     Checking want v0.2.0
[INFO] [stderr]     Checking clap v2.32.0
[INFO] [stderr]     Checking tar v0.4.20
[INFO] [stderr]     Checking tokio-current-thread v0.1.6
[INFO] [stderr]     Checking tokio-timer v0.2.11
[INFO] [stderr]     Checking tokio-io v0.1.12
[INFO] [stderr]     Checking http v0.1.17
[INFO] [stderr]     Checking string v0.2.1
[INFO] [stderr]     Checking tokio-buf v0.1.1
[INFO] [stderr]     Checking chrono v0.4.7
[INFO] [stderr]     Checking mio-uds v0.6.7
[INFO] [stderr]     Checking tokio-codec v0.1.1
[INFO] [stderr]     Checking tokio-threadpool v0.1.15
[INFO] [stderr]     Checking parking_lot v0.7.1
[INFO] [stderr]     Checking tokio-reactor v0.1.9
[INFO] [stderr]     Checking tokio-fs v0.1.6
[INFO] [stderr]     Checking tokio-tcp v0.1.3
[INFO] [stderr]     Checking tokio-uds v0.2.5
[INFO] [stderr]     Checking tokio-udp v0.1.3
[INFO] [stderr]     Checking tokio v0.1.22
[INFO] [stderr]     Checking futures-executor-preview v0.3.0-alpha.17
[INFO] [stderr]     Checking futures-preview v0.3.0-alpha.17
[INFO] [stderr]     Checking http-body v0.1.0
[INFO] [stderr]     Checking h2 v0.1.25
[INFO] [stderr]     Checking hyperx v0.14.0
[INFO] [stderr]     Checking rustyline v5.0.0
[INFO] [stderr]     Checking serde_json v1.0.33
[INFO] [stderr]    Compiling serde_derive v1.0.82
[INFO] [stderr]     Checking hyperlocal v0.6.0
[INFO] [stderr]     Checking dockworker v0.0.12
[INFO] [stderr]     Checking dockershell v0.1.0 (/opt/rustwide/workdir)
[INFO] [stdout] error: incorrect use of `await`
[INFO] [stdout]    --> src/lib.rs:184:41
[INFO] [stdout]     |
[INFO] [stdout] 184 | ...                   let name = *await!(future);
[INFO] [stdout]     |                                   ^^^^^^^^^^^^^^ help: `await` is a postfix operation: `future.await`
[INFO] [stdout] 
[INFO] [stdout] 
[INFO] [stdout] error[E0557]: feature has been removed
[INFO] [stdout]   --> src/lib.rs:10:12
[INFO] [stdout]    |
[INFO] [stdout] 10 | #![feature(await_macro)]
[INFO] [stdout]    |            ^^^^^^^^^^^ feature has been removed
[INFO] [stdout]    |
[INFO] [stdout]    = note: subsumed by `.await` syntax
[INFO] [stdout] 
[INFO] [stdout] 
[INFO] [stdout] error: incorrect use of `await`
[INFO] [stdout]    --> src/lib.rs:184:41
[INFO] [stdout]     |
[INFO] [stdout] 184 | ...                   let name = *await!(future);
[INFO] [stdout]     |                                   ^^^^^^^^^^^^^^ help: `await` is a postfix operation: `future.await`
[INFO] [stdout] 
[INFO] [stdout] 
[INFO] [stdout] error[E0557]: feature has been removed
[INFO] [stdout]   --> src/lib.rs:10:12
[INFO] [stdout]    |
[INFO] [stdout] 10 | #![feature(await_macro)]
[INFO] [stdout]    |            ^^^^^^^^^^^ feature has been removed
[INFO] [stdout]    |
[INFO] [stdout]    = note: subsumed by `.await` syntax
[INFO] [stdout] 
[INFO] [stdout] 
[INFO] [stdout] error[E0554]: `#![feature]` may not be used on the beta release channel
[INFO] [stdout]  --> src/lib.rs:8:1
[INFO] [stdout]   |
[INFO] [stdout] 8 | #![feature(pin)]
[INFO] [stdout]   | ^^^^^^^^^^^^^^^^
[INFO] [stdout] 
[INFO] [stdout] 
[INFO] [stdout] error[E0554]: `#![feature]` may not be used on the beta release channel
[INFO] [stdout]  --> src/lib.rs:9:1
[INFO] [stdout]   |
[INFO] [stdout] 9 | #![feature(futures_api)]
[INFO] [stdout]   | ^^^^^^^^^^^^^^^^^^^^^^^^
[INFO] [stdout] 
[INFO] [stdout] 
[INFO] [stdout] error[E0554]: `#![feature]` may not be used on the beta release channel
[INFO] [stdout]   --> src/lib.rs:10:1
[INFO] [stdout]    |
[INFO] [stdout] 10 | #![feature(await_macro)]
[INFO] [stdout]    | ^^^^^^^^^^^^^^^^^^^^^^^^
[INFO] [stdout] 
[INFO] [stdout] 
[INFO] [stdout] error[E0554]: `#![feature]` may not be used on the beta release channel
[INFO] [stdout]   --> src/lib.rs:11:1
[INFO] [stdout]    |
[INFO] [stdout] 11 | #![feature(async_await)]
[INFO] [stdout]    | ^^^^^^^^^^^^^^^^^^^^^^^^
[INFO] [stdout] 
[INFO] [stdout] 
[INFO] [stdout] error[E0554]: `#![feature]` may not be used on the beta release channel
[INFO] [stdout]  --> src/lib.rs:8:1
[INFO] [stdout]   |
[INFO] [stdout] 8 | #![feature(pin)]
[INFO] [stdout]   | ^^^^^^^^^^^^^^^^
[INFO] [stdout] 
[INFO] [stdout] 
[INFO] [stdout] error[E0554]: `#![feature]` may not be used on the beta release channel
[INFO] [stdout]  --> src/lib.rs:9:1
[INFO] [stdout]   |
[INFO] [stdout] 9 | #![feature(futures_api)]
[INFO] [stdout]   | ^^^^^^^^^^^^^^^^^^^^^^^^
[INFO] [stdout] 
[INFO] [stdout] 
[INFO] [stdout] error[E0554]: `#![feature]` may not be used on the beta release channel
[INFO] [stdout]   --> src/lib.rs:10:1
[INFO] [stdout]    |
[INFO] [stdout] 10 | #![feature(await_macro)]
[INFO] [stdout]    | ^^^^^^^^^^^^^^^^^^^^^^^^
[INFO] [stdout] 
[INFO] [stdout] 
[INFO] [stdout] error[E0554]: `#![feature]` may not be used on the beta release channel
[INFO] [stdout]   --> src/lib.rs:11:1
[INFO] [stdout]    |
[INFO] [stdout] 11 | #![feature(async_await)]
[INFO] [stdout]    | ^^^^^^^^^^^^^^^^^^^^^^^^
[INFO] [stdout] 
[INFO] [stdout] 
[INFO] [stdout] error: aborting due to 6 previous errors
[INFO] [stdout] 
[INFO] [stdout] 
[INFO] [stdout] Some errors have detailed explanations: E0554, E0557.
[INFO] [stdout] 
[INFO] [stdout] For more information about an error, try `rustc --explain E0554`.
[INFO] [stdout] 
[INFO] [stderr] error: could not compile `dockershell`.
[INFO] [stderr] 
[INFO] [stderr] To learn more, run the command again with --verbose.
[INFO] [stderr] warning: build failed, waiting for other jobs to finish...
[INFO] [stdout] error: aborting due to 6 previous errors
[INFO] [stdout] 
[INFO] [stdout] 
[INFO] [stdout] Some errors have detailed explanations: E0554, E0557.
[INFO] [stdout] 
[INFO] [stdout] For more information about an error, try `rustc --explain E0554`.
[INFO] [stdout] 
[INFO] [stderr] error: build failed
[INFO] running `Command { std: "docker" "inspect" "c5e0127f3348af75acb5a0e654128f0459bb0e6e9770bfad018a195437d86213", kill_on_drop: false }`
[INFO] running `Command { std: "docker" "rm" "-f" "c5e0127f3348af75acb5a0e654128f0459bb0e6e9770bfad018a195437d86213", kill_on_drop: false }`
[INFO] [stdout] c5e0127f3348af75acb5a0e654128f0459bb0e6e9770bfad018a195437d86213
