[INFO] cloning repository https://github.com/geropl/rust-grpc
[INFO] running `Command { std: "git" "-c" "credential.helper=" "-c" "credential.helper=/workspace/cargo-home/bin/git-credential-null" "clone" "--bare" "https://github.com/geropl/rust-grpc" "/workspace/cache/git-repos/https%3A%2F%2Fgithub.com%2Fgeropl%2Frust-grpc", kill_on_drop: false }`
[INFO] [stderr] Cloning into bare repository '/workspace/cache/git-repos/https%3A%2F%2Fgithub.com%2Fgeropl%2Frust-grpc'...
[INFO] running `Command { std: "git" "rev-parse" "HEAD", kill_on_drop: false }`
[INFO] [stdout] 32da134d39a5897c4b8bc84e517e09730d49b06b
[INFO] checking geropl/rust-grpc against beta-2020-07-24 for pr-75494-beta
[INFO] running `Command { std: "git" "clone" "/workspace/cache/git-repos/https%3A%2F%2Fgithub.com%2Fgeropl%2Frust-grpc" "/workspace/builds/worker-5/source", kill_on_drop: false }`
[INFO] [stderr] Cloning into '/workspace/builds/worker-5/source'...
[INFO] [stderr] done.
[INFO] validating manifest of git repo https://github.com/geropl/rust-grpc on toolchain beta-2020-07-24
[INFO] running `Command { std: "/workspace/cargo-home/bin/cargo" "+beta-2020-07-24" "read-manifest" "--manifest-path" "Cargo.toml", kill_on_drop: false }`
[INFO] started tweaking git repo https://github.com/geropl/rust-grpc
[INFO] finished tweaking git repo https://github.com/geropl/rust-grpc
[INFO] tweaked toml for git repo https://github.com/geropl/rust-grpc written to /workspace/builds/worker-5/source/Cargo.toml
[INFO] crate git repo https://github.com/geropl/rust-grpc already has a lockfile, it will not be regenerated
[INFO] running `Command { std: "/workspace/cargo-home/bin/cargo" "+beta-2020-07-24" "fetch" "--locked" "--manifest-path" "Cargo.toml", kill_on_drop: false }`
[INFO] running `Command { std: "docker" "create" "-v" "/var/lib/crater-agent-workspace/builds/worker-5/target:/opt/rustwide/target:rw,Z" "-v" "/var/lib/crater-agent-workspace/builds/worker-5/source:/opt/rustwide/workdir:ro,Z" "-v" "/var/lib/crater-agent-workspace/cargo-home:/opt/rustwide/cargo-home:ro,Z" "-v" "/var/lib/crater-agent-workspace/rustup-home:/opt/rustwide/rustup-home:ro,Z" "-e" "SOURCE_DIR=/opt/rustwide/workdir" "-e" "CARGO_TARGET_DIR=/opt/rustwide/target" "-e" "CARGO_HOME=/opt/rustwide/cargo-home" "-e" "RUSTUP_HOME=/opt/rustwide/rustup-home" "-w" "/opt/rustwide/workdir" "-m" "1610612736" "--user" "0:0" "--network" "none" "rustops/crates-build-env@sha256:a636fd89d022f18117e1dc8fb37a0a009933cdbbe082814857f0e2024962d47c" "/opt/rustwide/cargo-home/bin/cargo" "+beta-2020-07-24" "metadata" "--no-deps" "--format-version=1", kill_on_drop: false }`
[INFO] [stdout] 50f62946b6dbac3ff651e9fbbad8e5ca451577c84af4225203b07dffa3b57f61
[INFO] [stderr] WARNING: Your kernel does not support swap limit capabilities or the cgroup is not mounted. Memory limited without swap.
[INFO] running `Command { std: "docker" "start" "-a" "50f62946b6dbac3ff651e9fbbad8e5ca451577c84af4225203b07dffa3b57f61", kill_on_drop: false }`
[INFO] running `Command { std: "docker" "inspect" "50f62946b6dbac3ff651e9fbbad8e5ca451577c84af4225203b07dffa3b57f61", kill_on_drop: false }`
[INFO] running `Command { std: "docker" "rm" "-f" "50f62946b6dbac3ff651e9fbbad8e5ca451577c84af4225203b07dffa3b57f61", kill_on_drop: false }`
[INFO] [stdout] 50f62946b6dbac3ff651e9fbbad8e5ca451577c84af4225203b07dffa3b57f61
[INFO] running `Command { std: "docker" "create" "-v" "/var/lib/crater-agent-workspace/builds/worker-5/target:/opt/rustwide/target:rw,Z" "-v" "/var/lib/crater-agent-workspace/builds/worker-5/source:/opt/rustwide/workdir:ro,Z" "-v" "/var/lib/crater-agent-workspace/cargo-home:/opt/rustwide/cargo-home:ro,Z" "-v" "/var/lib/crater-agent-workspace/rustup-home:/opt/rustwide/rustup-home:ro,Z" "-e" "SOURCE_DIR=/opt/rustwide/workdir" "-e" "CARGO_TARGET_DIR=/opt/rustwide/target" "-e" "CARGO_INCREMENTAL=0" "-e" "RUST_BACKTRACE=full" "-e" "RUSTFLAGS=--cap-lints=forbid" "-e" "CARGO_HOME=/opt/rustwide/cargo-home" "-e" "RUSTUP_HOME=/opt/rustwide/rustup-home" "-w" "/opt/rustwide/workdir" "-m" "1610612736" "--user" "0:0" "--network" "none" "rustops/crates-build-env@sha256:a636fd89d022f18117e1dc8fb37a0a009933cdbbe082814857f0e2024962d47c" "/opt/rustwide/cargo-home/bin/cargo" "+beta-2020-07-24" "check" "--frozen" "--all" "--all-targets" "--message-format=json", kill_on_drop: false }`
[INFO] [stderr] WARNING: Your kernel does not support swap limit capabilities or the cgroup is not mounted. Memory limited without swap.
[INFO] [stdout] 57de74b0411a40d07f88573814b8f89eb56281ba85f32ea7dac0c16821a56851
[INFO] running `Command { std: "docker" "start" "-a" "57de74b0411a40d07f88573814b8f89eb56281ba85f32ea7dac0c16821a56851", kill_on_drop: false }`
[INFO] [stderr]    Compiling libc v0.2.45
[INFO] [stderr]    Compiling cc v1.0.28
[INFO] [stderr]    Compiling proc-macro2 v0.4.24
[INFO] [stderr]    Compiling unicode-xid v0.1.0
[INFO] [stderr]    Compiling protobuf v1.7.4
[INFO] [stderr]    Compiling autocfg v0.1.1
[INFO] [stderr]    Compiling failure_derive v0.1.3
[INFO] [stderr]    Compiling rustc-serialize v0.3.24
[INFO] [stderr]    Compiling rustc-demangle v0.1.11
[INFO] [stderr]    Compiling pkg-config v0.3.14
[INFO] [stderr]     Checking cfg-if v0.1.6
[INFO] [stderr]    Compiling protoc v1.7.4
[INFO] [stderr]     Checking log v0.4.6
[INFO] [stderr]     Checking log v0.3.9
[INFO] [stderr]    Compiling backtrace v0.3.13
[INFO] [stderr]    Compiling cmake v0.1.35
[INFO] [stderr]    Compiling rand v0.4.3
[INFO] [stderr]    Compiling quote v0.6.10
[INFO] [stderr]    Compiling backtrace-sys v0.1.26
[INFO] [stderr]    Compiling grpcio-sys v0.2.3
[INFO] [stderr]    Compiling syn v0.15.23
[INFO] [stderr]    Compiling rand v0.3.22
[INFO] [stderr]    Compiling uuid v0.1.18
[INFO] [stderr]    Compiling mktemp v0.3.1
[INFO] [stderr]    Compiling synstructure v0.10.1
[INFO] [stderr]    Compiling grpcio-compiler v0.2.0
[INFO] [stderr]    Compiling failure v0.1.3
[INFO] [stderr]    Compiling protoc-grpcio v0.1.1
[INFO] [stderr]    Compiling rust-grpc v0.0.1 (/opt/rustwide/workdir)
[INFO] [stderr] error: failed to run custom build command for `rust-grpc v0.0.1 (/opt/rustwide/workdir)`
[INFO] [stderr] 
[INFO] [stderr] Caused by:
[INFO] [stderr]   process didn't exit successfully: `/opt/rustwide/target/debug/build/rust-grpc-9bde7131b031b308/build-script-build` (exit code: 101)
[INFO] [stderr]   --- stdout
[INFO] [stderr]   cargo:rerun-if-changed=src/protos
[INFO] [stderr] 
[INFO] [stderr]   --- stderr
[INFO] [stderr]   thread 'main' panicked at 'Failed to compile gRPC definitions!: Os { code: 30, kind: Other, message: "Read-only file system" }
[INFO] [stderr] 
[INFO] [stderr]   stack backtrace:
[INFO] [stderr]      0: failure::backtrace::internal::InternalBacktrace::new::h60db7f929fca7a9c (0x55f421a2e0f5)
[INFO] [stderr]                at /opt/rustwide/cargo-home/registry/src/github.com-1ecc6299db9ec823/failure-0.1.3/src/backtrace/internal.rs:44
[INFO] [stderr]      1: failure::backtrace::Backtrace::new::hee96fb2bcbc02e67 (0x55f421a2cb4d)
[INFO] [stderr]                at /opt/rustwide/cargo-home/registry/src/github.com-1ecc6299db9ec823/failure-0.1.3/src/backtrace/mod.rs:111
[INFO] [stderr]      2: <failure::error::error_impl::ErrorImpl as core::convert::From<F>>::from::h520c5dab06d4153b (0x55f4219faf9b)
[INFO] [stderr]                at /opt/rustwide/cargo-home/registry/src/github.com-1ecc6299db9ec823/failure-0.1.3/src/error/error_impl.rs:19
[INFO] [stderr]      3: <failure::error::Error as core::convert::From<F>>::from::h16e848623765e574 (0x55f4219fc47e)
[INFO] [stderr]                at /opt/rustwide/cargo-home/registry/src/github.com-1ecc6299db9ec823/failure-0.1.3/src/error/mod.rs:36
[INFO] [stderr]      4: <T as core::convert::Into<U>>::into::h1ea1b5b7bb63b965 (0x55f4219fc2de)
[INFO] [stderr]                at /rustc/6f959902b3103c49ca981fbc01871589c3498489/src/libcore/convert/mod.rs:560
[INFO] [stderr]      5: failure::context::Context<D>::with_err::h59c710eb000e2047 (0x55f4219f23ed)
[INFO] [stderr]                at /opt/rustwide/cargo-home/registry/src/github.com-1ecc6299db9ec823/failure-0.1.3/src/context.rs:105
[INFO] [stderr]      6: failure::Fail::context::h65352dffd270e5f6 (0x55f4219fcae5)
[INFO] [stderr]                at /opt/rustwide/cargo-home/registry/src/github.com-1ecc6299db9ec823/failure-0.1.3/src/lib.rs:153
[INFO] [stderr]      7: <core::result::Result<T,E> as failure::result_ext::ResultExt<T,E>>::context::{{closure}}::h736630516407749b (0x55f4219fe595)
[INFO] [stderr]                at /opt/rustwide/cargo-home/registry/src/github.com-1ecc6299db9ec823/failure-0.1.3/src/result_ext.rs:164
[INFO] [stderr]      8: core::result::Result<T,E>::map_err::hab065cfeac04a2b1 (0x55f4219f9271)
[INFO] [stderr]                at /rustc/6f959902b3103c49ca981fbc01871589c3498489/src/libcore/result.rs:612
[INFO] [stderr]      9: <core::result::Result<T,E> as failure::result_ext::ResultExt<T,E>>::context::h523c0b06aee7e04c (0x55f4219f97dd)
[INFO] [stderr]                at /opt/rustwide/cargo-home/registry/src/github.com-1ecc6299db9ec823/failure-0.1.3/src/result_ext.rs:164
[INFO] [stderr]     10: protoc_grpcio::write_out_generated_files::haf136a40c31ecb7a (0x55f4219ef983)
[INFO] [stderr]                at /opt/rustwide/cargo-home/registry/src/github.com-1ecc6299db9ec823/protoc-grpcio-0.1.1/src/lib.rs:89
[INFO] [stderr]     11: protoc_grpcio::compile_grpc_protos::h68f8f5158bfb3ec5 (0x55f4219eef7e)
[INFO] [stderr]                at /opt/rustwide/cargo-home/registry/src/github.com-1ecc6299db9ec823/protoc-grpcio-0.1.1/src/lib.rs:252
[INFO] [stderr]     12: build_script_build::main::h9f26916e9bbb7e44 (0x55f4219f3450)
[INFO] [stderr]                at /opt/rustwide/workdir/build.rs:18
[INFO] [stderr]     13: std::rt::lang_start::{{closure}}::h2bfb4ca769f03cb4 (0x55f4219fdd5a)
[INFO] [stderr]                at /rustc/6f959902b3103c49ca981fbc01871589c3498489/src/libstd/rt.rs:67
[INFO] [stderr]     14: std::rt::lang_start_internal::{{closure}}::h84a998219831fa70 (0x55f421c9a012)
[INFO] [stderr]                at src/libstd/rt.rs:52
[INFO] [stderr]         std::panicking::try::do_call::he8e1d689a3e26def
[INFO] [stderr]                at src/libstd/panicking.rs:348
[INFO] [stderr]         std::panicking::try::h264b6eebc2fa7bbf
[INFO] [stderr]                at src/libstd/panicking.rs:325
[INFO] [stderr]         std::panic::catch_unwind::hbf28fafa723b2128
[INFO] [stderr]                at src/libstd/panic.rs:394
[INFO] [stderr]         std::rt::lang_start_internal::he959aa59bc3ec202
[INFO] [stderr]                at src/libstd/rt.rs:51
[INFO] [stderr]     15: std::rt::lang_start::h434dd8782e64f71c (0x55f4219fdd36)
[INFO] [stderr]                at /rustc/6f959902b3103c49ca981fbc01871589c3498489/src/libstd/rt.rs:67
[INFO] [stderr]     16: main (0x55f4219f34c9)
[INFO] [stderr]     17: __libc_start_main (0x7fb061bf20b2)
[INFO] [stderr]     18: _start (0x55f4219ea1cd)
[INFO] [stderr]     19: <unknown> (0x0)
[INFO] [stderr] 
[INFO] [stderr]   failed to create "src/protos/helloworld_grpc.rs"
[INFO] [stderr] 
[INFO] [stderr]   failed to write generated grpc definitions', build.rs:22:7
[INFO] [stderr]   stack backtrace:
[INFO] [stderr]      0:     0x55f421c96ca5 - backtrace::backtrace::libunwind::trace::h5e2646fa3eddf2ea
[INFO] [stderr]                                  at /cargo/registry/src/github.com-1ecc6299db9ec823/backtrace-0.3.46/src/backtrace/libunwind.rs:86
[INFO] [stderr]      1:     0x55f421c96ca5 - backtrace::backtrace::trace_unsynchronized::hb95dd7f77ce47877
[INFO] [stderr]                                  at /cargo/registry/src/github.com-1ecc6299db9ec823/backtrace-0.3.46/src/backtrace/mod.rs:66
[INFO] [stderr]      2:     0x55f421c96ca5 - std::sys_common::backtrace::_print_fmt::h5e71b67af43fd70d
[INFO] [stderr]                                  at src/libstd/sys_common/backtrace.rs:78
[INFO] [stderr]      3:     0x55f421c96ca5 - <std::sys_common::backtrace::_print::DisplayBacktrace as core::fmt::Display>::fmt::hdb4a83d2b61107e5
[INFO] [stderr]                                  at src/libstd/sys_common/backtrace.rs:59
[INFO] [stderr]      4:     0x55f421cbfb6c - core::fmt::write::ha20e7262fa3e8a7a
[INFO] [stderr]                                  at src/libcore/fmt/mod.rs:1076
[INFO] [stderr]      5:     0x55f421c93fb2 - std::io::Write::write_fmt::h1aebfe8a5a79e36d
[INFO] [stderr]                                  at src/libstd/io/mod.rs:1537
[INFO] [stderr]      6:     0x55f421c99600 - std::sys_common::backtrace::_print::h9c07314cc66ba539
[INFO] [stderr]                                  at src/libstd/sys_common/backtrace.rs:62
[INFO] [stderr]      7:     0x55f421c99600 - std::sys_common::backtrace::print::hd1fd65f49a2d8544
[INFO] [stderr]                                  at src/libstd/sys_common/backtrace.rs:49
[INFO] [stderr]      8:     0x55f421c99600 - std::panicking::default_hook::{{closure}}::h222da46485ab36fc
[INFO] [stderr]                                  at src/libstd/panicking.rs:198
[INFO] [stderr]      9:     0x55f421c9934c - std::panicking::default_hook::hc5868949d129ed00
[INFO] [stderr]                                  at src/libstd/panicking.rs:217
[INFO] [stderr]     10:     0x55f421c99c43 - std::panicking::rust_panic_with_hook::h26a6ab8b0993c0c8
[INFO] [stderr]                                  at src/libstd/panicking.rs:526
[INFO] [stderr]     11:     0x55f421c9983b - rust_begin_unwind
[INFO] [stderr]                                  at src/libstd/panicking.rs:437
[INFO] [stderr]     12:     0x55f421cbdad1 - core::panicking::panic_fmt::h17139c2000299725
[INFO] [stderr]                                  at src/libcore/panicking.rs:85
[INFO] [stderr]     13:     0x55f421cbd8f3 - core::option::expect_none_failed::h972f96abb4ec8952
[INFO] [stderr]                                  at src/libcore/option.rs:1269
[INFO] [stderr]     14:     0x55f4219f89d6 - core::result::Result<T,E>::expect::h5bdff8b573104de7
[INFO] [stderr]                                  at /rustc/6f959902b3103c49ca981fbc01871589c3498489/src/libcore/result.rs:963
[INFO] [stderr]     15:     0x55f4219f348b - build_script_build::main::h9f26916e9bbb7e44
[INFO] [stderr]                                  at /opt/rustwide/workdir/build.rs:18
[INFO] [stderr]     16:     0x55f4219fdd5b - std::rt::lang_start::{{closure}}::h2bfb4ca769f03cb4
[INFO] [stderr]                                  at /rustc/6f959902b3103c49ca981fbc01871589c3498489/src/libstd/rt.rs:67
[INFO] [stderr]     17:     0x55f421c9a013 - std::rt::lang_start_internal::{{closure}}::h84a998219831fa70
[INFO] [stderr]                                  at src/libstd/rt.rs:52
[INFO] [stderr]     18:     0x55f421c9a013 - std::panicking::try::do_call::he8e1d689a3e26def
[INFO] [stderr]                                  at src/libstd/panicking.rs:348
[INFO] [stderr]     19:     0x55f421c9a013 - std::panicking::try::h264b6eebc2fa7bbf
[INFO] [stderr]                                  at src/libstd/panicking.rs:325
[INFO] [stderr]     20:     0x55f421c9a013 - std::panic::catch_unwind::hbf28fafa723b2128
[INFO] [stderr]                                  at src/libstd/panic.rs:394
[INFO] [stderr]     21:     0x55f421c9a013 - std::rt::lang_start_internal::he959aa59bc3ec202
[INFO] [stderr]                                  at src/libstd/rt.rs:51
[INFO] [stderr]     22:     0x55f4219fdd37 - std::rt::lang_start::h434dd8782e64f71c
[INFO] [stderr]                                  at /rustc/6f959902b3103c49ca981fbc01871589c3498489/src/libstd/rt.rs:67
[INFO] [stderr]     23:     0x55f4219f34ca - main
[INFO] [stderr]     24:     0x7fb061bf20b3 - __libc_start_main
[INFO] [stderr]     25:     0x55f4219ea1ce - _start
[INFO] [stderr]     26:                0x0 - <unknown>
[INFO] [stderr] warning: build failed, waiting for other jobs to finish...
[INFO] [stderr] error: build failed
[INFO] running `Command { std: "docker" "inspect" "57de74b0411a40d07f88573814b8f89eb56281ba85f32ea7dac0c16821a56851", kill_on_drop: false }`
[INFO] running `Command { std: "docker" "rm" "-f" "57de74b0411a40d07f88573814b8f89eb56281ba85f32ea7dac0c16821a56851", kill_on_drop: false }`
[INFO] [stdout] 57de74b0411a40d07f88573814b8f89eb56281ba85f32ea7dac0c16821a56851
