[INFO] cloning repository https://github.com/geomatsi/rust-ir-thermo
[INFO] running `Command { std: "git" "-c" "credential.helper=" "-c" "credential.helper=/workspace/cargo-home/bin/git-credential-null" "clone" "--bare" "https://github.com/geomatsi/rust-ir-thermo" "/workspace/cache/git-repos/https%3A%2F%2Fgithub.com%2Fgeomatsi%2Frust-ir-thermo", kill_on_drop: false }`
[INFO] [stderr] Cloning into bare repository '/workspace/cache/git-repos/https%3A%2F%2Fgithub.com%2Fgeomatsi%2Frust-ir-thermo'...
[INFO] running `Command { std: "git" "rev-parse" "HEAD", kill_on_drop: false }`
[INFO] [stdout] 24348166b38a8036e6ca934c1e79d09da3c041a8
[INFO] checking geomatsi/rust-ir-thermo against beta-2020-07-24 for pr-75494-beta
[INFO] running `Command { std: "git" "clone" "/workspace/cache/git-repos/https%3A%2F%2Fgithub.com%2Fgeomatsi%2Frust-ir-thermo" "/workspace/builds/worker-0/source", kill_on_drop: false }`
[INFO] [stderr] Cloning into '/workspace/builds/worker-0/source'...
[INFO] [stderr] done.
[INFO] validating manifest of git repo https://github.com/geomatsi/rust-ir-thermo on toolchain beta-2020-07-24
[INFO] running `Command { std: "/workspace/cargo-home/bin/cargo" "+beta-2020-07-24" "read-manifest" "--manifest-path" "Cargo.toml", kill_on_drop: false }`
[INFO] removed /workspace/builds/worker-0/source/.cargo/config
[INFO] started tweaking git repo https://github.com/geomatsi/rust-ir-thermo
[INFO] removed 0 missing examples
[INFO] finished tweaking git repo https://github.com/geomatsi/rust-ir-thermo
[INFO] tweaked toml for git repo https://github.com/geomatsi/rust-ir-thermo written to /workspace/builds/worker-0/source/Cargo.toml
[INFO] crate git repo https://github.com/geomatsi/rust-ir-thermo already has a lockfile, it will not be regenerated
[INFO] running `Command { std: "/workspace/cargo-home/bin/cargo" "+beta-2020-07-24" "fetch" "--locked" "--manifest-path" "Cargo.toml", kill_on_drop: false }`
[INFO] running `Command { std: "docker" "create" "-v" "/var/lib/crater-agent-workspace/builds/worker-0/target:/opt/rustwide/target:rw,Z" "-v" "/var/lib/crater-agent-workspace/builds/worker-0/source:/opt/rustwide/workdir:ro,Z" "-v" "/var/lib/crater-agent-workspace/cargo-home:/opt/rustwide/cargo-home:ro,Z" "-v" "/var/lib/crater-agent-workspace/rustup-home:/opt/rustwide/rustup-home:ro,Z" "-e" "SOURCE_DIR=/opt/rustwide/workdir" "-e" "CARGO_TARGET_DIR=/opt/rustwide/target" "-e" "CARGO_HOME=/opt/rustwide/cargo-home" "-e" "RUSTUP_HOME=/opt/rustwide/rustup-home" "-w" "/opt/rustwide/workdir" "-m" "1610612736" "--user" "0:0" "--network" "none" "rustops/crates-build-env@sha256:a636fd89d022f18117e1dc8fb37a0a009933cdbbe082814857f0e2024962d47c" "/opt/rustwide/cargo-home/bin/cargo" "+beta-2020-07-24" "metadata" "--no-deps" "--format-version=1", kill_on_drop: false }`
[INFO] [stdout] 9ced978b85e748878b984d86296e9bd37d9c777f386b3baf44062c40434ed220
[INFO] [stderr] WARNING: Your kernel does not support swap limit capabilities or the cgroup is not mounted. Memory limited without swap.
[INFO] running `Command { std: "docker" "start" "-a" "9ced978b85e748878b984d86296e9bd37d9c777f386b3baf44062c40434ed220", kill_on_drop: false }`
[INFO] running `Command { std: "docker" "inspect" "9ced978b85e748878b984d86296e9bd37d9c777f386b3baf44062c40434ed220", kill_on_drop: false }`
[INFO] running `Command { std: "docker" "rm" "-f" "9ced978b85e748878b984d86296e9bd37d9c777f386b3baf44062c40434ed220", kill_on_drop: false }`
[INFO] [stdout] 9ced978b85e748878b984d86296e9bd37d9c777f386b3baf44062c40434ed220
[INFO] running `Command { std: "docker" "create" "-v" "/var/lib/crater-agent-workspace/builds/worker-0/target:/opt/rustwide/target:rw,Z" "-v" "/var/lib/crater-agent-workspace/builds/worker-0/source:/opt/rustwide/workdir:ro,Z" "-v" "/var/lib/crater-agent-workspace/cargo-home:/opt/rustwide/cargo-home:ro,Z" "-v" "/var/lib/crater-agent-workspace/rustup-home:/opt/rustwide/rustup-home:ro,Z" "-e" "SOURCE_DIR=/opt/rustwide/workdir" "-e" "CARGO_TARGET_DIR=/opt/rustwide/target" "-e" "CARGO_INCREMENTAL=0" "-e" "RUST_BACKTRACE=full" "-e" "RUSTFLAGS=--cap-lints=forbid" "-e" "CARGO_HOME=/opt/rustwide/cargo-home" "-e" "RUSTUP_HOME=/opt/rustwide/rustup-home" "-w" "/opt/rustwide/workdir" "-m" "1610612736" "--user" "0:0" "--network" "none" "rustops/crates-build-env@sha256:a636fd89d022f18117e1dc8fb37a0a009933cdbbe082814857f0e2024962d47c" "/opt/rustwide/cargo-home/bin/cargo" "+beta-2020-07-24" "check" "--frozen" "--all" "--all-targets" "--message-format=json", kill_on_drop: false }`
[INFO] [stdout] b8736bd881926503ec4d1b4f091f293ec8cdebcd0a4032b9316a0eb112d06a27
[INFO] [stderr] WARNING: Your kernel does not support swap limit capabilities or the cgroup is not mounted. Memory limited without swap.
[INFO] running `Command { std: "docker" "start" "-a" "b8736bd881926503ec4d1b4f091f293ec8cdebcd0a4032b9316a0eb112d06a27", kill_on_drop: false }`
[INFO] [stderr]    Compiling semver-parser v0.7.0
[INFO] [stderr]    Compiling typenum v1.12.0
[INFO] [stderr]    Compiling syn v1.0.36
[INFO] [stderr]    Compiling cortex-m v0.6.3
[INFO] [stderr]     Checking nb v1.0.0
[INFO] [stderr]     Checking stable_deref_trait v1.2.0
[INFO] [stderr]     Checking vcell v0.1.2
[INFO] [stderr]     Checking bitfield v0.13.2
[INFO] [stderr]    Compiling cortex-m-rt v0.6.12
[INFO] [stderr]    Compiling byteorder v1.3.4
[INFO] [stderr]    Compiling cortex-m v0.5.10
[INFO] [stderr]     Checking aligned v0.2.0
[INFO] [stderr]    Compiling heapless v0.5.5
[INFO] [stderr]    Compiling stm32l1 v0.5.0
[INFO] [stderr]    Compiling proc-macro-hack v0.5.18
[INFO] [stderr]     Checking ufmt-write v0.1.0
[INFO] [stderr]     Checking rtic-core v0.3.0
[INFO] [stderr]    Compiling hashbrown v0.8.1
[INFO] [stderr]    Compiling indexmap v1.5.0
[INFO] [stderr]    Compiling cortex-m-rtic v0.5.3
[INFO] [stderr]     Checking volatile-register v0.2.0
[INFO] [stderr]     Checking nb v0.1.3
[INFO] [stderr]     Checking embedded-hal v0.2.4
[INFO] [stderr]    Compiling semver v0.9.0
[INFO] [stderr]     Checking hd44780-driver v0.3.0
[INFO] [stderr]     Checking shared-bus-rtic v0.2.2
[INFO] [stderr]     Checking mlx9061x v0.1.0
[INFO] [stderr]     Checking eeprom24x v0.3.0
[INFO] [stderr]     Checking bitbang-hal v0.3.2
[INFO] [stderr]    Compiling rustc_version v0.2.3
[INFO] [stderr]     Checking hash32 v0.1.1
[INFO] [stderr]    Compiling bare-metal v0.2.5
[INFO] [stderr]    Compiling cast v0.2.3
[INFO] [stderr]     Checking generic-array v0.12.3
[INFO] [stderr]     Checking generic-array v0.13.2
[INFO] [stderr]     Checking as-slice v0.1.3
[INFO] [stderr]     Checking aligned v0.3.3
[INFO] [stderr]    Compiling rtic-syntax v0.4.0
[INFO] [stderr]    Compiling cortex-m-rt-macros v0.1.8
[INFO] [stderr]    Compiling ufmt-macros v0.1.1
[INFO] [stderr]     Checking ufmt v0.1.0
[INFO] [stderr]    Compiling cortex-m-rtic-macros v0.5.0
[INFO] [stderr]     Checking stm32l1xx-hal v0.1.0 (https://github.com/geomatsi/stm32l1xx-hal?branch=integ#3da082b7)
[INFO] [stderr]     Checking rust-ir-thermo v0.1.0 (/opt/rustwide/workdir)
[INFO] [stdout] error: language item required, but not found: `eh_personality`
[INFO] [stdout] 
[INFO] [stdout] 
[INFO] [stdout] error: aborting due to previous error
[INFO] [stdout] 
[INFO] [stdout] 
[INFO] [stderr] error: could not compile `rust-ir-thermo`.
[INFO] [stderr] 
[INFO] [stderr] To learn more, run the command again with --verbose.
[INFO] [stderr] warning: build failed, waiting for other jobs to finish...
[INFO] [stdout] error: language item required, but not found: `eh_personality`
[INFO] [stdout] 
[INFO] [stdout] 
[INFO] [stdout] error: language item required, but not found: `eh_personality`
[INFO] [stdout] 
[INFO] [stdout] 
[INFO] [stdout] error: aborting due to previous error
[INFO] [stdout] 
[INFO] [stdout] 
[INFO] [stdout] error: aborting due to previous error
[INFO] [stdout] 
[INFO] [stdout] 
[INFO] [stdout] error: language item required, but not found: `eh_personality`
[INFO] [stdout] 
[INFO] [stdout] 
[INFO] [stdout] error: language item required, but not found: `eh_personality`
[INFO] [stdout] 
[INFO] [stdout] 
[INFO] [stdout] error: aborting due to previous error
[INFO] [stdout] 
[INFO] [stdout] 
[INFO] [stdout] error: language item required, but not found: `eh_personality`
[INFO] [stdout] 
[INFO] [stdout] 
[INFO] [stdout] error: language item required, but not found: `eh_personality`
[INFO] [stdout] 
[INFO] [stdout] 
[INFO] [stdout] error: aborting due to previous error
[INFO] [stdout] 
[INFO] [stdout] 
[INFO] [stdout] error: aborting due to previous error
[INFO] [stdout] 
[INFO] [stdout] 
[INFO] [stdout] error: aborting due to previous error
[INFO] [stdout] 
[INFO] [stdout] 
[INFO] [stdout] error[E0432]: unresolved import `rtic::cyccnt`
[INFO] [stdout]  --> examples/test_rtic.rs:7:11
[INFO] [stdout]   |
[INFO] [stdout] 7 | use rtic::cyccnt::Instant;
[INFO] [stdout]   |           ^^^^^^ could not find `cyccnt` in `rtic`
[INFO] [stdout] 
[INFO] [stdout] 
[INFO] [stdout] error[E0432]: unresolved import `rtic::cyccnt`
[INFO] [stdout]  --> examples/test_rtic.rs:8:11
[INFO] [stdout]   |
[INFO] [stdout] 8 | use rtic::cyccnt::U32Ext;
[INFO] [stdout]   |           ^^^^^^ could not find `cyccnt` in `rtic`
[INFO] [stdout] 
[INFO] [stdout] 
[INFO] [stdout] error[E0433]: failed to resolve: could not find `cyccnt` in `rtic`
[INFO] [stdout]   --> examples/test_rtic.rs:22:76
[INFO] [stdout]    |
[INFO] [stdout] 22 | #[app(device = stm32l1xx_hal::stm32, peripherals = true, monotonic = rtic::cyccnt::CYCCNT)]
[INFO] [stdout]    |                                                                            ^^^^^^ could not find `cyccnt` in `rtic`
[INFO] [stdout] 
[INFO] [stdout] 
[INFO] [stdout] error: language item required, but not found: `eh_personality`
[INFO] [stdout] 
[INFO] [stdout] 
[INFO] [stdout] error[E0599]: no method named `cycles` found for type `u32` in the current scope
[INFO] [stdout]   --> examples/test_rtic.rs:53:53
[INFO] [stdout]    |
[INFO] [stdout] 53 |             .test_task(Instant::now() + TEST_PERIOD.cycles())
[INFO] [stdout]    |                                                     ^^^^^^ method not found in `u32`
[INFO] [stdout] 
[INFO] [stdout] 
[INFO] [stdout] error[E0599]: no method named `cycles` found for type `u32` in the current scope
[INFO] [stdout]   --> examples/test_rtic.rs:82:51
[INFO] [stdout]    |
[INFO] [stdout] 82 |             .test_task(cx.scheduled + TEST_PERIOD.cycles())
[INFO] [stdout]    |                                                   ^^^^^^ method not found in `u32`
[INFO] [stdout] 
[INFO] [stdout] 
[INFO] [stdout] error[E0282]: type annotations needed
[INFO] [stdout]   --> examples/test_rtic.rs:22:1
[INFO] [stdout]    |
[INFO] [stdout] 22 | #[app(device = stm32l1xx_hal::stm32, peripherals = true, monotonic = rtic::cyccnt::CYCCNT)]
[INFO] [stdout]    | ^^^^^^^^^^^^^^^^^^^^^^^^^^^^^^^^^^^^^^^^^^^^^^^^^^^^^^^^^^^^^^^^^^^^^^^^^^^^^^^^^^^^^^^^^^^
[INFO] [stdout]    |
[INFO] [stdout]    = note: type must be known at this point
[INFO] [stdout]    = note: this error originates in an attribute macro (in Nightly builds, run with -Z macro-backtrace for more info)
[INFO] [stdout] 
[INFO] [stdout] 
[INFO] [stdout] error[E0432]: unresolved import `rtic::cyccnt`
[INFO] [stdout]   --> src/main.rs:24:11
[INFO] [stdout]    |
[INFO] [stdout] 24 | use rtic::cyccnt::Instant;
[INFO] [stdout]    |           ^^^^^^ could not find `cyccnt` in `rtic`
[INFO] [stdout] 
[INFO] [stdout] 
[INFO] [stdout] error[E0432]: unresolved import `rtic::cyccnt`
[INFO] [stdout]   --> src/main.rs:25:11
[INFO] [stdout]    |
[INFO] [stdout] 25 | use rtic::cyccnt::U32Ext;
[INFO] [stdout]    |           ^^^^^^ could not find `cyccnt` in `rtic`
[INFO] [stdout] 
[INFO] [stdout] 
[INFO] [stdout] error[E0433]: failed to resolve: could not find `cyccnt` in `rtic`
[INFO] [stdout]    --> src/main.rs:115:76
[INFO] [stdout]     |
[INFO] [stdout] 115 | #[app(device = stm32l1xx_hal::stm32, peripherals = true, monotonic = rtic::cyccnt::CYCCNT)]
[INFO] [stdout]     |                                                                            ^^^^^^ could not find `cyccnt` in `rtic`
[INFO] [stdout] 
[INFO] [stdout] 
[INFO] [stdout] error: aborting due to 7 previous errors
[INFO] [stdout] 
[INFO] [stdout] 
[INFO] [stdout] Some errors have detailed explanations: E0282, E0432, E0433, E0599.
[INFO] [stdout] 
[INFO] [stdout] For more information about an error, try `rustc --explain E0282`.
[INFO] [stdout] 
[INFO] [stdout] error: language item required, but not found: `eh_personality`
[INFO] [stdout] 
[INFO] [stdout] 
[INFO] [stdout] error[E0599]: no method named `cycles` found for type `u32` in the current scope
[INFO] [stdout]    --> src/main.rs:251:52
[INFO] [stdout]     |
[INFO] [stdout] 251 |             .wdg_task(Instant::now() + IWDG_PERIOD.cycles())
[INFO] [stdout]     |                                                    ^^^^^^ method not found in `u32`
[INFO] [stdout] 
[INFO] [stdout] 
[INFO] [stdout] error[E0599]: no method named `cycles` found for type `u32` in the current scope
[INFO] [stdout]    --> src/main.rs:255:53
[INFO] [stdout]     |
[INFO] [stdout] 255 |             .test_task(Instant::now() + TEST_PERIOD.cycles())
[INFO] [stdout]     |                                                     ^^^^^^ method not found in `u32`
[INFO] [stdout] 
[INFO] [stdout] 
[INFO] [stdout] error[E0599]: no method named `cycles` found for type `u32` in the current scope
[INFO] [stdout]    --> src/main.rs:259:54
[INFO] [stdout]     |
[INFO] [stdout] 259 |             .sleep_task(Instant::now() + IDLE_PERIOD.cycles())
[INFO] [stdout]     |                                                      ^^^^^^ method not found in `u32`
[INFO] [stdout] 
[INFO] [stdout] 
[INFO] [stdout] error[E0599]: no method named `cycles` found for type `u32` in the current scope
[INFO] [stdout]    --> src/main.rs:353:51
[INFO] [stdout]     |
[INFO] [stdout] 353 |             .test_task(cx.scheduled + TEST_PERIOD.cycles())
[INFO] [stdout]     |                                                   ^^^^^^ method not found in `u32`
[INFO] [stdout] 
[INFO] [stdout] 
[INFO] [stdout] error[E0599]: no method named `cycles` found for type `u32` in the current scope
[INFO] [stdout]    --> src/main.rs:362:50
[INFO] [stdout]     |
[INFO] [stdout] 362 |             .wdg_task(cx.scheduled + IWDG_PERIOD.cycles())
[INFO] [stdout]     |                                                  ^^^^^^ method not found in `u32`
[INFO] [stdout] 
[INFO] [stdout] 
[INFO] [stdout] error[E0599]: no method named `cycles` found for type `u32` in the current scope
[INFO] [stdout]    --> src/main.rs:377:56
[INFO] [stdout]     |
[INFO] [stdout] 377 |                 .sleep_task(cx.scheduled + IDLE_PERIOD.cycles())
[INFO] [stdout]     |                                                        ^^^^^^ method not found in `u32`
[INFO] [stdout] 
[INFO] [stdout] 
[INFO] [stdout] error[E0599]: no method named `cycles` found for type `u32` in the current scope
[INFO] [stdout]    --> src/main.rs:415:68
[INFO] [stdout]     |
[INFO] [stdout] 415 | ...                   .sleep_task(cx.scheduled + IDLE_PERIOD.cycles())
[INFO] [stdout]     |                                                              ^^^^^^ method not found in `u32`
[INFO] [stdout] 
[INFO] [stdout] 
[INFO] [stdout] error[E0599]: no method named `cycles` found for type `u32` in the current scope
[INFO] [stdout]    --> src/main.rs:451:73
[INFO] [stdout]     |
[INFO] [stdout] 451 | ...                   .cont_task(Instant::now() + CONT_PERIOD.cycles())
[INFO] [stdout]     |                                                               ^^^^^^ method not found in `u32`
[INFO] [stdout] 
[INFO] [stdout] 
[INFO] [stdout] error[E0432]: unresolved import `rtic::cyccnt`
[INFO] [stdout]   --> src/main.rs:24:11
[INFO] [stdout]    |
[INFO] [stdout] 24 | use rtic::cyccnt::Instant;
[INFO] [stdout]    |           ^^^^^^ could not find `cyccnt` in `rtic`
[INFO] [stdout] 
[INFO] [stdout] 
[INFO] [stdout] error[E0432]: unresolved import `rtic::cyccnt`
[INFO] [stdout]   --> src/main.rs:25:11
[INFO] [stdout]    |
[INFO] [stdout] 25 | use rtic::cyccnt::U32Ext;
[INFO] [stdout]    |           ^^^^^^ could not find `cyccnt` in `rtic`
[INFO] [stdout] 
[INFO] [stdout] 
[INFO] [stdout] error[E0599]: no method named `cycles` found for type `u32` in the current scope
[INFO] [stdout]    --> src/main.rs:525:73
[INFO] [stdout]     |
[INFO] [stdout] 525 | ...                   .cont_task(Instant::now() + CONT_PERIOD.cycles())
[INFO] [stdout]     |                                                               ^^^^^^ method not found in `u32`
[INFO] [stdout] 
[INFO] [stdout] 
[INFO] [stdout] error[E0599]: no method named `cycles` found for type `u32` in the current scope
[INFO] [stdout]    --> src/main.rs:575:73
[INFO] [stdout]     |
[INFO] [stdout] 575 | ...                   .cont_task(Instant::now() + CONT_PERIOD.cycles())
[INFO] [stdout]     |                                                               ^^^^^^ method not found in `u32`
[INFO] [stdout] 
[INFO] [stdout] 
[INFO] [stdout] error[E0599]: no method named `cycles` found for type `u32` in the current scope
[INFO] [stdout]    --> src/main.rs:617:51
[INFO] [stdout]     |
[INFO] [stdout] 617 |             .proc_task(cx.scheduled + PROC_PERIOD.cycles())
[INFO] [stdout]     |                                                   ^^^^^^ method not found in `u32`
[INFO] [stdout] 
[INFO] [stdout] 
[INFO] [stdout] error[E0433]: failed to resolve: could not find `cyccnt` in `rtic`
[INFO] [stdout]    --> src/main.rs:115:76
[INFO] [stdout]     |
[INFO] [stdout] 115 | #[app(device = stm32l1xx_hal::stm32, peripherals = true, monotonic = rtic::cyccnt::CYCCNT)]
[INFO] [stdout]     |                                                                            ^^^^^^ could not find `cyccnt` in `rtic`
[INFO] [stdout] 
[INFO] [stdout] 
[INFO] [stdout] error[E0282]: type annotations needed
[INFO] [stdout]    --> src/main.rs:115:1
[INFO] [stdout]     |
[INFO] [stdout] 115 | #[app(device = stm32l1xx_hal::stm32, peripherals = true, monotonic = rtic::cyccnt::CYCCNT)]
[INFO] [stdout]     | ^^^^^^^^^^^^^^^^^^^^^^^^^^^^^^^^^^^^^^^^^^^^^^^^^^^^^^^^^^^^^^^^^^^^^^^^^^^^^^^^^^^^^^^^^^^
[INFO] [stdout]     |
[INFO] [stdout]     = note: type must be known at this point
[INFO] [stdout]     = note: this error originates in an attribute macro (in Nightly builds, run with -Z macro-backtrace for more info)
[INFO] [stdout] 
[INFO] [stdout] 
[INFO] [stdout] error[E0152]: found duplicate lang item `panic_impl`
[INFO] [stdout]    --> src/main.rs:628:1
[INFO] [stdout]     |
[INFO] [stdout] 628 | / fn panic(_info: &PanicInfo) -> ! {
[INFO] [stdout] 629 | |     loop {}
[INFO] [stdout] 630 | | }
[INFO] [stdout]     | |_^
[INFO] [stdout]     |
[INFO] [stdout]     = note: the lang item is first defined in crate `std` (which `test` depends on)
[INFO] [stdout]     = note: first definition in `std` loaded from /opt/rustwide/rustup-home/toolchains/beta-2020-07-24-x86_64-unknown-linux-gnu/lib/rustlib/x86_64-unknown-linux-gnu/lib/libstd-d66e0ceb8eaec9b8.rlib
[INFO] [stdout]     = note: second definition in the local crate (`rust_ir_thermo`)
[INFO] [stdout] 
[INFO] [stdout] 
[INFO] [stdout] error: aborting due to 16 previous errors
[INFO] [stdout] 
[INFO] [stdout] 
[INFO] [stdout] Some errors have detailed explanations: E0282, E0432, E0433, E0599.
[INFO] [stdout] 
[INFO] [stdout] For more information about an error, try `rustc --explain E0282`.
[INFO] [stdout] 
[INFO] [stdout] error[E0599]: no method named `cycles` found for type `u32` in the current scope
[INFO] [stdout]    --> src/main.rs:251:52
[INFO] [stdout]     |
[INFO] [stdout] 251 |             .wdg_task(Instant::now() + IWDG_PERIOD.cycles())
[INFO] [stdout]     |                                                    ^^^^^^ method not found in `u32`
[INFO] [stdout] 
[INFO] [stdout] 
[INFO] [stdout] error[E0599]: no method named `cycles` found for type `u32` in the current scope
[INFO] [stdout]    --> src/main.rs:255:53
[INFO] [stdout]     |
[INFO] [stdout] 255 |             .test_task(Instant::now() + TEST_PERIOD.cycles())
[INFO] [stdout]     |                                                     ^^^^^^ method not found in `u32`
[INFO] [stdout] 
[INFO] [stdout] 
[INFO] [stdout] error[E0599]: no method named `cycles` found for type `u32` in the current scope
[INFO] [stdout]    --> src/main.rs:259:54
[INFO] [stdout]     |
[INFO] [stdout] 259 |             .sleep_task(Instant::now() + IDLE_PERIOD.cycles())
[INFO] [stdout]     |                                                      ^^^^^^ method not found in `u32`
[INFO] [stdout] 
[INFO] [stdout] 
[INFO] [stdout] error[E0599]: no method named `cycles` found for type `u32` in the current scope
[INFO] [stdout]    --> src/main.rs:353:51
[INFO] [stdout]     |
[INFO] [stdout] 353 |             .test_task(cx.scheduled + TEST_PERIOD.cycles())
[INFO] [stdout]     |                                                   ^^^^^^ method not found in `u32`
[INFO] [stdout] 
[INFO] [stdout] 
[INFO] [stdout] error[E0599]: no method named `cycles` found for type `u32` in the current scope
[INFO] [stdout]    --> src/main.rs:362:50
[INFO] [stdout]     |
[INFO] [stdout] 362 |             .wdg_task(cx.scheduled + IWDG_PERIOD.cycles())
[INFO] [stdout]     |                                                  ^^^^^^ method not found in `u32`
[INFO] [stdout] 
[INFO] [stdout] 
[INFO] [stdout] error[E0599]: no method named `cycles` found for type `u32` in the current scope
[INFO] [stdout]    --> src/main.rs:377:56
[INFO] [stdout]     |
[INFO] [stdout] 377 |                 .sleep_task(cx.scheduled + IDLE_PERIOD.cycles())
[INFO] [stdout]     |                                                        ^^^^^^ method not found in `u32`
[INFO] [stdout] 
[INFO] [stdout] 
[INFO] [stdout] error[E0599]: no method named `cycles` found for type `u32` in the current scope
[INFO] [stdout]    --> src/main.rs:415:68
[INFO] [stdout]     |
[INFO] [stdout] 415 | ...                   .sleep_task(cx.scheduled + IDLE_PERIOD.cycles())
[INFO] [stdout]     |                                                              ^^^^^^ method not found in `u32`
[INFO] [stdout] 
[INFO] [stdout] 
[INFO] [stdout] error[E0599]: no method named `cycles` found for type `u32` in the current scope
[INFO] [stdout]    --> src/main.rs:451:73
[INFO] [stdout]     |
[INFO] [stdout] 451 | ...                   .cont_task(Instant::now() + CONT_PERIOD.cycles())
[INFO] [stdout]     |                                                               ^^^^^^ method not found in `u32`
[INFO] [stdout] 
[INFO] [stdout] 
[INFO] [stdout] error[E0599]: no method named `cycles` found for type `u32` in the current scope
[INFO] [stdout]    --> src/main.rs:525:73
[INFO] [stdout]     |
[INFO] [stdout] 525 | ...                   .cont_task(Instant::now() + CONT_PERIOD.cycles())
[INFO] [stdout]     |                                                               ^^^^^^ method not found in `u32`
[INFO] [stdout] 
[INFO] [stdout] 
[INFO] [stdout] error[E0599]: no method named `cycles` found for type `u32` in the current scope
[INFO] [stdout]    --> src/main.rs:575:73
[INFO] [stdout]     |
[INFO] [stdout] 575 | ...                   .cont_task(Instant::now() + CONT_PERIOD.cycles())
[INFO] [stdout]     |                                                               ^^^^^^ method not found in `u32`
[INFO] [stdout] 
[INFO] [stdout] 
[INFO] [stdout] error[E0599]: no method named `cycles` found for type `u32` in the current scope
[INFO] [stdout]    --> src/main.rs:617:51
[INFO] [stdout]     |
[INFO] [stdout] 617 |             .proc_task(cx.scheduled + PROC_PERIOD.cycles())
[INFO] [stdout]     |                                                   ^^^^^^ method not found in `u32`
[INFO] [stdout] 
[INFO] [stdout] 
[INFO] [stdout] error[E0282]: type annotations needed
[INFO] [stdout]    --> src/main.rs:115:1
[INFO] [stdout]     |
[INFO] [stdout] 115 | #[app(device = stm32l1xx_hal::stm32, peripherals = true, monotonic = rtic::cyccnt::CYCCNT)]
[INFO] [stdout]     | ^^^^^^^^^^^^^^^^^^^^^^^^^^^^^^^^^^^^^^^^^^^^^^^^^^^^^^^^^^^^^^^^^^^^^^^^^^^^^^^^^^^^^^^^^^^
[INFO] [stdout]     |
[INFO] [stdout]     = note: type must be known at this point
[INFO] [stdout]     = note: this error originates in an attribute macro (in Nightly builds, run with -Z macro-backtrace for more info)
[INFO] [stdout] 
[INFO] [stdout] 
[INFO] [stdout] error: aborting due to 16 previous errors
[INFO] [stdout] 
[INFO] [stdout] 
[INFO] [stdout] Some errors have detailed explanations: E0152, E0282, E0432, E0433, E0599.
[INFO] [stdout] 
[INFO] [stdout] For more information about an error, try `rustc --explain E0152`.
[INFO] [stdout] 
[INFO] [stderr] error: build failed
[INFO] running `Command { std: "docker" "inspect" "b8736bd881926503ec4d1b4f091f293ec8cdebcd0a4032b9316a0eb112d06a27", kill_on_drop: false }`
[INFO] running `Command { std: "docker" "rm" "-f" "b8736bd881926503ec4d1b4f091f293ec8cdebcd0a4032b9316a0eb112d06a27", kill_on_drop: false }`
[INFO] [stdout] b8736bd881926503ec4d1b4f091f293ec8cdebcd0a4032b9316a0eb112d06a27
