[INFO] cloning repository https://github.com/gbonn/AdventOfCode2019
[INFO] running `Command { std: "git" "-c" "credential.helper=" "-c" "credential.helper=/workspace/cargo-home/bin/git-credential-null" "clone" "--bare" "https://github.com/gbonn/AdventOfCode2019" "/workspace/cache/git-repos/https%3A%2F%2Fgithub.com%2Fgbonn%2FAdventOfCode2019", kill_on_drop: false }`
[INFO] [stderr] Cloning into bare repository '/workspace/cache/git-repos/https%3A%2F%2Fgithub.com%2Fgbonn%2FAdventOfCode2019'...
[INFO] running `Command { std: "git" "rev-parse" "HEAD", kill_on_drop: false }`
[INFO] [stdout] ae3ff0d3a399ae7f6b3b33d14edc29fd2267830d
[INFO] checking gbonn/AdventOfCode2019 against beta-2020-07-24 for pr-75494-beta
[INFO] running `Command { std: "git" "clone" "/workspace/cache/git-repos/https%3A%2F%2Fgithub.com%2Fgbonn%2FAdventOfCode2019" "/workspace/builds/worker-0/source", kill_on_drop: false }`
[INFO] [stderr] Cloning into '/workspace/builds/worker-0/source'...
[INFO] [stderr] done.
[INFO] [stderr] Checking out files:  34% (167/483)   
Checking out files:  35% (170/483)   
Checking out files:  36% (174/483)   
Checking out files:  37% (179/483)   
Checking out files:  38% (184/483)   
Checking out files:  39% (189/483)   
Checking out files:  40% (194/483)   
Checking out files:  41% (199/483)   
Checking out files:  42% (203/483)   
Checking out files:  43% (208/483)   
Checking out files:  44% (213/483)   
Checking out files:  45% (218/483)   
Checking out files:  46% (223/483)   
Checking out files:  47% (228/483)   
Checking out files:  48% (232/483)   
Checking out files:  49% (237/483)   
Checking out files:  50% (242/483)   
Checking out files:  51% (247/483)   
Checking out files:  52% (252/483)   
Checking out files:  53% (256/483)   
Checking out files:  54% (261/483)   
Checking out files:  55% (266/483)   
Checking out files:  56% (271/483)   
Checking out files:  57% (276/483)   
Checking out files:  58% (281/483)   
Checking out files:  59% (285/483)   
Checking out files:  60% (290/483)   
Checking out files:  61% (295/483)   
Checking out files:  62% (300/483)   
Checking out files:  63% (305/483)   
Checking out files:  64% (310/483)   
Checking out files:  65% (314/483)   
Checking out files:  66% (319/483)   
Checking out files:  67% (324/483)   
Checking out files:  68% (329/483)   
Checking out files:  69% (334/483)   
Checking out files:  70% (339/483)   
Checking out files:  71% (343/483)   
Checking out files:  72% (348/483)   
Checking out files:  73% (353/483)   
Checking out files:  74% (358/483)   
Checking out files:  75% (363/483)   
Checking out files:  76% (368/483)   
Checking out files:  77% (372/483)   
Checking out files:  78% (377/483)   
Checking out files:  79% (382/483)   
Checking out files:  80% (387/483)   
Checking out files:  81% (392/483)   
Checking out files:  82% (397/483)   
Checking out files:  83% (401/483)   
Checking out files:  84% (406/483)   
Checking out files:  85% (411/483)   
Checking out files:  86% (416/483)   
Checking out files:  87% (421/483)   
Checking out files:  88% (426/483)   
Checking out files:  89% (430/483)   
Checking out files:  90% (435/483)   
Checking out files:  91% (440/483)   
Checking out files:  92% (445/483)   
Checking out files:  93% (450/483)   
Checking out files:  94% (455/483)   
Checking out files:  95% (459/483)   
Checking out files:  96% (464/483)   
Checking out files:  97% (469/483)   
Checking out files:  98% (474/483)   
Checking out files:  99% (479/483)   
Checking out files: 100% (483/483)   
Checking out files: 100% (483/483), done.
[INFO] validating manifest of git repo https://github.com/gbonn/AdventOfCode2019 on toolchain beta-2020-07-24
[INFO] running `Command { std: "/workspace/cargo-home/bin/cargo" "+beta-2020-07-24" "read-manifest" "--manifest-path" "Cargo.toml", kill_on_drop: false }`
[INFO] started tweaking git repo https://github.com/gbonn/AdventOfCode2019
[INFO] finished tweaking git repo https://github.com/gbonn/AdventOfCode2019
[INFO] tweaked toml for git repo https://github.com/gbonn/AdventOfCode2019 written to /workspace/builds/worker-0/source/Cargo.toml
[INFO] crate git repo https://github.com/gbonn/AdventOfCode2019 already has a lockfile, it will not be regenerated
[INFO] running `Command { std: "/workspace/cargo-home/bin/cargo" "+beta-2020-07-24" "fetch" "--locked" "--manifest-path" "Cargo.toml", kill_on_drop: false }`
[INFO] running `Command { std: "docker" "create" "-v" "/var/lib/crater-agent-workspace/builds/worker-0/target:/opt/rustwide/target:rw,Z" "-v" "/var/lib/crater-agent-workspace/builds/worker-0/source:/opt/rustwide/workdir:ro,Z" "-v" "/var/lib/crater-agent-workspace/cargo-home:/opt/rustwide/cargo-home:ro,Z" "-v" "/var/lib/crater-agent-workspace/rustup-home:/opt/rustwide/rustup-home:ro,Z" "-e" "SOURCE_DIR=/opt/rustwide/workdir" "-e" "CARGO_TARGET_DIR=/opt/rustwide/target" "-e" "CARGO_HOME=/opt/rustwide/cargo-home" "-e" "RUSTUP_HOME=/opt/rustwide/rustup-home" "-w" "/opt/rustwide/workdir" "-m" "1610612736" "--user" "0:0" "--network" "none" "rustops/crates-build-env@sha256:a636fd89d022f18117e1dc8fb37a0a009933cdbbe082814857f0e2024962d47c" "/opt/rustwide/cargo-home/bin/cargo" "+beta-2020-07-24" "metadata" "--no-deps" "--format-version=1", kill_on_drop: false }`
[INFO] [stdout] 3d8d80e9ec2dbcf9eacfc09ccf664840afe37cf5cfe57b8d733863da94c09576
[INFO] [stderr] WARNING: Your kernel does not support swap limit capabilities or the cgroup is not mounted. Memory limited without swap.
[INFO] running `Command { std: "docker" "start" "-a" "3d8d80e9ec2dbcf9eacfc09ccf664840afe37cf5cfe57b8d733863da94c09576", kill_on_drop: false }`
[INFO] running `Command { std: "docker" "inspect" "3d8d80e9ec2dbcf9eacfc09ccf664840afe37cf5cfe57b8d733863da94c09576", kill_on_drop: false }`
[INFO] running `Command { std: "docker" "rm" "-f" "3d8d80e9ec2dbcf9eacfc09ccf664840afe37cf5cfe57b8d733863da94c09576", kill_on_drop: false }`
[INFO] [stdout] 3d8d80e9ec2dbcf9eacfc09ccf664840afe37cf5cfe57b8d733863da94c09576
[INFO] running `Command { std: "docker" "create" "-v" "/var/lib/crater-agent-workspace/builds/worker-0/target:/opt/rustwide/target:rw,Z" "-v" "/var/lib/crater-agent-workspace/builds/worker-0/source:/opt/rustwide/workdir:ro,Z" "-v" "/var/lib/crater-agent-workspace/cargo-home:/opt/rustwide/cargo-home:ro,Z" "-v" "/var/lib/crater-agent-workspace/rustup-home:/opt/rustwide/rustup-home:ro,Z" "-e" "SOURCE_DIR=/opt/rustwide/workdir" "-e" "CARGO_TARGET_DIR=/opt/rustwide/target" "-e" "CARGO_INCREMENTAL=0" "-e" "RUST_BACKTRACE=full" "-e" "RUSTFLAGS=--cap-lints=forbid" "-e" "CARGO_HOME=/opt/rustwide/cargo-home" "-e" "RUSTUP_HOME=/opt/rustwide/rustup-home" "-w" "/opt/rustwide/workdir" "-m" "1610612736" "--user" "0:0" "--network" "none" "rustops/crates-build-env@sha256:a636fd89d022f18117e1dc8fb37a0a009933cdbbe082814857f0e2024962d47c" "/opt/rustwide/cargo-home/bin/cargo" "+beta-2020-07-24" "check" "--frozen" "--all" "--all-targets" "--message-format=json", kill_on_drop: false }`
[INFO] [stdout] 31d67e014aa197f890d3f7bd25dd79b1f80cd1ec407681c1c83534b08d39c819
[INFO] [stderr] WARNING: Your kernel does not support swap limit capabilities or the cgroup is not mounted. Memory limited without swap.
[INFO] running `Command { std: "docker" "start" "-a" "31d67e014aa197f890d3f7bd25dd79b1f80cd1ec407681c1c83534b08d39c819", kill_on_drop: false }`
[INFO] [stderr]     Checking aoc_2019 v0.1.0 (/opt/rustwide/workdir)
[INFO] [stdout] error[E0583]: file not found for module `day_1`
[INFO] [stdout]  --> src/main.rs:2:1
[INFO] [stdout]   |
[INFO] [stdout] 2 | mod day_1;
[INFO] [stdout]   | ^^^^^^^^^^
[INFO] [stdout]   |
[INFO] [stdout]   = help: to create the module `day_1`, create file "src/day_1.rs"
[INFO] [stdout] 
[INFO] [stdout] 
[INFO] [stdout] error[E0583]: file not found for module `day_1`
[INFO] [stdout]  --> src/main.rs:2:1
[INFO] [stdout]   |
[INFO] [stdout] 2 | mod day_1;
[INFO] [stdout]   | ^^^^^^^^^^
[INFO] [stdout]   |
[INFO] [stdout]   = help: to create the module `day_1`, create file "src/day_1.rs"
[INFO] [stdout] 
[INFO] [stdout] 
[INFO] [stdout] error[E0433]: failed to resolve: could not find `day_1_solver` in `day_1`
[INFO] [stdout]  --> src/main.rs:6:50
[INFO] [stdout]   |
[INFO] [stdout] 6 |     println!("Day 1 part 1 solution: {}", day_1::day_1_solver::get_day_1_part_1_solution());
[INFO] [stdout]   |                                                  ^^^^^^^^^^^^ could not find `day_1_solver` in `day_1`
[INFO] [stdout] 
[INFO] [stdout] 
[INFO] [stdout] error[E0433]: failed to resolve: could not find `day_1_solver` in `day_1`
[INFO] [stdout]  --> src/main.rs:7:50
[INFO] [stdout]   |
[INFO] [stdout] 7 |     println!("Day 1 part 2 solution: {}", day_1::day_1_solver::get_day_1_part_2_solution());
[INFO] [stdout]   |                                                  ^^^^^^^^^^^^ could not find `day_1_solver` in `day_1`
[INFO] [stdout] 
[INFO] [stdout] 
[INFO] [stdout] error: aborting due to 3 previous errors
[INFO] [stdout] 
[INFO] [stdout] 
[INFO] [stdout] Some errors have detailed explanations: E0433, E0583.
[INFO] [stdout] 
[INFO] [stdout] For more information about an error, try `rustc --explain E0433`.
[INFO] [stdout] 
[INFO] [stderr] error: could not compile `aoc_2019`.
[INFO] [stderr] 
[INFO] [stderr] To learn more, run the command again with --verbose.
[INFO] [stderr] warning: build failed, waiting for other jobs to finish...
[INFO] [stdout] error[E0433]: failed to resolve: could not find `day_1_solver` in `day_1`
[INFO] [stdout]  --> src/main.rs:6:50
[INFO] [stdout]   |
[INFO] [stdout] 6 |     println!("Day 1 part 1 solution: {}", day_1::day_1_solver::get_day_1_part_1_solution());
[INFO] [stdout]   |                                                  ^^^^^^^^^^^^ could not find `day_1_solver` in `day_1`
[INFO] [stdout] 
[INFO] [stdout] 
[INFO] [stdout] error[E0433]: failed to resolve: could not find `day_1_solver` in `day_1`
[INFO] [stdout]  --> src/main.rs:7:50
[INFO] [stdout]   |
[INFO] [stdout] 7 |     println!("Day 1 part 2 solution: {}", day_1::day_1_solver::get_day_1_part_2_solution());
[INFO] [stdout]   |                                                  ^^^^^^^^^^^^ could not find `day_1_solver` in `day_1`
[INFO] [stdout] 
[INFO] [stdout] 
[INFO] [stdout] error: aborting due to 3 previous errors
[INFO] [stdout] 
[INFO] [stdout] 
[INFO] [stdout] Some errors have detailed explanations: E0433, E0583.
[INFO] [stdout] 
[INFO] [stdout] For more information about an error, try `rustc --explain E0433`.
[INFO] [stdout] 
[INFO] [stderr] error: build failed
[INFO] running `Command { std: "docker" "inspect" "31d67e014aa197f890d3f7bd25dd79b1f80cd1ec407681c1c83534b08d39c819", kill_on_drop: false }`
[INFO] running `Command { std: "docker" "rm" "-f" "31d67e014aa197f890d3f7bd25dd79b1f80cd1ec407681c1c83534b08d39c819", kill_on_drop: false }`
[INFO] [stdout] 31d67e014aa197f890d3f7bd25dd79b1f80cd1ec407681c1c83534b08d39c819
