[INFO] cloning repository https://github.com/gangashman/rust_recognition_digit
[INFO] running `Command { std: "git" "-c" "credential.helper=" "-c" "credential.helper=/workspace/cargo-home/bin/git-credential-null" "clone" "--bare" "https://github.com/gangashman/rust_recognition_digit" "/workspace/cache/git-repos/https%3A%2F%2Fgithub.com%2Fgangashman%2Frust_recognition_digit", kill_on_drop: false }`
[INFO] [stderr] Cloning into bare repository '/workspace/cache/git-repos/https%3A%2F%2Fgithub.com%2Fgangashman%2Frust_recognition_digit'...
[INFO] running `Command { std: "git" "rev-parse" "HEAD", kill_on_drop: false }`
[INFO] [stdout] 6b714d18f451912eb46294b7003dd1dfe12a99ba
[INFO] checking gangashman/rust_recognition_digit against beta-2020-07-24 for pr-75494-beta
[INFO] running `Command { std: "git" "clone" "/workspace/cache/git-repos/https%3A%2F%2Fgithub.com%2Fgangashman%2Frust_recognition_digit" "/workspace/builds/worker-14/source", kill_on_drop: false }`
[INFO] [stderr] Cloning into '/workspace/builds/worker-14/source'...
[INFO] [stderr] done.
[INFO] validating manifest of git repo https://github.com/gangashman/rust_recognition_digit on toolchain beta-2020-07-24
[INFO] running `Command { std: "/workspace/cargo-home/bin/cargo" "+beta-2020-07-24" "read-manifest" "--manifest-path" "Cargo.toml", kill_on_drop: false }`
[INFO] started tweaking git repo https://github.com/gangashman/rust_recognition_digit
[INFO] finished tweaking git repo https://github.com/gangashman/rust_recognition_digit
[INFO] tweaked toml for git repo https://github.com/gangashman/rust_recognition_digit written to /workspace/builds/worker-14/source/Cargo.toml
[INFO] crate git repo https://github.com/gangashman/rust_recognition_digit already has a lockfile, it will not be regenerated
[INFO] running `Command { std: "/workspace/cargo-home/bin/cargo" "+beta-2020-07-24" "fetch" "--locked" "--manifest-path" "Cargo.toml", kill_on_drop: false }`
[INFO] [stderr]  Downloading crates ...
[INFO] [stderr]   Downloaded mnist v0.4.0
[INFO] [stderr]   Downloaded matrixmultiply v0.1.13
[INFO] [stderr]   Downloaded rulinalg v0.4.2
[INFO] running `Command { std: "docker" "create" "-v" "/var/lib/crater-agent-workspace/builds/worker-14/target:/opt/rustwide/target:rw,Z" "-v" "/var/lib/crater-agent-workspace/builds/worker-14/source:/opt/rustwide/workdir:ro,Z" "-v" "/var/lib/crater-agent-workspace/cargo-home:/opt/rustwide/cargo-home:ro,Z" "-v" "/var/lib/crater-agent-workspace/rustup-home:/opt/rustwide/rustup-home:ro,Z" "-e" "SOURCE_DIR=/opt/rustwide/workdir" "-e" "CARGO_TARGET_DIR=/opt/rustwide/target" "-e" "CARGO_HOME=/opt/rustwide/cargo-home" "-e" "RUSTUP_HOME=/opt/rustwide/rustup-home" "-w" "/opt/rustwide/workdir" "-m" "1610612736" "--user" "0:0" "--network" "none" "rustops/crates-build-env@sha256:a636fd89d022f18117e1dc8fb37a0a009933cdbbe082814857f0e2024962d47c" "/opt/rustwide/cargo-home/bin/cargo" "+beta-2020-07-24" "metadata" "--no-deps" "--format-version=1", kill_on_drop: false }`
[INFO] [stdout] 3d3dde909efe7d57f309e126c5ae4a58c69f6bc174be67b38452b07f821555cd
[INFO] [stderr] WARNING: Your kernel does not support swap limit capabilities or the cgroup is not mounted. Memory limited without swap.
[INFO] running `Command { std: "docker" "start" "-a" "3d3dde909efe7d57f309e126c5ae4a58c69f6bc174be67b38452b07f821555cd", kill_on_drop: false }`
[INFO] running `Command { std: "docker" "inspect" "3d3dde909efe7d57f309e126c5ae4a58c69f6bc174be67b38452b07f821555cd", kill_on_drop: false }`
[INFO] running `Command { std: "docker" "rm" "-f" "3d3dde909efe7d57f309e126c5ae4a58c69f6bc174be67b38452b07f821555cd", kill_on_drop: false }`
[INFO] [stdout] 3d3dde909efe7d57f309e126c5ae4a58c69f6bc174be67b38452b07f821555cd
[INFO] running `Command { std: "docker" "create" "-v" "/var/lib/crater-agent-workspace/builds/worker-14/target:/opt/rustwide/target:rw,Z" "-v" "/var/lib/crater-agent-workspace/builds/worker-14/source:/opt/rustwide/workdir:ro,Z" "-v" "/var/lib/crater-agent-workspace/cargo-home:/opt/rustwide/cargo-home:ro,Z" "-v" "/var/lib/crater-agent-workspace/rustup-home:/opt/rustwide/rustup-home:ro,Z" "-e" "SOURCE_DIR=/opt/rustwide/workdir" "-e" "CARGO_TARGET_DIR=/opt/rustwide/target" "-e" "CARGO_INCREMENTAL=0" "-e" "RUST_BACKTRACE=full" "-e" "RUSTFLAGS=--cap-lints=forbid" "-e" "CARGO_HOME=/opt/rustwide/cargo-home" "-e" "RUSTUP_HOME=/opt/rustwide/rustup-home" "-w" "/opt/rustwide/workdir" "-m" "1610612736" "--user" "0:0" "--network" "none" "rustops/crates-build-env@sha256:a636fd89d022f18117e1dc8fb37a0a009933cdbbe082814857f0e2024962d47c" "/opt/rustwide/cargo-home/bin/cargo" "+beta-2020-07-24" "check" "--frozen" "--all" "--all-targets" "--message-format=json", kill_on_drop: false }`
[INFO] [stdout] a2164ae99fe412acf8df5c18fb781898d144cf3e499944a0687ef1c34fea2869
[INFO] [stderr] WARNING: Your kernel does not support swap limit capabilities or the cgroup is not mounted. Memory limited without swap.
[INFO] running `Command { std: "docker" "start" "-a" "a2164ae99fe412acf8df5c18fb781898d144cf3e499944a0687ef1c34fea2869", kill_on_drop: false }`
[INFO] [stderr]    Compiling matrixmultiply v0.1.13
[INFO] [stderr]     Checking rawpointer v0.1.0
[INFO] [stderr]     Checking libc v0.2.33
[INFO] [stderr]     Checking byteorder v1.1.0
[INFO] [stderr]     Checking mnist v0.4.0
[INFO] [stderr]     Checking rulinalg v0.3.7
[INFO] [stderr]     Checking rulinalg v0.4.2
[INFO] [stderr]     Checking rand v0.3.18
[INFO] [stderr]     Checking rusty-machine v0.5.4
[INFO] [stderr]     Checking recognition_digit v0.1.0 (/opt/rustwide/workdir)
[INFO] [stdout] error[E0308]: mismatched types
[INFO] [stdout]   --> src/main.rs:58:17
[INFO] [stdout]    |
[INFO] [stdout] 58 |     model.train(&inputs, &targets).unwrap();
[INFO] [stdout]    |                 ^^^^^^^ expected `f64`, found `u8`
[INFO] [stdout]    |
[INFO] [stdout]    = note: expected reference `&rusty_machine::prelude::Matrix<f64>`
[INFO] [stdout]               found reference `&rusty_machine::prelude::Matrix<u8>`
[INFO] [stdout] 
[INFO] [stdout] 
[INFO] [stdout] error[E0308]: mismatched types
[INFO] [stdout]   --> src/main.rs:58:17
[INFO] [stdout]    |
[INFO] [stdout] 58 |     model.train(&inputs, &targets).unwrap();
[INFO] [stdout]    |                 ^^^^^^^ expected `f64`, found `u8`
[INFO] [stdout]    |
[INFO] [stdout]    = note: expected reference `&rusty_machine::prelude::Matrix<f64>`
[INFO] [stdout]               found reference `&rusty_machine::prelude::Matrix<u8>`
[INFO] [stdout] 
[INFO] [stdout] 
[INFO] [stdout] error[E0308]: mismatched types
[INFO] [stdout]   --> src/main.rs:58:26
[INFO] [stdout]    |
[INFO] [stdout] 58 |     model.train(&inputs, &targets).unwrap();
[INFO] [stdout]    |                          ^^^^^^^^ expected struct `rusty_machine::prelude::Matrix`, found struct `rusty_machine::prelude::Vector`
[INFO] [stdout]    |
[INFO] [stdout]    = note: expected reference `&rusty_machine::prelude::Matrix<f64>`
[INFO] [stdout]               found reference `&rusty_machine::prelude::Vector<u8>`
[INFO] [stdout] 
[INFO] [stdout] 
[INFO] [stdout] error: aborting due to 2 previous errors
[INFO] [stdout] 
[INFO] [stdout] 
[INFO] [stdout] For more information about this error, try `rustc --explain E0308`.
[INFO] [stdout] 
[INFO] [stderr] error: could not compile `recognition_digit`.
[INFO] [stdout] error[E0308]: mismatched types
[INFO] [stdout]   --> src/main.rs:58:26
[INFO] [stdout]    |
[INFO] [stdout] 58 |     model.train(&inputs, &targets).unwrap();
[INFO] [stdout]    |                          ^^^^^^^^ expected struct `rusty_machine::prelude::Matrix`, found struct `rusty_machine::prelude::Vector`
[INFO] [stdout]    |
[INFO] [stdout]    = note: expected reference `&rusty_machine::prelude::Matrix<f64>`
[INFO] [stdout]               found reference `&rusty_machine::prelude::Vector<u8>`
[INFO] [stdout] 
[INFO] [stdout] 
[INFO] [stderr] 
[INFO] [stdout] error: aborting due to 2 previous errors
[INFO] [stdout] 
[INFO] [stdout] 
[INFO] [stderr] To learn more, run the command again with --verbose.
[INFO] [stdout] For more information about this error, try `rustc --explain E0308`.
[INFO] [stdout] 
[INFO] [stderr] warning: build failed, waiting for other jobs to finish...
[INFO] [stderr] error: build failed
[INFO] running `Command { std: "docker" "inspect" "a2164ae99fe412acf8df5c18fb781898d144cf3e499944a0687ef1c34fea2869", kill_on_drop: false }`
[INFO] running `Command { std: "docker" "rm" "-f" "a2164ae99fe412acf8df5c18fb781898d144cf3e499944a0687ef1c34fea2869", kill_on_drop: false }`
[INFO] [stdout] a2164ae99fe412acf8df5c18fb781898d144cf3e499944a0687ef1c34fea2869
