[INFO] cloning repository https://github.com/g2xpf/f-colon
[INFO] running `Command { std: "git" "-c" "credential.helper=" "-c" "credential.helper=/workspace/cargo-home/bin/git-credential-null" "clone" "--bare" "https://github.com/g2xpf/f-colon" "/workspace/cache/git-repos/https%3A%2F%2Fgithub.com%2Fg2xpf%2Ff-colon", kill_on_drop: false }`
[INFO] [stderr] Cloning into bare repository '/workspace/cache/git-repos/https%3A%2F%2Fgithub.com%2Fg2xpf%2Ff-colon'...
[INFO] running `Command { std: "git" "rev-parse" "HEAD", kill_on_drop: false }`
[INFO] [stdout] 923588f138ef7c02a344ff74e7824bff890a5d99
[INFO] checking g2xpf/f-colon against beta-2020-07-24 for pr-75494-beta
[INFO] running `Command { std: "git" "clone" "/workspace/cache/git-repos/https%3A%2F%2Fgithub.com%2Fg2xpf%2Ff-colon" "/workspace/builds/worker-8/source", kill_on_drop: false }`
[INFO] [stderr] Cloning into '/workspace/builds/worker-8/source'...
[INFO] [stderr] done.
[INFO] validating manifest of git repo https://github.com/g2xpf/f-colon on toolchain beta-2020-07-24
[INFO] running `Command { std: "/workspace/cargo-home/bin/cargo" "+beta-2020-07-24" "read-manifest" "--manifest-path" "Cargo.toml", kill_on_drop: false }`
[INFO] started tweaking git repo https://github.com/g2xpf/f-colon
[INFO] removed path dependency ecs-rs from git repo https://github.com/g2xpf/f-colon
[INFO] finished tweaking git repo https://github.com/g2xpf/f-colon
[INFO] tweaked toml for git repo https://github.com/g2xpf/f-colon written to /workspace/builds/worker-8/source/Cargo.toml
[INFO] crate git repo https://github.com/g2xpf/f-colon already has a lockfile, it will not be regenerated
[INFO] running `Command { std: "/workspace/cargo-home/bin/cargo" "+beta-2020-07-24" "fetch" "--locked" "--manifest-path" "Cargo.toml", kill_on_drop: false }`
[INFO] [stderr] warning: dependency (ecs-rs) specified without providing a local path, Git repository, or version to use. This will be considered an error in future versions
[INFO] [stderr]     Updating crates.io index
[INFO] [stderr] error: the lock file /workspace/builds/worker-8/source/Cargo.lock needs to be updated but --locked was passed to prevent this
[INFO] [stderr] If you want to try to generate the lock file without accessing the network, use the --offline flag.
[INFO] the lockfile is outdated, regenerating it
[INFO] running `Command { std: "/workspace/cargo-home/bin/cargo" "+beta-2020-07-24" "generate-lockfile" "--manifest-path" "Cargo.toml" "-Zno-index-update", kill_on_drop: false }`
[INFO] running `Command { std: "/workspace/cargo-home/bin/cargo" "+beta-2020-07-24" "fetch" "--locked" "--manifest-path" "Cargo.toml", kill_on_drop: false }`
[INFO] [stderr] warning: dependency (ecs-rs) specified without providing a local path, Git repository, or version to use. This will be considered an error in future versions
[INFO] running `Command { std: "docker" "create" "-v" "/var/lib/crater-agent-workspace/builds/worker-8/target:/opt/rustwide/target:rw,Z" "-v" "/var/lib/crater-agent-workspace/builds/worker-8/source:/opt/rustwide/workdir:ro,Z" "-v" "/var/lib/crater-agent-workspace/cargo-home:/opt/rustwide/cargo-home:ro,Z" "-v" "/var/lib/crater-agent-workspace/rustup-home:/opt/rustwide/rustup-home:ro,Z" "-e" "SOURCE_DIR=/opt/rustwide/workdir" "-e" "CARGO_TARGET_DIR=/opt/rustwide/target" "-e" "CARGO_HOME=/opt/rustwide/cargo-home" "-e" "RUSTUP_HOME=/opt/rustwide/rustup-home" "-w" "/opt/rustwide/workdir" "-m" "1610612736" "--user" "0:0" "--network" "none" "rustops/crates-build-env@sha256:a636fd89d022f18117e1dc8fb37a0a009933cdbbe082814857f0e2024962d47c" "/opt/rustwide/cargo-home/bin/cargo" "+beta-2020-07-24" "metadata" "--no-deps" "--format-version=1", kill_on_drop: false }`
[INFO] [stdout] f868058f8324865a4ac18c33b0c9dda3ff4a5576e25a00606868d4e1157ce84b
[INFO] [stderr] WARNING: Your kernel does not support swap limit capabilities or the cgroup is not mounted. Memory limited without swap.
[INFO] running `Command { std: "docker" "start" "-a" "f868058f8324865a4ac18c33b0c9dda3ff4a5576e25a00606868d4e1157ce84b", kill_on_drop: false }`
[INFO] running `Command { std: "docker" "inspect" "f868058f8324865a4ac18c33b0c9dda3ff4a5576e25a00606868d4e1157ce84b", kill_on_drop: false }`
[INFO] running `Command { std: "docker" "rm" "-f" "f868058f8324865a4ac18c33b0c9dda3ff4a5576e25a00606868d4e1157ce84b", kill_on_drop: false }`
[INFO] [stdout] f868058f8324865a4ac18c33b0c9dda3ff4a5576e25a00606868d4e1157ce84b
[INFO] running `Command { std: "docker" "create" "-v" "/var/lib/crater-agent-workspace/builds/worker-8/target:/opt/rustwide/target:rw,Z" "-v" "/var/lib/crater-agent-workspace/builds/worker-8/source:/opt/rustwide/workdir:ro,Z" "-v" "/var/lib/crater-agent-workspace/cargo-home:/opt/rustwide/cargo-home:ro,Z" "-v" "/var/lib/crater-agent-workspace/rustup-home:/opt/rustwide/rustup-home:ro,Z" "-e" "SOURCE_DIR=/opt/rustwide/workdir" "-e" "CARGO_TARGET_DIR=/opt/rustwide/target" "-e" "CARGO_INCREMENTAL=0" "-e" "RUST_BACKTRACE=full" "-e" "RUSTFLAGS=--cap-lints=forbid" "-e" "CARGO_HOME=/opt/rustwide/cargo-home" "-e" "RUSTUP_HOME=/opt/rustwide/rustup-home" "-w" "/opt/rustwide/workdir" "-m" "1610612736" "--user" "0:0" "--network" "none" "rustops/crates-build-env@sha256:a636fd89d022f18117e1dc8fb37a0a009933cdbbe082814857f0e2024962d47c" "/opt/rustwide/cargo-home/bin/cargo" "+beta-2020-07-24" "check" "--frozen" "--all" "--all-targets" "--message-format=json", kill_on_drop: false }`
[INFO] [stdout] 11d74d02a4cce5a809e7c422c716711fb22c56dcb17d4e5bfb9feb59caf37e0a
[INFO] [stderr] WARNING: Your kernel does not support swap limit capabilities or the cgroup is not mounted. Memory limited without swap.
[INFO] running `Command { std: "docker" "start" "-a" "11d74d02a4cce5a809e7c422c716711fb22c56dcb17d4e5bfb9feb59caf37e0a", kill_on_drop: false }`
[INFO] [stderr] warning: dependency (ecs-rs) specified without providing a local path, Git repository, or version to use. This will be considered an error in future versions
[INFO] [stderr]    Compiling autocfg v1.0.1
[INFO] [stderr]     Checking lazy_static v1.4.0
[INFO] [stderr]    Compiling proc-macro2 v0.4.30
[INFO] [stderr]     Checking cfg-if v0.1.10
[INFO] [stderr]    Compiling maybe-uninit v2.0.0
[INFO] [stderr]    Compiling byteorder v1.3.4
[INFO] [stderr]    Compiling autocfg v0.1.7
[INFO] [stderr]    Compiling bitflags v1.2.1
[INFO] [stderr]    Compiling libloading v0.6.2
[INFO] [stderr]    Compiling log v0.4.11
[INFO] [stderr]    Compiling semver-parser v0.7.0
[INFO] [stderr]    Compiling khronos_api v3.1.0
[INFO] [stderr]    Compiling nix v0.14.1
[INFO] [stderr]     Checking void v1.0.2
[INFO] [stderr]    Compiling pkg-config v0.3.18
[INFO] [stderr]    Compiling rayon-core v1.7.1
[INFO] [stderr]     Checking scopeguard v1.1.0
[INFO] [stderr]     Checking stable_deref_trait v1.2.0
[INFO] [stderr]     Checking downcast-rs v1.2.0
[INFO] [stderr]     Checking adler32 v1.2.0
[INFO] [stderr]     Checking adler v0.2.3
[INFO] [stderr]     Checking gimli v0.22.0
[INFO] [stderr]     Checking either v1.6.0
[INFO] [stderr]    Compiling cgmath v0.17.0
[INFO] [stderr]     Checking object v0.20.0
[INFO] [stderr]     Checking fnv v1.0.7
[INFO] [stderr]     Checking ecs-rs v0.1.2
[INFO] [stderr]     Checking owning_ref v0.4.1
[INFO] [stderr]    Compiling semver v0.9.0
[INFO] [stderr]     Checking miniz_oxide v0.4.1
[INFO] [stdout] error[E0432]: unresolved import `std::marker::Reflect`
[INFO] [stdout]  --> /opt/rustwide/cargo-home/registry/src/github.com-1ecc6299db9ec823/ecs-rs-0.1.2/src/heterogenous_set.rs:1:5
[INFO] [stdout]   |
[INFO] [stdout] 1 | use std::marker::Reflect;
[INFO] [stdout]   |     ^^^^^^^^^^^^^^^^^^^^ no `Reflect` in `marker`
[INFO] [stdout] 
[INFO] [stdout] 
[INFO] [stdout] error[E0432]: unresolved import `std::marker::Reflect`
[INFO] [stdout]  --> /opt/rustwide/cargo-home/registry/src/github.com-1ecc6299db9ec823/ecs-rs-0.1.2/src/entity.rs:1:5
[INFO] [stdout]   |
[INFO] [stdout] 1 | use std::marker::Reflect;
[INFO] [stdout]   |     ^^^^^^^^^^^^^^^^^^^^ no `Reflect` in `marker`
[INFO] [stdout] 
[INFO] [stdout] 
[INFO] [stdout] error[E0432]: unresolved import `std::marker::Reflect`
[INFO] [stdout]  --> /opt/rustwide/cargo-home/registry/src/github.com-1ecc6299db9ec823/ecs-rs-0.1.2/src/components.rs:1:5
[INFO] [stdout]   |
[INFO] [stdout] 1 | use std::marker::Reflect;
[INFO] [stdout]   |     ^^^^^^^^^^^^^^^^^^^^ no `Reflect` in `marker`
[INFO] [stdout] 
[INFO] [stdout] 
[INFO] [stdout] error[E0554]: `#![feature]` may not be used on the beta release channel
[INFO] [stdout]  --> /opt/rustwide/cargo-home/registry/src/github.com-1ecc6299db9ec823/ecs-rs-0.1.2/src/lib.rs:1:1
[INFO] [stdout]   |
[INFO] [stdout] 1 | #![feature(reflect_marker)]
[INFO] [stdout]   | ^^^^^^^^^^^^^^^^^^^^^^^^^^^
[INFO] [stdout] 
[INFO] [stdout] 
[INFO] [stdout] error[E0554]: `#![feature]` may not be used on the beta release channel
[INFO] [stdout]  --> /opt/rustwide/cargo-home/registry/src/github.com-1ecc6299db9ec823/ecs-rs-0.1.2/src/lib.rs:2:1
[INFO] [stdout]   |
[INFO] [stdout] 2 | #![feature(get_type_id)]
[INFO] [stdout]   | ^^^^^^^^^^^^^^^^^^^^^^^^
[INFO] [stdout] 
[INFO] [stdout] 
[INFO] [stderr]     Checking inflate v0.4.5
[INFO] [stdout] error: aborting due to 5 previous errors
[INFO] [stdout] 
[INFO] [stdout] 
[INFO] [stdout] Some errors have detailed explanations: E0432, E0554.
[INFO] [stdout] 
[INFO] [stdout] For more information about an error, try `rustc --explain E0432`.
[INFO] [stdout] 
[INFO] [stderr] error: could not compile `ecs-rs`.
[INFO] [stderr] 
[INFO] [stderr] To learn more, run the command again with --verbose.
[INFO] [stderr] warning: build failed, waiting for other jobs to finish...
[INFO] [stderr] error: build failed
[INFO] running `Command { std: "docker" "inspect" "11d74d02a4cce5a809e7c422c716711fb22c56dcb17d4e5bfb9feb59caf37e0a", kill_on_drop: false }`
[INFO] running `Command { std: "docker" "rm" "-f" "11d74d02a4cce5a809e7c422c716711fb22c56dcb17d4e5bfb9feb59caf37e0a", kill_on_drop: false }`
[INFO] [stdout] 11d74d02a4cce5a809e7c422c716711fb22c56dcb17d4e5bfb9feb59caf37e0a
