[INFO] cloning repository https://github.com/flexd/rotaro-node-hub
[INFO] running `Command { std: "git" "-c" "credential.helper=" "-c" "credential.helper=/workspace/cargo-home/bin/git-credential-null" "clone" "--bare" "https://github.com/flexd/rotaro-node-hub" "/workspace/cache/git-repos/https%3A%2F%2Fgithub.com%2Fflexd%2Frotaro-node-hub", kill_on_drop: false }`
[INFO] [stderr] Cloning into bare repository '/workspace/cache/git-repos/https%3A%2F%2Fgithub.com%2Fflexd%2Frotaro-node-hub'...
[INFO] running `Command { std: "git" "rev-parse" "HEAD", kill_on_drop: false }`
[INFO] [stdout] fce6c88be36c93788613368c5b191785a23d2724
[INFO] checking flexd/rotaro-node-hub against beta-2020-07-24 for pr-75494-beta
[INFO] running `Command { std: "git" "clone" "/workspace/cache/git-repos/https%3A%2F%2Fgithub.com%2Fflexd%2Frotaro-node-hub" "/workspace/builds/worker-14/source", kill_on_drop: false }`
[INFO] [stderr] Cloning into '/workspace/builds/worker-14/source'...
[INFO] [stderr] done.
[INFO] validating manifest of git repo https://github.com/flexd/rotaro-node-hub on toolchain beta-2020-07-24
[INFO] running `Command { std: "/workspace/cargo-home/bin/cargo" "+beta-2020-07-24" "read-manifest" "--manifest-path" "Cargo.toml", kill_on_drop: false }`
[INFO] started tweaking git repo https://github.com/flexd/rotaro-node-hub
[INFO] finished tweaking git repo https://github.com/flexd/rotaro-node-hub
[INFO] tweaked toml for git repo https://github.com/flexd/rotaro-node-hub written to /workspace/builds/worker-14/source/Cargo.toml
[INFO] crate git repo https://github.com/flexd/rotaro-node-hub already has a lockfile, it will not be regenerated
[INFO] running `Command { std: "/workspace/cargo-home/bin/cargo" "+beta-2020-07-24" "fetch" "--locked" "--manifest-path" "Cargo.toml", kill_on_drop: false }`
[INFO] running `Command { std: "docker" "create" "-v" "/var/lib/crater-agent-workspace/builds/worker-14/target:/opt/rustwide/target:rw,Z" "-v" "/var/lib/crater-agent-workspace/builds/worker-14/source:/opt/rustwide/workdir:ro,Z" "-v" "/var/lib/crater-agent-workspace/cargo-home:/opt/rustwide/cargo-home:ro,Z" "-v" "/var/lib/crater-agent-workspace/rustup-home:/opt/rustwide/rustup-home:ro,Z" "-e" "SOURCE_DIR=/opt/rustwide/workdir" "-e" "CARGO_TARGET_DIR=/opt/rustwide/target" "-e" "CARGO_HOME=/opt/rustwide/cargo-home" "-e" "RUSTUP_HOME=/opt/rustwide/rustup-home" "-w" "/opt/rustwide/workdir" "-m" "1610612736" "--user" "0:0" "--network" "none" "rustops/crates-build-env@sha256:a636fd89d022f18117e1dc8fb37a0a009933cdbbe082814857f0e2024962d47c" "/opt/rustwide/cargo-home/bin/cargo" "+beta-2020-07-24" "metadata" "--no-deps" "--format-version=1", kill_on_drop: false }`
[INFO] [stderr] WARNING: Your kernel does not support swap limit capabilities or the cgroup is not mounted. Memory limited without swap.
[INFO] [stdout] 6d1c6d7f08493f60f71606278d74912ed27c5e37923bc2d22a823bf1d46dfe58
[INFO] running `Command { std: "docker" "start" "-a" "6d1c6d7f08493f60f71606278d74912ed27c5e37923bc2d22a823bf1d46dfe58", kill_on_drop: false }`
[INFO] running `Command { std: "docker" "inspect" "6d1c6d7f08493f60f71606278d74912ed27c5e37923bc2d22a823bf1d46dfe58", kill_on_drop: false }`
[INFO] running `Command { std: "docker" "rm" "-f" "6d1c6d7f08493f60f71606278d74912ed27c5e37923bc2d22a823bf1d46dfe58", kill_on_drop: false }`
[INFO] [stdout] 6d1c6d7f08493f60f71606278d74912ed27c5e37923bc2d22a823bf1d46dfe58
[INFO] running `Command { std: "docker" "create" "-v" "/var/lib/crater-agent-workspace/builds/worker-14/target:/opt/rustwide/target:rw,Z" "-v" "/var/lib/crater-agent-workspace/builds/worker-14/source:/opt/rustwide/workdir:ro,Z" "-v" "/var/lib/crater-agent-workspace/cargo-home:/opt/rustwide/cargo-home:ro,Z" "-v" "/var/lib/crater-agent-workspace/rustup-home:/opt/rustwide/rustup-home:ro,Z" "-e" "SOURCE_DIR=/opt/rustwide/workdir" "-e" "CARGO_TARGET_DIR=/opt/rustwide/target" "-e" "CARGO_INCREMENTAL=0" "-e" "RUST_BACKTRACE=full" "-e" "RUSTFLAGS=--cap-lints=forbid" "-e" "CARGO_HOME=/opt/rustwide/cargo-home" "-e" "RUSTUP_HOME=/opt/rustwide/rustup-home" "-w" "/opt/rustwide/workdir" "-m" "1610612736" "--user" "0:0" "--network" "none" "rustops/crates-build-env@sha256:a636fd89d022f18117e1dc8fb37a0a009933cdbbe082814857f0e2024962d47c" "/opt/rustwide/cargo-home/bin/cargo" "+beta-2020-07-24" "check" "--frozen" "--all" "--all-targets" "--message-format=json", kill_on_drop: false }`
[INFO] [stdout] c74f7230c21a12e6bf69c54bb53b735d594bb26a17c75c1a3ea29bb4c247742c
[INFO] [stderr] WARNING: Your kernel does not support swap limit capabilities or the cgroup is not mounted. Memory limited without swap.
[INFO] running `Command { std: "docker" "start" "-a" "c74f7230c21a12e6bf69c54bb53b735d594bb26a17c75c1a3ea29bb4c247742c", kill_on_drop: false }`
[INFO] [stderr]     Blocking waiting for file lock on package cache
[INFO] [stderr]    Compiling libc v0.2.67
[INFO] [stderr]    Compiling proc-macro2 v1.0.9
[INFO] [stderr]    Compiling unicode-xid v0.2.0
[INFO] [stderr]    Compiling log v0.4.8
[INFO] [stderr]    Compiling memchr v2.3.3
[INFO] [stderr]     Checking lazy_static v1.4.0
[INFO] [stderr]    Compiling byteorder v1.3.4
[INFO] [stderr]     Checking slab v0.4.2
[INFO] [stderr]     Checking regex-syntax v0.6.16
[INFO] [stderr]     Checking quick-error v1.2.3
[INFO] [stderr]     Checking termcolor v1.1.0
[INFO] [stderr]     Checking arc-swap v0.4.4
[INFO] [stderr]     Checking bytes v0.5.4
[INFO] [stderr]     Checking futures-core v0.3.4
[INFO] [stderr]     Checking fnv v1.0.6
[INFO] [stderr]     Checking thread_local v1.0.1
[INFO] [stderr]     Checking humantime v1.3.0
[INFO] [stderr]     Checking aho-corasick v0.7.10
[INFO] [stderr]    Compiling quote v1.0.3
[INFO] [stderr]     Checking iovec v0.1.4
[INFO] [stderr]     Checking net2 v0.2.33
[INFO] [stderr]     Checking atty v0.2.14
[INFO] [stderr]     Checking signal-hook-registry v1.2.0
[INFO] [stderr]     Checking num_cpus v1.12.0
[INFO] [stderr]    Compiling syn v1.0.16
[INFO] [stderr]     Checking mio v0.6.21
[INFO] [stderr]     Checking mio-uds v0.6.7
[INFO] [stderr]     Checking regex v1.3.4
[INFO] [stderr]     Checking env_logger v0.7.1
[INFO] [stderr]     Checking pretty_env_logger v0.4.0
[INFO] [stderr]    Compiling serde_derive v1.0.104
[INFO] [stderr]    Compiling tokio-macros v0.2.5
[INFO] [stderr]     Checking tokio v0.2.13
[INFO] [stderr]     Checking serde v1.0.104
[INFO] [stderr]     Checking bincode v1.2.1
[INFO] [stderr]     Checking rotaro-node v0.1.0 (/opt/rustwide/workdir)
[INFO] [stdout] error: expected identifier, found keyword `type`
[INFO] [stdout]   --> src/parser.rs:69:9
[INFO] [stdout]    |
[INFO] [stdout] 69 |     pub type: u8,
[INFO] [stdout]    |         ^^^^ expected identifier, found keyword
[INFO] [stdout]    |
[INFO] [stdout] help: you can escape reserved keywords to use them as identifiers
[INFO] [stdout]    |
[INFO] [stdout] 69 |     pub r#type: u8,
[INFO] [stdout]    |         ^^^^^^
[INFO] [stdout] 
[INFO] [stdout] 
[INFO] [stdout] error: expected identifier, found keyword `type`
[INFO] [stdout]   --> src/parser.rs:69:9
[INFO] [stdout]    |
[INFO] [stdout] 69 |     pub type: u8,
[INFO] [stdout]    |         ^^^^ expected identifier, found keyword
[INFO] [stdout]    |
[INFO] [stdout] help: you can escape reserved keywords to use them as identifiers
[INFO] [stdout]    |
[INFO] [stdout] 69 |     pub r#type: u8,
[INFO] [stdout]    |         ^^^^^^
[INFO] [stdout] 
[INFO] [stdout] 
[INFO] [stdout] warning: unused `#[macro_use]` import
[INFO] [stdout]  --> src/lib.rs:2:1
[INFO] [stdout]   |
[INFO] [stdout] 2 | #[macro_use] extern crate log;
[INFO] [stdout]   | ^^^^^^^^^^^^
[INFO] [stdout]   |
[INFO] [stdout]   = note: `#[warn(unused_imports)]` on by default
[INFO] [stdout] 
[INFO] [stdout] 
[INFO] [stdout] error[E0277]: the trait bound `[u8; 100]: parser::_IMPL_DESERIALIZE_FOR_Operations::_serde::Serialize` is not satisfied
[INFO] [stdout]   --> src/parser.rs:65:10
[INFO] [stdout]    |
[INFO] [stdout] 65 | #[derive(Serialize,Deserialize, Debug)]
[INFO] [stdout]    |          ^^^^^^^^^ the trait `parser::_IMPL_DESERIALIZE_FOR_Operations::_serde::Serialize` is not implemented for `[u8; 100]`
[INFO] [stdout]    |
[INFO] [stdout]    = help: the following implementations were found:
[INFO] [stdout]              <[T; 0] as parser::_IMPL_DESERIALIZE_FOR_Operations::_serde::Serialize>
[INFO] [stdout]              <[T; 10] as parser::_IMPL_DESERIALIZE_FOR_Operations::_serde::Serialize>
[INFO] [stdout]              <[T; 11] as parser::_IMPL_DESERIALIZE_FOR_Operations::_serde::Serialize>
[INFO] [stdout]              <[T; 12] as parser::_IMPL_DESERIALIZE_FOR_Operations::_serde::Serialize>
[INFO] [stdout]            and 30 others
[INFO] [stdout]    = note: required by `parser::_IMPL_DESERIALIZE_FOR_Operations::_serde::ser::SerializeStruct::serialize_field`
[INFO] [stdout]    = note: this error originates in a derive macro (in Nightly builds, run with -Z macro-backtrace for more info)
[INFO] [stdout] 
[INFO] [stdout] 
[INFO] [stdout] error[E0277]: the trait bound `[u8; 100]: parser::_IMPL_DESERIALIZE_FOR_Operations::_serde::Deserialize<'_>` is not satisfied
[INFO] [stdout]   --> src/parser.rs:65:20
[INFO] [stdout]    |
[INFO] [stdout] 65 | #[derive(Serialize,Deserialize, Debug)]
[INFO] [stdout]    |                    ^^^^^^^^^^^ the trait `parser::_IMPL_DESERIALIZE_FOR_Operations::_serde::Deserialize<'_>` is not implemented for `[u8; 100]`
[INFO] [stdout]    |
[INFO] [stdout]    = help: the following implementations were found:
[INFO] [stdout]              <&'a [u8] as parser::_IMPL_DESERIALIZE_FOR_Operations::_serde::Deserialize<'de>>
[INFO] [stdout]              <[T; 0] as parser::_IMPL_DESERIALIZE_FOR_Operations::_serde::Deserialize<'de>>
[INFO] [stdout]              <[T; 10] as parser::_IMPL_DESERIALIZE_FOR_Operations::_serde::Deserialize<'de>>
[INFO] [stdout]              <[T; 11] as parser::_IMPL_DESERIALIZE_FOR_Operations::_serde::Deserialize<'de>>
[INFO] [stdout]            and 30 others
[INFO] [stdout]    = note: required by `parser::_IMPL_DESERIALIZE_FOR_Operations::_serde::de::SeqAccess::next_element`
[INFO] [stdout]    = note: this error originates in a derive macro (in Nightly builds, run with -Z macro-backtrace for more info)
[INFO] [stdout] 
[INFO] [stdout] 
[INFO] [stdout] error[E0277]: the trait bound `[u8; 100]: parser::_IMPL_DESERIALIZE_FOR_Operations::_serde::Deserialize<'_>` is not satisfied
[INFO] [stdout]   --> src/parser.rs:65:20
[INFO] [stdout]    |
[INFO] [stdout] 65 | #[derive(Serialize,Deserialize, Debug)]
[INFO] [stdout]    |                    ^^^^^^^^^^^ the trait `parser::_IMPL_DESERIALIZE_FOR_Operations::_serde::Deserialize<'_>` is not implemented for `[u8; 100]`
[INFO] [stdout]    |
[INFO] [stdout]    = help: the following implementations were found:
[INFO] [stdout]              <&'a [u8] as parser::_IMPL_DESERIALIZE_FOR_Operations::_serde::Deserialize<'de>>
[INFO] [stdout]              <[T; 0] as parser::_IMPL_DESERIALIZE_FOR_Operations::_serde::Deserialize<'de>>
[INFO] [stdout]              <[T; 10] as parser::_IMPL_DESERIALIZE_FOR_Operations::_serde::Deserialize<'de>>
[INFO] [stdout]              <[T; 11] as parser::_IMPL_DESERIALIZE_FOR_Operations::_serde::Deserialize<'de>>
[INFO] [stdout]            and 30 others
[INFO] [stdout]    = note: required by `parser::_IMPL_DESERIALIZE_FOR_Operations::_serde::de::MapAccess::next_value`
[INFO] [stdout]    = note: this error originates in a derive macro (in Nightly builds, run with -Z macro-backtrace for more info)
[INFO] [stdout] 
[INFO] [stdout] 
[INFO] [stdout] error[E0277]: arrays only have std trait implementations for lengths 0..=32
[INFO] [stdout]   --> src/parser.rs:71:5
[INFO] [stdout]    |
[INFO] [stdout] 71 |     pub name: [u8; 100],
[INFO] [stdout]    |     ^^^^^^^^^^^^^^^^^^^ the trait `std::array::LengthAtMost32` is not implemented for `[u8; 100]`
[INFO] [stdout]    |
[INFO] [stdout]    = note: required because of the requirements on the impl of `std::fmt::Debug` for `[u8; 100]`
[INFO] [stdout]    = note: required because of the requirements on the impl of `std::fmt::Debug` for `&[u8; 100]`
[INFO] [stdout]    = note: required for the cast to the object type `dyn std::fmt::Debug`
[INFO] [stdout]    = note: this error originates in a derive macro (in Nightly builds, run with -Z macro-backtrace for more info)
[INFO] [stdout] 
[INFO] [stdout] 
[INFO] [stdout] warning: unused `#[macro_use]` import
[INFO] [stdout]  --> src/lib.rs:2:1
[INFO] [stdout]   |
[INFO] [stdout] 2 | #[macro_use] extern crate log;
[INFO] [stdout]   | ^^^^^^^^^^^^
[INFO] [stdout]   |
[INFO] [stdout]   = note: `#[warn(unused_imports)]` on by default
[INFO] [stdout] 
[INFO] [stdout] 
[INFO] [stdout] error: aborting due to 5 previous errors; 1 warning emitted
[INFO] [stdout] 
[INFO] [stdout] 
[INFO] [stdout] For more information about this error, try `rustc --explain E0277`.
[INFO] [stdout] 
[INFO] [stderr] error: could not compile `rotaro-node`.
[INFO] [stderr] 
[INFO] [stderr] To learn more, run the command again with --verbose.
[INFO] [stderr] warning: build failed, waiting for other jobs to finish...
[INFO] [stdout] error[E0277]: the trait bound `[u8; 100]: parser::_IMPL_DESERIALIZE_FOR_Operations::_serde::Serialize` is not satisfied
[INFO] [stdout]   --> src/parser.rs:65:10
[INFO] [stdout]    |
[INFO] [stdout] 65 | #[derive(Serialize,Deserialize, Debug)]
[INFO] [stdout]    |          ^^^^^^^^^ the trait `parser::_IMPL_DESERIALIZE_FOR_Operations::_serde::Serialize` is not implemented for `[u8; 100]`
[INFO] [stdout]    |
[INFO] [stdout]    = help: the following implementations were found:
[INFO] [stdout]              <[T; 0] as parser::_IMPL_DESERIALIZE_FOR_Operations::_serde::Serialize>
[INFO] [stdout]              <[T; 10] as parser::_IMPL_DESERIALIZE_FOR_Operations::_serde::Serialize>
[INFO] [stdout]              <[T; 11] as parser::_IMPL_DESERIALIZE_FOR_Operations::_serde::Serialize>
[INFO] [stdout]              <[T; 12] as parser::_IMPL_DESERIALIZE_FOR_Operations::_serde::Serialize>
[INFO] [stdout]            and 30 others
[INFO] [stdout]    = note: required by `parser::_IMPL_DESERIALIZE_FOR_Operations::_serde::ser::SerializeStruct::serialize_field`
[INFO] [stdout]    = note: this error originates in a derive macro (in Nightly builds, run with -Z macro-backtrace for more info)
[INFO] [stdout] 
[INFO] [stdout] 
[INFO] [stdout] error[E0277]: the trait bound `[u8; 100]: parser::_IMPL_DESERIALIZE_FOR_Operations::_serde::Deserialize<'_>` is not satisfied
[INFO] [stdout]   --> src/parser.rs:65:20
[INFO] [stdout]    |
[INFO] [stdout] 65 | #[derive(Serialize,Deserialize, Debug)]
[INFO] [stdout]    |                    ^^^^^^^^^^^ the trait `parser::_IMPL_DESERIALIZE_FOR_Operations::_serde::Deserialize<'_>` is not implemented for `[u8; 100]`
[INFO] [stdout]    |
[INFO] [stdout]    = help: the following implementations were found:
[INFO] [stdout]              <&'a [u8] as parser::_IMPL_DESERIALIZE_FOR_Operations::_serde::Deserialize<'de>>
[INFO] [stdout]              <[T; 0] as parser::_IMPL_DESERIALIZE_FOR_Operations::_serde::Deserialize<'de>>
[INFO] [stdout]              <[T; 10] as parser::_IMPL_DESERIALIZE_FOR_Operations::_serde::Deserialize<'de>>
[INFO] [stdout]              <[T; 11] as parser::_IMPL_DESERIALIZE_FOR_Operations::_serde::Deserialize<'de>>
[INFO] [stdout]            and 30 others
[INFO] [stdout]    = note: required by `parser::_IMPL_DESERIALIZE_FOR_Operations::_serde::de::SeqAccess::next_element`
[INFO] [stdout]    = note: this error originates in a derive macro (in Nightly builds, run with -Z macro-backtrace for more info)
[INFO] [stdout] 
[INFO] [stdout] 
[INFO] [stdout] error[E0277]: the trait bound `[u8; 100]: parser::_IMPL_DESERIALIZE_FOR_Operations::_serde::Deserialize<'_>` is not satisfied
[INFO] [stdout]   --> src/parser.rs:65:20
[INFO] [stdout]    |
[INFO] [stdout] 65 | #[derive(Serialize,Deserialize, Debug)]
[INFO] [stdout]    |                    ^^^^^^^^^^^ the trait `parser::_IMPL_DESERIALIZE_FOR_Operations::_serde::Deserialize<'_>` is not implemented for `[u8; 100]`
[INFO] [stdout]    |
[INFO] [stdout]    = help: the following implementations were found:
[INFO] [stdout]              <&'a [u8] as parser::_IMPL_DESERIALIZE_FOR_Operations::_serde::Deserialize<'de>>
[INFO] [stdout]              <[T; 0] as parser::_IMPL_DESERIALIZE_FOR_Operations::_serde::Deserialize<'de>>
[INFO] [stdout]              <[T; 10] as parser::_IMPL_DESERIALIZE_FOR_Operations::_serde::Deserialize<'de>>
[INFO] [stdout]              <[T; 11] as parser::_IMPL_DESERIALIZE_FOR_Operations::_serde::Deserialize<'de>>
[INFO] [stdout]            and 30 others
[INFO] [stdout]    = note: required by `parser::_IMPL_DESERIALIZE_FOR_Operations::_serde::de::MapAccess::next_value`
[INFO] [stdout]    = note: this error originates in a derive macro (in Nightly builds, run with -Z macro-backtrace for more info)
[INFO] [stdout] 
[INFO] [stdout] 
[INFO] [stdout] error[E0277]: arrays only have std trait implementations for lengths 0..=32
[INFO] [stdout]   --> src/parser.rs:71:5
[INFO] [stdout]    |
[INFO] [stdout] 71 |     pub name: [u8; 100],
[INFO] [stdout]    |     ^^^^^^^^^^^^^^^^^^^ the trait `std::array::LengthAtMost32` is not implemented for `[u8; 100]`
[INFO] [stdout]    |
[INFO] [stdout]    = note: required because of the requirements on the impl of `std::fmt::Debug` for `[u8; 100]`
[INFO] [stdout]    = note: required because of the requirements on the impl of `std::fmt::Debug` for `&[u8; 100]`
[INFO] [stdout]    = note: required for the cast to the object type `dyn std::fmt::Debug`
[INFO] [stdout]    = note: this error originates in a derive macro (in Nightly builds, run with -Z macro-backtrace for more info)
[INFO] [stdout] 
[INFO] [stdout] 
[INFO] [stdout] error: aborting due to 5 previous errors; 1 warning emitted
[INFO] [stdout] 
[INFO] [stdout] 
[INFO] [stdout] For more information about this error, try `rustc --explain E0277`.
[INFO] [stdout] 
[INFO] [stderr] error: build failed
[INFO] running `Command { std: "docker" "inspect" "c74f7230c21a12e6bf69c54bb53b735d594bb26a17c75c1a3ea29bb4c247742c", kill_on_drop: false }`
[INFO] running `Command { std: "docker" "rm" "-f" "c74f7230c21a12e6bf69c54bb53b735d594bb26a17c75c1a3ea29bb4c247742c", kill_on_drop: false }`
[INFO] [stdout] c74f7230c21a12e6bf69c54bb53b735d594bb26a17c75c1a3ea29bb4c247742c
