[INFO] cloning repository https://github.com/fenhl/adventofcode-2015-rust
[INFO] running `Command { std: "git" "-c" "credential.helper=" "-c" "credential.helper=/workspace/cargo-home/bin/git-credential-null" "clone" "--bare" "https://github.com/fenhl/adventofcode-2015-rust" "/workspace/cache/git-repos/https%3A%2F%2Fgithub.com%2Ffenhl%2Fadventofcode-2015-rust", kill_on_drop: false }`
[INFO] [stderr] Cloning into bare repository '/workspace/cache/git-repos/https%3A%2F%2Fgithub.com%2Ffenhl%2Fadventofcode-2015-rust'...
[INFO] running `Command { std: "git" "rev-parse" "HEAD", kill_on_drop: false }`
[INFO] [stdout] 32047e1bed0da7e399dfdad71319a41e4294663a
[INFO] checking fenhl/adventofcode-2015-rust against beta-2020-07-24 for pr-75494-beta
[INFO] running `Command { std: "git" "clone" "/workspace/cache/git-repos/https%3A%2F%2Fgithub.com%2Ffenhl%2Fadventofcode-2015-rust" "/workspace/builds/worker-4/source", kill_on_drop: false }`
[INFO] [stderr] Cloning into '/workspace/builds/worker-4/source'...
[INFO] [stderr] done.
[INFO] validating manifest of git repo https://github.com/fenhl/adventofcode-2015-rust on toolchain beta-2020-07-24
[INFO] running `Command { std: "/workspace/cargo-home/bin/cargo" "+beta-2020-07-24" "read-manifest" "--manifest-path" "Cargo.toml", kill_on_drop: false }`
[INFO] started tweaking git repo https://github.com/fenhl/adventofcode-2015-rust
[INFO] finished tweaking git repo https://github.com/fenhl/adventofcode-2015-rust
[INFO] tweaked toml for git repo https://github.com/fenhl/adventofcode-2015-rust written to /workspace/builds/worker-4/source/Cargo.toml
[INFO] crate git repo https://github.com/fenhl/adventofcode-2015-rust already has a lockfile, it will not be regenerated
[INFO] running `Command { std: "/workspace/cargo-home/bin/cargo" "+beta-2020-07-24" "fetch" "--locked" "--manifest-path" "Cargo.toml", kill_on_drop: false }`
[INFO] [stderr] error: the lock file /workspace/builds/worker-4/source/Cargo.lock needs to be updated but --locked was passed to prevent this
[INFO] [stderr] If you want to try to generate the lock file without accessing the network, use the --offline flag.
[INFO] the lockfile is outdated, regenerating it
[INFO] running `Command { std: "/workspace/cargo-home/bin/cargo" "+beta-2020-07-24" "generate-lockfile" "--manifest-path" "Cargo.toml" "-Zno-index-update", kill_on_drop: false }`
[INFO] running `Command { std: "/workspace/cargo-home/bin/cargo" "+beta-2020-07-24" "fetch" "--locked" "--manifest-path" "Cargo.toml", kill_on_drop: false }`
[INFO] running `Command { std: "docker" "create" "-v" "/var/lib/crater-agent-workspace/builds/worker-4/target:/opt/rustwide/target:rw,Z" "-v" "/var/lib/crater-agent-workspace/builds/worker-4/source:/opt/rustwide/workdir:ro,Z" "-v" "/var/lib/crater-agent-workspace/cargo-home:/opt/rustwide/cargo-home:ro,Z" "-v" "/var/lib/crater-agent-workspace/rustup-home:/opt/rustwide/rustup-home:ro,Z" "-e" "SOURCE_DIR=/opt/rustwide/workdir" "-e" "CARGO_TARGET_DIR=/opt/rustwide/target" "-e" "CARGO_HOME=/opt/rustwide/cargo-home" "-e" "RUSTUP_HOME=/opt/rustwide/rustup-home" "-w" "/opt/rustwide/workdir" "-m" "1610612736" "--user" "0:0" "--network" "none" "rustops/crates-build-env@sha256:a636fd89d022f18117e1dc8fb37a0a009933cdbbe082814857f0e2024962d47c" "/opt/rustwide/cargo-home/bin/cargo" "+beta-2020-07-24" "metadata" "--no-deps" "--format-version=1", kill_on_drop: false }`
[INFO] [stderr] WARNING: Your kernel does not support swap limit capabilities or the cgroup is not mounted. Memory limited without swap.
[INFO] [stdout] 3203187a3d4cde642348ca4a4b79257878b0a081ae35eda225bb27fa609c5a64
[INFO] running `Command { std: "docker" "start" "-a" "3203187a3d4cde642348ca4a4b79257878b0a081ae35eda225bb27fa609c5a64", kill_on_drop: false }`
[INFO] running `Command { std: "docker" "inspect" "3203187a3d4cde642348ca4a4b79257878b0a081ae35eda225bb27fa609c5a64", kill_on_drop: false }`
[INFO] running `Command { std: "docker" "rm" "-f" "3203187a3d4cde642348ca4a4b79257878b0a081ae35eda225bb27fa609c5a64", kill_on_drop: false }`
[INFO] [stdout] 3203187a3d4cde642348ca4a4b79257878b0a081ae35eda225bb27fa609c5a64
[INFO] running `Command { std: "docker" "create" "-v" "/var/lib/crater-agent-workspace/builds/worker-4/target:/opt/rustwide/target:rw,Z" "-v" "/var/lib/crater-agent-workspace/builds/worker-4/source:/opt/rustwide/workdir:ro,Z" "-v" "/var/lib/crater-agent-workspace/cargo-home:/opt/rustwide/cargo-home:ro,Z" "-v" "/var/lib/crater-agent-workspace/rustup-home:/opt/rustwide/rustup-home:ro,Z" "-e" "SOURCE_DIR=/opt/rustwide/workdir" "-e" "CARGO_TARGET_DIR=/opt/rustwide/target" "-e" "CARGO_INCREMENTAL=0" "-e" "RUST_BACKTRACE=full" "-e" "RUSTFLAGS=--cap-lints=forbid" "-e" "CARGO_HOME=/opt/rustwide/cargo-home" "-e" "RUSTUP_HOME=/opt/rustwide/rustup-home" "-w" "/opt/rustwide/workdir" "-m" "1610612736" "--user" "0:0" "--network" "none" "rustops/crates-build-env@sha256:a636fd89d022f18117e1dc8fb37a0a009933cdbbe082814857f0e2024962d47c" "/opt/rustwide/cargo-home/bin/cargo" "+beta-2020-07-24" "check" "--frozen" "--all" "--all-targets" "--message-format=json", kill_on_drop: false }`
[INFO] [stdout] 5033ed8e20906ae58974f9a8864f782f2c47e5c4100fab413911506d458bb4c1
[INFO] [stderr] WARNING: Your kernel does not support swap limit capabilities or the cgroup is not mounted. Memory limited without swap.
[INFO] running `Command { std: "docker" "start" "-a" "5033ed8e20906ae58974f9a8864f782f2c47e5c4100fab413911506d458bb4c1", kill_on_drop: false }`
[INFO] [stderr]     Checking thread_local v1.0.1
[INFO] [stderr]     Checking regex v1.3.9
[INFO] [stderr]     Checking adventofcode v0.1.0 (/opt/rustwide/workdir)
[INFO] [stdout] error[E0599]: no method named `at` found for struct `regex::Captures<'_>` in the current scope
[INFO] [stdout]  --> src/puzzle/p02.rs:9:35
[INFO] [stdout]   |
[INFO] [stdout] 9 |         let width: i32 = captures.at(1).expect("failed to get width").parse().expect("failed to parse width");
[INFO] [stdout]   |                                   ^^ method not found in `regex::Captures<'_>`
[INFO] [stdout] 
[INFO] [stdout] 
[INFO] [stdout] error[E0599]: no method named `at` found for struct `regex::Captures<'_>` in the current scope
[INFO] [stdout]   --> src/puzzle/p02.rs:10:36
[INFO] [stdout]    |
[INFO] [stdout] 10 |         let length: i32 = captures.at(2).expect("failed to get length").parse().expect("failed to parse length");
[INFO] [stdout]    |                                    ^^ method not found in `regex::Captures<'_>`
[INFO] [stdout] 
[INFO] [stdout] 
[INFO] [stdout] error[E0599]: no method named `at` found for struct `regex::Captures<'_>` in the current scope
[INFO] [stdout]   --> src/puzzle/p02.rs:11:36
[INFO] [stdout]    |
[INFO] [stdout] 11 |         let height: i32 = captures.at(3).expect("failed to get height").parse().expect("failed to parse height");
[INFO] [stdout]    |                                    ^^ method not found in `regex::Captures<'_>`
[INFO] [stdout] 
[INFO] [stdout] 
[INFO] [stdout] error[E0599]: no method named `at` found for struct `regex::Captures<'_>` in the current scope
[INFO] [stdout]   --> src/puzzle/p02.rs:21:35
[INFO] [stdout]    |
[INFO] [stdout] 21 |         let width: i32 = captures.at(1).expect("failed to get width").parse().expect("failed to parse width");
[INFO] [stdout]    |                                   ^^ method not found in `regex::Captures<'_>`
[INFO] [stdout] 
[INFO] [stdout] 
[INFO] [stdout] error[E0599]: no method named `at` found for struct `regex::Captures<'_>` in the current scope
[INFO] [stdout]   --> src/puzzle/p02.rs:22:36
[INFO] [stdout]    |
[INFO] [stdout] 22 |         let length: i32 = captures.at(2).expect("failed to get length").parse().expect("failed to parse length");
[INFO] [stdout]    |                                    ^^ method not found in `regex::Captures<'_>`
[INFO] [stdout] 
[INFO] [stdout] 
[INFO] [stdout] error[E0599]: no method named `at` found for struct `regex::Captures<'_>` in the current scope
[INFO] [stdout]   --> src/puzzle/p02.rs:23:36
[INFO] [stdout]    |
[INFO] [stdout] 23 |         let height: i32 = captures.at(3).expect("failed to get height").parse().expect("failed to parse height");
[INFO] [stdout]    |                                    ^^ method not found in `regex::Captures<'_>`
[INFO] [stdout] 
[INFO] [stdout] 
[INFO] [stdout] error: aborting due to 6 previous errors
[INFO] [stdout] 
[INFO] [stdout] 
[INFO] [stdout] For more information about this error, try `rustc --explain E0599`.
[INFO] [stdout] 
[INFO] [stderr] error: could not compile `adventofcode`.
[INFO] [stderr] 
[INFO] [stderr] To learn more, run the command again with --verbose.
[INFO] running `Command { std: "docker" "inspect" "5033ed8e20906ae58974f9a8864f782f2c47e5c4100fab413911506d458bb4c1", kill_on_drop: false }`
[INFO] running `Command { std: "docker" "rm" "-f" "5033ed8e20906ae58974f9a8864f782f2c47e5c4100fab413911506d458bb4c1", kill_on_drop: false }`
[INFO] [stdout] 5033ed8e20906ae58974f9a8864f782f2c47e5c4100fab413911506d458bb4c1
