[INFO] cloning repository https://github.com/fastAsF/rust-rest
[INFO] running `Command { std: "git" "-c" "credential.helper=" "-c" "credential.helper=/workspace/cargo-home/bin/git-credential-null" "clone" "--bare" "https://github.com/fastAsF/rust-rest" "/workspace/cache/git-repos/https%3A%2F%2Fgithub.com%2FfastAsF%2Frust-rest", kill_on_drop: false }`
[INFO] [stderr] Cloning into bare repository '/workspace/cache/git-repos/https%3A%2F%2Fgithub.com%2FfastAsF%2Frust-rest'...
[INFO] running `Command { std: "git" "rev-parse" "HEAD", kill_on_drop: false }`
[INFO] [stdout] 115808f44bcc9c6bfe38be63f94a146eb72dfd16
[INFO] checking fastAsF/rust-rest against beta-2020-07-24 for pr-75494-beta
[INFO] running `Command { std: "git" "clone" "/workspace/cache/git-repos/https%3A%2F%2Fgithub.com%2FfastAsF%2Frust-rest" "/workspace/builds/worker-0/source", kill_on_drop: false }`
[INFO] [stderr] Cloning into '/workspace/builds/worker-0/source'...
[INFO] [stderr] done.
[INFO] validating manifest of git repo https://github.com/fastAsF/rust-rest on toolchain beta-2020-07-24
[INFO] running `Command { std: "/workspace/cargo-home/bin/cargo" "+beta-2020-07-24" "read-manifest" "--manifest-path" "Cargo.toml", kill_on_drop: false }`
[INFO] started tweaking git repo https://github.com/fastAsF/rust-rest
[INFO] finished tweaking git repo https://github.com/fastAsF/rust-rest
[INFO] tweaked toml for git repo https://github.com/fastAsF/rust-rest written to /workspace/builds/worker-0/source/Cargo.toml
[INFO] crate git repo https://github.com/fastAsF/rust-rest already has a lockfile, it will not be regenerated
[INFO] running `Command { std: "/workspace/cargo-home/bin/cargo" "+beta-2020-07-24" "fetch" "--locked" "--manifest-path" "Cargo.toml", kill_on_drop: false }`
[INFO] running `Command { std: "docker" "create" "-v" "/var/lib/crater-agent-workspace/builds/worker-0/target:/opt/rustwide/target:rw,Z" "-v" "/var/lib/crater-agent-workspace/builds/worker-0/source:/opt/rustwide/workdir:ro,Z" "-v" "/var/lib/crater-agent-workspace/cargo-home:/opt/rustwide/cargo-home:ro,Z" "-v" "/var/lib/crater-agent-workspace/rustup-home:/opt/rustwide/rustup-home:ro,Z" "-e" "SOURCE_DIR=/opt/rustwide/workdir" "-e" "CARGO_TARGET_DIR=/opt/rustwide/target" "-e" "CARGO_HOME=/opt/rustwide/cargo-home" "-e" "RUSTUP_HOME=/opt/rustwide/rustup-home" "-w" "/opt/rustwide/workdir" "-m" "1610612736" "--user" "0:0" "--network" "none" "rustops/crates-build-env@sha256:a636fd89d022f18117e1dc8fb37a0a009933cdbbe082814857f0e2024962d47c" "/opt/rustwide/cargo-home/bin/cargo" "+beta-2020-07-24" "metadata" "--no-deps" "--format-version=1", kill_on_drop: false }`
[INFO] [stdout] 91f925c1493414239510a892b948cb67b378df2c667c7a16e1986419ae31029e
[INFO] [stderr] WARNING: Your kernel does not support swap limit capabilities or the cgroup is not mounted. Memory limited without swap.
[INFO] running `Command { std: "docker" "start" "-a" "91f925c1493414239510a892b948cb67b378df2c667c7a16e1986419ae31029e", kill_on_drop: false }`
[INFO] running `Command { std: "docker" "inspect" "91f925c1493414239510a892b948cb67b378df2c667c7a16e1986419ae31029e", kill_on_drop: false }`
[INFO] running `Command { std: "docker" "rm" "-f" "91f925c1493414239510a892b948cb67b378df2c667c7a16e1986419ae31029e", kill_on_drop: false }`
[INFO] [stdout] 91f925c1493414239510a892b948cb67b378df2c667c7a16e1986419ae31029e
[INFO] running `Command { std: "docker" "create" "-v" "/var/lib/crater-agent-workspace/builds/worker-0/target:/opt/rustwide/target:rw,Z" "-v" "/var/lib/crater-agent-workspace/builds/worker-0/source:/opt/rustwide/workdir:ro,Z" "-v" "/var/lib/crater-agent-workspace/cargo-home:/opt/rustwide/cargo-home:ro,Z" "-v" "/var/lib/crater-agent-workspace/rustup-home:/opt/rustwide/rustup-home:ro,Z" "-e" "SOURCE_DIR=/opt/rustwide/workdir" "-e" "CARGO_TARGET_DIR=/opt/rustwide/target" "-e" "CARGO_INCREMENTAL=0" "-e" "RUST_BACKTRACE=full" "-e" "RUSTFLAGS=--cap-lints=forbid" "-e" "CARGO_HOME=/opt/rustwide/cargo-home" "-e" "RUSTUP_HOME=/opt/rustwide/rustup-home" "-w" "/opt/rustwide/workdir" "-m" "1610612736" "--user" "0:0" "--network" "none" "rustops/crates-build-env@sha256:a636fd89d022f18117e1dc8fb37a0a009933cdbbe082814857f0e2024962d47c" "/opt/rustwide/cargo-home/bin/cargo" "+beta-2020-07-24" "check" "--frozen" "--all" "--all-targets" "--message-format=json", kill_on_drop: false }`
[INFO] [stdout] eed06266ce25fdb9c8ddd09324cd55b783e781ebd79373b7bc67188c232a7b16
[INFO] [stderr] WARNING: Your kernel does not support swap limit capabilities or the cgroup is not mounted. Memory limited without swap.
[INFO] running `Command { std: "docker" "start" "-a" "eed06266ce25fdb9c8ddd09324cd55b783e781ebd79373b7bc67188c232a7b16", kill_on_drop: false }`
[INFO] [stderr]    Compiling libc v0.2.70
[INFO] [stderr]    Compiling proc-macro2 v1.0.13
[INFO] [stderr]    Compiling unicode-xid v0.2.0
[INFO] [stderr]    Compiling syn v1.0.22
[INFO] [stderr]     Checking cfg-if v0.1.10
[INFO] [stderr]    Compiling memchr v2.3.3
[INFO] [stderr]    Compiling log v0.4.8
[INFO] [stderr]     Checking lazy_static v1.4.0
[INFO] [stderr]     Checking slab v0.4.2
[INFO] [stderr]     Checking futures-core v0.3.5
[INFO] [stderr]    Compiling autocfg v1.0.0
[INFO] [stderr]    Compiling proc-macro-hack v0.5.15
[INFO] [stderr]     Checking bytes v0.5.4
[INFO] [stderr]     Checking smallvec v1.4.0
[INFO] [stderr]    Compiling proc-macro-nested v0.1.4
[INFO] [stderr]     Checking arc-swap v0.4.6
[INFO] [stderr]     Checking pin-project-lite v0.1.5
[INFO] [stderr]     Checking pin-utils v0.1.0
[INFO] [stderr]    Compiling cc v1.0.53
[INFO] [stderr]    Compiling byteorder v1.3.4
[INFO] [stderr]    Compiling typenum v1.12.0
[INFO] [stderr]    Compiling getrandom v0.1.14
[INFO] [stderr]    Compiling version_check v0.9.1
[INFO] [stderr]    Compiling serde v1.0.110
[INFO] [stderr]     Checking itoa v0.4.5
[INFO] [stderr]     Checking scopeguard v1.1.0
[INFO] [stderr]     Checking matches v0.1.8
[INFO] [stderr]     Checking ppv-lite86 v0.2.8
[INFO] [stderr]     Checking byte-tools v0.3.1
[INFO] [stderr]     Checking regex-syntax v0.6.17
[INFO] [stderr]    Compiling standback v0.2.8
[INFO] [stderr]     Checking copyless v0.1.4
[INFO] [stderr]    Compiling unicode-segmentation v1.6.0
[INFO] [stderr]    Compiling ryu v1.0.4
[INFO] [stderr]     Checking object v0.19.0
[INFO] [stderr]     Checking linked-hash-map v0.5.3
[INFO] [stderr]     Checking match_cfg v0.1.0
[INFO] [stderr]     Checking rustc-demangle v0.1.16
[INFO] [stderr]     Checking opaque-debug v0.2.3
[INFO] [stderr]     Checking spin v0.5.2
[INFO] [stderr]     Checking untrusted v0.7.1
[INFO] [stderr]     Checking quick-error v1.2.3
[INFO] [stderr]     Checking fake-simd v0.1.2
[INFO] [stderr]     Checking fnv v1.0.7
[INFO] [stderr]    Compiling unicode-xid v0.1.0
[INFO] [stderr]    Compiling crc32fast v1.2.0
[INFO] [stderr]     Checking base64 v0.11.0
[INFO] [stderr]    Compiling rustversion v1.0.2
[INFO] [stderr]    Compiling syn v0.15.44
[INFO] [stderr]     Checking adler32 v1.0.4
[INFO] [stderr]     Checking dtoa v0.4.5
[INFO] [stderr]     Checking mime v0.3.16
[INFO] [stderr]    Compiling os_info v1.3.3
[INFO] [stderr]     Checking language-tags v0.2.2
[INFO] [stderr]    Compiling gcc v0.3.55
[INFO] [stderr]     Checking unicode_categories v0.1.1
[INFO] [stderr]     Checking bufstream v0.1.4
[INFO] [stderr]     Checking hex v0.4.2
[INFO] [stderr]     Checking thread_local v1.0.1
[INFO] [stderr]     Checking futures-channel v0.3.5
[INFO] [stderr]     Checking unicode-normalization v0.1.12
[INFO] [stderr]     Checking unicode-bidi v0.3.4
[INFO] [stderr]     Checking lock_api v0.3.4
[INFO] [stderr]     Checking block-padding v0.1.5
[INFO] [stderr]     Checking addr2line v0.12.0
[INFO] [stderr]     Checking bytestring v0.1.5
[INFO] [stderr]    Compiling indexmap v1.3.2
[INFO] [stderr]    Compiling num-traits v0.2.11
[INFO] [stderr]    Compiling num-integer v0.1.42
[INFO] [stderr]    Compiling num-bigint v0.2.6
[INFO] [stderr]    Compiling proc-macro-error-attr v1.0.2
[INFO] [stderr]    Compiling time v0.2.16
[INFO] [stderr]    Compiling proc-macro-error v1.0.2
[INFO] [stderr]     Checking lru-cache v0.1.2
[INFO] [stderr]     Checking http v0.2.1
[INFO] [stderr]     Checking miniz_oxide v0.3.6
[INFO] [stderr]    Compiling heck v0.3.1
[INFO] [stderr]     Checking snailquote v0.2.0
[INFO] [stderr]    Compiling proc-macro2 v0.4.30
[INFO] [stderr]     Checking encoding_rs v0.8.23
[INFO] [stderr]     Checking envfile v0.2.1
[INFO] [stderr]     Checking aho-corasick v0.7.10
[INFO] [stderr]     Checking idna v0.2.0
[INFO] [stderr]     Checking stringprep v0.1.2
[INFO] [stderr]     Checking fxhash v0.2.1
[INFO] [stderr]     Checking base64 v0.10.1
[INFO] [stderr]     Checking base64 v0.9.3
[INFO] [stderr]    Compiling quote v1.0.6
[INFO] [stderr]    Compiling quote v0.6.13
[INFO] [stderr]    Compiling ring v0.16.13
[INFO] [stderr]    Compiling brotli-sys v0.3.2
[INFO] [stderr]    Compiling rust-crypto v0.2.36
[INFO] [stderr]     Checking iovec v0.1.4
[INFO] [stderr]     Checking net2 v0.2.34
[INFO] [stderr]     Checking signal-hook-registry v1.2.0
[INFO] [stderr]     Checking num_cpus v1.13.0
[INFO] [stderr]     Checking parking_lot_core v0.7.2
[INFO] [stderr]     Checking hostname v0.3.1
[INFO] [stderr]     Checking time v0.1.43
[INFO] [stderr]     Checking flate2 v1.0.14
[INFO] [stderr]     Checking rand v0.5.6
[INFO] [stderr]     Checking rand v0.4.6
[INFO] [stderr]     Checking url v2.1.1
[INFO] [stderr]     Checking generic-array v0.12.3
[INFO] [stderr]     Checking resolv-conf v0.6.3
[INFO] [stderr]     Checking rand_core v0.5.1
[INFO] [stderr]     Checking threadpool v1.8.1
[INFO] [stderr]     Checking regex v1.3.7
[INFO] [stderr]     Checking mio v0.6.22
[INFO] [stderr]     Checking parking_lot v0.10.2
[INFO] [stderr]     Checking backtrace v0.3.48
[INFO] [stderr]     Checking rand_chacha v0.2.2
[INFO] [stderr]     Checking digest v0.8.1
[INFO] [stderr]     Checking block-buffer v0.7.3
[INFO] [stderr]     Checking crypto-mac v0.7.0
[INFO] [stderr]     Checking sha-1 v0.8.2
[INFO] [stderr]     Checking sha2 v0.8.1
[INFO] [stderr]     Checking md-5 v0.8.0
[INFO] [stderr]     Checking hmac v0.7.1
[INFO] [stderr]     Checking chrono v0.4.11
[INFO] [stderr]     Checking rand v0.7.3
[INFO] [stderr]     Checking rand v0.3.23
[INFO] [stderr]     Checking mio-uds v0.6.8
[INFO] [stderr]     Checking pbkdf2 v0.3.0
[INFO] [stderr]     Checking tokio v0.2.21
[INFO] [stderr]     Checking pem v0.7.0
[INFO] [stderr]     Checking simple_asn1 v0.4.0
[INFO] [stderr]     Checking webpki v0.21.2
[INFO] [stderr]     Checking sct v0.6.0
[INFO] [stderr]     Checking rustls v0.16.0
[INFO] [stderr]     Checking webpki-roots v0.18.0
[INFO] [stderr]     Checking brotli2 v0.3.2
[INFO] [stderr]     Checking tokio-util v0.2.0
[INFO] [stderr]     Checking tokio-util v0.3.1
[INFO] [stderr]     Checking actix-codec v0.2.0
[INFO] [stderr]    Compiling syn-mid v0.5.0
[INFO] [stderr]    Compiling synstructure v0.12.3
[INFO] [stderr]    Compiling pin-project-internal v0.4.17
[INFO] [stderr]    Compiling futures-macro v0.3.5
[INFO] [stderr]    Compiling serde_derive v1.0.110
[INFO] [stderr]    Compiling derive_more v0.99.7
[INFO] [stderr]    Compiling actix-macros v0.1.1
[INFO] [stderr]    Compiling thiserror-impl v1.0.18
[INFO] [stderr]    Compiling enum-as-inner v0.3.2
[INFO] [stderr]    Compiling async-trait v0.1.31
[INFO] [stderr]    Compiling time-macros-impl v0.1.1
[INFO] [stderr]    Compiling serde_with_macros v1.1.0
[INFO] [stderr]    Compiling actix-web-codegen v0.2.1
[INFO] [stderr]    Compiling derivative v1.0.4
[INFO] [stderr]    Compiling typed-builder v0.3.0
[INFO] [stderr]     Checking time-macros v0.1.0
[INFO] [stderr]    Compiling err-derive v0.2.4
[INFO] [stderr]     Checking thiserror v1.0.18
[INFO] [stderr]     Checking pin-project v0.4.17
[INFO] [stderr]     Checking futures-util v0.3.5
[INFO] [stderr]     Checking actix-threadpool v0.3.1
[INFO] [stderr]     Checking futures-executor v0.3.5
[INFO] [stderr]     Checking actix-rt v1.1.1
[INFO] [stderr]     Checking actix-service v1.0.5
[INFO] [stderr]     Checking h2 v0.2.5
[INFO] [stderr]     Checking futures v0.3.5
[INFO] [stderr]     Checking trust-dns-proto v0.19.5
[INFO] [stderr]     Checking actix-utils v1.0.6
[INFO] [stderr]     Checking actix-server v1.0.2
[INFO] [stderr]     Checking actix-tls v2.0.0-alpha.1
[INFO] [stderr]     Checking actix-testing v1.0.0
[INFO] [stderr]     Checking trust-dns-resolver v0.19.5
[INFO] [stderr]     Checking actix-connect v2.0.0-alpha.3
[INFO] [stderr]     Checking serde_json v1.0.53
[INFO] [stderr]     Checking serde_urlencoded v0.6.1
[INFO] [stderr]     Checking actix-router v0.2.4
[INFO] [stderr]     Checking serde_with v1.4.0
[INFO] [stderr]     Checking uuid v0.8.1
[INFO] [stderr]     Checking actix-http v2.0.0-alpha.3
[INFO] [stderr]     Checking bson v0.14.1
[INFO] [stderr]     Checking jsonwebtoken v7.1.0
[INFO] [stderr]     Checking mongodb v0.9.2
[INFO] [stderr]     Checking awc v2.0.0-alpha.1
[INFO] [stderr]     Checking actix-web v3.0.0-alpha.2
[INFO] [stderr]     Checking rust-rest v0.1.0 (/opt/rustwide/workdir)
[INFO] [stdout] error[E0583]: file not found for module `config`
[INFO] [stdout]  --> src/main.rs:9:1
[INFO] [stdout]   |
[INFO] [stdout] 9 | mod config;
[INFO] [stdout]   | ^^^^^^^^^^^
[INFO] [stdout]   |
[INFO] [stdout]   = help: to create the module `config`, create file "src/config.rs"
[INFO] [stdout] 
[INFO] [stdout] 
[INFO] [stdout] error[E0583]: file not found for module `db`
[INFO] [stdout]   --> src/main.rs:10:1
[INFO] [stdout]    |
[INFO] [stdout] 10 | mod db;
[INFO] [stdout]    | ^^^^^^^
[INFO] [stdout]    |
[INFO] [stdout]    = help: to create the module `db`, create file "src/db.rs"
[INFO] [stdout] 
[INFO] [stdout] 
[INFO] [stdout] error[E0583]: file not found for module `middlewares`
[INFO] [stdout]   --> src/main.rs:11:1
[INFO] [stdout]    |
[INFO] [stdout] 11 | mod middlewares;
[INFO] [stdout]    | ^^^^^^^^^^^^^^^^
[INFO] [stdout]    |
[INFO] [stdout]    = help: to create the module `middlewares`, create file "src/middlewares.rs"
[INFO] [stdout] 
[INFO] [stdout] 
[INFO] [stdout] error[E0583]: file not found for module `models`
[INFO] [stdout]   --> src/main.rs:12:1
[INFO] [stdout]    |
[INFO] [stdout] 12 | mod models;
[INFO] [stdout]    | ^^^^^^^^^^^
[INFO] [stdout]    |
[INFO] [stdout]    = help: to create the module `models`, create file "src/models.rs"
[INFO] [stdout] 
[INFO] [stdout] 
[INFO] [stdout] error[E0583]: file not found for module `config`
[INFO] [stdout]  --> src/main.rs:9:1
[INFO] [stdout]   |
[INFO] [stdout] 9 | mod config;
[INFO] [stdout]   | ^^^^^^^^^^^
[INFO] [stdout]   |
[INFO] [stdout]   = help: to create the module `config`, create file "src/config.rs"
[INFO] [stdout] 
[INFO] [stdout] 
[INFO] [stdout] error[E0583]: file not found for module `db`
[INFO] [stdout]   --> src/main.rs:10:1
[INFO] [stdout]    |
[INFO] [stdout] 10 | mod db;
[INFO] [stdout]    | ^^^^^^^
[INFO] [stdout]    |
[INFO] [stdout]    = help: to create the module `db`, create file "src/db.rs"
[INFO] [stdout] 
[INFO] [stdout] 
[INFO] [stdout] error[E0583]: file not found for module `middlewares`
[INFO] [stdout]   --> src/main.rs:11:1
[INFO] [stdout]    |
[INFO] [stdout] 11 | mod middlewares;
[INFO] [stdout]    | ^^^^^^^^^^^^^^^^
[INFO] [stdout]    |
[INFO] [stdout]    = help: to create the module `middlewares`, create file "src/middlewares.rs"
[INFO] [stdout] 
[INFO] [stdout] 
[INFO] [stdout] error[E0583]: file not found for module `models`
[INFO] [stdout]   --> src/main.rs:12:1
[INFO] [stdout]    |
[INFO] [stdout] 12 | mod models;
[INFO] [stdout]    | ^^^^^^^^^^^
[INFO] [stdout]    |
[INFO] [stdout]    = help: to create the module `models`, create file "src/models.rs"
[INFO] [stdout] 
[INFO] [stdout] 
[INFO] [stdout] error[E0432]: unresolved import `crate::db::db`
[INFO] [stdout]  --> src/repositories/user_repository/routes.rs:1:16
[INFO] [stdout]   |
[INFO] [stdout] 1 | use crate::db::db::{Connection, IConnection};
[INFO] [stdout]   |                ^^ could not find `db` in `db`
[INFO] [stdout] 
[INFO] [stdout] 
[INFO] [stdout] error[E0432]: unresolved import `crate::middlewares::auth`
[INFO] [stdout]  --> src/repositories/user_repository/routes.rs:2:25
[INFO] [stdout]   |
[INFO] [stdout] 2 | use crate::middlewares::auth::AuthorizationService;
[INFO] [stdout]   |                         ^^^^ could not find `auth` in `middlewares`
[INFO] [stdout] 
[INFO] [stdout] 
[INFO] [stdout] error[E0432]: unresolved import `crate::models::user`
[INFO] [stdout]  --> src/repositories/user_repository/routes.rs:3:20
[INFO] [stdout]   |
[INFO] [stdout] 3 | use crate::models::user::{Login, Register};
[INFO] [stdout]   |                    ^^^^ could not find `user` in `models`
[INFO] [stdout] 
[INFO] [stdout] 
[INFO] [stdout] error[E0432]: unresolved imports `crate::config::Config`, `crate::config::IConfig`
[INFO] [stdout]  --> src/repositories/user_repository/user_repository.rs:1:21
[INFO] [stdout]   |
[INFO] [stdout] 1 | use crate::config::{Config, IConfig};
[INFO] [stdout]   |                     ^^^^^^  ^^^^^^^ no `IConfig` in `config`
[INFO] [stdout]   |                     |
[INFO] [stdout]   |                     no `Config` in `config`
[INFO] [stdout] 
[INFO] [stdout] 
[INFO] [stdout] error[E0432]: unresolved import `crate::models::response`
[INFO] [stdout]  --> src/repositories/user_repository/user_repository.rs:2:20
[INFO] [stdout]   |
[INFO] [stdout] 2 | use crate::models::response::{LoginResponse, Response};
[INFO] [stdout]   |                    ^^^^^^^^ could not find `response` in `models`
[INFO] [stdout] 
[INFO] [stdout] 
[INFO] [stdout] error[E0432]: unresolved import `crate::models::user`
[INFO] [stdout]  --> src/repositories/user_repository/user_repository.rs:3:20
[INFO] [stdout]   |
[INFO] [stdout] 3 | use crate::models::user::{Claims, Login, Register, User};
[INFO] [stdout]   |                    ^^^^ could not find `user` in `models`
[INFO] [stdout] 
[INFO] [stdout] 
[INFO] [stdout] error[E0432]: unresolved import `crate::db::db`
[INFO] [stdout]  --> src/repositories/user_repository/routes.rs:1:16
[INFO] [stdout]   |
[INFO] [stdout] 1 | use crate::db::db::{Connection, IConnection};
[INFO] [stdout]   |                ^^ could not find `db` in `db`
[INFO] [stdout] 
[INFO] [stdout] 
[INFO] [stdout] error[E0432]: unresolved import `crate::middlewares::auth`
[INFO] [stdout]  --> src/repositories/user_repository/routes.rs:2:25
[INFO] [stdout]   |
[INFO] [stdout] 2 | use crate::middlewares::auth::AuthorizationService;
[INFO] [stdout]   |                         ^^^^ could not find `auth` in `middlewares`
[INFO] [stdout] 
[INFO] [stdout] 
[INFO] [stdout] error[E0432]: unresolved import `crate::models::user`
[INFO] [stdout]  --> src/repositories/user_repository/routes.rs:3:20
[INFO] [stdout]   |
[INFO] [stdout] 3 | use crate::models::user::{Login, Register};
[INFO] [stdout]   |                    ^^^^ could not find `user` in `models`
[INFO] [stdout] 
[INFO] [stdout] 
[INFO] [stdout] error[E0432]: unresolved imports `crate::config::Config`, `crate::config::IConfig`
[INFO] [stdout]  --> src/repositories/user_repository/user_repository.rs:1:21
[INFO] [stdout]   |
[INFO] [stdout] 1 | use crate::config::{Config, IConfig};
[INFO] [stdout]   |                     ^^^^^^  ^^^^^^^ no `IConfig` in `config`
[INFO] [stdout]   |                     |
[INFO] [stdout]   |                     no `Config` in `config`
[INFO] [stdout] 
[INFO] [stdout] 
[INFO] [stdout] error[E0432]: unresolved import `crate::models::response`
[INFO] [stdout]  --> src/repositories/user_repository/user_repository.rs:2:20
[INFO] [stdout]   |
[INFO] [stdout] 2 | use crate::models::response::{LoginResponse, Response};
[INFO] [stdout]   |                    ^^^^^^^^ could not find `response` in `models`
[INFO] [stdout] 
[INFO] [stdout] 
[INFO] [stdout] error[E0432]: unresolved import `crate::models::user`
[INFO] [stdout]  --> src/repositories/user_repository/user_repository.rs:3:20
[INFO] [stdout]   |
[INFO] [stdout] 3 | use crate::models::user::{Claims, Login, Register, User};
[INFO] [stdout]   |                    ^^^^ could not find `user` in `models`
[INFO] [stdout] 
[INFO] [stdout] 
[INFO] [stdout] error: aborting due to 10 previous errors
[INFO] [stdout] 
[INFO] [stdout] 
[INFO] [stdout] Some errors have detailed explanations: E0432, E0583.
[INFO] [stdout] 
[INFO] [stdout] For more information about an error, try `rustc --explain E0432`.
[INFO] [stdout] 
[INFO] [stderr] error: could not compile `rust-rest`.
[INFO] [stderr] 
[INFO] [stderr] To learn more, run the command again with --verbose.
[INFO] [stderr] warning: build failed, waiting for other jobs to finish...
[INFO] [stdout] error: aborting due to 10 previous errors
[INFO] [stdout] 
[INFO] [stdout] 
[INFO] [stdout] Some errors have detailed explanations: E0432, E0583.
[INFO] [stdout] 
[INFO] [stdout] For more information about an error, try `rustc --explain E0432`.
[INFO] [stdout] 
[INFO] [stderr] error: build failed
[INFO] running `Command { std: "docker" "inspect" "eed06266ce25fdb9c8ddd09324cd55b783e781ebd79373b7bc67188c232a7b16", kill_on_drop: false }`
[INFO] running `Command { std: "docker" "rm" "-f" "eed06266ce25fdb9c8ddd09324cd55b783e781ebd79373b7bc67188c232a7b16", kill_on_drop: false }`
[INFO] [stdout] eed06266ce25fdb9c8ddd09324cd55b783e781ebd79373b7bc67188c232a7b16
