[INFO] cloning repository https://github.com/erikjohnston/matrix-media-store-size
[INFO] running `Command { std: "git" "-c" "credential.helper=" "-c" "credential.helper=/workspace/cargo-home/bin/git-credential-null" "clone" "--bare" "https://github.com/erikjohnston/matrix-media-store-size" "/workspace/cache/git-repos/https%3A%2F%2Fgithub.com%2Ferikjohnston%2Fmatrix-media-store-size", kill_on_drop: false }`
[INFO] [stderr] Cloning into bare repository '/workspace/cache/git-repos/https%3A%2F%2Fgithub.com%2Ferikjohnston%2Fmatrix-media-store-size'...
[INFO] running `Command { std: "git" "rev-parse" "HEAD", kill_on_drop: false }`
[INFO] [stdout] 16055e1964c58f2f35bdff1e888e84d963a1c37a
[INFO] checking erikjohnston/matrix-media-store-size against beta-2020-07-24 for pr-75494-beta
[INFO] running `Command { std: "git" "clone" "/workspace/cache/git-repos/https%3A%2F%2Fgithub.com%2Ferikjohnston%2Fmatrix-media-store-size" "/workspace/builds/worker-6/source", kill_on_drop: false }`
[INFO] [stderr] Cloning into '/workspace/builds/worker-6/source'...
[INFO] [stderr] done.
[INFO] validating manifest of git repo https://github.com/erikjohnston/matrix-media-store-size on toolchain beta-2020-07-24
[INFO] running `Command { std: "/workspace/cargo-home/bin/cargo" "+beta-2020-07-24" "read-manifest" "--manifest-path" "Cargo.toml", kill_on_drop: false }`
[INFO] started tweaking git repo https://github.com/erikjohnston/matrix-media-store-size
[INFO] finished tweaking git repo https://github.com/erikjohnston/matrix-media-store-size
[INFO] tweaked toml for git repo https://github.com/erikjohnston/matrix-media-store-size written to /workspace/builds/worker-6/source/Cargo.toml
[INFO] crate git repo https://github.com/erikjohnston/matrix-media-store-size already has a lockfile, it will not be regenerated
[INFO] running `Command { std: "/workspace/cargo-home/bin/cargo" "+beta-2020-07-24" "fetch" "--locked" "--manifest-path" "Cargo.toml", kill_on_drop: false }`
[INFO] running `Command { std: "docker" "create" "-v" "/var/lib/crater-agent-workspace/builds/worker-6/target:/opt/rustwide/target:rw,Z" "-v" "/var/lib/crater-agent-workspace/builds/worker-6/source:/opt/rustwide/workdir:ro,Z" "-v" "/var/lib/crater-agent-workspace/cargo-home:/opt/rustwide/cargo-home:ro,Z" "-v" "/var/lib/crater-agent-workspace/rustup-home:/opt/rustwide/rustup-home:ro,Z" "-e" "SOURCE_DIR=/opt/rustwide/workdir" "-e" "CARGO_TARGET_DIR=/opt/rustwide/target" "-e" "CARGO_HOME=/opt/rustwide/cargo-home" "-e" "RUSTUP_HOME=/opt/rustwide/rustup-home" "-w" "/opt/rustwide/workdir" "-m" "1610612736" "--user" "0:0" "--network" "none" "rustops/crates-build-env@sha256:a636fd89d022f18117e1dc8fb37a0a009933cdbbe082814857f0e2024962d47c" "/opt/rustwide/cargo-home/bin/cargo" "+beta-2020-07-24" "metadata" "--no-deps" "--format-version=1", kill_on_drop: false }`
[INFO] [stderr] WARNING: Your kernel does not support swap limit capabilities or the cgroup is not mounted. Memory limited without swap.
[INFO] [stdout] aa75c525d5c170cb8ae15e17de817b6195fcebc608cabc6b2583ce0514751d9e
[INFO] running `Command { std: "docker" "start" "-a" "aa75c525d5c170cb8ae15e17de817b6195fcebc608cabc6b2583ce0514751d9e", kill_on_drop: false }`
[INFO] running `Command { std: "docker" "inspect" "aa75c525d5c170cb8ae15e17de817b6195fcebc608cabc6b2583ce0514751d9e", kill_on_drop: false }`
[INFO] running `Command { std: "docker" "rm" "-f" "aa75c525d5c170cb8ae15e17de817b6195fcebc608cabc6b2583ce0514751d9e", kill_on_drop: false }`
[INFO] [stdout] aa75c525d5c170cb8ae15e17de817b6195fcebc608cabc6b2583ce0514751d9e
[INFO] running `Command { std: "docker" "create" "-v" "/var/lib/crater-agent-workspace/builds/worker-6/target:/opt/rustwide/target:rw,Z" "-v" "/var/lib/crater-agent-workspace/builds/worker-6/source:/opt/rustwide/workdir:ro,Z" "-v" "/var/lib/crater-agent-workspace/cargo-home:/opt/rustwide/cargo-home:ro,Z" "-v" "/var/lib/crater-agent-workspace/rustup-home:/opt/rustwide/rustup-home:ro,Z" "-e" "SOURCE_DIR=/opt/rustwide/workdir" "-e" "CARGO_TARGET_DIR=/opt/rustwide/target" "-e" "CARGO_INCREMENTAL=0" "-e" "RUST_BACKTRACE=full" "-e" "RUSTFLAGS=--cap-lints=forbid" "-e" "CARGO_HOME=/opt/rustwide/cargo-home" "-e" "RUSTUP_HOME=/opt/rustwide/rustup-home" "-w" "/opt/rustwide/workdir" "-m" "1610612736" "--user" "0:0" "--network" "none" "rustops/crates-build-env@sha256:a636fd89d022f18117e1dc8fb37a0a009933cdbbe082814857f0e2024962d47c" "/opt/rustwide/cargo-home/bin/cargo" "+beta-2020-07-24" "check" "--frozen" "--all" "--all-targets" "--message-format=json", kill_on_drop: false }`
[INFO] [stdout] 1650af1e5471af239b300c1a491a0ed3c509aa0ca4b0a7368693b8b20a09f06c
[INFO] [stderr] WARNING: Your kernel does not support swap limit capabilities or the cgroup is not mounted. Memory limited without swap.
[INFO] running `Command { std: "docker" "start" "-a" "1650af1e5471af239b300c1a491a0ed3c509aa0ca4b0a7368693b8b20a09f06c", kill_on_drop: false }`
[INFO] [stderr]     Checking libc v0.2.20
[INFO] [stderr]    Compiling pkg-config v0.3.9
[INFO] [stderr]     Checking smallvec v0.3.3
[INFO] [stderr]     Checking regex-syntax v0.4.0
[INFO] [stderr]     Checking unicode-width v0.1.4
[INFO] [stderr]     Checking utf8-ranges v1.0.0
[INFO] [stderr]     Checking linked-hash-map v0.4.2
[INFO] [stderr]     Checking same-file v0.1.3
[INFO] [stderr]     Checking bitflags v0.8.2
[INFO] [stderr]     Checking ansi_term v0.9.0
[INFO] [stderr]     Checking vec_map v0.7.0
[INFO] [stderr]     Checking constant_time_eq v0.1.2
[INFO] [stderr]     Checking unicode-segmentation v1.1.0
[INFO] [stderr]     Checking strsim v0.6.0
[INFO] [stderr]     Checking linear-map v1.1.0
[INFO] [stderr]     Checking humansize v1.0.0
[INFO] [stderr]     Checking unreachable v0.1.1
[INFO] [stderr]     Checking base64 v0.4.0
[INFO] [stderr]     Checking blake2-rfc v0.2.17
[INFO] [stderr]     Checking walkdir v1.0.7
[INFO] [stderr]     Checking lru-cache v0.1.1
[INFO] [stderr]    Compiling libsqlite3-sys v0.8.0
[INFO] [stderr]     Checking rand v0.3.15
[INFO] [stderr]     Checking thread-id v3.1.0
[INFO] [stderr]     Checking memchr v1.0.1
[INFO] [stderr]     Checking termios v0.2.2
[INFO] [stderr]     Checking clicolors-control v0.1.0
[INFO] [stderr]     Checking term_size v0.3.0
[INFO] [stderr]     Checking atty v0.2.2
[INFO] [stderr]     Checking time v0.1.37
[INFO] [stderr]     Checking thread_local v0.3.3
[INFO] [stderr]     Checking aho-corasick v0.6.3
[INFO] [stderr]     Checking clap v2.24.1
[INFO] [stderr]     Checking parking_lot_core v0.2.1
[INFO] [stderr]     Checking twox-hash v1.0.1
[INFO] [stderr]     Checking rusqlite v0.11.0
[INFO] [stdout] error[E0214]: parenthesized type parameters may only be used with a `Fn` trait
[INFO] [stdout]   --> /opt/rustwide/cargo-home/registry/src/github.com-1ecc6299db9ec823/twox-hash-1.0.1/src/number_streams.rs:67:23
[INFO] [stdout]    |
[INFO] [stdout] 67 |     fn count(self) -> usize() {
[INFO] [stdout]    |                       ^^^^^^^ only `Fn` traits may use parentheses
[INFO] [stdout] ...
[INFO] [stdout] 74 | number_stream!(U32FromBytes, u32, U32_BYTES);
[INFO] [stdout]    | --------------------------------------------- in this macro invocation
[INFO] [stdout]    |
[INFO] [stdout]    = note: this error originates in a macro (in Nightly builds, run with -Z macro-backtrace for more info)
[INFO] [stdout] 
[INFO] [stdout] 
[INFO] [stdout] error[E0214]: parenthesized type parameters may only be used with a `Fn` trait
[INFO] [stdout]   --> /opt/rustwide/cargo-home/registry/src/github.com-1ecc6299db9ec823/twox-hash-1.0.1/src/number_streams.rs:67:23
[INFO] [stdout]    |
[INFO] [stdout] 67 |     fn count(self) -> usize() {
[INFO] [stdout]    |                       ^^^^^^^ only `Fn` traits may use parentheses
[INFO] [stdout] ...
[INFO] [stdout] 75 | number_stream!(U64FromBytes, u64, U64_BYTES);
[INFO] [stdout]    | --------------------------------------------- in this macro invocation
[INFO] [stdout]    |
[INFO] [stdout]    = note: this error originates in a macro (in Nightly builds, run with -Z macro-backtrace for more info)
[INFO] [stdout] 
[INFO] [stdout] 
[INFO] [stdout] error: aborting due to 2 previous errors
[INFO] [stdout] 
[INFO] [stdout] 
[INFO] [stdout] For more information about this error, try `rustc --explain E0214`.
[INFO] [stdout] 
[INFO] [stderr] error: could not compile `twox-hash`.
[INFO] [stderr] 
[INFO] [stderr] To learn more, run the command again with --verbose.
[INFO] [stderr] warning: build failed, waiting for other jobs to finish...
[INFO] [stdout] error[E0119]: conflicting implementations of trait `std::convert::From<&_>` for type `types::to_sql::ToSqlOutput<'_>`:
[INFO] [stdout]   --> /opt/rustwide/cargo-home/registry/src/github.com-1ecc6299db9ec823/rusqlite-0.11.0/src/types/to_sql.rs:26:1
[INFO] [stdout]    |
[INFO] [stdout] 18 | / impl<'a, T: ?Sized> From<&'a T> for ToSqlOutput<'a>
[INFO] [stdout] 19 | |     where &'a T: Into<ValueRef<'a>>
[INFO] [stdout] 20 | | {
[INFO] [stdout] 21 | |     fn from(t: &'a T) -> Self {
[INFO] [stdout] 22 | |         ToSqlOutput::Borrowed(t.into())
[INFO] [stdout] 23 | |     }
[INFO] [stdout] 24 | | }
[INFO] [stdout]    | |_- first implementation here
[INFO] [stdout] 25 | 
[INFO] [stdout] 26 |   impl<'a, T: Into<Value>> From<T> for ToSqlOutput<'a> {
[INFO] [stdout]    |   ^^^^^^^^^^^^^^^^^^^^^^^^^^^^^^^^^^^^^^^^^^^^^^^^^^^^ conflicting implementation for `types::to_sql::ToSqlOutput<'_>`
[INFO] [stdout]    |
[INFO] [stdout]    = note: downstream crates may implement trait `std::convert::From<&_>` for type `types::value::Value`
[INFO] [stdout] 
[INFO] [stdout] 
[INFO] [stdout] error: aborting due to previous error
[INFO] [stdout] 
[INFO] [stdout] 
[INFO] [stdout] For more information about this error, try `rustc --explain E0119`.
[INFO] [stdout] 
[INFO] [stderr] error: build failed
[INFO] running `Command { std: "docker" "inspect" "1650af1e5471af239b300c1a491a0ed3c509aa0ca4b0a7368693b8b20a09f06c", kill_on_drop: false }`
[INFO] running `Command { std: "docker" "rm" "-f" "1650af1e5471af239b300c1a491a0ed3c509aa0ca4b0a7368693b8b20a09f06c", kill_on_drop: false }`
[INFO] [stdout] 1650af1e5471af239b300c1a491a0ed3c509aa0ca4b0a7368693b8b20a09f06c
