[INFO] cloning repository https://github.com/erictobin18/moc
[INFO] running `Command { std: "git" "-c" "credential.helper=" "-c" "credential.helper=/workspace/cargo-home/bin/git-credential-null" "clone" "--bare" "https://github.com/erictobin18/moc" "/workspace/cache/git-repos/https%3A%2F%2Fgithub.com%2Ferictobin18%2Fmoc", kill_on_drop: false }`
[INFO] [stderr] Cloning into bare repository '/workspace/cache/git-repos/https%3A%2F%2Fgithub.com%2Ferictobin18%2Fmoc'...
[INFO] running `Command { std: "git" "rev-parse" "HEAD", kill_on_drop: false }`
[INFO] [stdout] 4615917f8f1fa62a558308173e700af861b9e308
[INFO] checking erictobin18/moc against beta-2020-07-24 for pr-75494-beta
[INFO] running `Command { std: "git" "clone" "/workspace/cache/git-repos/https%3A%2F%2Fgithub.com%2Ferictobin18%2Fmoc" "/workspace/builds/worker-0/source", kill_on_drop: false }`
[INFO] [stderr] Cloning into '/workspace/builds/worker-0/source'...
[INFO] [stderr] done.
[INFO] validating manifest of git repo https://github.com/erictobin18/moc on toolchain beta-2020-07-24
[INFO] running `Command { std: "/workspace/cargo-home/bin/cargo" "+beta-2020-07-24" "read-manifest" "--manifest-path" "Cargo.toml", kill_on_drop: false }`
[INFO] started tweaking git repo https://github.com/erictobin18/moc
[INFO] finished tweaking git repo https://github.com/erictobin18/moc
[INFO] tweaked toml for git repo https://github.com/erictobin18/moc written to /workspace/builds/worker-0/source/Cargo.toml
[INFO] crate git repo https://github.com/erictobin18/moc already has a lockfile, it will not be regenerated
[INFO] running `Command { std: "/workspace/cargo-home/bin/cargo" "+beta-2020-07-24" "fetch" "--locked" "--manifest-path" "Cargo.toml", kill_on_drop: false }`
[INFO] running `Command { std: "docker" "create" "-v" "/var/lib/crater-agent-workspace/builds/worker-0/target:/opt/rustwide/target:rw,Z" "-v" "/var/lib/crater-agent-workspace/builds/worker-0/source:/opt/rustwide/workdir:ro,Z" "-v" "/var/lib/crater-agent-workspace/cargo-home:/opt/rustwide/cargo-home:ro,Z" "-v" "/var/lib/crater-agent-workspace/rustup-home:/opt/rustwide/rustup-home:ro,Z" "-e" "SOURCE_DIR=/opt/rustwide/workdir" "-e" "CARGO_TARGET_DIR=/opt/rustwide/target" "-e" "CARGO_HOME=/opt/rustwide/cargo-home" "-e" "RUSTUP_HOME=/opt/rustwide/rustup-home" "-w" "/opt/rustwide/workdir" "-m" "1610612736" "--user" "0:0" "--network" "none" "rustops/crates-build-env@sha256:a636fd89d022f18117e1dc8fb37a0a009933cdbbe082814857f0e2024962d47c" "/opt/rustwide/cargo-home/bin/cargo" "+beta-2020-07-24" "metadata" "--no-deps" "--format-version=1", kill_on_drop: false }`
[INFO] [stdout] 809417023f890ed17f97bd45d3485a51fd74ba8c148df7126c2b99d077fd4e46
[INFO] [stderr] WARNING: Your kernel does not support swap limit capabilities or the cgroup is not mounted. Memory limited without swap.
[INFO] running `Command { std: "docker" "start" "-a" "809417023f890ed17f97bd45d3485a51fd74ba8c148df7126c2b99d077fd4e46", kill_on_drop: false }`
[INFO] running `Command { std: "docker" "inspect" "809417023f890ed17f97bd45d3485a51fd74ba8c148df7126c2b99d077fd4e46", kill_on_drop: false }`
[INFO] running `Command { std: "docker" "rm" "-f" "809417023f890ed17f97bd45d3485a51fd74ba8c148df7126c2b99d077fd4e46", kill_on_drop: false }`
[INFO] [stdout] 809417023f890ed17f97bd45d3485a51fd74ba8c148df7126c2b99d077fd4e46
[INFO] running `Command { std: "docker" "create" "-v" "/var/lib/crater-agent-workspace/builds/worker-0/target:/opt/rustwide/target:rw,Z" "-v" "/var/lib/crater-agent-workspace/builds/worker-0/source:/opt/rustwide/workdir:ro,Z" "-v" "/var/lib/crater-agent-workspace/cargo-home:/opt/rustwide/cargo-home:ro,Z" "-v" "/var/lib/crater-agent-workspace/rustup-home:/opt/rustwide/rustup-home:ro,Z" "-e" "SOURCE_DIR=/opt/rustwide/workdir" "-e" "CARGO_TARGET_DIR=/opt/rustwide/target" "-e" "CARGO_INCREMENTAL=0" "-e" "RUST_BACKTRACE=full" "-e" "RUSTFLAGS=--cap-lints=forbid" "-e" "CARGO_HOME=/opt/rustwide/cargo-home" "-e" "RUSTUP_HOME=/opt/rustwide/rustup-home" "-w" "/opt/rustwide/workdir" "-m" "1610612736" "--user" "0:0" "--network" "none" "rustops/crates-build-env@sha256:a636fd89d022f18117e1dc8fb37a0a009933cdbbe082814857f0e2024962d47c" "/opt/rustwide/cargo-home/bin/cargo" "+beta-2020-07-24" "check" "--frozen" "--all" "--all-targets" "--message-format=json", kill_on_drop: false }`
[INFO] [stdout] d52ae15978d31ba18247227616fde0b4b4ef98d39b364a90127079c2d47e836e
[INFO] [stderr] WARNING: Your kernel does not support swap limit capabilities or the cgroup is not mounted. Memory limited without swap.
[INFO] running `Command { std: "docker" "start" "-a" "d52ae15978d31ba18247227616fde0b4b4ef98d39b364a90127079c2d47e836e", kill_on_drop: false }`
[INFO] [stderr]     Checking moc v0.1.0 (/opt/rustwide/workdir)
[INFO] [stdout] error[E0642]: patterns aren't allowed in functions without bodies
[INFO] [stdout]   --> src/geo.rs:11:37
[INFO] [stdout]    |
[INFO] [stdout] 11 |     fn intersect<T: HasPath>(&self, &other: T, guess: f64) -> Point; // find the intersection of two paths from an initial guess
[INFO] [stdout]    |                                     ^^^^^^ pattern not allowed in function without body
[INFO] [stdout] 
[INFO] [stdout] 
[INFO] [stdout] error[E0642]: patterns aren't allowed in functions without bodies
[INFO] [stdout]   --> src/geo.rs:12:57
[INFO] [stdout]    |
[INFO] [stdout] 12 |     fn extrap_intersect<T: HasPath>(&self, self_z: f64, &other: T, other_z: f64) -> Point; // extrapolate two paths from initial points t...
[INFO] [stdout]    |                                                         ^^^^^^ pattern not allowed in function without body
[INFO] [stdout] 
[INFO] [stdout] 
[INFO] [stdout] warning: unused import: `std::cmp`
[INFO] [stdout]  --> src/sol.rs:7:5
[INFO] [stdout]   |
[INFO] [stdout] 7 | use std::cmp;
[INFO] [stdout]   |     ^^^^^^^^
[INFO] [stdout]   |
[INFO] [stdout]   = note: `#[warn(unused_imports)]` on by default
[INFO] [stdout] 
[INFO] [stdout] 
[INFO] [stdout] error[E0642]: patterns aren't allowed in functions without bodies
[INFO] [stdout]   --> src/geo.rs:11:37
[INFO] [stdout]    |
[INFO] [stdout] 11 |     fn intersect<T: HasPath>(&self, &other: T, guess: f64) -> Point; // find the intersection of two paths from an initial guess
[INFO] [stdout]    |                                     ^^^^^^ pattern not allowed in function without body
[INFO] [stdout] 
[INFO] [stdout] 
[INFO] [stdout] error[E0642]: patterns aren't allowed in functions without bodies
[INFO] [stdout]   --> src/geo.rs:12:57
[INFO] [stdout]    |
[INFO] [stdout] 12 |     fn extrap_intersect<T: HasPath>(&self, self_z: f64, &other: T, other_z: f64) -> Point; // extrapolate two paths from initial points t...
[INFO] [stdout]    |                                                         ^^^^^^ pattern not allowed in function without body
[INFO] [stdout] 
[INFO] [stdout] 
[INFO] [stdout] warning: unused import: `std::cmp`
[INFO] [stdout]  --> src/sol.rs:7:5
[INFO] [stdout]   |
[INFO] [stdout] 7 | use std::cmp;
[INFO] [stdout]   |     ^^^^^^^^
[INFO] [stdout]   |
[INFO] [stdout]   = note: `#[warn(unused_imports)]` on by default
[INFO] [stdout] 
[INFO] [stdout] 
[INFO] [stdout] error: aborting due to 2 previous errors; 1 warning emitted
[INFO] [stdout] 
[INFO] [stdout] 
[INFO] [stdout] For more information about this error, try `rustc --explain E0642`.
[INFO] [stdout] 
[INFO] [stderr] error: could not compile `moc`.
[INFO] [stderr] 
[INFO] [stderr] To learn more, run the command again with --verbose.
[INFO] [stderr] warning: build failed, waiting for other jobs to finish...
[INFO] [stdout] error: aborting due to 2 previous errors; 1 warning emitted
[INFO] [stdout] 
[INFO] [stdout] 
[INFO] [stdout] For more information about this error, try `rustc --explain E0642`.
[INFO] [stdout] 
[INFO] [stderr] error: build failed
[INFO] running `Command { std: "docker" "inspect" "d52ae15978d31ba18247227616fde0b4b4ef98d39b364a90127079c2d47e836e", kill_on_drop: false }`
[INFO] running `Command { std: "docker" "rm" "-f" "d52ae15978d31ba18247227616fde0b4b4ef98d39b364a90127079c2d47e836e", kill_on_drop: false }`
[INFO] [stdout] d52ae15978d31ba18247227616fde0b4b4ef98d39b364a90127079c2d47e836e
