[INFO] cloning repository https://github.com/ed-bassett/httptest
[INFO] running `Command { std: "git" "-c" "credential.helper=" "-c" "credential.helper=/workspace/cargo-home/bin/git-credential-null" "clone" "--bare" "https://github.com/ed-bassett/httptest" "/workspace/cache/git-repos/https%3A%2F%2Fgithub.com%2Fed-bassett%2Fhttptest", kill_on_drop: false }`
[INFO] [stderr] Cloning into bare repository '/workspace/cache/git-repos/https%3A%2F%2Fgithub.com%2Fed-bassett%2Fhttptest'...
[INFO] running `Command { std: "git" "rev-parse" "HEAD", kill_on_drop: false }`
[INFO] [stdout] 1e4bc9e899373a3e1101e6b1286fc789986e05e1
[INFO] checking ed-bassett/httptest against beta-2020-07-24 for pr-75494-beta
[INFO] running `Command { std: "git" "clone" "/workspace/cache/git-repos/https%3A%2F%2Fgithub.com%2Fed-bassett%2Fhttptest" "/workspace/builds/worker-8/source", kill_on_drop: false }`
[INFO] [stderr] Cloning into '/workspace/builds/worker-8/source'...
[INFO] [stderr] done.
[INFO] validating manifest of git repo https://github.com/ed-bassett/httptest on toolchain beta-2020-07-24
[INFO] running `Command { std: "/workspace/cargo-home/bin/cargo" "+beta-2020-07-24" "read-manifest" "--manifest-path" "Cargo.toml", kill_on_drop: false }`
[INFO] started tweaking git repo https://github.com/ed-bassett/httptest
[INFO] finished tweaking git repo https://github.com/ed-bassett/httptest
[INFO] tweaked toml for git repo https://github.com/ed-bassett/httptest written to /workspace/builds/worker-8/source/Cargo.toml
[INFO] crate git repo https://github.com/ed-bassett/httptest already has a lockfile, it will not be regenerated
[INFO] running `Command { std: "/workspace/cargo-home/bin/cargo" "+beta-2020-07-24" "fetch" "--locked" "--manifest-path" "Cargo.toml", kill_on_drop: false }`
[INFO] running `Command { std: "docker" "create" "-v" "/var/lib/crater-agent-workspace/builds/worker-8/target:/opt/rustwide/target:rw,Z" "-v" "/var/lib/crater-agent-workspace/builds/worker-8/source:/opt/rustwide/workdir:ro,Z" "-v" "/var/lib/crater-agent-workspace/cargo-home:/opt/rustwide/cargo-home:ro,Z" "-v" "/var/lib/crater-agent-workspace/rustup-home:/opt/rustwide/rustup-home:ro,Z" "-e" "SOURCE_DIR=/opt/rustwide/workdir" "-e" "CARGO_TARGET_DIR=/opt/rustwide/target" "-e" "CARGO_HOME=/opt/rustwide/cargo-home" "-e" "RUSTUP_HOME=/opt/rustwide/rustup-home" "-w" "/opt/rustwide/workdir" "-m" "1610612736" "--user" "0:0" "--network" "none" "rustops/crates-build-env@sha256:a636fd89d022f18117e1dc8fb37a0a009933cdbbe082814857f0e2024962d47c" "/opt/rustwide/cargo-home/bin/cargo" "+beta-2020-07-24" "metadata" "--no-deps" "--format-version=1", kill_on_drop: false }`
[INFO] [stdout] 927080cfb6f9b27e5e8b349b4d9bfa3193a8fbcbe143ccea56d9c8363056c685
[INFO] [stderr] WARNING: Your kernel does not support swap limit capabilities or the cgroup is not mounted. Memory limited without swap.
[INFO] running `Command { std: "docker" "start" "-a" "927080cfb6f9b27e5e8b349b4d9bfa3193a8fbcbe143ccea56d9c8363056c685", kill_on_drop: false }`
[INFO] running `Command { std: "docker" "inspect" "927080cfb6f9b27e5e8b349b4d9bfa3193a8fbcbe143ccea56d9c8363056c685", kill_on_drop: false }`
[INFO] running `Command { std: "docker" "rm" "-f" "927080cfb6f9b27e5e8b349b4d9bfa3193a8fbcbe143ccea56d9c8363056c685", kill_on_drop: false }`
[INFO] [stdout] 927080cfb6f9b27e5e8b349b4d9bfa3193a8fbcbe143ccea56d9c8363056c685
[INFO] running `Command { std: "docker" "create" "-v" "/var/lib/crater-agent-workspace/builds/worker-8/target:/opt/rustwide/target:rw,Z" "-v" "/var/lib/crater-agent-workspace/builds/worker-8/source:/opt/rustwide/workdir:ro,Z" "-v" "/var/lib/crater-agent-workspace/cargo-home:/opt/rustwide/cargo-home:ro,Z" "-v" "/var/lib/crater-agent-workspace/rustup-home:/opt/rustwide/rustup-home:ro,Z" "-e" "SOURCE_DIR=/opt/rustwide/workdir" "-e" "CARGO_TARGET_DIR=/opt/rustwide/target" "-e" "CARGO_INCREMENTAL=0" "-e" "RUST_BACKTRACE=full" "-e" "RUSTFLAGS=--cap-lints=forbid" "-e" "CARGO_HOME=/opt/rustwide/cargo-home" "-e" "RUSTUP_HOME=/opt/rustwide/rustup-home" "-w" "/opt/rustwide/workdir" "-m" "1610612736" "--user" "0:0" "--network" "none" "rustops/crates-build-env@sha256:a636fd89d022f18117e1dc8fb37a0a009933cdbbe082814857f0e2024962d47c" "/opt/rustwide/cargo-home/bin/cargo" "+beta-2020-07-24" "check" "--frozen" "--all" "--all-targets" "--message-format=json", kill_on_drop: false }`
[INFO] [stderr] WARNING: Your kernel does not support swap limit capabilities or the cgroup is not mounted. Memory limited without swap.
[INFO] [stdout] dc0f2458ffceb4980cf4b86e9f6e8ca00836aa3df377007bd96ad74bef32e5bb
[INFO] running `Command { std: "docker" "start" "-a" "dc0f2458ffceb4980cf4b86e9f6e8ca00836aa3df377007bd96ad74bef32e5bb", kill_on_drop: false }`
[INFO] [stderr]    Compiling libc v0.2.45
[INFO] [stderr]     Checking cfg-if v0.1.6
[INFO] [stderr]     Checking lazy_static v1.2.0
[INFO] [stderr]     Checking scopeguard v0.3.3
[INFO] [stderr]     Checking stable_deref_trait v1.1.1
[INFO] [stderr]     Checking nodrop v0.1.13
[INFO] [stderr]     Checking ucd-util v0.1.3
[INFO] [stderr]    Compiling regex v1.1.0
[INFO] [stderr]     Checking itoa v0.4.3
[INFO] [stderr]     Checking utf8-ranges v1.0.2
[INFO] [stderr]     Checking quick-error v1.2.2
[INFO] [stderr]     Checking string v0.1.2
[INFO] [stderr]     Checking rand_xorshift v0.1.0
[INFO] [stderr]     Checking tokio-current-thread v0.1.4
[INFO] [stderr]    Compiling parking_lot_core v0.3.1
[INFO] [stderr]    Compiling rand_chacha v0.1.0
[INFO] [stderr]    Compiling rand_pcg v0.1.1
[INFO] [stderr]    Compiling rand v0.6.1
[INFO] [stderr]     Checking log v0.4.6
[INFO] [stderr]     Checking crossbeam-utils v0.6.3
[INFO] [stderr]     Checking arrayvec v0.4.8
[INFO] [stderr]     Checking owning_ref v0.4.0
[INFO] [stderr]     Checking thread_local v0.3.6
[INFO] [stderr]     Checking humantime v1.2.0
[INFO] [stderr]     Checking regex-syntax v0.6.4
[INFO] [stderr]     Checking lock_api v0.1.5
[INFO] [stderr]     Checking want v0.0.6
[INFO] [stderr]     Checking tokio-timer v0.2.8
[INFO] [stderr]     Checking crossbeam-epoch v0.6.1
[INFO] [stderr]     Checking crossbeam-deque v0.6.2
[INFO] [stderr]     Checking iovec v0.1.2
[INFO] [stderr]     Checking num_cpus v1.9.0
[INFO] [stderr]     Checking rand v0.5.5
[INFO] [stderr]     Checking net2 v0.2.33
[INFO] [stderr]     Checking memchr v2.1.3
[INFO] [stderr]     Checking time v0.1.40
[INFO] [stderr]     Checking atty v0.2.11
[INFO] [stderr]     Checking futures-cpupool v0.1.8
[INFO] [stderr]     Checking bytes v0.4.11
[INFO] [stderr]     Checking mio v0.6.16
[INFO] [stderr]     Checking aho-corasick v0.6.9
[INFO] [stderr]     Checking tokio-io v0.1.10
[INFO] [stderr]     Checking http v0.1.15
[INFO] [stderr]     Checking parking_lot v0.6.4
[INFO] [stderr]     Checking tokio-threadpool v0.1.9
[INFO] [stderr]     Checking tokio-reactor v0.1.7
[INFO] [stderr]     Checking tokio v0.1.14
[INFO] [stderr]     Checking tokio-tcp v0.1.2
[INFO] [stderr]     Checking env_logger v0.6.0
[INFO] [stderr]     Checking h2 v0.1.15
[INFO] [stderr]     Checking hyper v0.12.22
[INFO] [stderr]     Checking httptest v0.1.0 (/opt/rustwide/workdir)
[INFO] [stdout] error[E0554]: `#![feature]` may not be used on the beta release channel
[INFO] [stdout]  --> src/main.rs:1:1
[INFO] [stdout]   |
[INFO] [stdout] 1 | #![feature(box_syntax)]
[INFO] [stdout]   | ^^^^^^^^^^^^^^^^^^^^^^^
[INFO] [stdout] 
[INFO] [stdout] 
[INFO] [stdout] error[E0554]: `#![feature]` may not be used on the beta release channel
[INFO] [stdout]  --> src/main.rs:2:1
[INFO] [stdout]   |
[INFO] [stdout] 2 | #![feature(impl_trait_in_bindings)]
[INFO] [stdout]   | ^^^^^^^^^^^^^^^^^^^^^^^^^^^^^^^^^^^
[INFO] [stdout] 
[INFO] [stdout] 
[INFO] [stdout] warning: the feature `impl_trait_in_bindings` is incomplete and may not be safe to use and/or cause compiler crashes
[INFO] [stdout]  --> src/main.rs:2:12
[INFO] [stdout]   |
[INFO] [stdout] 2 | #![feature(impl_trait_in_bindings)]
[INFO] [stdout]   |            ^^^^^^^^^^^^^^^^^^^^^^
[INFO] [stdout]   |
[INFO] [stdout]   = note: `#[warn(incomplete_features)]` on by default
[INFO] [stdout]   = note: see issue #63065 <https://github.com/rust-lang/rust/issues/63065> for more information
[INFO] [stdout] 
[INFO] [stdout] 
[INFO] [stdout] warning: unused import: `warn`
[INFO] [stdout]  --> src/main.rs:4:25
[INFO] [stdout]   |
[INFO] [stdout] 4 | use log::{ info, trace, warn, error };
[INFO] [stdout]   |                         ^^^^
[INFO] [stdout]   |
[INFO] [stdout]   = note: `#[warn(unused_imports)]` on by default
[INFO] [stdout] 
[INFO] [stdout] 
[INFO] [stdout] warning: trait objects without an explicit `dyn` are deprecated
[INFO] [stdout]   --> src/main.rs:28:19
[INFO] [stdout]    |
[INFO] [stdout] 28 | type BoxFut = Box<Future<Item=Response<Body>, Error=hyper::http::Error> + Send>;
[INFO] [stdout]    |                   ^^^^^^^^^^^^^^^^^^^^^^^^^^^^^^^^^^^^^^^^^^^^^^^^^^^^^^^^^^^^ help: use `dyn`: `dyn Future<Item=Response<Body>, Error=hyper::http::Error> + Send`
[INFO] [stdout]    |
[INFO] [stdout]    = note: `#[warn(bare_trait_objects)]` on by default
[INFO] [stdout] 
[INFO] [stdout] 
[INFO] [stdout] error: aborting due to 2 previous errors; 3 warnings emitted
[INFO] [stdout] 
[INFO] [stdout] 
[INFO] [stdout] For more information about this error, try `rustc --explain E0554`.
[INFO] [stdout] 
[INFO] [stderr] error: could not compile `httptest`.
[INFO] [stderr] 
[INFO] [stderr] To learn more, run the command again with --verbose.
[INFO] [stderr] warning: build failed, waiting for other jobs to finish...
[INFO] [stdout] error[E0554]: `#![feature]` may not be used on the beta release channel
[INFO] [stdout]  --> src/main.rs:1:1
[INFO] [stdout]   |
[INFO] [stdout] 1 | #![feature(box_syntax)]
[INFO] [stdout]   | ^^^^^^^^^^^^^^^^^^^^^^^
[INFO] [stdout] 
[INFO] [stdout] 
[INFO] [stdout] error[E0554]: `#![feature]` may not be used on the beta release channel
[INFO] [stdout]  --> src/main.rs:2:1
[INFO] [stdout]   |
[INFO] [stdout] 2 | #![feature(impl_trait_in_bindings)]
[INFO] [stdout]   | ^^^^^^^^^^^^^^^^^^^^^^^^^^^^^^^^^^^
[INFO] [stdout] 
[INFO] [stdout] 
[INFO] [stdout] warning: the feature `impl_trait_in_bindings` is incomplete and may not be safe to use and/or cause compiler crashes
[INFO] [stdout]  --> src/main.rs:2:12
[INFO] [stdout]   |
[INFO] [stdout] 2 | #![feature(impl_trait_in_bindings)]
[INFO] [stdout]   |            ^^^^^^^^^^^^^^^^^^^^^^
[INFO] [stdout]   |
[INFO] [stdout]   = note: `#[warn(incomplete_features)]` on by default
[INFO] [stdout]   = note: see issue #63065 <https://github.com/rust-lang/rust/issues/63065> for more information
[INFO] [stdout] 
[INFO] [stdout] 
[INFO] [stdout] warning: unused import: `warn`
[INFO] [stdout]  --> src/main.rs:4:25
[INFO] [stdout]   |
[INFO] [stdout] 4 | use log::{ info, trace, warn, error };
[INFO] [stdout]   |                         ^^^^
[INFO] [stdout]   |
[INFO] [stdout]   = note: `#[warn(unused_imports)]` on by default
[INFO] [stdout] 
[INFO] [stdout] 
[INFO] [stdout] warning: trait objects without an explicit `dyn` are deprecated
[INFO] [stdout]   --> src/main.rs:28:19
[INFO] [stdout]    |
[INFO] [stdout] 28 | type BoxFut = Box<Future<Item=Response<Body>, Error=hyper::http::Error> + Send>;
[INFO] [stdout]    |                   ^^^^^^^^^^^^^^^^^^^^^^^^^^^^^^^^^^^^^^^^^^^^^^^^^^^^^^^^^^^^ help: use `dyn`: `dyn Future<Item=Response<Body>, Error=hyper::http::Error> + Send`
[INFO] [stdout]    |
[INFO] [stdout]    = note: `#[warn(bare_trait_objects)]` on by default
[INFO] [stdout] 
[INFO] [stdout] 
[INFO] [stdout] error: aborting due to 2 previous errors; 3 warnings emitted
[INFO] [stdout] 
[INFO] [stdout] 
[INFO] [stdout] For more information about this error, try `rustc --explain E0554`.
[INFO] [stdout] 
[INFO] [stderr] error: build failed
[INFO] running `Command { std: "docker" "inspect" "dc0f2458ffceb4980cf4b86e9f6e8ca00836aa3df377007bd96ad74bef32e5bb", kill_on_drop: false }`
[INFO] running `Command { std: "docker" "rm" "-f" "dc0f2458ffceb4980cf4b86e9f6e8ca00836aa3df377007bd96ad74bef32e5bb", kill_on_drop: false }`
[INFO] [stdout] dc0f2458ffceb4980cf4b86e9f6e8ca00836aa3df377007bd96ad74bef32e5bb
