[INFO] cloning repository https://github.com/echochamber/box_clicker
[INFO] running `Command { std: "git" "-c" "credential.helper=" "-c" "credential.helper=/workspace/cargo-home/bin/git-credential-null" "clone" "--bare" "https://github.com/echochamber/box_clicker" "/workspace/cache/git-repos/https%3A%2F%2Fgithub.com%2Fechochamber%2Fbox_clicker", kill_on_drop: false }`
[INFO] [stderr] Cloning into bare repository '/workspace/cache/git-repos/https%3A%2F%2Fgithub.com%2Fechochamber%2Fbox_clicker'...
[INFO] running `Command { std: "git" "rev-parse" "HEAD", kill_on_drop: false }`
[INFO] [stdout] 6efb3de86673aa9a2d883cb7178d66e83b96351e
[INFO] checking echochamber/box_clicker against beta-2020-07-24 for pr-75494-beta
[INFO] running `Command { std: "git" "clone" "/workspace/cache/git-repos/https%3A%2F%2Fgithub.com%2Fechochamber%2Fbox_clicker" "/workspace/builds/worker-13/source", kill_on_drop: false }`
[INFO] [stderr] Cloning into '/workspace/builds/worker-13/source'...
[INFO] [stderr] done.
[INFO] validating manifest of git repo https://github.com/echochamber/box_clicker on toolchain beta-2020-07-24
[INFO] running `Command { std: "/workspace/cargo-home/bin/cargo" "+beta-2020-07-24" "read-manifest" "--manifest-path" "Cargo.toml", kill_on_drop: false }`
[INFO] started tweaking git repo https://github.com/echochamber/box_clicker
[INFO] finished tweaking git repo https://github.com/echochamber/box_clicker
[INFO] tweaked toml for git repo https://github.com/echochamber/box_clicker written to /workspace/builds/worker-13/source/Cargo.toml
[INFO] crate git repo https://github.com/echochamber/box_clicker already has a lockfile, it will not be regenerated
[INFO] running `Command { std: "/workspace/cargo-home/bin/cargo" "+beta-2020-07-24" "fetch" "--locked" "--manifest-path" "Cargo.toml", kill_on_drop: false }`
[INFO] [stderr] error: the lock file /workspace/builds/worker-13/source/Cargo.lock needs to be updated but --locked was passed to prevent this
[INFO] [stderr] If you want to try to generate the lock file without accessing the network, use the --offline flag.
[INFO] the lockfile is outdated, regenerating it
[INFO] running `Command { std: "/workspace/cargo-home/bin/cargo" "+beta-2020-07-24" "generate-lockfile" "--manifest-path" "Cargo.toml" "-Zno-index-update", kill_on_drop: false }`
[INFO] running `Command { std: "/workspace/cargo-home/bin/cargo" "+beta-2020-07-24" "fetch" "--locked" "--manifest-path" "Cargo.toml", kill_on_drop: false }`
[INFO] running `Command { std: "docker" "create" "-v" "/var/lib/crater-agent-workspace/builds/worker-13/target:/opt/rustwide/target:rw,Z" "-v" "/var/lib/crater-agent-workspace/builds/worker-13/source:/opt/rustwide/workdir:ro,Z" "-v" "/var/lib/crater-agent-workspace/cargo-home:/opt/rustwide/cargo-home:ro,Z" "-v" "/var/lib/crater-agent-workspace/rustup-home:/opt/rustwide/rustup-home:ro,Z" "-e" "SOURCE_DIR=/opt/rustwide/workdir" "-e" "CARGO_TARGET_DIR=/opt/rustwide/target" "-e" "CARGO_HOME=/opt/rustwide/cargo-home" "-e" "RUSTUP_HOME=/opt/rustwide/rustup-home" "-w" "/opt/rustwide/workdir" "-m" "1610612736" "--user" "0:0" "--network" "none" "rustops/crates-build-env@sha256:a636fd89d022f18117e1dc8fb37a0a009933cdbbe082814857f0e2024962d47c" "/opt/rustwide/cargo-home/bin/cargo" "+beta-2020-07-24" "metadata" "--no-deps" "--format-version=1", kill_on_drop: false }`
[INFO] [stdout] 85ffa17eecf0743c703577dcf17b1c3435b60d5b3d130aa83a14e4f849521048
[INFO] [stderr] WARNING: Your kernel does not support swap limit capabilities or the cgroup is not mounted. Memory limited without swap.
[INFO] running `Command { std: "docker" "start" "-a" "85ffa17eecf0743c703577dcf17b1c3435b60d5b3d130aa83a14e4f849521048", kill_on_drop: false }`
[INFO] running `Command { std: "docker" "inspect" "85ffa17eecf0743c703577dcf17b1c3435b60d5b3d130aa83a14e4f849521048", kill_on_drop: false }`
[INFO] running `Command { std: "docker" "rm" "-f" "85ffa17eecf0743c703577dcf17b1c3435b60d5b3d130aa83a14e4f849521048", kill_on_drop: false }`
[INFO] [stdout] 85ffa17eecf0743c703577dcf17b1c3435b60d5b3d130aa83a14e4f849521048
[INFO] running `Command { std: "docker" "create" "-v" "/var/lib/crater-agent-workspace/builds/worker-13/target:/opt/rustwide/target:rw,Z" "-v" "/var/lib/crater-agent-workspace/builds/worker-13/source:/opt/rustwide/workdir:ro,Z" "-v" "/var/lib/crater-agent-workspace/cargo-home:/opt/rustwide/cargo-home:ro,Z" "-v" "/var/lib/crater-agent-workspace/rustup-home:/opt/rustwide/rustup-home:ro,Z" "-e" "SOURCE_DIR=/opt/rustwide/workdir" "-e" "CARGO_TARGET_DIR=/opt/rustwide/target" "-e" "CARGO_INCREMENTAL=0" "-e" "RUST_BACKTRACE=full" "-e" "RUSTFLAGS=--cap-lints=forbid" "-e" "CARGO_HOME=/opt/rustwide/cargo-home" "-e" "RUSTUP_HOME=/opt/rustwide/rustup-home" "-w" "/opt/rustwide/workdir" "-m" "1610612736" "--user" "0:0" "--network" "none" "rustops/crates-build-env@sha256:a636fd89d022f18117e1dc8fb37a0a009933cdbbe082814857f0e2024962d47c" "/opt/rustwide/cargo-home/bin/cargo" "+beta-2020-07-24" "check" "--frozen" "--all" "--all-targets" "--message-format=json", kill_on_drop: false }`
[INFO] [stdout] a273d693d1487d0b8c3a9b65b3ef8651df21ff3c5d9e4545298c0a477e727ff5
[INFO] [stderr] WARNING: Your kernel does not support swap limit capabilities or the cgroup is not mounted. Memory limited without swap.
[INFO] running `Command { std: "docker" "start" "-a" "a273d693d1487d0b8c3a9b65b3ef8651df21ff3c5d9e4545298c0a477e727ff5", kill_on_drop: false }`
[INFO] [stderr]     Blocking waiting for file lock on package cache
[INFO] [stderr]     Checking shader_version v0.1.0
[INFO] [stderr]    Compiling num-traits v0.2.12
[INFO] [stderr]    Compiling num-integer v0.1.43
[INFO] [stderr]    Compiling num-iter v0.1.41
[INFO] [stderr]    Compiling num-bigint v0.3.0
[INFO] [stderr]    Compiling num-rational v0.3.0
[INFO] [stderr]     Checking dlib v0.1.1
[INFO] [stderr]    Compiling libz-sys v0.1.9
[INFO] [stderr]    Compiling freetype-sys v0.1.2
[INFO] [stderr]    Compiling log v0.3.9
[INFO] [stderr]    Compiling gl_generator v0.0.26
[INFO] [stderr]     Checking rand v0.4.6
[INFO] [stderr]    Compiling gl_generator v0.14.0
[INFO] [stderr]     Checking dylib v0.0.3
[INFO] [stderr]     Checking gl_common v0.0.4
[INFO] [stderr]     Checking clock_ticks v0.0.5
[INFO] [stdout] error: `$stype:ty` may be followed by `functions`, which is not allowed for `ty` fragments
[INFO] [stdout]   --> /opt/rustwide/cargo-home/registry/src/github.com-1ecc6299db9ec823/dlib-0.1.1/src/lib.rs:39:11
[INFO] [stdout]    |
[INFO] [stdout] 39 |         $(functions: $(fn $fname: ident($($farg: ty),*) -> $fret:ty),+)|*
[INFO] [stdout]    |           ^^^^^^^^^ not allowed after `ty` fragments
[INFO] [stdout]    |
[INFO] [stdout]    = note: allowed there are: `{`, `[`, `=>`, `,`, `>`, `=`, `:`, `;`, `|`, `as` or `where`
[INFO] [stdout] 
[INFO] [stdout] 
[INFO] [stdout] error: `$stype:ty` may be followed by `varargs`, which is not allowed for `ty` fragments
[INFO] [stdout]   --> /opt/rustwide/cargo-home/registry/src/github.com-1ecc6299db9ec823/dlib-0.1.1/src/lib.rs:40:11
[INFO] [stdout]    |
[INFO] [stdout] 40 |         $(varargs: $(fn $vname: ident($($vargs: ty),+ ...) -> $vret: ty),+)|*
[INFO] [stdout]    |           ^^^^^^^ not allowed after `ty` fragments
[INFO] [stdout]    |
[INFO] [stdout]    = note: allowed there are: `{`, `[`, `=>`, `,`, `>`, `=`, `:`, `;`, `|`, `as` or `where`
[INFO] [stdout] 
[INFO] [stdout] 
[INFO] [stdout] error: `$fret:ty` may be followed by `varargs`, which is not allowed for `ty` fragments
[INFO] [stdout]   --> /opt/rustwide/cargo-home/registry/src/github.com-1ecc6299db9ec823/dlib-0.1.1/src/lib.rs:40:11
[INFO] [stdout]    |
[INFO] [stdout] 40 |         $(varargs: $(fn $vname: ident($($vargs: ty),+ ...) -> $vret: ty),+)|*
[INFO] [stdout]    |           ^^^^^^^ not allowed after `ty` fragments
[INFO] [stdout]    |
[INFO] [stdout]    = note: allowed there are: `{`, `[`, `=>`, `,`, `>`, `=`, `:`, `;`, `|`, `as` or `where`
[INFO] [stdout] 
[INFO] [stdout] 
[INFO] [stdout] error: `$vargs:ty` may be followed by `...`, which is not allowed for `ty` fragments
[INFO] [stdout]   --> /opt/rustwide/cargo-home/registry/src/github.com-1ecc6299db9ec823/dlib-0.1.1/src/lib.rs:40:55
[INFO] [stdout]    |
[INFO] [stdout] 40 |         $(varargs: $(fn $vname: ident($($vargs: ty),+ ...) -> $vret: ty),+)|*
[INFO] [stdout]    |                                                       ^^^ not allowed after `ty` fragments
[INFO] [stdout]    |
[INFO] [stdout]    = note: allowed there are: `{`, `[`, `=>`, `,`, `>`, `=`, `:`, `;`, `|`, `as` or `where`
[INFO] [stdout] 
[INFO] [stdout] 
[INFO] [stdout] error: `$stype:ty` may be followed by `functions`, which is not allowed for `ty` fragments
[INFO] [stdout]   --> /opt/rustwide/cargo-home/registry/src/github.com-1ecc6299db9ec823/dlib-0.1.1/src/lib.rs:66:11
[INFO] [stdout]    |
[INFO] [stdout] 66 |         $(functions: $(fn $fname: ident($($farg: ty),*) -> $fret:ty),+)|*
[INFO] [stdout]    |           ^^^^^^^^^ not allowed after `ty` fragments
[INFO] [stdout]    |
[INFO] [stdout]    = note: allowed there are: `{`, `[`, `=>`, `,`, `>`, `=`, `:`, `;`, `|`, `as` or `where`
[INFO] [stdout] 
[INFO] [stdout] 
[INFO] [stdout] error: `$stype:ty` may be followed by `varargs`, which is not allowed for `ty` fragments
[INFO] [stdout]   --> /opt/rustwide/cargo-home/registry/src/github.com-1ecc6299db9ec823/dlib-0.1.1/src/lib.rs:67:11
[INFO] [stdout]    |
[INFO] [stdout] 67 |         $(varargs: $(fn $vname: ident($($vargs: ty),+ ...) -> $vret: ty),+)|*
[INFO] [stdout]    |           ^^^^^^^ not allowed after `ty` fragments
[INFO] [stdout]    |
[INFO] [stdout]    = note: allowed there are: `{`, `[`, `=>`, `,`, `>`, `=`, `:`, `;`, `|`, `as` or `where`
[INFO] [stdout] 
[INFO] [stdout] 
[INFO] [stdout] error: `$fret:ty` may be followed by `varargs`, which is not allowed for `ty` fragments
[INFO] [stdout]   --> /opt/rustwide/cargo-home/registry/src/github.com-1ecc6299db9ec823/dlib-0.1.1/src/lib.rs:67:11
[INFO] [stdout]    |
[INFO] [stdout] 67 |         $(varargs: $(fn $vname: ident($($vargs: ty),+ ...) -> $vret: ty),+)|*
[INFO] [stdout]    |           ^^^^^^^ not allowed after `ty` fragments
[INFO] [stdout]    |
[INFO] [stdout]    = note: allowed there are: `{`, `[`, `=>`, `,`, `>`, `=`, `:`, `;`, `|`, `as` or `where`
[INFO] [stdout] 
[INFO] [stdout] 
[INFO] [stdout] error: `$vargs:ty` may be followed by `...`, which is not allowed for `ty` fragments
[INFO] [stdout]   --> /opt/rustwide/cargo-home/registry/src/github.com-1ecc6299db9ec823/dlib-0.1.1/src/lib.rs:67:55
[INFO] [stdout]    |
[INFO] [stdout] 67 |         $(varargs: $(fn $vname: ident($($vargs: ty),+ ...) -> $vret: ty),+)|*
[INFO] [stdout]    |                                                       ^^^ not allowed after `ty` fragments
[INFO] [stdout]    |
[INFO] [stdout]    = note: allowed there are: `{`, `[`, `=>`, `,`, `>`, `=`, `:`, `;`, `|`, `as` or `where`
[INFO] [stdout] 
[INFO] [stdout] 
[INFO] [stdout] error: `$stype:ty` may be followed by `functions`, which is not allowed for `ty` fragments
[INFO] [stdout]   --> /opt/rustwide/cargo-home/registry/src/github.com-1ecc6299db9ec823/dlib-0.1.1/src/lib.rs:83:11
[INFO] [stdout]    |
[INFO] [stdout] 83 |         $(functions: $(fn $fname: ident($($farg: ty),*) -> $fret:ty),+)|*
[INFO] [stdout]    |           ^^^^^^^^^ not allowed after `ty` fragments
[INFO] [stdout]    |
[INFO] [stdout]    = note: allowed there are: `{`, `[`, `=>`, `,`, `>`, `=`, `:`, `;`, `|`, `as` or `where`
[INFO] [stdout] 
[INFO] [stdout] 
[INFO] [stdout] error: `$stype:ty` may be followed by `varargs`, which is not allowed for `ty` fragments
[INFO] [stdout]   --> /opt/rustwide/cargo-home/registry/src/github.com-1ecc6299db9ec823/dlib-0.1.1/src/lib.rs:84:11
[INFO] [stdout]    |
[INFO] [stdout] 84 |         $(varargs: $(fn $vname: ident($($vargs: ty),+ ...) -> $vret: ty),+)|*
[INFO] [stdout]    |           ^^^^^^^ not allowed after `ty` fragments
[INFO] [stdout]    |
[INFO] [stdout]    = note: allowed there are: `{`, `[`, `=>`, `,`, `>`, `=`, `:`, `;`, `|`, `as` or `where`
[INFO] [stdout] 
[INFO] [stdout] 
[INFO] [stdout] error: `$fret:ty` may be followed by `varargs`, which is not allowed for `ty` fragments
[INFO] [stdout]   --> /opt/rustwide/cargo-home/registry/src/github.com-1ecc6299db9ec823/dlib-0.1.1/src/lib.rs:84:11
[INFO] [stdout]    |
[INFO] [stdout] 84 |         $(varargs: $(fn $vname: ident($($vargs: ty),+ ...) -> $vret: ty),+)|*
[INFO] [stdout]    |           ^^^^^^^ not allowed after `ty` fragments
[INFO] [stdout]    |
[INFO] [stdout]    = note: allowed there are: `{`, `[`, `=>`, `,`, `>`, `=`, `:`, `;`, `|`, `as` or `where`
[INFO] [stdout] 
[INFO] [stdout] 
[INFO] [stdout] error: `$vargs:ty` may be followed by `...`, which is not allowed for `ty` fragments
[INFO] [stdout]   --> /opt/rustwide/cargo-home/registry/src/github.com-1ecc6299db9ec823/dlib-0.1.1/src/lib.rs:84:55
[INFO] [stdout]    |
[INFO] [stdout] 84 |         $(varargs: $(fn $vname: ident($($vargs: ty),+ ...) -> $vret: ty),+)|*
[INFO] [stdout]    |                                                       ^^^ not allowed after `ty` fragments
[INFO] [stdout]    |
[INFO] [stdout]    = note: allowed there are: `{`, `[`, `=>`, `,`, `>`, `=`, `:`, `;`, `|`, `as` or `where`
[INFO] [stdout] 
[INFO] [stdout] 
[INFO] [stdout] error: `$stype:ty` may be followed by `functions`, which is not allowed for `ty` fragments
[INFO] [stdout]    --> /opt/rustwide/cargo-home/registry/src/github.com-1ecc6299db9ec823/dlib-0.1.1/src/lib.rs:134:11
[INFO] [stdout]     |
[INFO] [stdout] 134 |         $(functions: $(fn $fname: ident($($farg: ty),*) -> $fret:ty),+)|*
[INFO] [stdout]     |           ^^^^^^^^^ not allowed after `ty` fragments
[INFO] [stdout]     |
[INFO] [stdout]     = note: allowed there are: `{`, `[`, `=>`, `,`, `>`, `=`, `:`, `;`, `|`, `as` or `where`
[INFO] [stdout] 
[INFO] [stdout] 
[INFO] [stdout] error: `$stype:ty` may be followed by `varargs`, which is not allowed for `ty` fragments
[INFO] [stdout]    --> /opt/rustwide/cargo-home/registry/src/github.com-1ecc6299db9ec823/dlib-0.1.1/src/lib.rs:135:11
[INFO] [stdout]     |
[INFO] [stdout] 135 |         $(varargs: $(fn $vname: ident($($vargs: ty),+ ...) -> $vret: ty),+)|*
[INFO] [stdout]     |           ^^^^^^^ not allowed after `ty` fragments
[INFO] [stdout]     |
[INFO] [stdout]     = note: allowed there are: `{`, `[`, `=>`, `,`, `>`, `=`, `:`, `;`, `|`, `as` or `where`
[INFO] [stdout] 
[INFO] [stdout] 
[INFO] [stdout] error: `$fret:ty` may be followed by `varargs`, which is not allowed for `ty` fragments
[INFO] [stdout]    --> /opt/rustwide/cargo-home/registry/src/github.com-1ecc6299db9ec823/dlib-0.1.1/src/lib.rs:135:11
[INFO] [stdout]     |
[INFO] [stdout] 135 |         $(varargs: $(fn $vname: ident($($vargs: ty),+ ...) -> $vret: ty),+)|*
[INFO] [stdout]     |           ^^^^^^^ not allowed after `ty` fragments
[INFO] [stdout]     |
[INFO] [stdout]     = note: allowed there are: `{`, `[`, `=>`, `,`, `>`, `=`, `:`, `;`, `|`, `as` or `where`
[INFO] [stdout] 
[INFO] [stdout] 
[INFO] [stdout] error: `$vargs:ty` may be followed by `...`, which is not allowed for `ty` fragments
[INFO] [stdout]    --> /opt/rustwide/cargo-home/registry/src/github.com-1ecc6299db9ec823/dlib-0.1.1/src/lib.rs:135:55
[INFO] [stdout]     |
[INFO] [stdout] 135 |         $(varargs: $(fn $vname: ident($($vargs: ty),+ ...) -> $vret: ty),+)|*
[INFO] [stdout]     |                                                       ^^^ not allowed after `ty` fragments
[INFO] [stdout]     |
[INFO] [stdout]     = note: allowed there are: `{`, `[`, `=>`, `,`, `>`, `=`, `:`, `;`, `|`, `as` or `where`
[INFO] [stdout] 
[INFO] [stdout] 
[INFO] [stdout] error: `$stype:ty` may be followed by `functions`, which is not allowed for `ty` fragments
[INFO] [stdout]    --> /opt/rustwide/cargo-home/registry/src/github.com-1ecc6299db9ec823/dlib-0.1.1/src/lib.rs:172:11
[INFO] [stdout]     |
[INFO] [stdout] 172 |         $(functions: $(fn $fname: ident($($farg: ty),*) -> $fret:ty),+)|*
[INFO] [stdout]     |           ^^^^^^^^^ not allowed after `ty` fragments
[INFO] [stdout]     |
[INFO] [stdout]     = note: allowed there are: `{`, `[`, `=>`, `,`, `>`, `=`, `:`, `;`, `|`, `as` or `where`
[INFO] [stdout] 
[INFO] [stdout] 
[INFO] [stdout] error: `$stype:ty` may be followed by `varargs`, which is not allowed for `ty` fragments
[INFO] [stdout]    --> /opt/rustwide/cargo-home/registry/src/github.com-1ecc6299db9ec823/dlib-0.1.1/src/lib.rs:173:11
[INFO] [stdout]     |
[INFO] [stdout] 173 |         $(varargs: $(fn $vname: ident($($vargs: ty),+ ...) -> $vret: ty),+)|*
[INFO] [stdout]     |           ^^^^^^^ not allowed after `ty` fragments
[INFO] [stdout]     |
[INFO] [stdout]     = note: allowed there are: `{`, `[`, `=>`, `,`, `>`, `=`, `:`, `;`, `|`, `as` or `where`
[INFO] [stdout] 
[INFO] [stdout] 
[INFO] [stdout] error: `$fret:ty` may be followed by `varargs`, which is not allowed for `ty` fragments
[INFO] [stdout]    --> /opt/rustwide/cargo-home/registry/src/github.com-1ecc6299db9ec823/dlib-0.1.1/src/lib.rs:173:11
[INFO] [stdout]     |
[INFO] [stdout] 173 |         $(varargs: $(fn $vname: ident($($vargs: ty),+ ...) -> $vret: ty),+)|*
[INFO] [stdout]     |           ^^^^^^^ not allowed after `ty` fragments
[INFO] [stdout]     |
[INFO] [stdout]     = note: allowed there are: `{`, `[`, `=>`, `,`, `>`, `=`, `:`, `;`, `|`, `as` or `where`
[INFO] [stdout] 
[INFO] [stdout] 
[INFO] [stdout] error: `$vargs:ty` may be followed by `...`, which is not allowed for `ty` fragments
[INFO] [stdout]    --> /opt/rustwide/cargo-home/registry/src/github.com-1ecc6299db9ec823/dlib-0.1.1/src/lib.rs:173:55
[INFO] [stdout]     |
[INFO] [stdout] 173 |         $(varargs: $(fn $vname: ident($($vargs: ty),+ ...) -> $vret: ty),+)|*
[INFO] [stdout]     |                                                       ^^^ not allowed after `ty` fragments
[INFO] [stdout]     |
[INFO] [stdout]     = note: allowed there are: `{`, `[`, `=>`, `,`, `>`, `=`, `:`, `;`, `|`, `as` or `where`
[INFO] [stdout] 
[INFO] [stdout] 
[INFO] [stdout] error: aborting due to 20 previous errors
[INFO] [stdout] 
[INFO] [stdout] 
[INFO] [stderr] error: could not compile `dlib`.
[INFO] [stderr] 
[INFO] [stderr] To learn more, run the command again with --verbose.
[INFO] [stderr] warning: build failed, waiting for other jobs to finish...
[INFO] [stdout] error[E0277]: the size for values of type `Self` cannot be known at compilation time
[INFO] [stdout]   --> /opt/rustwide/cargo-home/registry/src/github.com-1ecc6299db9ec823/shader_version-0.1.0/src/lib.rs:37:50
[INFO] [stdout]    |
[INFO] [stdout] 14 | pub struct Shaders<'a, V, S: 'a + ?Sized>(BTreeMap<V, &'a S>);
[INFO] [stdout]    |                        - required by this bound in `Shaders`
[INFO] [stdout] ...
[INFO] [stdout] 37 |     fn pick_shader<'a, S: ?Sized>(self, shaders: &Shaders<'a, Self, S>) -> Option<&'a S>;
[INFO] [stdout]    |                                                  ^^^^^^^^^^^^^^^^^^^^^ doesn't have a size known at compile-time
[INFO] [stdout]    |
[INFO] [stdout]    = help: the trait `std::marker::Sized` is not implemented for `Self`
[INFO] [stdout]    = note: to learn more, visit <https://doc.rust-lang.org/book/ch19-04-advanced-types.html#dynamically-sized-types-and-the-sized-trait>
[INFO] [stdout] help: consider further restricting `Self`
[INFO] [stdout]    |
[INFO] [stdout] 37 |     fn pick_shader<'a, S: ?Sized>(self, shaders: &Shaders<'a, Self, S>) -> Option<&'a S> where Self: std::marker::Sized;
[INFO] [stdout]    |                                                                                          ^^^^^^^^^^^^^^^^^^^^^^^^^^^^^^
[INFO] [stdout] help: consider relaxing the implicit `Sized` restriction
[INFO] [stdout]    |
[INFO] [stdout] 14 | pub struct Shaders<'a, V: ?Sized, S: 'a + ?Sized>(BTreeMap<V, &'a S>);
[INFO] [stdout]    |                         ^^^^^^^^
[INFO] [stdout] 
[INFO] [stdout] 
[INFO] [stdout] error: aborting due to previous error
[INFO] [stdout] 
[INFO] [stdout] 
[INFO] [stdout] For more information about this error, try `rustc --explain E0277`.
[INFO] [stdout] 
[INFO] [stdout] error[E0603]: module `events` is private
[INFO] [stdout]   --> /opt/rustwide/cargo-home/registry/src/github.com-1ecc6299db9ec823/gl_generator-0.0.26/registry.rs:30:24
[INFO] [stdout]    |
[INFO] [stdout] 30 | use self::xml::reader::events::XmlEvent;
[INFO] [stdout]    |                        ^^^^^^ private module
[INFO] [stdout]    |
[INFO] [stdout] note: the module `events` is defined here
[INFO] [stdout]   --> /opt/rustwide/cargo-home/registry/src/github.com-1ecc6299db9ec823/xml-rs-0.8.3/src/reader/mod.rs:19:1
[INFO] [stdout]    |
[INFO] [stdout] 19 | mod events;
[INFO] [stdout]    | ^^^^^^^^^^^
[INFO] [stdout] 
[INFO] [stdout] 
[INFO] [stdout] error[E0599]: no method named `events` found for struct `std::cell::RefMut<'_, registry::xml::EventReader<R>>` in the current scope
[INFO] [stdout]    --> /opt/rustwide/cargo-home/registry/src/github.com-1ecc6299db9ec823/gl_generator-0.0.26/registry.rs:322:45
[INFO] [stdout]     |
[INFO] [stdout] 322 |         for event in self.port.borrow_mut().events() {
[INFO] [stdout]     |                                             ^^^^^^ method not found in `std::cell::RefMut<'_, registry::xml::EventReader<R>>`
[INFO] [stdout] 
[INFO] [stdout] 
[INFO] [stdout] error: aborting due to 2 previous errors
[INFO] [stdout] 
[INFO] [stdout] 
[INFO] [stdout] Some errors have detailed explanations: E0599, E0603.
[INFO] [stdout] 
[INFO] [stdout] For more information about an error, try `rustc --explain E0599`.
[INFO] [stdout] 
[INFO] [stderr] error: build failed
[INFO] running `Command { std: "docker" "inspect" "a273d693d1487d0b8c3a9b65b3ef8651df21ff3c5d9e4545298c0a477e727ff5", kill_on_drop: false }`
[INFO] running `Command { std: "docker" "rm" "-f" "a273d693d1487d0b8c3a9b65b3ef8651df21ff3c5d9e4545298c0a477e727ff5", kill_on_drop: false }`
[INFO] [stdout] a273d693d1487d0b8c3a9b65b3ef8651df21ff3c5d9e4545298c0a477e727ff5
