[INFO] cloning repository https://github.com/dylemma/rust-game
[INFO] running `Command { std: "git" "-c" "credential.helper=" "-c" "credential.helper=/workspace/cargo-home/bin/git-credential-null" "clone" "--bare" "https://github.com/dylemma/rust-game" "/workspace/cache/git-repos/https%3A%2F%2Fgithub.com%2Fdylemma%2Frust-game", kill_on_drop: false }`
[INFO] [stderr] Cloning into bare repository '/workspace/cache/git-repos/https%3A%2F%2Fgithub.com%2Fdylemma%2Frust-game'...
[INFO] running `Command { std: "git" "rev-parse" "HEAD", kill_on_drop: false }`
[INFO] [stdout] 97e40fc22560d01e9837c8074d2b6f82658c17a5
[INFO] checking dylemma/rust-game against beta-2020-07-24 for pr-75494-beta
[INFO] running `Command { std: "git" "clone" "/workspace/cache/git-repos/https%3A%2F%2Fgithub.com%2Fdylemma%2Frust-game" "/workspace/builds/worker-9/source", kill_on_drop: false }`
[INFO] [stderr] Cloning into '/workspace/builds/worker-9/source'...
[INFO] [stderr] done.
[INFO] validating manifest of git repo https://github.com/dylemma/rust-game on toolchain beta-2020-07-24
[INFO] running `Command { std: "/workspace/cargo-home/bin/cargo" "+beta-2020-07-24" "read-manifest" "--manifest-path" "Cargo.toml", kill_on_drop: false }`
[INFO] started tweaking git repo https://github.com/dylemma/rust-game
[INFO] finished tweaking git repo https://github.com/dylemma/rust-game
[INFO] tweaked toml for git repo https://github.com/dylemma/rust-game written to /workspace/builds/worker-9/source/Cargo.toml
[INFO] crate git repo https://github.com/dylemma/rust-game already has a lockfile, it will not be regenerated
[INFO] running `Command { std: "/workspace/cargo-home/bin/cargo" "+beta-2020-07-24" "fetch" "--locked" "--manifest-path" "Cargo.toml", kill_on_drop: false }`
[INFO] [stderr]     Blocking waiting for file lock on package cache
[INFO] [stderr]     Blocking waiting for file lock on package cache
[INFO] [stderr]  Downloading crates ...
[INFO] [stderr]   Downloaded pistoncore-window v0.30.0
[INFO] [stderr]   Downloaded serde_derive v1.0.15
[INFO] [stderr]   Downloaded wayland-protocols v0.9.10
[INFO] [stderr]   Downloaded nodrop v0.1.10
[INFO] [stderr]   Downloaded linked-hash-map v0.5.0
[INFO] [stderr]   Downloaded pistoncore-event_loop v0.35.0
[INFO] [stderr]   Downloaded piston v0.35.0
[INFO] [stderr]   Downloaded matrixmultiply v0.1.13
[INFO] [stderr]   Downloaded nalgebra v0.13.1
[INFO] [stderr]   Downloaded alga v0.5.2
[INFO] [stderr]   Downloaded wayland-window v0.8.0
[INFO] [stderr]   Downloaded x11-dl v2.15.0
[INFO] [stderr]   Downloaded derivative v1.0.0
[INFO] [stderr]   Downloaded wayland-scanner v0.9.10
[INFO] [stderr]   Downloaded winit v0.8.3
[INFO] [stderr]   Downloaded gl v0.6.3
[INFO] [stderr]   Downloaded vecmath v0.3.1
[INFO] [stderr]   Downloaded fnv v1.0.5
[INFO] [stderr]   Downloaded draw_state v0.7.1
[INFO] [stderr]   Downloaded syn v0.10.8
[INFO] [stderr]   Downloaded num-complex v0.1.40
[INFO] [stderr]   Downloaded typenum v1.9.0
[INFO] [stderr]   Downloaded core-foundation-sys v0.3.1
[INFO] [stderr]   Downloaded piston2d-opengl_graphics v0.49.0
[INFO] [stderr]   Downloaded stb_truetype v0.2.1
[INFO] [stderr]   Downloaded gleam v0.4.8
[INFO] [stderr]   Downloaded gfx v0.16.1
[INFO] [stderr]   Downloaded cocoa v0.9.2
[INFO] [stderr]   Downloaded core-graphics v0.8.2
[INFO] [stderr]   Downloaded piston_window v0.73.0
[INFO] [stderr]   Downloaded bincode v0.8.0
[INFO] [stderr]   Downloaded core-foundation v0.3.0
[INFO] [stderr]   Downloaded memmap v0.4.0
[INFO] [stderr]   Downloaded wayland-sys v0.9.10
[INFO] [stderr]   Downloaded shader_version v0.3.0
[INFO] [stderr]   Downloaded tokio-serde v0.1.0
[INFO] [stderr]   Downloaded tokio-timer v0.1.2
[INFO] [stderr]   Downloaded piston2d-gfx_graphics v0.46.0
[INFO] [stderr]   Downloaded piston-gfx_texture v0.29.0
[INFO] [stderr]   Downloaded odds v0.2.25
[INFO] [stderr]   Downloaded piston-texture v0.6.0
[INFO] [stderr]   Downloaded piston2d-graphics v0.23.0
[INFO] [stderr]   Downloaded cgl v0.2.1
[INFO] [stderr]   Downloaded core-foundation-sys v0.4.4
[INFO] [stderr]   Downloaded core-foundation v0.4.4
[INFO] [stderr]   Downloaded wayland-kbd v0.9.1
[INFO] [stderr]   Downloaded wayland-client v0.9.10
[INFO] [stderr]   Downloaded pistoncore-glutin_window v0.42.0
[INFO] [stderr]   Downloaded serde_derive_internals v0.16.0
[INFO] [stderr]   Downloaded gfx_device_gl v0.14.4
[INFO] [stderr]   Downloaded glutin v0.10.0
[INFO] [stderr]   Downloaded itertools v0.5.10
[INFO] [stderr]   Downloaded gfx_core v0.7.2
[INFO] [stderr]   Downloaded rusttype v0.2.3
[INFO] [stderr]   Downloaded pistoncore-input v0.19.0
[INFO] [stderr]   Downloaded shared_library v0.1.7
[INFO] [stderr]   Downloaded pistoncore-input v0.20.0
[INFO] [stderr]   Downloaded piston-shaders_graphics2d v0.3.1
[INFO] [stderr]   Downloaded arrayvec v0.4.3
[INFO] running `Command { std: "docker" "create" "-v" "/var/lib/crater-agent-workspace/builds/worker-9/target:/opt/rustwide/target:rw,Z" "-v" "/var/lib/crater-agent-workspace/builds/worker-9/source:/opt/rustwide/workdir:ro,Z" "-v" "/var/lib/crater-agent-workspace/cargo-home:/opt/rustwide/cargo-home:ro,Z" "-v" "/var/lib/crater-agent-workspace/rustup-home:/opt/rustwide/rustup-home:ro,Z" "-e" "SOURCE_DIR=/opt/rustwide/workdir" "-e" "CARGO_TARGET_DIR=/opt/rustwide/target" "-e" "CARGO_HOME=/opt/rustwide/cargo-home" "-e" "RUSTUP_HOME=/opt/rustwide/rustup-home" "-w" "/opt/rustwide/workdir" "-m" "1610612736" "--user" "0:0" "--network" "none" "rustops/crates-build-env@sha256:a636fd89d022f18117e1dc8fb37a0a009933cdbbe082814857f0e2024962d47c" "/opt/rustwide/cargo-home/bin/cargo" "+beta-2020-07-24" "metadata" "--no-deps" "--format-version=1", kill_on_drop: false }`
[INFO] [stdout] c489cc353732f22ae64f6b49273d9fa770a77529d1a28bb90caa5f091123b312
[INFO] [stderr] WARNING: Your kernel does not support swap limit capabilities or the cgroup is not mounted. Memory limited without swap.
[INFO] running `Command { std: "docker" "start" "-a" "c489cc353732f22ae64f6b49273d9fa770a77529d1a28bb90caa5f091123b312", kill_on_drop: false }`
[INFO] running `Command { std: "docker" "inspect" "c489cc353732f22ae64f6b49273d9fa770a77529d1a28bb90caa5f091123b312", kill_on_drop: false }`
[INFO] running `Command { std: "docker" "rm" "-f" "c489cc353732f22ae64f6b49273d9fa770a77529d1a28bb90caa5f091123b312", kill_on_drop: false }`
[INFO] [stdout] c489cc353732f22ae64f6b49273d9fa770a77529d1a28bb90caa5f091123b312
[INFO] running `Command { std: "docker" "create" "-v" "/var/lib/crater-agent-workspace/builds/worker-9/target:/opt/rustwide/target:rw,Z" "-v" "/var/lib/crater-agent-workspace/builds/worker-9/source:/opt/rustwide/workdir:ro,Z" "-v" "/var/lib/crater-agent-workspace/cargo-home:/opt/rustwide/cargo-home:ro,Z" "-v" "/var/lib/crater-agent-workspace/rustup-home:/opt/rustwide/rustup-home:ro,Z" "-e" "SOURCE_DIR=/opt/rustwide/workdir" "-e" "CARGO_TARGET_DIR=/opt/rustwide/target" "-e" "CARGO_INCREMENTAL=0" "-e" "RUST_BACKTRACE=full" "-e" "RUSTFLAGS=--cap-lints=forbid" "-e" "CARGO_HOME=/opt/rustwide/cargo-home" "-e" "RUSTUP_HOME=/opt/rustwide/rustup-home" "-w" "/opt/rustwide/workdir" "-m" "1610612736" "--user" "0:0" "--network" "none" "rustops/crates-build-env@sha256:a636fd89d022f18117e1dc8fb37a0a009933cdbbe082814857f0e2024962d47c" "/opt/rustwide/cargo-home/bin/cargo" "+beta-2020-07-24" "check" "--frozen" "--all" "--all-targets" "--message-format=json", kill_on_drop: false }`
[INFO] [stdout] 304d25f898731f69204ac3010071c794cf1b60598f99d49e15ea719ac3efde61
[INFO] [stderr] WARNING: Your kernel does not support swap limit capabilities or the cgroup is not mounted. Memory limited without swap.
[INFO] running `Command { std: "docker" "start" "-a" "304d25f898731f69204ac3010071c794cf1b60598f99d49e15ea719ac3efde61", kill_on_drop: false }`
[INFO] [stderr]     Checking bitflags v1.0.0
[INFO] [stderr]     Checking odds v0.2.25
[INFO] [stderr]     Checking either v1.3.0
[INFO] [stderr]     Checking piston-texture v0.6.0
[INFO] [stderr]     Checking piston-shaders_graphics2d v0.3.1
[INFO] [stderr]    Compiling phf_shared v0.7.21
[INFO] [stderr]    Compiling syn v0.10.8
[INFO] [stderr]     Checking shared_library v0.1.7
[INFO] [stderr]    Compiling serde_json v0.9.10
[INFO] [stderr]     Checking enum_primitive v0.1.1
[INFO] [stderr]     Checking stb_truetype v0.2.1
[INFO] [stderr]     Checking bincode v0.8.0
[INFO] [stderr]     Checking inflate v0.3.3
[INFO] [stderr]    Compiling x11-dl v2.15.0
[INFO] [stderr]     Checking deflate v0.7.17
[INFO] [stderr]     Checking draw_state v0.7.1
[INFO] [stderr]     Checking gif v0.9.2
[INFO] [stderr]     Checking tokio-timer v0.1.2
[INFO] [stderr]     Checking num-complex v0.1.40
[INFO] [stderr]    Compiling gl_generator v0.5.5
[INFO] [stderr]    Compiling wayland-scanner v0.9.10
[INFO] [stderr]    Compiling syn v0.11.11
[INFO] [stderr]     Checking tempfile v2.2.0
[INFO] [stderr]     Checking num-rational v0.1.39
[INFO] [stderr]     Checking coco v0.1.1
[INFO] [stderr]     Checking matrixmultiply v0.1.13
[INFO] [stderr]    Compiling itertools v0.5.10
[INFO] [stderr]    Compiling phf_generator v0.7.21
[INFO] [stderr]    Compiling phf v0.7.21
[INFO] [stderr]     Checking osmesa-sys v0.1.2
[INFO] [stderr]     Checking tokio-serde v0.1.0
[INFO] [stderr]     Checking nodrop v0.1.10
[INFO] [stderr]     Checking tokio-core v0.1.10
[INFO] [stderr]     Checking fs2 v0.2.5
[INFO] [stderr]    Compiling phf_codegen v0.7.21
[INFO] [stderr]     Checking alga v0.5.2
[INFO] [stderr]     Checking rayon-core v1.2.1
[INFO] [stderr]     Checking arrayvec v0.4.3
[INFO] [stderr]     Checking generic-array v0.8.3
[INFO] [stderr]     Checking tokio-serde-bincode v0.1.0 (https://github.com/alexcrichton/tokio-serde-bincode#4f30a6fc)
[INFO] [stderr]     Checking memmap v0.4.0
[INFO] [stderr]    Compiling target_build_utils v0.3.1
[INFO] [stderr]    Compiling wayland-client v0.9.10
[INFO] [stderr]    Compiling wayland-protocols v0.9.10
[INFO] [stderr]     Checking rusttype v0.2.3
[INFO] [stderr]     Checking rayon v0.8.2
[INFO] [stderr]     Checking tokio-proto v0.1.1
[INFO] [stderr]     Checking png v0.11.0
[INFO] [stderr]    Compiling gl v0.6.3
[INFO] [stderr]    Compiling glutin v0.10.0
[INFO] [stderr]    Compiling gfx_gl v0.3.1
[INFO] [stderr]    Compiling serde_derive_internals v0.16.0
[INFO] [stderr]     Checking nalgebra v0.13.1
[INFO] [stdout] error[E0311]: the parameter type `K` may not live long enough
[INFO] [stdout]    --> /opt/rustwide/cargo-home/registry/src/github.com-1ecc6299db9ec823/rusttype-0.2.3/src/support/bst/map.rs:81:19
[INFO] [stdout]     |
[INFO] [stdout] 81  |             match node.force() {
[INFO] [stdout]     |                   ^^^^
[INFO] [stdout]     |
[INFO] [stdout] note: the parameter type `K` must be valid for the anonymous lifetime #1 defined on the function body at 77:9...
[INFO] [stdout]    --> /opt/rustwide/cargo-home/registry/src/github.com-1ecc6299db9ec823/rusttype-0.2.3/src/support/bst/map.rs:77:9
[INFO] [stdout]     |
[INFO] [stdout] 77  | /         fn clone_subtree<K: Clone, V: Clone>(
[INFO] [stdout] 78  | |                 node: node::NodeRef<marker::Immut, K, V, marker::LeafOrInternal>)
[INFO] [stdout] 79  | |                 -> BTreeMap<K, V> {
[INFO] [stdout] 80  | |
[INFO] [stdout] ...   |
[INFO] [stdout] 136 | |             }
[INFO] [stdout] 137 | |         }
[INFO] [stdout]     | |_________^
[INFO] [stdout] 
[INFO] [stdout] 
[INFO] [stdout] error[E0311]: the parameter type `V` may not live long enough
[INFO] [stdout]    --> /opt/rustwide/cargo-home/registry/src/github.com-1ecc6299db9ec823/rusttype-0.2.3/src/support/bst/map.rs:81:19
[INFO] [stdout]     |
[INFO] [stdout] 81  |             match node.force() {
[INFO] [stdout]     |                   ^^^^
[INFO] [stdout]     |
[INFO] [stdout] note: the parameter type `V` must be valid for the anonymous lifetime #1 defined on the function body at 77:9...
[INFO] [stdout]    --> /opt/rustwide/cargo-home/registry/src/github.com-1ecc6299db9ec823/rusttype-0.2.3/src/support/bst/map.rs:77:9
[INFO] [stdout]     |
[INFO] [stdout] 77  | /         fn clone_subtree<K: Clone, V: Clone>(
[INFO] [stdout] 78  | |                 node: node::NodeRef<marker::Immut, K, V, marker::LeafOrInternal>)
[INFO] [stdout] 79  | |                 -> BTreeMap<K, V> {
[INFO] [stdout] 80  | |
[INFO] [stdout] ...   |
[INFO] [stdout] 136 | |             }
[INFO] [stdout] 137 | |         }
[INFO] [stdout]     | |_________^
[INFO] [stdout] 
[INFO] [stdout] 
[INFO] [stdout] error: aborting due to 2 previous errors
[INFO] [stdout] 
[INFO] [stdout] 
[INFO] [stderr] error: could not compile `rusttype`.
[INFO] [stderr] 
[INFO] [stderr] To learn more, run the command again with --verbose.
[INFO] [stderr] warning: build failed, waiting for other jobs to finish...
[INFO] [stdout] error[E0119]: conflicting implementations of trait `std::ops::Mul<&_>` for type `geometry::translation::Translation<_, _>`:
[INFO] [stdout]    --> /opt/rustwide/cargo-home/registry/src/github.com-1ecc6299db9ec823/nalgebra-0.13.1/src/geometry/isometry_ops.rs:67:9
[INFO] [stdout]     |
[INFO] [stdout] 67  | /         impl<$($lives ,)* N: Real, D: DimName, R> $Op<$Rhs> for $Lhs
[INFO] [stdout] 68  | |             where R: AlgaRotation<Point<N, D>>,
[INFO] [stdout] 69  | |                   DefaultAllocator: Allocator<N, D> {
[INFO] [stdout] 70  | |             type Output = $Output;
[INFO] [stdout] ...   |
[INFO] [stdout] 75  | |             }
[INFO] [stdout] 76  | |         }
[INFO] [stdout]     | |         ^
[INFO] [stdout]     | |         |
[INFO] [stdout]     | |_________first implementation here
[INFO] [stdout]     |           conflicting implementation for `geometry::translation::Translation<_, _>`
[INFO] [stdout] ...
[INFO] [stdout] 281 | / isometry_binop_impl_all!(
[INFO] [stdout] 282 | |     Mul, mul;
[INFO] [stdout] 283 | |     self: Translation<N, D>, right: R, Output = Isometry<N, D, R>;
[INFO] [stdout] 284 | |     [val val] => Isometry::from_parts(self, right);
[INFO] [stdout] ...   |
[INFO] [stdout] 287 | |     [ref ref] => Isometry::from_parts(self.clone(), right.clone());
[INFO] [stdout] 288 | | );
[INFO] [stdout]     | |__- in this macro invocation
[INFO] [stdout]     |
[INFO] [stdout]     = note: downstream crates may implement trait `alga::linear::Rotation<geometry::point::Point<_, _>>` for type `&_`
[INFO] [stdout]     = note: this error originates in a macro (in Nightly builds, run with -Z macro-backtrace for more info)
[INFO] [stdout] 
[INFO] [stdout] 
[INFO] [stdout] error[E0119]: conflicting implementations of trait `std::ops::Mul<&_>` for type `&geometry::translation::Translation<_, _>`:
[INFO] [stdout]    --> /opt/rustwide/cargo-home/registry/src/github.com-1ecc6299db9ec823/nalgebra-0.13.1/src/geometry/isometry_ops.rs:67:9
[INFO] [stdout]     |
[INFO] [stdout] 67  | /         impl<$($lives ,)* N: Real, D: DimName, R> $Op<$Rhs> for $Lhs
[INFO] [stdout] 68  | |             where R: AlgaRotation<Point<N, D>>,
[INFO] [stdout] 69  | |                   DefaultAllocator: Allocator<N, D> {
[INFO] [stdout] 70  | |             type Output = $Output;
[INFO] [stdout] ...   |
[INFO] [stdout] 75  | |             }
[INFO] [stdout] 76  | |         }
[INFO] [stdout]     | |         ^
[INFO] [stdout]     | |         |
[INFO] [stdout]     | |_________first implementation here
[INFO] [stdout]     |           conflicting implementation for `&geometry::translation::Translation<_, _>`
[INFO] [stdout] ...
[INFO] [stdout] 281 | / isometry_binop_impl_all!(
[INFO] [stdout] 282 | |     Mul, mul;
[INFO] [stdout] 283 | |     self: Translation<N, D>, right: R, Output = Isometry<N, D, R>;
[INFO] [stdout] 284 | |     [val val] => Isometry::from_parts(self, right);
[INFO] [stdout] ...   |
[INFO] [stdout] 287 | |     [ref ref] => Isometry::from_parts(self.clone(), right.clone());
[INFO] [stdout] 288 | | );
[INFO] [stdout]     | |__- in this macro invocation
[INFO] [stdout]     |
[INFO] [stdout]     = note: downstream crates may implement trait `alga::linear::Rotation<geometry::point::Point<_, _>>` for type `&_`
[INFO] [stdout]     = note: this error originates in a macro (in Nightly builds, run with -Z macro-backtrace for more info)
[INFO] [stdout] 
[INFO] [stdout] 
[INFO] [stdout] error: aborting due to 2 previous errors
[INFO] [stdout] 
[INFO] [stdout] 
[INFO] [stdout] For more information about this error, try `rustc --explain E0119`.
[INFO] [stdout] 
[INFO] [stderr] error: build failed
[INFO] running `Command { std: "docker" "inspect" "304d25f898731f69204ac3010071c794cf1b60598f99d49e15ea719ac3efde61", kill_on_drop: false }`
[INFO] running `Command { std: "docker" "rm" "-f" "304d25f898731f69204ac3010071c794cf1b60598f99d49e15ea719ac3efde61", kill_on_drop: false }`
[INFO] [stdout] 304d25f898731f69204ac3010071c794cf1b60598f99d49e15ea719ac3efde61
