[INFO] cloning repository https://github.com/duangsuse/guidauto
[INFO] running `Command { std: "git" "-c" "credential.helper=" "-c" "credential.helper=/workspace/cargo-home/bin/git-credential-null" "clone" "--bare" "https://github.com/duangsuse/guidauto" "/workspace/cache/git-repos/https%3A%2F%2Fgithub.com%2Fduangsuse%2Fguidauto", kill_on_drop: false }`
[INFO] [stderr] Cloning into bare repository '/workspace/cache/git-repos/https%3A%2F%2Fgithub.com%2Fduangsuse%2Fguidauto'...
[INFO] running `Command { std: "git" "rev-parse" "HEAD", kill_on_drop: false }`
[INFO] [stdout] 0edf9d581515e166445ea3cc4dc93a406582a96e
[INFO] checking duangsuse/guidauto against beta-2020-07-24 for pr-75494-beta
[INFO] running `Command { std: "git" "clone" "/workspace/cache/git-repos/https%3A%2F%2Fgithub.com%2Fduangsuse%2Fguidauto" "/workspace/builds/worker-8/source", kill_on_drop: false }`
[INFO] [stderr] Cloning into '/workspace/builds/worker-8/source'...
[INFO] [stderr] done.
[INFO] validating manifest of git repo https://github.com/duangsuse/guidauto on toolchain beta-2020-07-24
[INFO] running `Command { std: "/workspace/cargo-home/bin/cargo" "+beta-2020-07-24" "read-manifest" "--manifest-path" "Cargo.toml", kill_on_drop: false }`
[INFO] started tweaking git repo https://github.com/duangsuse/guidauto
[INFO] finished tweaking git repo https://github.com/duangsuse/guidauto
[INFO] tweaked toml for git repo https://github.com/duangsuse/guidauto written to /workspace/builds/worker-8/source/Cargo.toml
[INFO] crate git repo https://github.com/duangsuse/guidauto already has a lockfile, it will not be regenerated
[INFO] running `Command { std: "/workspace/cargo-home/bin/cargo" "+beta-2020-07-24" "fetch" "--locked" "--manifest-path" "Cargo.toml", kill_on_drop: false }`
[INFO] running `Command { std: "docker" "create" "-v" "/var/lib/crater-agent-workspace/builds/worker-8/target:/opt/rustwide/target:rw,Z" "-v" "/var/lib/crater-agent-workspace/builds/worker-8/source:/opt/rustwide/workdir:ro,Z" "-v" "/var/lib/crater-agent-workspace/cargo-home:/opt/rustwide/cargo-home:ro,Z" "-v" "/var/lib/crater-agent-workspace/rustup-home:/opt/rustwide/rustup-home:ro,Z" "-e" "SOURCE_DIR=/opt/rustwide/workdir" "-e" "CARGO_TARGET_DIR=/opt/rustwide/target" "-e" "CARGO_HOME=/opt/rustwide/cargo-home" "-e" "RUSTUP_HOME=/opt/rustwide/rustup-home" "-w" "/opt/rustwide/workdir" "-m" "1610612736" "--user" "0:0" "--network" "none" "rustops/crates-build-env@sha256:a636fd89d022f18117e1dc8fb37a0a009933cdbbe082814857f0e2024962d47c" "/opt/rustwide/cargo-home/bin/cargo" "+beta-2020-07-24" "metadata" "--no-deps" "--format-version=1", kill_on_drop: false }`
[INFO] [stdout] 886ec19079a8eacff6470af5a36a1309e7f1c2e83cfc0e8352df1fc418fc3413
[INFO] [stderr] WARNING: Your kernel does not support swap limit capabilities or the cgroup is not mounted. Memory limited without swap.
[INFO] running `Command { std: "docker" "start" "-a" "886ec19079a8eacff6470af5a36a1309e7f1c2e83cfc0e8352df1fc418fc3413", kill_on_drop: false }`
[INFO] running `Command { std: "docker" "inspect" "886ec19079a8eacff6470af5a36a1309e7f1c2e83cfc0e8352df1fc418fc3413", kill_on_drop: false }`
[INFO] running `Command { std: "docker" "rm" "-f" "886ec19079a8eacff6470af5a36a1309e7f1c2e83cfc0e8352df1fc418fc3413", kill_on_drop: false }`
[INFO] [stdout] 886ec19079a8eacff6470af5a36a1309e7f1c2e83cfc0e8352df1fc418fc3413
[INFO] running `Command { std: "docker" "create" "-v" "/var/lib/crater-agent-workspace/builds/worker-8/target:/opt/rustwide/target:rw,Z" "-v" "/var/lib/crater-agent-workspace/builds/worker-8/source:/opt/rustwide/workdir:ro,Z" "-v" "/var/lib/crater-agent-workspace/cargo-home:/opt/rustwide/cargo-home:ro,Z" "-v" "/var/lib/crater-agent-workspace/rustup-home:/opt/rustwide/rustup-home:ro,Z" "-e" "SOURCE_DIR=/opt/rustwide/workdir" "-e" "CARGO_TARGET_DIR=/opt/rustwide/target" "-e" "CARGO_INCREMENTAL=0" "-e" "RUST_BACKTRACE=full" "-e" "RUSTFLAGS=--cap-lints=forbid" "-e" "CARGO_HOME=/opt/rustwide/cargo-home" "-e" "RUSTUP_HOME=/opt/rustwide/rustup-home" "-w" "/opt/rustwide/workdir" "-m" "1610612736" "--user" "0:0" "--network" "none" "rustops/crates-build-env@sha256:a636fd89d022f18117e1dc8fb37a0a009933cdbbe082814857f0e2024962d47c" "/opt/rustwide/cargo-home/bin/cargo" "+beta-2020-07-24" "check" "--frozen" "--all" "--all-targets" "--message-format=json", kill_on_drop: false }`
[INFO] [stdout] 5a699086ff3f3c56c7d4a436e0df2c03f637d6792a732f63b70180a44b6546fa
[INFO] [stderr] WARNING: Your kernel does not support swap limit capabilities or the cgroup is not mounted. Memory limited without swap.
[INFO] running `Command { std: "docker" "start" "-a" "5a699086ff3f3c56c7d4a436e0df2c03f637d6792a732f63b70180a44b6546fa", kill_on_drop: false }`
[INFO] [stderr]     Checking regex-syntax v0.4.1
[INFO] [stderr]     Checking thread-id v3.1.0
[INFO] [stderr]     Checking memchr v1.0.1
[INFO] [stderr]     Checking rand v0.3.15
[INFO] [stderr]     Checking unreachable v0.1.1
[INFO] [stderr]     Checking thread_local v0.3.3
[INFO] [stderr]     Checking aho-corasick v0.6.3
[INFO] [stderr]     Checking uuid v0.5.0
[INFO] [stderr]     Checking regex v0.2.2
[INFO] [stderr]     Checking guidauto v0.0.1 (/opt/rustwide/workdir)
[INFO] [stdout] error[E0432]: unresolved import `uuid`
[INFO] [stdout]  --> src/utils/genguid.rs:2:5
[INFO] [stdout]   |
[INFO] [stdout] 2 | use uuid::Uuid;
[INFO] [stdout]   |     ^^^^ help: a similar path exists: `self::uuid`
[INFO] [stdout] 
[INFO] [stdout] 
[INFO] [stdout] warning: unused import: `std::io`
[INFO] [stdout]   --> src/main.rs:24:5
[INFO] [stdout]    |
[INFO] [stdout] 24 | use std::io;
[INFO] [stdout]    |     ^^^^^^^
[INFO] [stdout]    |
[INFO] [stdout]    = note: `#[warn(unused_imports)]` on by default
[INFO] [stdout] 
[INFO] [stdout] 
[INFO] [stdout] warning: unused import: `regex::Match`
[INFO] [stdout]   --> src/main.rs:28:5
[INFO] [stdout]    |
[INFO] [stdout] 28 | use regex::Match;
[INFO] [stdout]    |     ^^^^^^^^^^^^
[INFO] [stdout] 
[INFO] [stdout] 
[INFO] [stdout] warning: unused import: `utils::winpaste`
[INFO] [stdout]   --> src/main.rs:31:5
[INFO] [stdout]    |
[INFO] [stdout] 31 | use utils::winpaste;
[INFO] [stdout]    |     ^^^^^^^^^^^^^^^
[INFO] [stdout] 
[INFO] [stdout] 
[INFO] [stdout] error[E0432]: unresolved import `uuid`
[INFO] [stdout]  --> src/utils/genguid.rs:2:5
[INFO] [stdout]   |
[INFO] [stdout] 2 | use uuid::Uuid;
[INFO] [stdout]   |     ^^^^ help: a similar path exists: `self::uuid`
[INFO] [stdout] 
[INFO] [stdout] 
[INFO] [stdout] warning: unused import: `std::io`
[INFO] [stdout]   --> src/main.rs:24:5
[INFO] [stdout]    |
[INFO] [stdout] 24 | use std::io;
[INFO] [stdout]    |     ^^^^^^^
[INFO] [stdout]    |
[INFO] [stdout]    = note: `#[warn(unused_imports)]` on by default
[INFO] [stdout] 
[INFO] [stdout] 
[INFO] [stdout] warning: unused import: `regex::Match`
[INFO] [stdout]   --> src/main.rs:28:5
[INFO] [stdout]    |
[INFO] [stdout] 28 | use regex::Match;
[INFO] [stdout]    |     ^^^^^^^^^^^^
[INFO] [stdout] 
[INFO] [stdout] 
[INFO] [stdout] warning: unused import: `utils::winpaste`
[INFO] [stdout]   --> src/main.rs:31:5
[INFO] [stdout]    |
[INFO] [stdout] 31 | use utils::winpaste;
[INFO] [stdout]    |     ^^^^^^^^^^^^^^^
[INFO] [stdout] 
[INFO] [stdout] 
[INFO] [stdout] error[E0599]: no method named `setVariant` found for struct `utils::genguid::uuid::Uuid` in the current scope
[INFO] [stdout]  --> src/utils/genguid.rs:8:11
[INFO] [stdout]   |
[INFO] [stdout] 8 |         u.setVariant(uuid::UuidVariant::Microsoft);
[INFO] [stdout]   |           ^^^^^^^^^^ help: there is an associated function with a similar name: `get_variant`
[INFO] [stdout] 
[INFO] [stdout] 
[INFO] [stdout] error: aborting due to 2 previous errors; 3 warnings emitted
[INFO] [stdout] 
[INFO] [stdout] 
[INFO] [stdout] Some errors have detailed explanations: E0432, E0599.
[INFO] [stdout] 
[INFO] [stdout] For more information about an error, try `rustc --explain E0432`.
[INFO] [stdout] 
[INFO] [stderr] error: could not compile `guidauto`.
[INFO] [stderr] 
[INFO] [stderr] To learn more, run the command again with --verbose.
[INFO] [stderr] warning: build failed, waiting for other jobs to finish...
[INFO] [stdout] error[E0599]: no method named `setVariant` found for struct `utils::genguid::uuid::Uuid` in the current scope
[INFO] [stdout]  --> src/utils/genguid.rs:8:11
[INFO] [stdout]   |
[INFO] [stdout] 8 |         u.setVariant(uuid::UuidVariant::Microsoft);
[INFO] [stdout]   |           ^^^^^^^^^^ help: there is an associated function with a similar name: `get_variant`
[INFO] [stdout] 
[INFO] [stdout] 
[INFO] [stdout] error: aborting due to 2 previous errors; 3 warnings emitted
[INFO] [stdout] 
[INFO] [stdout] 
[INFO] [stdout] Some errors have detailed explanations: E0432, E0599.
[INFO] [stdout] 
[INFO] [stdout] For more information about an error, try `rustc --explain E0432`.
[INFO] [stdout] 
[INFO] [stderr] error: build failed
[INFO] running `Command { std: "docker" "inspect" "5a699086ff3f3c56c7d4a436e0df2c03f637d6792a732f63b70180a44b6546fa", kill_on_drop: false }`
[INFO] running `Command { std: "docker" "rm" "-f" "5a699086ff3f3c56c7d4a436e0df2c03f637d6792a732f63b70180a44b6546fa", kill_on_drop: false }`
[INFO] [stdout] 5a699086ff3f3c56c7d4a436e0df2c03f637d6792a732f63b70180a44b6546fa
