[INFO] cloning repository https://github.com/dmit/tachibana
[INFO] running `Command { std: "git" "-c" "credential.helper=" "-c" "credential.helper=/workspace/cargo-home/bin/git-credential-null" "clone" "--bare" "https://github.com/dmit/tachibana" "/workspace/cache/git-repos/https%3A%2F%2Fgithub.com%2Fdmit%2Ftachibana", kill_on_drop: false }`
[INFO] [stderr] Cloning into bare repository '/workspace/cache/git-repos/https%3A%2F%2Fgithub.com%2Fdmit%2Ftachibana'...
[INFO] running `Command { std: "git" "rev-parse" "HEAD", kill_on_drop: false }`
[INFO] [stdout] 2ba5d44f932329b48bd4fbf43818b69025f68b90
[INFO] checking dmit/tachibana against beta-2020-07-24 for pr-75494-beta
[INFO] running `Command { std: "git" "clone" "/workspace/cache/git-repos/https%3A%2F%2Fgithub.com%2Fdmit%2Ftachibana" "/workspace/builds/worker-3/source", kill_on_drop: false }`
[INFO] [stderr] Cloning into '/workspace/builds/worker-3/source'...
[INFO] [stderr] done.
[INFO] validating manifest of git repo https://github.com/dmit/tachibana on toolchain beta-2020-07-24
[INFO] running `Command { std: "/workspace/cargo-home/bin/cargo" "+beta-2020-07-24" "read-manifest" "--manifest-path" "Cargo.toml", kill_on_drop: false }`
[INFO] started tweaking git repo https://github.com/dmit/tachibana
[INFO] finished tweaking git repo https://github.com/dmit/tachibana
[INFO] tweaked toml for git repo https://github.com/dmit/tachibana written to /workspace/builds/worker-3/source/Cargo.toml
[INFO] crate git repo https://github.com/dmit/tachibana already has a lockfile, it will not be regenerated
[INFO] running `Command { std: "/workspace/cargo-home/bin/cargo" "+beta-2020-07-24" "fetch" "--locked" "--manifest-path" "Cargo.toml", kill_on_drop: false }`
[INFO] [stderr]     Blocking waiting for file lock on package cache
[INFO] running `Command { std: "docker" "create" "-v" "/var/lib/crater-agent-workspace/builds/worker-3/target:/opt/rustwide/target:rw,Z" "-v" "/var/lib/crater-agent-workspace/builds/worker-3/source:/opt/rustwide/workdir:ro,Z" "-v" "/var/lib/crater-agent-workspace/cargo-home:/opt/rustwide/cargo-home:ro,Z" "-v" "/var/lib/crater-agent-workspace/rustup-home:/opt/rustwide/rustup-home:ro,Z" "-e" "SOURCE_DIR=/opt/rustwide/workdir" "-e" "CARGO_TARGET_DIR=/opt/rustwide/target" "-e" "CARGO_HOME=/opt/rustwide/cargo-home" "-e" "RUSTUP_HOME=/opt/rustwide/rustup-home" "-w" "/opt/rustwide/workdir" "-m" "1610612736" "--user" "0:0" "--network" "none" "rustops/crates-build-env@sha256:a636fd89d022f18117e1dc8fb37a0a009933cdbbe082814857f0e2024962d47c" "/opt/rustwide/cargo-home/bin/cargo" "+beta-2020-07-24" "metadata" "--no-deps" "--format-version=1", kill_on_drop: false }`
[INFO] [stdout] ae76e5708f4819f02ca2d6f3e2605d8bc71d92d36474da236af6aafa57a8392e
[INFO] [stderr] WARNING: Your kernel does not support swap limit capabilities or the cgroup is not mounted. Memory limited without swap.
[INFO] running `Command { std: "docker" "start" "-a" "ae76e5708f4819f02ca2d6f3e2605d8bc71d92d36474da236af6aafa57a8392e", kill_on_drop: false }`
[INFO] running `Command { std: "docker" "inspect" "ae76e5708f4819f02ca2d6f3e2605d8bc71d92d36474da236af6aafa57a8392e", kill_on_drop: false }`
[INFO] running `Command { std: "docker" "rm" "-f" "ae76e5708f4819f02ca2d6f3e2605d8bc71d92d36474da236af6aafa57a8392e", kill_on_drop: false }`
[INFO] [stdout] ae76e5708f4819f02ca2d6f3e2605d8bc71d92d36474da236af6aafa57a8392e
[INFO] running `Command { std: "docker" "create" "-v" "/var/lib/crater-agent-workspace/builds/worker-3/target:/opt/rustwide/target:rw,Z" "-v" "/var/lib/crater-agent-workspace/builds/worker-3/source:/opt/rustwide/workdir:ro,Z" "-v" "/var/lib/crater-agent-workspace/cargo-home:/opt/rustwide/cargo-home:ro,Z" "-v" "/var/lib/crater-agent-workspace/rustup-home:/opt/rustwide/rustup-home:ro,Z" "-e" "SOURCE_DIR=/opt/rustwide/workdir" "-e" "CARGO_TARGET_DIR=/opt/rustwide/target" "-e" "CARGO_INCREMENTAL=0" "-e" "RUST_BACKTRACE=full" "-e" "RUSTFLAGS=--cap-lints=forbid" "-e" "CARGO_HOME=/opt/rustwide/cargo-home" "-e" "RUSTUP_HOME=/opt/rustwide/rustup-home" "-w" "/opt/rustwide/workdir" "-m" "1610612736" "--user" "0:0" "--network" "none" "rustops/crates-build-env@sha256:a636fd89d022f18117e1dc8fb37a0a009933cdbbe082814857f0e2024962d47c" "/opt/rustwide/cargo-home/bin/cargo" "+beta-2020-07-24" "check" "--frozen" "--all" "--all-targets" "--message-format=json", kill_on_drop: false }`
[INFO] [stdout] c5bc495ffbe737b2a8325eb453a22d3c1d990ea0ff08f0680e9efc80e718c739
[INFO] [stderr] WARNING: Your kernel does not support swap limit capabilities or the cgroup is not mounted. Memory limited without swap.
[INFO] running `Command { std: "docker" "start" "-a" "c5bc495ffbe737b2a8325eb453a22d3c1d990ea0ff08f0680e9efc80e718c739", kill_on_drop: false }`
[INFO] [stderr]    Compiling unicode-xid v0.1.0
[INFO] [stderr]    Compiling semver-parser v0.7.0
[INFO] [stderr]    Compiling num-integer v0.1.39
[INFO] [stderr]    Compiling autocfg v0.1.2
[INFO] [stderr]     Checking scopeguard v0.3.3
[INFO] [stderr]     Checking byteorder v1.2.7
[INFO] [stderr]     Checking memoffset v0.2.1
[INFO] [stderr]    Compiling rayon-core v1.4.1
[INFO] [stderr]    Compiling num-iter v0.1.37
[INFO] [stderr]     Checking bitflags v1.0.4
[INFO] [stderr]    Compiling rayon v1.0.3
[INFO] [stderr]    Compiling num-rational v0.2.1
[INFO] [stderr]     Checking lzw v0.10.0
[INFO] [stderr]    Compiling unicode-segmentation v1.2.1
[INFO] [stderr]     Checking either v1.5.0
[INFO] [stderr]     Checking color_quant v1.0.1
[INFO] [stderr]     Checking scoped_threadpool v0.1.9
[INFO] [stderr]     Checking crossbeam-utils v0.2.2
[INFO] [stderr]     Checking rand_core v0.3.1
[INFO] [stderr]     Checking rand_jitter v0.1.1
[INFO] [stderr]     Checking inflate v0.4.4
[INFO] [stderr]    Compiling proc-macro2 v0.4.26
[INFO] [stderr]     Checking rand_isaac v0.1.1
[INFO] [stderr]     Checking rand_hc v0.1.0
[INFO] [stderr]     Checking rand_xorshift v0.1.1
[INFO] [stderr]     Checking rand_os v0.1.2
[INFO] [stderr]     Checking crossbeam-epoch v0.3.1
[INFO] [stderr]     Checking gif v0.10.1
[INFO] [stderr]    Compiling semver v0.9.0
[INFO] [stderr]     Checking clap v2.32.0
[INFO] [stderr]     Checking deflate v0.7.19
[INFO] [stderr]     Checking xoshiro v0.0.5
[INFO] [stderr]    Compiling heck v0.3.1
[INFO] [stderr]     Checking crossbeam-deque v0.2.0
[INFO] [stderr]    Compiling rand_chacha v0.1.1
[INFO] [stderr]    Compiling rand v0.6.5
[INFO] [stderr]    Compiling rustc_version v0.2.3
[INFO] [stderr]    Compiling quote v0.6.11
[INFO] [stderr]    Compiling syn v0.15.26
[INFO] [stderr]     Checking png v0.14.0
[INFO] [stderr]    Compiling rand_pcg v0.1.1
[INFO] [stderr]     Checking jpeg-decoder v0.1.15
[INFO] [stderr]    Compiling num-derive v0.2.4
[INFO] [stderr]    Compiling structopt-derive v0.2.14
[INFO] [stderr]     Checking structopt v0.2.14
[INFO] [stderr]     Checking tiff v0.2.1
[INFO] [stderr]     Checking image v0.21.0
[INFO] [stderr]     Checking tachibana v0.1.0 (/opt/rustwide/workdir)
[INFO] [stdout] warning: trait objects without an explicit `dyn` are deprecated
[INFO] [stdout]   --> src/shape.rs:65:31
[INFO] [stdout]    |
[INFO] [stdout] 65 | pub struct Shapes<'a>(Vec<Box<Shape + 'a>>);
[INFO] [stdout]    |                               ^^^^^^^^^^ help: use `dyn`: `dyn Shape + 'a`
[INFO] [stdout]    |
[INFO] [stdout]    = note: `#[warn(bare_trait_objects)]` on by default
[INFO] [stdout] 
[INFO] [stdout] 
[INFO] [stdout] warning: trait objects without an explicit `dyn` are deprecated
[INFO] [stdout]   --> src/shape.rs:65:31
[INFO] [stdout]    |
[INFO] [stdout] 65 | pub struct Shapes<'a>(Vec<Box<Shape + 'a>>);
[INFO] [stdout]    |                               ^^^^^^^^^^ help: use `dyn`: `dyn Shape + 'a`
[INFO] [stdout]    |
[INFO] [stdout]    = note: `#[warn(bare_trait_objects)]` on by default
[INFO] [stdout] 
[INFO] [stdout] 
[INFO] [stdout] warning: 1 warning emitted
[INFO] [stdout] 
[INFO] [stdout] 
[INFO] [stdout] warning: 1 warning emitted
[INFO] [stdout] 
[INFO] [stdout] 
[INFO] [stdout] error[E0554]: `#![feature]` may not be used on the beta release channel
[INFO] [stdout]  --> src/main.rs:1:1
[INFO] [stdout]   |
[INFO] [stdout] 1 | #![feature(duration_float)]
[INFO] [stdout]   | ^^^^^^^^^^^^^^^^^^^^^^^^^^^
[INFO] [stdout] 
[INFO] [stdout] 
[INFO] [stdout] warning: `...` range patterns are deprecated
[INFO] [stdout]    --> src/main.rs:186:22
[INFO] [stdout]     |
[INFO] [stdout] 186 |                     0...79 => {
[INFO] [stdout]     |                      ^^^ help: use `..=` for an inclusive range
[INFO] [stdout]     |
[INFO] [stdout]     = note: `#[warn(ellipsis_inclusive_range_patterns)]` on by default
[INFO] [stdout] 
[INFO] [stdout] 
[INFO] [stdout] warning: `...` range patterns are deprecated
[INFO] [stdout]    --> src/main.rs:199:23
[INFO] [stdout]     |
[INFO] [stdout] 199 |                     80...94 => {
[INFO] [stdout]     |                       ^^^ help: use `..=` for an inclusive range
[INFO] [stdout] 
[INFO] [stdout] 
[INFO] [stdout] error[E0554]: `#![feature]` may not be used on the beta release channel
[INFO] [stdout]  --> src/main.rs:1:1
[INFO] [stdout]   |
[INFO] [stdout] 1 | #![feature(duration_float)]
[INFO] [stdout]   | ^^^^^^^^^^^^^^^^^^^^^^^^^^^
[INFO] [stdout] 
[INFO] [stdout] 
[INFO] [stdout] warning: `...` range patterns are deprecated
[INFO] [stdout]    --> src/main.rs:213:23
[INFO] [stdout]     |
[INFO] [stdout] 213 |                     95...100 => {
[INFO] [stdout]     |                       ^^^ help: use `..=` for an inclusive range
[INFO] [stdout] 
[INFO] [stdout] 
[INFO] [stdout] warning: `...` range patterns are deprecated
[INFO] [stdout]    --> src/main.rs:186:22
[INFO] [stdout]     |
[INFO] [stdout] 186 |                     0...79 => {
[INFO] [stdout]     |                      ^^^ help: use `..=` for an inclusive range
[INFO] [stdout]     |
[INFO] [stdout]     = note: `#[warn(ellipsis_inclusive_range_patterns)]` on by default
[INFO] [stdout] 
[INFO] [stdout] 
[INFO] [stdout] warning: `...` range patterns are deprecated
[INFO] [stdout]    --> src/main.rs:199:23
[INFO] [stdout]     |
[INFO] [stdout] 199 |                     80...94 => {
[INFO] [stdout]     |                       ^^^ help: use `..=` for an inclusive range
[INFO] [stdout] 
[INFO] [stdout] 
[INFO] [stdout] warning: `...` range patterns are deprecated
[INFO] [stdout]    --> src/main.rs:213:23
[INFO] [stdout]     |
[INFO] [stdout] 213 |                     95...100 => {
[INFO] [stdout]     |                       ^^^ help: use `..=` for an inclusive range
[INFO] [stdout] 
[INFO] [stdout] 
[INFO] [stdout] error[E0599]: no method named `as_float_secs` found for struct `std::time::Duration` in the current scope
[INFO] [stdout]    --> src/main.rs:119:66
[INFO] [stdout]     |
[INFO] [stdout] 119 |                 let rays_per_s = rays_rendered as f64 / duration.as_float_secs();
[INFO] [stdout]     |                                                                  ^^^^^^^^^^^^^ method not found in `std::time::Duration`
[INFO] [stdout] 
[INFO] [stdout] 
[INFO] [stdout] error: aborting due to 2 previous errors; 3 warnings emitted
[INFO] [stdout] 
[INFO] [stdout] 
[INFO] [stdout] Some errors have detailed explanations: E0554, E0599.
[INFO] [stdout] 
[INFO] [stdout] For more information about an error, try `rustc --explain E0554`.
[INFO] [stdout] 
[INFO] [stderr] error: could not compile `tachibana`.
[INFO] [stderr] 
[INFO] [stderr] To learn more, run the command again with --verbose.
[INFO] [stderr] warning: build failed, waiting for other jobs to finish...
[INFO] [stdout] error[E0599]: no method named `as_float_secs` found for struct `std::time::Duration` in the current scope
[INFO] [stdout]    --> src/main.rs:119:66
[INFO] [stdout]     |
[INFO] [stdout] 119 |                 let rays_per_s = rays_rendered as f64 / duration.as_float_secs();
[INFO] [stdout]     |                                                                  ^^^^^^^^^^^^^ method not found in `std::time::Duration`
[INFO] [stdout] 
[INFO] [stdout] 
[INFO] [stdout] error: aborting due to 2 previous errors; 3 warnings emitted
[INFO] [stdout] 
[INFO] [stdout] 
[INFO] [stdout] Some errors have detailed explanations: E0554, E0599.
[INFO] [stdout] 
[INFO] [stdout] For more information about an error, try `rustc --explain E0554`.
[INFO] [stdout] 
[INFO] [stderr] error: build failed
[INFO] running `Command { std: "docker" "inspect" "c5bc495ffbe737b2a8325eb453a22d3c1d990ea0ff08f0680e9efc80e718c739", kill_on_drop: false }`
[INFO] running `Command { std: "docker" "rm" "-f" "c5bc495ffbe737b2a8325eb453a22d3c1d990ea0ff08f0680e9efc80e718c739", kill_on_drop: false }`
[INFO] [stdout] c5bc495ffbe737b2a8325eb453a22d3c1d990ea0ff08f0680e9efc80e718c739
