[INFO] cloning repository https://github.com/dhuseby/indy-crypto-fuzz-target
[INFO] running `Command { std: "git" "-c" "credential.helper=" "-c" "credential.helper=/workspace/cargo-home/bin/git-credential-null" "clone" "--bare" "https://github.com/dhuseby/indy-crypto-fuzz-target" "/workspace/cache/git-repos/https%3A%2F%2Fgithub.com%2Fdhuseby%2Findy-crypto-fuzz-target", kill_on_drop: false }`
[INFO] [stderr] Cloning into bare repository '/workspace/cache/git-repos/https%3A%2F%2Fgithub.com%2Fdhuseby%2Findy-crypto-fuzz-target'...
[INFO] running `Command { std: "git" "rev-parse" "HEAD", kill_on_drop: false }`
[INFO] [stdout] fd1862976809357823040f36520e064b9d0938d9
[INFO] checking dhuseby/indy-crypto-fuzz-target against beta-2020-07-24 for pr-75494-beta
[INFO] running `Command { std: "git" "clone" "/workspace/cache/git-repos/https%3A%2F%2Fgithub.com%2Fdhuseby%2Findy-crypto-fuzz-target" "/workspace/builds/worker-4/source", kill_on_drop: false }`
[INFO] [stderr] Cloning into '/workspace/builds/worker-4/source'...
[INFO] [stderr] done.
[INFO] validating manifest of git repo https://github.com/dhuseby/indy-crypto-fuzz-target on toolchain beta-2020-07-24
[INFO] running `Command { std: "/workspace/cargo-home/bin/cargo" "+beta-2020-07-24" "read-manifest" "--manifest-path" "Cargo.toml", kill_on_drop: false }`
[INFO] started tweaking git repo https://github.com/dhuseby/indy-crypto-fuzz-target
[INFO] finished tweaking git repo https://github.com/dhuseby/indy-crypto-fuzz-target
[INFO] tweaked toml for git repo https://github.com/dhuseby/indy-crypto-fuzz-target written to /workspace/builds/worker-4/source/Cargo.toml
[INFO] crate git repo https://github.com/dhuseby/indy-crypto-fuzz-target already has a lockfile, it will not be regenerated
[INFO] running `Command { std: "/workspace/cargo-home/bin/cargo" "+beta-2020-07-24" "fetch" "--locked" "--manifest-path" "Cargo.toml", kill_on_drop: false }`
[INFO] running `Command { std: "docker" "create" "-v" "/var/lib/crater-agent-workspace/builds/worker-4/target:/opt/rustwide/target:rw,Z" "-v" "/var/lib/crater-agent-workspace/builds/worker-4/source:/opt/rustwide/workdir:ro,Z" "-v" "/var/lib/crater-agent-workspace/cargo-home:/opt/rustwide/cargo-home:ro,Z" "-v" "/var/lib/crater-agent-workspace/rustup-home:/opt/rustwide/rustup-home:ro,Z" "-e" "SOURCE_DIR=/opt/rustwide/workdir" "-e" "CARGO_TARGET_DIR=/opt/rustwide/target" "-e" "CARGO_HOME=/opt/rustwide/cargo-home" "-e" "RUSTUP_HOME=/opt/rustwide/rustup-home" "-w" "/opt/rustwide/workdir" "-m" "1610612736" "--user" "0:0" "--network" "none" "rustops/crates-build-env@sha256:a636fd89d022f18117e1dc8fb37a0a009933cdbbe082814857f0e2024962d47c" "/opt/rustwide/cargo-home/bin/cargo" "+beta-2020-07-24" "metadata" "--no-deps" "--format-version=1", kill_on_drop: false }`
[INFO] [stderr] WARNING: Your kernel does not support swap limit capabilities or the cgroup is not mounted. Memory limited without swap.
[INFO] [stdout] 109e85e0f631eeefc448fc90a413d5d58332f3dbf3e55e348d81ec1060a786c5
[INFO] running `Command { std: "docker" "start" "-a" "109e85e0f631eeefc448fc90a413d5d58332f3dbf3e55e348d81ec1060a786c5", kill_on_drop: false }`
[INFO] running `Command { std: "docker" "inspect" "109e85e0f631eeefc448fc90a413d5d58332f3dbf3e55e348d81ec1060a786c5", kill_on_drop: false }`
[INFO] running `Command { std: "docker" "rm" "-f" "109e85e0f631eeefc448fc90a413d5d58332f3dbf3e55e348d81ec1060a786c5", kill_on_drop: false }`
[INFO] [stdout] 109e85e0f631eeefc448fc90a413d5d58332f3dbf3e55e348d81ec1060a786c5
[INFO] running `Command { std: "docker" "create" "-v" "/var/lib/crater-agent-workspace/builds/worker-4/target:/opt/rustwide/target:rw,Z" "-v" "/var/lib/crater-agent-workspace/builds/worker-4/source:/opt/rustwide/workdir:ro,Z" "-v" "/var/lib/crater-agent-workspace/cargo-home:/opt/rustwide/cargo-home:ro,Z" "-v" "/var/lib/crater-agent-workspace/rustup-home:/opt/rustwide/rustup-home:ro,Z" "-e" "SOURCE_DIR=/opt/rustwide/workdir" "-e" "CARGO_TARGET_DIR=/opt/rustwide/target" "-e" "CARGO_INCREMENTAL=0" "-e" "RUST_BACKTRACE=full" "-e" "RUSTFLAGS=--cap-lints=forbid" "-e" "CARGO_HOME=/opt/rustwide/cargo-home" "-e" "RUSTUP_HOME=/opt/rustwide/rustup-home" "-w" "/opt/rustwide/workdir" "-m" "1610612736" "--user" "0:0" "--network" "none" "rustops/crates-build-env@sha256:a636fd89d022f18117e1dc8fb37a0a009933cdbbe082814857f0e2024962d47c" "/opt/rustwide/cargo-home/bin/cargo" "+beta-2020-07-24" "check" "--frozen" "--all" "--all-targets" "--message-format=json", kill_on_drop: false }`
[INFO] [stdout] d6d496fec0814585c9d6aca9be111384ecea66d835cc26d4a74002dcb99c5906
[INFO] [stderr] WARNING: Your kernel does not support swap limit capabilities or the cgroup is not mounted. Memory limited without swap.
[INFO] running `Command { std: "docker" "start" "-a" "d6d496fec0814585c9d6aca9be111384ecea66d835cc26d4a74002dcb99c5906", kill_on_drop: false }`
[INFO] [stderr]    Compiling typenum v1.9.0
[INFO] [stderr]     Checking libc v0.2.33
[INFO] [stderr]    Compiling void v1.0.2
[INFO] [stderr]    Compiling nodrop v0.1.12
[INFO] [stderr]    Compiling byte-tools v0.2.0
[INFO] [stderr]    Compiling regex-syntax v0.4.1
[INFO] [stderr]    Compiling utf8-ranges v1.0.0
[INFO] [stderr]    Compiling itoa v0.3.4
[INFO] [stderr]    Compiling log v0.3.8
[INFO] [stderr]    Compiling serde v1.0.23
[INFO] [stderr]    Compiling dtoa v0.4.2
[INFO] [stderr]     Checking semver-parser v0.7.0
[INFO] [stderr]    Compiling amcl v0.1.2
[INFO] [stderr]    Compiling xdg v2.1.0
[INFO] [stderr]     Checking unicode-width v0.1.4
[INFO] [stderr]     Checking vec_map v0.8.0
[INFO] [stderr]     Checking bitflags v0.9.1
[INFO] [stderr]     Checking cc v1.0.3
[INFO] [stderr]    Compiling semver v0.6.0
[INFO] [stderr]    Compiling unreachable v1.0.0
[INFO] [stderr]     Checking textwrap v0.9.0
[INFO] [stderr]     Checking memchr v1.0.2
[INFO] [stderr]     Checking atty v0.2.3
[INFO] [stderr]     Checking rand v0.3.18
[INFO] [stderr]     Checking thread_local v0.3.4
[INFO] [stderr]     Checking rustc_version v0.2.1
[INFO] [stderr]     Checking aho-corasick v0.6.3
[INFO] [stderr]    Compiling serde_derive_internals v0.17.0
[INFO] [stderr]     Checking clap v2.27.1
[INFO] [stderr]     Checking regex v0.2.2
[INFO] [stderr]    Compiling afl v0.3.0
[INFO] [stderr]    Compiling generic-array v0.8.3
[INFO] [stderr]    Compiling serde_derive v1.0.23
[INFO] [stderr]    Compiling digest v0.6.2
[INFO] [stderr]    Compiling block-buffer v0.2.0
[INFO] [stderr] error: failed to run custom build command for `afl v0.3.0`
[INFO] [stderr] 
[INFO] [stderr] Caused by:
[INFO] [stderr]   process didn't exit successfully: `/opt/rustwide/target/debug/build/afl-c9f1ff97b44ce579/build-script-build` (exit code: 101)
[INFO] [stderr]   --- stdout
[INFO] [stderr]   rm -f afl-gcc afl-fuzz afl-showmap afl-tmin afl-gotcpu afl-analyze afl-as as afl-g++ afl-clang afl-clang++ *.o *~ a.out core core.[1-9][0-9]* *.stackdump test .test test-instr .test-instr0 .test-instr1 qemu_mode/qemu-2.10.0.tar.bz2 afl-qemu-trace
[INFO] [stderr]   rm -rf out_dir qemu_mode/qemu-2.10.0
[INFO] [stderr]   make -C llvm_mode clean
[INFO] [stderr]   make[1]: Entering directory '/opt/rustwide/cargo-home/registry/src/github.com-1ecc6299db9ec823/afl-0.3.0/afl-2.52b/llvm_mode'
[INFO] [stderr]   rm -f *.o *.so *~ a.out core core.[1-9][0-9]* test-instr .test-instr0 .test-instr1 
[INFO] [stderr]   rm -f ../afl-clang-fast ../afl-llvm-rt.o ../afl-llvm-rt-32.o ../afl-llvm-rt-64.o ../afl-clang-fast++
[INFO] [stderr]   make[1]: Leaving directory '/opt/rustwide/cargo-home/registry/src/github.com-1ecc6299db9ec823/afl-0.3.0/afl-2.52b/llvm_mode'
[INFO] [stderr]   make -C libdislocator clean
[INFO] [stderr]   make[1]: Entering directory '/opt/rustwide/cargo-home/registry/src/github.com-1ecc6299db9ec823/afl-0.3.0/afl-2.52b/libdislocator'
[INFO] [stderr]   rm -f *.o *.so *~ a.out core core.[1-9][0-9]*
[INFO] [stderr]   rm -f libdislocator.so
[INFO] [stderr]   make[1]: Leaving directory '/opt/rustwide/cargo-home/registry/src/github.com-1ecc6299db9ec823/afl-0.3.0/afl-2.52b/libdislocator'
[INFO] [stderr]   make -C libtokencap clean
[INFO] [stderr]   make[1]: Entering directory '/opt/rustwide/cargo-home/registry/src/github.com-1ecc6299db9ec823/afl-0.3.0/afl-2.52b/libtokencap'
[INFO] [stderr]   rm -f *.o *.so *~ a.out core core.[1-9][0-9]*
[INFO] [stderr]   rm -f libtokencap.so
[INFO] [stderr]   make[1]: Leaving directory '/opt/rustwide/cargo-home/registry/src/github.com-1ecc6299db9ec823/afl-0.3.0/afl-2.52b/libtokencap'
[INFO] [stderr]   [*] Checking for the ability to compile x86 code...
[INFO] [stderr] 
[INFO] [stderr]   Oops, looks like your compiler can't generate x86 code.
[INFO] [stderr] 
[INFO] [stderr]   Don't panic! You can use the LLVM or QEMU mode, but see docs/INSTALL first.
[INFO] [stderr]   (To ignore this error, set AFL_NO_X86=1 and try again.)
[INFO] [stderr] 
[INFO] [stderr] 
[INFO] [stderr]   --- stderr
[INFO] [stderr]   /usr/bin/ld: cannot open output file .test: Read-only file system
[INFO] [stderr]   collect2: error: ld returned 1 exit status
[INFO] [stderr]   make: *** [Makefile:53: test_x86] Error 1
[INFO] [stderr]   thread 'main' panicked at 'assertion failed: status.success()', /opt/rustwide/cargo-home/registry/src/github.com-1ecc6299db9ec823/afl-0.3.0/build.rs:29:5
[INFO] [stderr]   stack backtrace:
[INFO] [stderr]      0:     0x55832d2be8b5 - backtrace::backtrace::libunwind::trace::h5e2646fa3eddf2ea
[INFO] [stderr]                                  at /cargo/registry/src/github.com-1ecc6299db9ec823/backtrace-0.3.46/src/backtrace/libunwind.rs:86
[INFO] [stderr]      1:     0x55832d2be8b5 - backtrace::backtrace::trace_unsynchronized::hb95dd7f77ce47877
[INFO] [stderr]                                  at /cargo/registry/src/github.com-1ecc6299db9ec823/backtrace-0.3.46/src/backtrace/mod.rs:66
[INFO] [stderr]      2:     0x55832d2be8b5 - std::sys_common::backtrace::_print_fmt::h5e71b67af43fd70d
[INFO] [stderr]                                  at src/libstd/sys_common/backtrace.rs:78
[INFO] [stderr]      3:     0x55832d2be8b5 - <std::sys_common::backtrace::_print::DisplayBacktrace as core::fmt::Display>::fmt::hdb4a83d2b61107e5
[INFO] [stderr]                                  at src/libstd/sys_common/backtrace.rs:59
[INFO] [stderr]      4:     0x55832d2e083c - core::fmt::write::ha20e7262fa3e8a7a
[INFO] [stderr]                                  at src/libcore/fmt/mod.rs:1076
[INFO] [stderr]      5:     0x55832d2bba62 - std::io::Write::write_fmt::h1aebfe8a5a79e36d
[INFO] [stderr]                                  at src/libstd/io/mod.rs:1537
[INFO] [stderr]      6:     0x55832d2c0da0 - std::sys_common::backtrace::_print::h9c07314cc66ba539
[INFO] [stderr]                                  at src/libstd/sys_common/backtrace.rs:62
[INFO] [stderr]      7:     0x55832d2c0da0 - std::sys_common::backtrace::print::hd1fd65f49a2d8544
[INFO] [stderr]                                  at src/libstd/sys_common/backtrace.rs:49
[INFO] [stderr]      8:     0x55832d2c0da0 - std::panicking::default_hook::{{closure}}::h222da46485ab36fc
[INFO] [stderr]                                  at src/libstd/panicking.rs:198
[INFO] [stderr]      9:     0x55832d2c0aec - std::panicking::default_hook::hc5868949d129ed00
[INFO] [stderr]                                  at src/libstd/panicking.rs:217
[INFO] [stderr]     10:     0x55832d2c13e3 - std::panicking::rust_panic_with_hook::h26a6ab8b0993c0c8
[INFO] [stderr]                                  at src/libstd/panicking.rs:526
[INFO] [stderr]     11:     0x55832d28b4b5 - std::panicking::begin_panic::h2d2114e8c3a4f94c
[INFO] [stderr]                                  at /rustc/6f959902b3103c49ca981fbc01871589c3498489/src/libstd/panicking.rs:456
[INFO] [stderr]     12:     0x55832d28cb40 - build_script_build::build_afl::h68a535fe2af96e3f
[INFO] [stderr]                                  at /opt/rustwide/cargo-home/registry/src/github.com-1ecc6299db9ec823/afl-0.3.0/build.rs:29
[INFO] [stderr]     13:     0x55832d28c97f - build_script_build::main::h3408fff17e7078bc
[INFO] [stderr]                                  at /opt/rustwide/cargo-home/registry/src/github.com-1ecc6299db9ec823/afl-0.3.0/build.rs:14
[INFO] [stderr]     14:     0x55832d28b36b - std::rt::lang_start::{{closure}}::h6406fa620bab20c8
[INFO] [stderr]                                  at /rustc/6f959902b3103c49ca981fbc01871589c3498489/src/libstd/rt.rs:67
[INFO] [stderr]     15:     0x55832d2c17b3 - std::rt::lang_start_internal::{{closure}}::h84a998219831fa70
[INFO] [stderr]                                  at src/libstd/rt.rs:52
[INFO] [stderr]     16:     0x55832d2c17b3 - std::panicking::try::do_call::he8e1d689a3e26def
[INFO] [stderr]                                  at src/libstd/panicking.rs:348
[INFO] [stderr]     17:     0x55832d2c17b3 - std::panicking::try::h264b6eebc2fa7bbf
[INFO] [stderr]                                  at src/libstd/panicking.rs:325
[INFO] [stderr]     18:     0x55832d2c17b3 - std::panic::catch_unwind::hbf28fafa723b2128
[INFO] [stderr]                                  at src/libstd/panic.rs:394
[INFO] [stderr]     19:     0x55832d2c17b3 - std::rt::lang_start_internal::he959aa59bc3ec202
[INFO] [stderr]                                  at src/libstd/rt.rs:51
[INFO] [stderr]     20:     0x55832d28b347 - std::rt::lang_start::hc3db2f6af6d62415
[INFO] [stderr]                                  at /rustc/6f959902b3103c49ca981fbc01871589c3498489/src/libstd/rt.rs:67
[INFO] [stderr]     21:     0x55832d28cfca - main
[INFO] [stderr]     22:     0x7f92ac62a0b3 - __libc_start_main
[INFO] [stderr]     23:     0x55832d28818e - _start
[INFO] [stderr]     24:                0x0 - <unknown>
[INFO] [stderr] warning: build failed, waiting for other jobs to finish...
[INFO] [stderr] error: build failed
[INFO] running `Command { std: "docker" "inspect" "d6d496fec0814585c9d6aca9be111384ecea66d835cc26d4a74002dcb99c5906", kill_on_drop: false }`
[INFO] running `Command { std: "docker" "rm" "-f" "d6d496fec0814585c9d6aca9be111384ecea66d835cc26d4a74002dcb99c5906", kill_on_drop: false }`
[INFO] [stdout] d6d496fec0814585c9d6aca9be111384ecea66d835cc26d4a74002dcb99c5906
