[INFO] cloning repository https://github.com/derekdreery/shootem
[INFO] running `Command { std: "git" "-c" "credential.helper=" "-c" "credential.helper=/workspace/cargo-home/bin/git-credential-null" "clone" "--bare" "https://github.com/derekdreery/shootem" "/workspace/cache/git-repos/https%3A%2F%2Fgithub.com%2Fderekdreery%2Fshootem", kill_on_drop: false }`
[INFO] [stderr] Cloning into bare repository '/workspace/cache/git-repos/https%3A%2F%2Fgithub.com%2Fderekdreery%2Fshootem'...
[INFO] running `Command { std: "git" "rev-parse" "HEAD", kill_on_drop: false }`
[INFO] [stdout] 954b7445dd5af51c988bd103324a5cd1c48de687
[INFO] checking derekdreery/shootem against beta-2020-07-24 for pr-75494-beta
[INFO] running `Command { std: "git" "clone" "/workspace/cache/git-repos/https%3A%2F%2Fgithub.com%2Fderekdreery%2Fshootem" "/workspace/builds/worker-2/source", kill_on_drop: false }`
[INFO] [stderr] Cloning into '/workspace/builds/worker-2/source'...
[INFO] [stderr] done.
[INFO] validating manifest of git repo https://github.com/derekdreery/shootem on toolchain beta-2020-07-24
[INFO] running `Command { std: "/workspace/cargo-home/bin/cargo" "+beta-2020-07-24" "read-manifest" "--manifest-path" "Cargo.toml", kill_on_drop: false }`
[INFO] started tweaking git repo https://github.com/derekdreery/shootem
[INFO] finished tweaking git repo https://github.com/derekdreery/shootem
[INFO] tweaked toml for git repo https://github.com/derekdreery/shootem written to /workspace/builds/worker-2/source/Cargo.toml
[INFO] crate git repo https://github.com/derekdreery/shootem already has a lockfile, it will not be regenerated
[INFO] running `Command { std: "/workspace/cargo-home/bin/cargo" "+beta-2020-07-24" "fetch" "--locked" "--manifest-path" "Cargo.toml", kill_on_drop: false }`
[INFO] [stderr]     Blocking waiting for file lock on package cache
[INFO] [stderr]     Blocking waiting for file lock on package cache
[INFO] running `Command { std: "docker" "create" "-v" "/var/lib/crater-agent-workspace/builds/worker-2/target:/opt/rustwide/target:rw,Z" "-v" "/var/lib/crater-agent-workspace/builds/worker-2/source:/opt/rustwide/workdir:ro,Z" "-v" "/var/lib/crater-agent-workspace/cargo-home:/opt/rustwide/cargo-home:ro,Z" "-v" "/var/lib/crater-agent-workspace/rustup-home:/opt/rustwide/rustup-home:ro,Z" "-e" "SOURCE_DIR=/opt/rustwide/workdir" "-e" "CARGO_TARGET_DIR=/opt/rustwide/target" "-e" "CARGO_HOME=/opt/rustwide/cargo-home" "-e" "RUSTUP_HOME=/opt/rustwide/rustup-home" "-w" "/opt/rustwide/workdir" "-m" "1610612736" "--user" "0:0" "--network" "none" "rustops/crates-build-env@sha256:a636fd89d022f18117e1dc8fb37a0a009933cdbbe082814857f0e2024962d47c" "/opt/rustwide/cargo-home/bin/cargo" "+beta-2020-07-24" "metadata" "--no-deps" "--format-version=1", kill_on_drop: false }`
[INFO] [stderr] WARNING: Your kernel does not support swap limit capabilities or the cgroup is not mounted. Memory limited without swap.
[INFO] [stdout] 86e36ecbc5a1fea2a561703461ddc61228a9035fc0df56d93df57fa205199839
[INFO] running `Command { std: "docker" "start" "-a" "86e36ecbc5a1fea2a561703461ddc61228a9035fc0df56d93df57fa205199839", kill_on_drop: false }`
[INFO] running `Command { std: "docker" "inspect" "86e36ecbc5a1fea2a561703461ddc61228a9035fc0df56d93df57fa205199839", kill_on_drop: false }`
[INFO] running `Command { std: "docker" "rm" "-f" "86e36ecbc5a1fea2a561703461ddc61228a9035fc0df56d93df57fa205199839", kill_on_drop: false }`
[INFO] [stdout] 86e36ecbc5a1fea2a561703461ddc61228a9035fc0df56d93df57fa205199839
[INFO] running `Command { std: "docker" "create" "-v" "/var/lib/crater-agent-workspace/builds/worker-2/target:/opt/rustwide/target:rw,Z" "-v" "/var/lib/crater-agent-workspace/builds/worker-2/source:/opt/rustwide/workdir:ro,Z" "-v" "/var/lib/crater-agent-workspace/cargo-home:/opt/rustwide/cargo-home:ro,Z" "-v" "/var/lib/crater-agent-workspace/rustup-home:/opt/rustwide/rustup-home:ro,Z" "-e" "SOURCE_DIR=/opt/rustwide/workdir" "-e" "CARGO_TARGET_DIR=/opt/rustwide/target" "-e" "CARGO_INCREMENTAL=0" "-e" "RUST_BACKTRACE=full" "-e" "RUSTFLAGS=--cap-lints=forbid" "-e" "CARGO_HOME=/opt/rustwide/cargo-home" "-e" "RUSTUP_HOME=/opt/rustwide/rustup-home" "-w" "/opt/rustwide/workdir" "-m" "1610612736" "--user" "0:0" "--network" "none" "rustops/crates-build-env@sha256:a636fd89d022f18117e1dc8fb37a0a009933cdbbe082814857f0e2024962d47c" "/opt/rustwide/cargo-home/bin/cargo" "+beta-2020-07-24" "check" "--frozen" "--all" "--all-targets" "--message-format=json", kill_on_drop: false }`
[INFO] [stdout] 23fb78fcacb516477567c677746cfc88cd2608c09ff989c9fb387e594eef0378
[INFO] [stderr] WARNING: Your kernel does not support swap limit capabilities or the cgroup is not mounted. Memory limited without swap.
[INFO] running `Command { std: "docker" "start" "-a" "23fb78fcacb516477567c677746cfc88cd2608c09ff989c9fb387e594eef0378", kill_on_drop: false }`
[INFO] [stderr]     Checking libc v0.2.40
[INFO] [stderr]    Compiling cc v1.0.14
[INFO] [stderr]     Checking lazy_static v1.0.0
[INFO] [stderr]    Compiling unicode-xid v0.1.0
[INFO] [stderr]    Compiling bitflags v1.0.2
[INFO] [stderr]     Checking num-traits v0.2.2
[INFO] [stderr]    Compiling either v1.5.0
[INFO] [stderr]     Checking nodrop v0.1.12
[INFO] [stderr]     Checking byteorder v1.2.2
[INFO] [stderr]    Compiling pkg-config v0.3.11
[INFO] [stderr]     Checking memoffset v0.2.1
[INFO] [stderr]    Compiling winapi-build v0.1.1
[INFO] [stderr]     Checking scopeguard v0.3.3
[INFO] [stderr]    Compiling rayon-core v1.4.0
[INFO] [stderr]     Checking smallvec v0.6.1
[INFO] [stderr]     Checking winapi v0.2.8
[INFO] [stderr]     Checking stable_deref_trait v1.0.0
[INFO] [stderr]    Compiling khronos_api v2.2.0
[INFO] [stderr]     Checking rustc-demangle v0.1.7
[INFO] [stderr]     Checking fnv v1.0.6
[INFO] [stderr]     Checking token_store v0.1.2
[INFO] [stderr]     Checking mint v0.5.0
[INFO] [stderr]     Checking utf8-ranges v0.1.3
[INFO] [stderr]     Checking regex-syntax v0.3.9
[INFO] [stderr]    Compiling cgmath v0.16.1
[INFO] [stderr]     Checking atom v0.3.4
[INFO] [stderr]     Checking crossbeam v0.3.2
[INFO] [stderr]     Checking tuple_utils v0.2.0
[INFO] [stderr]     Checking remove_dir_all v0.5.1
[INFO] [stderr]     Checking futures v0.1.21
[INFO] [stderr]     Checking void v1.0.2
[INFO] [stderr]     Checking percent-encoding v1.0.1
[INFO] [stderr]     Checking rustc-serialize v0.3.24
[INFO] [stderr]    Compiling semver v0.1.20
[INFO] [stderr]     Checking hetseq v0.1.5
[INFO] [stderr]     Checking wavefront_obj v5.1.0
[INFO] [stderr]     Checking ucd-util v0.1.1
[INFO] [stderr]     Checking lazy_static v0.2.11
[INFO] [stderr]     Checking linked-hash-map v0.5.1
[INFO] [stderr]    Compiling bitflags v0.7.0
[INFO] [stderr]    Compiling regex v0.2.10
[INFO] [stderr]     Checking xi-unicode v0.1.0
[INFO] [stderr]     Checking claxon v0.3.1
[INFO] [stderr]     Checking unicode-normalization v0.1.5
[INFO] [stderr]     Checking quick-error v1.2.1
[INFO] [stderr]     Checking utf8-ranges v1.0.0
[INFO] [stderr]     Checking termcolor v0.3.6
[INFO] [stderr]     Checking ansi_term v0.10.2
[INFO] [stderr]     Checking mint v0.2.0
[INFO] [stderr]     Checking log v0.4.1
[INFO] [stderr]     Checking crossbeam-utils v0.2.2
[INFO] [stderr]    Compiling syn v0.10.8
[INFO] [stderr]    Compiling xml-rs v0.7.0
[INFO] [stderr]     Checking arrayvec v0.4.7
[INFO] [stderr]    Compiling proc-macro2 v0.3.7
[INFO] [stderr]    Compiling itertools v0.5.10
[INFO] [stderr]     Checking owning_ref v0.3.3
[INFO] [stderr]     Checking itertools v0.7.8
[INFO] [stderr]    Compiling kernel32-sys v0.2.2
[INFO] [stderr]     Checking fxhash v0.2.1
[INFO] [stderr]     Checking stb_truetype v0.2.2
[INFO] [stderr]     Checking ogg v0.4.1
[INFO] [stderr]     Checking unreachable v0.1.1
[INFO] [stderr]     Checking unreachable v1.0.0
[INFO] [stderr]     Checking rand v0.4.2
[INFO] [stderr]     Checking num_cpus v1.8.0
[INFO] [stderr]     Checking memchr v0.1.11
[INFO] [stderr]     Checking memmap v0.6.2
[INFO] [stderr]     Checking shared_library v0.1.8
[INFO] [stderr]     Checking memchr v2.0.1
[INFO] [stderr]     Checking atty v0.2.9
[INFO] [stderr]     Checking regex-syntax v0.5.5
[INFO] [stderr]    Compiling rustc_version v0.1.7
[INFO] [stderr]     Checking mint v0.4.9
[INFO] [stderr]     Checking num-traits v0.1.43
[INFO] [stderr]     Checking num-integer v0.1.36
[INFO] [stderr]    Compiling time v0.1.39
[INFO] [stderr]     Checking humantime v1.1.1
[INFO] [stderr]    Compiling xcb v0.8.2
[INFO] [stderr]    Compiling syn v0.11.11
[INFO] [stderr]     Checking log v0.3.9
[INFO] [stderr]     Checking fern v0.5.5
[INFO] [stderr]    Compiling x11-dl v2.17.5
[INFO] [stderr]    Compiling alsa-sys v0.1.1
[INFO] [stderr]     Checking thread_local v0.3.5
[INFO] [stderr]     Checking lewton v0.5.2
[INFO] [stderr]     Checking crossbeam-epoch v0.3.1
[INFO] [stderr]     Checking aho-corasick v0.5.3
[INFO] [stderr]     Checking aho-corasick v0.6.4
[INFO] [stderr]     Checking osmesa-sys v0.1.2
[INFO] [stderr]     Checking ordered-float v0.5.0
[INFO] [stderr]     Checking num-iter v0.1.35
[INFO] [stderr]    Compiling quote v0.5.2
[INFO] [stderr]    Compiling wayland-scanner v0.12.5
[INFO] [stderr]    Compiling rustc_version_runtime v0.1.3
[INFO] [stderr]    Compiling libloading v0.5.0
[INFO] [stderr]    Compiling backtrace-sys v0.1.16
[INFO] [stderr]    Compiling miniz-sys v0.1.10
[INFO] [stderr]    Compiling vergen v0.1.1
[INFO] [stderr]     Checking rand v0.3.22
[INFO] [stderr]     Checking parking_lot_core v0.2.14
[INFO] [stderr]     Checking tempfile v3.0.2
[INFO] [stderr]    Compiling gl_generator v0.9.0
[INFO] [stderr]     Checking crossbeam-deque v0.2.0
[INFO] [stderr]    Compiling syn v0.13.2
[INFO] [stderr]     Checking rusttype v0.4.3
[INFO] [stderr]     Checking num-bigint v0.1.43
[INFO] [stderr]     Checking num-complex v0.1.43
[INFO] [stderr]     Checking cgmath v0.14.1
[INFO] [stderr]     Checking twox-hash v1.1.0
[INFO] [stderr]     Checking thread-id v2.0.0
[INFO] [stdout] error[E0214]: parenthesized type parameters may only be used with a `Fn` trait
[INFO] [stdout]   --> /opt/rustwide/cargo-home/registry/src/github.com-1ecc6299db9ec823/twox-hash-1.1.0/src/number_streams.rs:67:23
[INFO] [stdout]    |
[INFO] [stdout] 67 |     fn count(self) -> usize() {
[INFO] [stdout]    |                       ^^^^^^^ only `Fn` traits may use parentheses
[INFO] [stdout] ...
[INFO] [stdout] 74 | number_stream!(U32FromBytes, u32, U32_BYTES);
[INFO] [stdout]    | --------------------------------------------- in this macro invocation
[INFO] [stdout]    |
[INFO] [stdout]    = note: this error originates in a macro (in Nightly builds, run with -Z macro-backtrace for more info)
[INFO] [stdout] 
[INFO] [stdout] 
[INFO] [stdout] error[E0214]: parenthesized type parameters may only be used with a `Fn` trait
[INFO] [stdout]   --> /opt/rustwide/cargo-home/registry/src/github.com-1ecc6299db9ec823/twox-hash-1.1.0/src/number_streams.rs:67:23
[INFO] [stdout]    |
[INFO] [stdout] 67 |     fn count(self) -> usize() {
[INFO] [stdout]    |                       ^^^^^^^ only `Fn` traits may use parentheses
[INFO] [stdout] ...
[INFO] [stdout] 75 | number_stream!(U64FromBytes, u64, U64_BYTES);
[INFO] [stdout]    | --------------------------------------------- in this macro invocation
[INFO] [stdout]    |
[INFO] [stdout]    = note: this error originates in a macro (in Nightly builds, run with -Z macro-backtrace for more info)
[INFO] [stdout] 
[INFO] [stdout] 
[INFO] [stderr] error: failed to run custom build command for `rustc_version_runtime v0.1.3`
[INFO] [stderr] 
[INFO] [stderr] Caused by:
[INFO] [stderr]   process didn't exit successfully: `/opt/rustwide/target/debug/build/rustc_version_runtime-27b988fc699dbd04/build-script-build` (exit code: 101)
[INFO] [stderr]   --- stderr
[INFO] [stderr]   thread 'main' panicked at 'called `Result::unwrap()` on an `Err` value: Os { code: 30, kind: Other, message: "Read-only file system" }', /opt/rustwide/cargo-home/registry/src/github.com-1ecc6299db9ec823/rustc_version_runtime-0.1.3/build.rs:27:48
[INFO] [stderr]   stack backtrace:
[INFO] [stderr]      0:     0x555dd5528c85 - backtrace::backtrace::libunwind::trace::h5e2646fa3eddf2ea
[INFO] [stderr]                                  at /cargo/registry/src/github.com-1ecc6299db9ec823/backtrace-0.3.46/src/backtrace/libunwind.rs:86
[INFO] [stderr]      1:     0x555dd5528c85 - backtrace::backtrace::trace_unsynchronized::hb95dd7f77ce47877
[INFO] [stderr]                                  at /cargo/registry/src/github.com-1ecc6299db9ec823/backtrace-0.3.46/src/backtrace/mod.rs:66
[INFO] [stderr]      2:     0x555dd5528c85 - std::sys_common::backtrace::_print_fmt::h5e71b67af43fd70d
[INFO] [stderr]                                  at src/libstd/sys_common/backtrace.rs:78
[INFO] [stderr]      3:     0x555dd5528c85 - <std::sys_common::backtrace::_print::DisplayBacktrace as core::fmt::Display>::fmt::hdb4a83d2b61107e5
[INFO] [stderr]                                  at src/libstd/sys_common/backtrace.rs:59
[INFO] [stderr]      4:     0x555dd554aabc - core::fmt::write::ha20e7262fa3e8a7a
[INFO] [stderr]                                  at src/libcore/fmt/mod.rs:1076
[INFO] [stderr]      5:     0x555dd5526772 - std::io::Write::write_fmt::h1aebfe8a5a79e36d
[INFO] [stderr]                                  at src/libstd/io/mod.rs:1537
[INFO] [stderr]      6:     0x555dd552b0c0 - std::sys_common::backtrace::_print::h9c07314cc66ba539
[INFO] [stderr]                                  at src/libstd/sys_common/backtrace.rs:62
[INFO] [stderr]      7:     0x555dd552b0c0 - std::sys_common::backtrace::print::hd1fd65f49a2d8544
[INFO] [stderr]                                  at src/libstd/sys_common/backtrace.rs:49
[INFO] [stderr]      8:     0x555dd552b0c0 - std::panicking::default_hook::{{closure}}::h222da46485ab36fc
[INFO] [stderr]                                  at src/libstd/panicking.rs:198
[INFO] [stderr]      9:     0x555dd552ae0c - std::panicking::default_hook::hc5868949d129ed00
[INFO] [stderr]                                  at src/libstd/panicking.rs:217
[INFO] [stderr]     10:     0x555dd552b703 - std::panicking::rust_panic_with_hook::h26a6ab8b0993c0c8
[INFO] [stderr]                                  at src/libstd/panicking.rs:526
[INFO] [stderr]     11:     0x555dd552b2fb - rust_begin_unwind
[INFO] [stderr]                                  at src/libstd/panicking.rs:437
[INFO] [stderr]     12:     0x555dd5549ec1 - core::panicking::panic_fmt::h17139c2000299725
[INFO] [stderr]                                  at src/libcore/panicking.rs:85
[INFO] [stderr]     13:     0x555dd5549ce3 - core::option::expect_none_failed::h972f96abb4ec8952
[INFO] [stderr]                                  at src/libcore/option.rs:1269
[INFO] [stderr]     14:     0x555dd550718b - core::result::Result<T,E>::unwrap::h653b8e67b77ee09a
[INFO] [stderr]                                  at /rustc/6f959902b3103c49ca981fbc01871589c3498489/src/libcore/result.rs:1005
[INFO] [stderr]     15:     0x555dd5503805 - build_script_build::main::h16421ee7edb2f21f
[INFO] [stderr]                                  at /opt/rustwide/cargo-home/registry/src/github.com-1ecc6299db9ec823/rustc_version_runtime-0.1.3/build.rs:27
[INFO] [stderr]     16:     0x555dd550549b - std::rt::lang_start::{{closure}}::h28f94e63352c4832
[INFO] [stderr]                                  at /rustc/6f959902b3103c49ca981fbc01871589c3498489/src/libstd/rt.rs:67
[INFO] [stderr]     17:     0x555dd552bad3 - std::rt::lang_start_internal::{{closure}}::h84a998219831fa70
[INFO] [stderr]                                  at src/libstd/rt.rs:52
[INFO] [stderr]     18:     0x555dd552bad3 - std::panicking::try::do_call::he8e1d689a3e26def
[INFO] [stderr]                                  at src/libstd/panicking.rs:348
[INFO] [stderr]     19:     0x555dd552bad3 - std::panicking::try::h264b6eebc2fa7bbf
[INFO] [stderr]                                  at src/libstd/panicking.rs:325
[INFO] [stderr]     20:     0x555dd552bad3 - std::panic::catch_unwind::hbf28fafa723b2128
[INFO] [stderr]                                  at src/libstd/panic.rs:394
[INFO] [stderr]     21:     0x555dd552bad3 - std::rt::lang_start_internal::he959aa59bc3ec202
[INFO] [stderr]                                  at src/libstd/rt.rs:51
[INFO] [stderr]     22:     0x555dd5505477 - std::rt::lang_start::h1efe890421d422a5
[INFO] [stderr]                                  at /rustc/6f959902b3103c49ca981fbc01871589c3498489/src/libstd/rt.rs:67
[INFO] [stderr]     23:     0x555dd550485a - main
[INFO] [stderr]     24:     0x7f4087cdb0b3 - __libc_start_main
[INFO] [stderr]     25:     0x555dd550317e - _start
[INFO] [stderr]     26:                0x0 - <unknown>
[INFO] [stderr] warning: build failed, waiting for other jobs to finish...
[INFO] [stdout] error: aborting due to 2 previous errors
[INFO] [stdout] 
[INFO] [stdout] 
[INFO] [stdout] For more information about this error, try `rustc --explain E0214`.
[INFO] [stdout] 
[INFO] [stderr] error: build failed
[INFO] running `Command { std: "docker" "inspect" "23fb78fcacb516477567c677746cfc88cd2608c09ff989c9fb387e594eef0378", kill_on_drop: false }`
[INFO] running `Command { std: "docker" "rm" "-f" "23fb78fcacb516477567c677746cfc88cd2608c09ff989c9fb387e594eef0378", kill_on_drop: false }`
[INFO] [stdout] 23fb78fcacb516477567c677746cfc88cd2608c09ff989c9fb387e594eef0378
