[INFO] cloning repository https://github.com/de-sh/wschatrs
[INFO] running `Command { std: "git" "-c" "credential.helper=" "-c" "credential.helper=/workspace/cargo-home/bin/git-credential-null" "clone" "--bare" "https://github.com/de-sh/wschatrs" "/workspace/cache/git-repos/https%3A%2F%2Fgithub.com%2Fde-sh%2Fwschatrs", kill_on_drop: false }`
[INFO] [stderr] Cloning into bare repository '/workspace/cache/git-repos/https%3A%2F%2Fgithub.com%2Fde-sh%2Fwschatrs'...
[INFO] running `Command { std: "git" "rev-parse" "HEAD", kill_on_drop: false }`
[INFO] [stdout] 8d072268c071618c8a730673a105c6cc44406b54
[INFO] checking de-sh/wschatrs against beta-2020-07-24 for pr-75494-beta
[INFO] running `Command { std: "git" "clone" "/workspace/cache/git-repos/https%3A%2F%2Fgithub.com%2Fde-sh%2Fwschatrs" "/workspace/builds/worker-8/source", kill_on_drop: false }`
[INFO] [stderr] Cloning into '/workspace/builds/worker-8/source'...
[INFO] [stderr] done.
[INFO] validating manifest of git repo https://github.com/de-sh/wschatrs on toolchain beta-2020-07-24
[INFO] running `Command { std: "/workspace/cargo-home/bin/cargo" "+beta-2020-07-24" "read-manifest" "--manifest-path" "Cargo.toml", kill_on_drop: false }`
[INFO] started tweaking git repo https://github.com/de-sh/wschatrs
[INFO] finished tweaking git repo https://github.com/de-sh/wschatrs
[INFO] tweaked toml for git repo https://github.com/de-sh/wschatrs written to /workspace/builds/worker-8/source/Cargo.toml
[INFO] crate git repo https://github.com/de-sh/wschatrs already has a lockfile, it will not be regenerated
[INFO] running `Command { std: "/workspace/cargo-home/bin/cargo" "+beta-2020-07-24" "fetch" "--locked" "--manifest-path" "Cargo.toml", kill_on_drop: false }`
[INFO] [stderr]     Blocking waiting for file lock on package cache
[INFO] [stderr]     Blocking waiting for file lock on package cache
[INFO] running `Command { std: "docker" "create" "-v" "/var/lib/crater-agent-workspace/builds/worker-8/target:/opt/rustwide/target:rw,Z" "-v" "/var/lib/crater-agent-workspace/builds/worker-8/source:/opt/rustwide/workdir:ro,Z" "-v" "/var/lib/crater-agent-workspace/cargo-home:/opt/rustwide/cargo-home:ro,Z" "-v" "/var/lib/crater-agent-workspace/rustup-home:/opt/rustwide/rustup-home:ro,Z" "-e" "SOURCE_DIR=/opt/rustwide/workdir" "-e" "CARGO_TARGET_DIR=/opt/rustwide/target" "-e" "CARGO_HOME=/opt/rustwide/cargo-home" "-e" "RUSTUP_HOME=/opt/rustwide/rustup-home" "-w" "/opt/rustwide/workdir" "-m" "1610612736" "--user" "0:0" "--network" "none" "rustops/crates-build-env@sha256:a636fd89d022f18117e1dc8fb37a0a009933cdbbe082814857f0e2024962d47c" "/opt/rustwide/cargo-home/bin/cargo" "+beta-2020-07-24" "metadata" "--no-deps" "--format-version=1", kill_on_drop: false }`
[INFO] [stdout] fded4efd37ec2941a8283707b32085a4353dd300c9957d986616e236f920095e
[INFO] [stderr] WARNING: Your kernel does not support swap limit capabilities or the cgroup is not mounted. Memory limited without swap.
[INFO] running `Command { std: "docker" "start" "-a" "fded4efd37ec2941a8283707b32085a4353dd300c9957d986616e236f920095e", kill_on_drop: false }`
[INFO] running `Command { std: "docker" "inspect" "fded4efd37ec2941a8283707b32085a4353dd300c9957d986616e236f920095e", kill_on_drop: false }`
[INFO] running `Command { std: "docker" "rm" "-f" "fded4efd37ec2941a8283707b32085a4353dd300c9957d986616e236f920095e", kill_on_drop: false }`
[INFO] [stdout] fded4efd37ec2941a8283707b32085a4353dd300c9957d986616e236f920095e
[INFO] running `Command { std: "docker" "create" "-v" "/var/lib/crater-agent-workspace/builds/worker-8/target:/opt/rustwide/target:rw,Z" "-v" "/var/lib/crater-agent-workspace/builds/worker-8/source:/opt/rustwide/workdir:ro,Z" "-v" "/var/lib/crater-agent-workspace/cargo-home:/opt/rustwide/cargo-home:ro,Z" "-v" "/var/lib/crater-agent-workspace/rustup-home:/opt/rustwide/rustup-home:ro,Z" "-e" "SOURCE_DIR=/opt/rustwide/workdir" "-e" "CARGO_TARGET_DIR=/opt/rustwide/target" "-e" "CARGO_INCREMENTAL=0" "-e" "RUST_BACKTRACE=full" "-e" "RUSTFLAGS=--cap-lints=forbid" "-e" "CARGO_HOME=/opt/rustwide/cargo-home" "-e" "RUSTUP_HOME=/opt/rustwide/rustup-home" "-w" "/opt/rustwide/workdir" "-m" "1610612736" "--user" "0:0" "--network" "none" "rustops/crates-build-env@sha256:a636fd89d022f18117e1dc8fb37a0a009933cdbbe082814857f0e2024962d47c" "/opt/rustwide/cargo-home/bin/cargo" "+beta-2020-07-24" "check" "--frozen" "--all" "--all-targets" "--message-format=json", kill_on_drop: false }`
[INFO] [stdout] 530048715bdaf0d85f6749afb10985c2274112d4a39ba4567fb291f11062bc69
[INFO] [stderr] WARNING: Your kernel does not support swap limit capabilities or the cgroup is not mounted. Memory limited without swap.
[INFO] running `Command { std: "docker" "start" "-a" "530048715bdaf0d85f6749afb10985c2274112d4a39ba4567fb291f11062bc69", kill_on_drop: false }`
[INFO] [stderr]    Compiling libc v0.2.69
[INFO] [stderr]    Compiling typenum v1.12.0
[INFO] [stderr]    Compiling memchr v2.3.3
[INFO] [stderr]    Compiling openssl v0.10.29
[INFO] [stderr]    Compiling native-tls v0.2.4
[INFO] [stderr]     Checking quick-error v1.2.3
[INFO] [stderr]     Checking regex-syntax v0.6.17
[INFO] [stderr]     Checking termcolor v1.1.0
[INFO] [stderr]     Checking utf-8 v0.7.5
[INFO] [stderr]    Compiling openssl-sys v0.9.55
[INFO] [stderr]     Checking thread_local v1.0.1
[INFO] [stderr]     Checking unicode-normalization v0.1.12
[INFO] [stderr]     Checking input_buffer v0.3.1
[INFO] [stderr]     Checking http v0.2.1
[INFO] [stderr]     Checking humantime v1.3.0
[INFO] [stderr]     Checking aho-corasick v0.7.10
[INFO] [stderr]     Checking getrandom v0.1.14
[INFO] [stderr]     Checking atty v0.2.14
[INFO] [stderr]     Checking idna v0.2.0
[INFO] [stderr]     Checking rand_core v0.5.1
[INFO] [stderr]     Checking rand_chacha v0.2.2
[INFO] [stderr]     Checking rand v0.7.3
[INFO] [stderr]     Checking url v2.1.1
[INFO] [stderr]     Checking generic-array v0.12.3
[INFO] [stderr]     Checking digest v0.8.1
[INFO] [stderr]     Checking block-buffer v0.7.3
[INFO] [stderr]     Checking sha-1 v0.8.2
[INFO] [stderr]     Checking regex v1.3.7
[INFO] [stderr]     Checking env_logger v0.6.2
[INFO] [stderr]     Checking tungstenite v0.10.1
[INFO] [stderr]     Checking wschatrs v0.1.0 (/opt/rustwide/workdir)
[INFO] [stdout] error[E0308]: mismatched types
[INFO] [stdout]  --> src/main.rs:8:9
[INFO] [stdout]   |
[INFO] [stdout] 7 |     match std::io::stdin().read_line(&mut line).unwrap() {
[INFO] [stdout]   |           ---------------------------------------------- this expression has type `usize`
[INFO] [stdout] 8 |         "Y" => client::client(),
[INFO] [stdout]   |         ^^^ expected `usize`, found `&str`
[INFO] [stdout] 
[INFO] [stdout] 
[INFO] [stdout] error[E0308]: mismatched types
[INFO] [stdout]  --> src/main.rs:9:9
[INFO] [stdout]   |
[INFO] [stdout] 7 |     match std::io::stdin().read_line(&mut line).unwrap() {
[INFO] [stdout]   |           ---------------------------------------------- this expression has type `usize`
[INFO] [stdout] 8 |         "Y" => client::client(),
[INFO] [stdout] 9 |         "y" => client::client(),
[INFO] [stdout]   |         ^^^ expected `usize`, found `&str`
[INFO] [stdout] 
[INFO] [stdout] 
[INFO] [stdout] error: aborting due to 2 previous errors
[INFO] [stdout] 
[INFO] [stdout] 
[INFO] [stdout] For more information about this error, try `rustc --explain E0308`.
[INFO] [stdout] 
[INFO] [stderr] error: could not compile `wschatrs`.
[INFO] [stderr] 
[INFO] [stderr] To learn more, run the command again with --verbose.
[INFO] [stderr] warning: build failed, waiting for other jobs to finish...
[INFO] [stdout] error[E0308]: mismatched types
[INFO] [stdout]  --> src/main.rs:8:9
[INFO] [stdout]   |
[INFO] [stdout] 7 |     match std::io::stdin().read_line(&mut line).unwrap() {
[INFO] [stdout]   |           ---------------------------------------------- this expression has type `usize`
[INFO] [stdout] 8 |         "Y" => client::client(),
[INFO] [stdout]   |         ^^^ expected `usize`, found `&str`
[INFO] [stdout] 
[INFO] [stdout] 
[INFO] [stdout] error[E0308]: mismatched types
[INFO] [stdout]  --> src/main.rs:9:9
[INFO] [stdout]   |
[INFO] [stdout] 7 |     match std::io::stdin().read_line(&mut line).unwrap() {
[INFO] [stdout]   |           ---------------------------------------------- this expression has type `usize`
[INFO] [stdout] 8 |         "Y" => client::client(),
[INFO] [stdout] 9 |         "y" => client::client(),
[INFO] [stdout]   |         ^^^ expected `usize`, found `&str`
[INFO] [stdout] 
[INFO] [stdout] 
[INFO] [stdout] error: aborting due to 2 previous errors
[INFO] [stdout] 
[INFO] [stdout] 
[INFO] [stdout] For more information about this error, try `rustc --explain E0308`.
[INFO] [stdout] 
[INFO] [stderr] error: build failed
[INFO] running `Command { std: "docker" "inspect" "530048715bdaf0d85f6749afb10985c2274112d4a39ba4567fb291f11062bc69", kill_on_drop: false }`
[INFO] running `Command { std: "docker" "rm" "-f" "530048715bdaf0d85f6749afb10985c2274112d4a39ba4567fb291f11062bc69", kill_on_drop: false }`
[INFO] [stdout] 530048715bdaf0d85f6749afb10985c2274112d4a39ba4567fb291f11062bc69
