[INFO] cloning repository https://github.com/cottonguard/rust-http-server
[INFO] running `Command { std: "git" "-c" "credential.helper=" "-c" "credential.helper=/workspace/cargo-home/bin/git-credential-null" "clone" "--bare" "https://github.com/cottonguard/rust-http-server" "/workspace/cache/git-repos/https%3A%2F%2Fgithub.com%2Fcottonguard%2Frust-http-server", kill_on_drop: false }`
[INFO] [stderr] Cloning into bare repository '/workspace/cache/git-repos/https%3A%2F%2Fgithub.com%2Fcottonguard%2Frust-http-server'...
[INFO] running `Command { std: "git" "rev-parse" "HEAD", kill_on_drop: false }`
[INFO] [stdout] 9a781651b7d6a31c95eed92255942ac6052211ae
[INFO] checking cottonguard/rust-http-server against beta-2020-07-24 for pr-75494-beta
[INFO] running `Command { std: "git" "clone" "/workspace/cache/git-repos/https%3A%2F%2Fgithub.com%2Fcottonguard%2Frust-http-server" "/workspace/builds/worker-0/source", kill_on_drop: false }`
[INFO] [stderr] Cloning into '/workspace/builds/worker-0/source'...
[INFO] [stderr] done.
[INFO] validating manifest of git repo https://github.com/cottonguard/rust-http-server on toolchain beta-2020-07-24
[INFO] running `Command { std: "/workspace/cargo-home/bin/cargo" "+beta-2020-07-24" "read-manifest" "--manifest-path" "Cargo.toml", kill_on_drop: false }`
[INFO] started tweaking git repo https://github.com/cottonguard/rust-http-server
[INFO] finished tweaking git repo https://github.com/cottonguard/rust-http-server
[INFO] tweaked toml for git repo https://github.com/cottonguard/rust-http-server written to /workspace/builds/worker-0/source/Cargo.toml
[INFO] crate git repo https://github.com/cottonguard/rust-http-server already has a lockfile, it will not be regenerated
[INFO] running `Command { std: "/workspace/cargo-home/bin/cargo" "+beta-2020-07-24" "fetch" "--locked" "--manifest-path" "Cargo.toml", kill_on_drop: false }`
[INFO] running `Command { std: "docker" "create" "-v" "/var/lib/crater-agent-workspace/builds/worker-0/target:/opt/rustwide/target:rw,Z" "-v" "/var/lib/crater-agent-workspace/builds/worker-0/source:/opt/rustwide/workdir:ro,Z" "-v" "/var/lib/crater-agent-workspace/cargo-home:/opt/rustwide/cargo-home:ro,Z" "-v" "/var/lib/crater-agent-workspace/rustup-home:/opt/rustwide/rustup-home:ro,Z" "-e" "SOURCE_DIR=/opt/rustwide/workdir" "-e" "CARGO_TARGET_DIR=/opt/rustwide/target" "-e" "CARGO_HOME=/opt/rustwide/cargo-home" "-e" "RUSTUP_HOME=/opt/rustwide/rustup-home" "-w" "/opt/rustwide/workdir" "-m" "1610612736" "--user" "0:0" "--network" "none" "rustops/crates-build-env@sha256:a636fd89d022f18117e1dc8fb37a0a009933cdbbe082814857f0e2024962d47c" "/opt/rustwide/cargo-home/bin/cargo" "+beta-2020-07-24" "metadata" "--no-deps" "--format-version=1", kill_on_drop: false }`
[INFO] [stdout] 77b5d232ee03ddcde18d24b61aa9202e6cd53687f0ccfce3ae2187b558810c04
[INFO] [stderr] WARNING: Your kernel does not support swap limit capabilities or the cgroup is not mounted. Memory limited without swap.
[INFO] running `Command { std: "docker" "start" "-a" "77b5d232ee03ddcde18d24b61aa9202e6cd53687f0ccfce3ae2187b558810c04", kill_on_drop: false }`
[INFO] running `Command { std: "docker" "inspect" "77b5d232ee03ddcde18d24b61aa9202e6cd53687f0ccfce3ae2187b558810c04", kill_on_drop: false }`
[INFO] running `Command { std: "docker" "rm" "-f" "77b5d232ee03ddcde18d24b61aa9202e6cd53687f0ccfce3ae2187b558810c04", kill_on_drop: false }`
[INFO] [stdout] 77b5d232ee03ddcde18d24b61aa9202e6cd53687f0ccfce3ae2187b558810c04
[INFO] running `Command { std: "docker" "create" "-v" "/var/lib/crater-agent-workspace/builds/worker-0/target:/opt/rustwide/target:rw,Z" "-v" "/var/lib/crater-agent-workspace/builds/worker-0/source:/opt/rustwide/workdir:ro,Z" "-v" "/var/lib/crater-agent-workspace/cargo-home:/opt/rustwide/cargo-home:ro,Z" "-v" "/var/lib/crater-agent-workspace/rustup-home:/opt/rustwide/rustup-home:ro,Z" "-e" "SOURCE_DIR=/opt/rustwide/workdir" "-e" "CARGO_TARGET_DIR=/opt/rustwide/target" "-e" "CARGO_INCREMENTAL=0" "-e" "RUST_BACKTRACE=full" "-e" "RUSTFLAGS=--cap-lints=forbid" "-e" "CARGO_HOME=/opt/rustwide/cargo-home" "-e" "RUSTUP_HOME=/opt/rustwide/rustup-home" "-w" "/opt/rustwide/workdir" "-m" "1610612736" "--user" "0:0" "--network" "none" "rustops/crates-build-env@sha256:a636fd89d022f18117e1dc8fb37a0a009933cdbbe082814857f0e2024962d47c" "/opt/rustwide/cargo-home/bin/cargo" "+beta-2020-07-24" "check" "--frozen" "--all" "--all-targets" "--message-format=json", kill_on_drop: false }`
[INFO] [stdout] 8e6cb2ac27e5ab672d3b607491ad08e2244f054a594a3c6e995924789d8ae927
[INFO] [stderr] WARNING: Your kernel does not support swap limit capabilities or the cgroup is not mounted. Memory limited without swap.
[INFO] running `Command { std: "docker" "start" "-a" "8e6cb2ac27e5ab672d3b607491ad08e2244f054a594a3c6e995924789d8ae927", kill_on_drop: false }`
[INFO] [stderr]    Compiling regex v1.0.5
[INFO] [stderr]     Checking ucd-util v0.1.1
[INFO] [stderr]     Checking utf8-ranges v1.0.1
[INFO] [stderr]     Checking quick-error v1.2.2
[INFO] [stderr]     Checking slab v0.4.1
[INFO] [stderr]     Checking lazycell v1.2.0
[INFO] [stderr]     Checking termcolor v1.0.4
[INFO] [stderr]    Compiling memchr v2.1.0
[INFO] [stderr]    Compiling lazy_static v1.1.0
[INFO] [stderr]     Checking log v0.4.6
[INFO] [stderr]     Checking net2 v0.2.33
[INFO] [stderr]     Checking iovec v0.1.2
[INFO] [stderr]     Checking humantime v1.1.1
[INFO] [stderr]     Checking regex-syntax v0.6.2
[INFO] [stderr]     Checking mio v0.6.16
[INFO] [stderr]     Checking thread_local v0.3.6
[INFO] [stderr]     Checking aho-corasick v0.6.8
[INFO] [stderr]     Checking env_logger v0.5.13
[INFO] [stderr]     Checking http v0.1.0 (/opt/rustwide/workdir)
[INFO] [stdout] error[E0554]: `#![feature]` may not be used on the beta release channel
[INFO] [stdout]  --> src/main.rs:1:1
[INFO] [stdout]   |
[INFO] [stdout] 1 | #![feature(pattern)]
[INFO] [stdout]   | ^^^^^^^^^^^^^^^^^^^^
[INFO] [stdout] 
[INFO] [stdout] 
[INFO] [stdout] error[E0554]: `#![feature]` may not be used on the beta release channel
[INFO] [stdout]  --> src/main.rs:1:1
[INFO] [stdout]   |
[INFO] [stdout] 1 | #![feature(pattern)]
[INFO] [stdout]   | ^^^^^^^^^^^^^^^^^^^^
[INFO] [stdout] 
[INFO] [stdout] 
[INFO] [stdout] warning: unused import: `super::*`
[INFO] [stdout]   --> src/static_router.rs:76:9
[INFO] [stdout]    |
[INFO] [stdout] 76 |     use super::*;
[INFO] [stdout]    |         ^^^^^^^^
[INFO] [stdout]    |
[INFO] [stdout]    = note: `#[warn(unused_imports)]` on by default
[INFO] [stdout] 
[INFO] [stdout] 
[INFO] [stdout] error: aborting due to previous error
[INFO] [stdout] 
[INFO] [stdout] 
[INFO] [stdout] For more information about this error, try `rustc --explain E0554`.
[INFO] [stdout] 
[INFO] [stdout] error[E0308]: mismatched types
[INFO] [stdout]    --> src/request.rs:135:13
[INFO] [stdout]     |
[INFO] [stdout] 135 |             b"Host: example.com:7777",
[INFO] [stdout]     |             ^^^^^^^^^^^^^^^^^^^^^^^^^ expected an array with a fixed size of 27 elements, found one with 22 elements
[INFO] [stdout]     |
[INFO] [stdout]     = note:   expected type `&[u8; 27]`
[INFO] [stdout]             found reference `&'static [u8; 22]`
[INFO] [stdout] 
[INFO] [stdout] 
[INFO] [stderr] error: could not compile `http`.
[INFO] [stderr] 
[INFO] [stderr] To learn more, run the command again with --verbose.
[INFO] [stderr] warning: build failed, waiting for other jobs to finish...
[INFO] [stdout] error[E0308]: mismatched types
[INFO] [stdout]    --> src/request.rs:152:34
[INFO] [stdout]     |
[INFO] [stdout] 150 |         ].iter().map(|s| s.to_string());
[INFO] [stdout]     |                      ----------------- the found closure
[INFO] [stdout] 151 | 
[INFO] [stdout] 152 |         let req = Request::parse(msg);
[INFO] [stdout]     |                                  ^^^ expected `&[u8]`, found struct `std::iter::Map`
[INFO] [stdout]     |
[INFO] [stdout]     = note: expected reference `&[u8]`
[INFO] [stdout]                   found struct `std::iter::Map<std::slice::Iter<'_, &str>, [closure@src/request.rs:150:22: 150:39]>`
[INFO] [stdout] 
[INFO] [stdout] 
[INFO] [stdout] error[E0308]: mismatched types
[INFO] [stdout]    --> src/request.rs:165:34
[INFO] [stdout]     |
[INFO] [stdout] 163 |         ].iter().map(|s| s.to_string());
[INFO] [stdout]     |                      ----------------- the found closure
[INFO] [stdout] 164 | 
[INFO] [stdout] 165 |         let req = Request::parse(msg);
[INFO] [stdout]     |                                  ^^^ expected `&[u8]`, found struct `std::iter::Map`
[INFO] [stdout]     |
[INFO] [stdout]     = note: expected reference `&[u8]`
[INFO] [stdout]                   found struct `std::iter::Map<std::slice::Iter<'_, &str>, [closure@src/request.rs:163:22: 163:39]>`
[INFO] [stdout] 
[INFO] [stdout] 
[INFO] [stdout] error: aborting due to 4 previous errors; 1 warning emitted
[INFO] [stdout] 
[INFO] [stdout] 
[INFO] [stdout] Some errors have detailed explanations: E0308, E0554.
[INFO] [stdout] 
[INFO] [stdout] For more information about an error, try `rustc --explain E0308`.
[INFO] [stdout] 
[INFO] [stderr] error: build failed
[INFO] running `Command { std: "docker" "inspect" "8e6cb2ac27e5ab672d3b607491ad08e2244f054a594a3c6e995924789d8ae927", kill_on_drop: false }`
[INFO] running `Command { std: "docker" "rm" "-f" "8e6cb2ac27e5ab672d3b607491ad08e2244f054a594a3c6e995924789d8ae927", kill_on_drop: false }`
[INFO] [stdout] 8e6cb2ac27e5ab672d3b607491ad08e2244f054a594a3c6e995924789d8ae927
