[INFO] cloning repository https://github.com/comfortablynick/shellenv
[INFO] running `Command { std: "git" "-c" "credential.helper=" "-c" "credential.helper=/workspace/cargo-home/bin/git-credential-null" "clone" "--bare" "https://github.com/comfortablynick/shellenv" "/workspace/cache/git-repos/https%3A%2F%2Fgithub.com%2Fcomfortablynick%2Fshellenv", kill_on_drop: false }`
[INFO] [stderr] Cloning into bare repository '/workspace/cache/git-repos/https%3A%2F%2Fgithub.com%2Fcomfortablynick%2Fshellenv'...
[INFO] running `Command { std: "git" "rev-parse" "HEAD", kill_on_drop: false }`
[INFO] [stdout] 7daa2d4479475f5632390c420929af084bba01a0
[INFO] checking comfortablynick/shellenv against beta-2020-07-24 for pr-75494-beta
[INFO] running `Command { std: "git" "clone" "/workspace/cache/git-repos/https%3A%2F%2Fgithub.com%2Fcomfortablynick%2Fshellenv" "/workspace/builds/worker-9/source", kill_on_drop: false }`
[INFO] [stderr] Cloning into '/workspace/builds/worker-9/source'...
[INFO] [stderr] done.
[INFO] validating manifest of git repo https://github.com/comfortablynick/shellenv on toolchain beta-2020-07-24
[INFO] running `Command { std: "/workspace/cargo-home/bin/cargo" "+beta-2020-07-24" "read-manifest" "--manifest-path" "Cargo.toml", kill_on_drop: false }`
[INFO] started tweaking git repo https://github.com/comfortablynick/shellenv
[INFO] finished tweaking git repo https://github.com/comfortablynick/shellenv
[INFO] tweaked toml for git repo https://github.com/comfortablynick/shellenv written to /workspace/builds/worker-9/source/Cargo.toml
[INFO] crate git repo https://github.com/comfortablynick/shellenv already has a lockfile, it will not be regenerated
[INFO] running `Command { std: "/workspace/cargo-home/bin/cargo" "+beta-2020-07-24" "fetch" "--locked" "--manifest-path" "Cargo.toml", kill_on_drop: false }`
[INFO] running `Command { std: "docker" "create" "-v" "/var/lib/crater-agent-workspace/builds/worker-9/target:/opt/rustwide/target:rw,Z" "-v" "/var/lib/crater-agent-workspace/builds/worker-9/source:/opt/rustwide/workdir:ro,Z" "-v" "/var/lib/crater-agent-workspace/cargo-home:/opt/rustwide/cargo-home:ro,Z" "-v" "/var/lib/crater-agent-workspace/rustup-home:/opt/rustwide/rustup-home:ro,Z" "-e" "SOURCE_DIR=/opt/rustwide/workdir" "-e" "CARGO_TARGET_DIR=/opt/rustwide/target" "-e" "CARGO_HOME=/opt/rustwide/cargo-home" "-e" "RUSTUP_HOME=/opt/rustwide/rustup-home" "-w" "/opt/rustwide/workdir" "-m" "1610612736" "--user" "0:0" "--network" "none" "rustops/crates-build-env@sha256:a636fd89d022f18117e1dc8fb37a0a009933cdbbe082814857f0e2024962d47c" "/opt/rustwide/cargo-home/bin/cargo" "+beta-2020-07-24" "metadata" "--no-deps" "--format-version=1", kill_on_drop: false }`
[INFO] [stderr] WARNING: Your kernel does not support swap limit capabilities or the cgroup is not mounted. Memory limited without swap.
[INFO] [stdout] 4f1d879b555a598856a036c50abf37d333f330bda88b3357e9fdb01e322ff82c
[INFO] running `Command { std: "docker" "start" "-a" "4f1d879b555a598856a036c50abf37d333f330bda88b3357e9fdb01e322ff82c", kill_on_drop: false }`
[INFO] running `Command { std: "docker" "inspect" "4f1d879b555a598856a036c50abf37d333f330bda88b3357e9fdb01e322ff82c", kill_on_drop: false }`
[INFO] running `Command { std: "docker" "rm" "-f" "4f1d879b555a598856a036c50abf37d333f330bda88b3357e9fdb01e322ff82c", kill_on_drop: false }`
[INFO] [stdout] 4f1d879b555a598856a036c50abf37d333f330bda88b3357e9fdb01e322ff82c
[INFO] running `Command { std: "docker" "create" "-v" "/var/lib/crater-agent-workspace/builds/worker-9/target:/opt/rustwide/target:rw,Z" "-v" "/var/lib/crater-agent-workspace/builds/worker-9/source:/opt/rustwide/workdir:ro,Z" "-v" "/var/lib/crater-agent-workspace/cargo-home:/opt/rustwide/cargo-home:ro,Z" "-v" "/var/lib/crater-agent-workspace/rustup-home:/opt/rustwide/rustup-home:ro,Z" "-e" "SOURCE_DIR=/opt/rustwide/workdir" "-e" "CARGO_TARGET_DIR=/opt/rustwide/target" "-e" "CARGO_INCREMENTAL=0" "-e" "RUST_BACKTRACE=full" "-e" "RUSTFLAGS=--cap-lints=forbid" "-e" "CARGO_HOME=/opt/rustwide/cargo-home" "-e" "RUSTUP_HOME=/opt/rustwide/rustup-home" "-w" "/opt/rustwide/workdir" "-m" "1610612736" "--user" "0:0" "--network" "none" "rustops/crates-build-env@sha256:a636fd89d022f18117e1dc8fb37a0a009933cdbbe082814857f0e2024962d47c" "/opt/rustwide/cargo-home/bin/cargo" "+beta-2020-07-24" "check" "--frozen" "--all" "--all-targets" "--message-format=json", kill_on_drop: false }`
[INFO] [stdout] 5bc62bb165a87da83027db4a65e994737fce2e011b0814858b2057abec1b4d15
[INFO] [stderr] WARNING: Your kernel does not support swap limit capabilities or the cgroup is not mounted. Memory limited without swap.
[INFO] running `Command { std: "docker" "start" "-a" "5bc62bb165a87da83027db4a65e994737fce2e011b0814858b2057abec1b4d15", kill_on_drop: false }`
[INFO] [stderr]    Compiling autocfg v1.0.0
[INFO] [stderr]    Compiling syn v1.0.33
[INFO] [stderr]    Compiling serde_derive v1.0.114
[INFO] [stderr]    Compiling serde v1.0.114
[INFO] [stderr]    Compiling libc v0.2.72
[INFO] [stderr]    Compiling memchr v2.2.1
[INFO] [stderr]    Compiling maybe-uninit v2.0.0
[INFO] [stderr]    Compiling version_check v0.9.2
[INFO] [stderr]    Compiling semver-parser v0.7.0
[INFO] [stderr]    Compiling byteorder v1.3.4
[INFO] [stderr]    Compiling ryu v1.0.5
[INFO] [stderr]    Compiling rayon-core v1.7.1
[INFO] [stderr]     Checking scopeguard v1.1.0
[INFO] [stderr]    Compiling bitflags v1.2.1
[INFO] [stderr]     Checking itoa v0.4.6
[INFO] [stderr]     Checking either v1.5.3
[INFO] [stderr]    Compiling unicode-segmentation v1.6.0
[INFO] [stderr]     Checking same-file v1.0.6
[INFO] [stderr]     Checking quick-error v1.2.3
[INFO] [stderr]     Checking termcolor v1.1.0
[INFO] [stderr]    Compiling anyhow v1.0.31
[INFO] [stderr]     Checking half v1.6.0
[INFO] [stderr]     Checking os_str_bytes v2.3.1
[INFO] [stderr]     Checking oorandom v11.1.2
[INFO] [stderr]     Checking strsim v0.10.0
[INFO] [stderr]     Checking lazy_format v1.7.4
[INFO] [stderr]    Compiling semver v0.9.0
[INFO] [stderr]     Checking textwrap v0.11.0
[INFO] [stderr]     Checking itertools v0.9.0
[INFO] [stderr]     Checking walkdir v2.3.1
[INFO] [stderr]     Checking humantime v1.3.0
[INFO] [stderr]    Compiling proc-macro2 v1.0.18
[INFO] [stderr]    Compiling proc-macro-error-attr v0.4.12
[INFO] [stderr]    Compiling proc-macro-error v0.4.12
[INFO] [stderr]    Compiling heck v0.3.1
[INFO] [stderr]     Checking clap v2.33.1
[INFO] [stderr]    Compiling crossbeam-utils v0.7.2
[INFO] [stderr]    Compiling memoffset v0.5.5
[INFO] [stderr]    Compiling crossbeam-epoch v0.8.2
[INFO] [stderr]    Compiling num-traits v0.2.12
[INFO] [stderr]    Compiling rayon v1.3.1
[INFO] [stderr]    Compiling rustc_version v0.2.3
[INFO] [stderr]     Checking aho-corasick v0.7.13
[INFO] [stderr]     Checking csv-core v0.1.10
[INFO] [stderr]     Checking regex-automata v0.1.9
[INFO] [stderr]    Compiling cast v0.2.3
[INFO] [stderr]    Compiling quote v1.0.7
[INFO] [stderr]     Checking num_cpus v1.13.0
[INFO] [stderr]     Checking atty v0.2.13
[INFO] [stderr]     Checking crossbeam-queue v0.2.3
[INFO] [stderr]     Checking criterion-plot v0.4.3
[INFO] [stderr]     Checking crossbeam-deque v0.7.3
[INFO] [stderr]     Checking regex v1.3.9
[INFO] [stderr]     Checking plotters v0.2.15
[INFO] [stderr]     Checking env_logger v0.7.1
[INFO] [stderr]    Compiling syn-mid v0.5.0
[INFO] [stderr]    Compiling clap_derive v3.0.0-beta.1
[INFO] [stderr]     Checking clap v3.0.0-beta.1
[INFO] [stderr]     Checking serde_json v1.0.46
[INFO] [stderr]     Checking bstr v0.2.13
[INFO] [stderr]     Checking serde_cbor v0.11.1
[INFO] [stderr]     Checking toml v0.5.6
[INFO] [stderr]     Checking csv v1.1.3
[INFO] [stderr]     Checking tinytemplate v1.1.0
[INFO] [stderr]     Checking criterion v0.3.3
[INFO] [stderr]     Checking shellenv v0.1.0 (/opt/rustwide/workdir)
[INFO] [stdout] error[E0433]: failed to resolve: use of undeclared type or module `assert_cmd`
[INFO] [stdout]  --> tests/cli.rs:1:5
[INFO] [stdout]   |
[INFO] [stdout] 1 | use assert_cmd::prelude::*;
[INFO] [stdout]   |     ^^^^^^^^^^ use of undeclared type or module `assert_cmd`
[INFO] [stdout] 
[INFO] [stdout] 
[INFO] [stdout] error[E0433]: failed to resolve: use of undeclared type or module `predicates`
[INFO] [stdout]  --> tests/cli.rs:2:5
[INFO] [stdout]   |
[INFO] [stdout] 2 | use predicates::prelude::*;
[INFO] [stdout]   |     ^^^^^^^^^^ use of undeclared type or module `predicates`
[INFO] [stdout] 
[INFO] [stdout] 
[INFO] [stdout] error[E0432]: unresolved imports `assert_cmd::prelude::*`, `predicates::prelude::*`
[INFO] [stdout]  --> tests/cli.rs:1:5
[INFO] [stdout]   |
[INFO] [stdout] 1 | use assert_cmd::prelude::*;
[INFO] [stdout]   |     ^^^^^^^^^^^^^^^^^^^^^^
[INFO] [stdout] 2 | use predicates::prelude::*;
[INFO] [stdout]   |     ^^^^^^^^^^^^^^^^^^^^^^
[INFO] [stdout] 
[INFO] [stdout] 
[INFO] [stdout] error[E0433]: failed to resolve: use of undeclared type or module `assert_cmd`
[INFO] [stdout]  --> tests/cli.rs:1:5
[INFO] [stdout]   |
[INFO] [stdout] 1 | use assert_cmd::prelude::*;
[INFO] [stdout]   |     ^^^^^^^^^^ use of undeclared type or module `assert_cmd`
[INFO] [stdout] 
[INFO] [stdout] 
[INFO] [stdout] error[E0433]: failed to resolve: use of undeclared type or module `predicates`
[INFO] [stdout]  --> tests/cli.rs:2:5
[INFO] [stdout]   |
[INFO] [stdout] 2 | use predicates::prelude::*;
[INFO] [stdout]   |     ^^^^^^^^^^ use of undeclared type or module `predicates`
[INFO] [stdout] 
[INFO] [stdout] 
[INFO] [stdout] error[E0432]: unresolved imports `assert_cmd::prelude::*`, `predicates::prelude::*`
[INFO] [stdout]  --> tests/cli.rs:1:5
[INFO] [stdout]   |
[INFO] [stdout] 1 | use assert_cmd::prelude::*;
[INFO] [stdout]   |     ^^^^^^^^^^^^^^^^^^^^^^
[INFO] [stdout] 2 | use predicates::prelude::*;
[INFO] [stdout]   |     ^^^^^^^^^^^^^^^^^^^^^^
[INFO] [stdout] 
[INFO] [stdout] 
[INFO] [stdout] error[E0433]: failed to resolve: use of undeclared type or module `predicate`
[INFO] [stdout]   --> tests/cli.rs:12:28
[INFO] [stdout]    |
[INFO] [stdout] 12 |         .stderr(predicate::str::contains("No such file or directory"));
[INFO] [stdout]    |                            ^^^ not found in `predicate`
[INFO] [stdout]    |
[INFO] [stdout] help: consider importing one of these items
[INFO] [stdout]    |
[INFO] [stdout] 1  | use core::primitive::str;
[INFO] [stdout]    |
[INFO] [stdout] 1  | use std::primitive::str;
[INFO] [stdout]    |
[INFO] [stdout] 
[INFO] [stdout] 
[INFO] [stdout] error[E0433]: failed to resolve: use of undeclared type or module `predicate`
[INFO] [stdout]   --> tests/cli.rs:12:28
[INFO] [stdout]    |
[INFO] [stdout] 12 |         .stderr(predicate::str::contains("No such file or directory"));
[INFO] [stdout]    |                            ^^^ not found in `predicate`
[INFO] [stdout]    |
[INFO] [stdout] help: consider importing one of these items
[INFO] [stdout]    |
[INFO] [stdout] 1  | use core::primitive::str;
[INFO] [stdout]    |
[INFO] [stdout] 1  | use std::primitive::str;
[INFO] [stdout]    |
[INFO] [stdout] 
[INFO] [stdout] 
[INFO] [stdout] error[E0599]: no function or associated item named `cargo_bin` found for struct `std::process::Command` in the current scope
[INFO] [stdout]  --> tests/cli.rs:8:28
[INFO] [stdout]   |
[INFO] [stdout] 8 |     let mut cmd = Command::cargo_bin("shellenv")?;
[INFO] [stdout]   |                            ^^^^^^^^^ function or associated item not found in `std::process::Command`
[INFO] [stdout] 
[INFO] [stdout] 
[INFO] [stdout] error[E0599]: no function or associated item named `cargo_bin` found for struct `std::process::Command` in the current scope
[INFO] [stdout]  --> tests/cli.rs:8:28
[INFO] [stdout]   |
[INFO] [stdout] 8 |     let mut cmd = Command::cargo_bin("shellenv")?;
[INFO] [stdout]   |                            ^^^^^^^^^ function or associated item not found in `std::process::Command`
[INFO] [stdout] 
[INFO] [stdout] 
[INFO] [stdout] error: aborting due to 5 previous errors
[INFO] [stdout] 
[INFO] [stdout] 
[INFO] [stdout] Some errors have detailed explanations: E0432, E0433, E0599.
[INFO] [stdout] 
[INFO] [stdout] For more information about an error, try `rustc --explain E0432`.
[INFO] [stdout] 
[INFO] [stdout] error: aborting due to 5 previous errors
[INFO] [stdout] 
[INFO] [stdout] 
[INFO] [stdout] Some errors have detailed explanations: E0432, E0433, E0599.
[INFO] [stdout] 
[INFO] [stdout] For more information about an error, try `rustc --explain E0432`.
[INFO] [stdout] 
[INFO] [stderr] error: could not compile `shellenv`.
[INFO] [stderr] 
[INFO] [stderr] To learn more, run the command again with --verbose.
[INFO] [stderr] warning: build failed, waiting for other jobs to finish...
[INFO] [stderr] error: build failed
[INFO] running `Command { std: "docker" "inspect" "5bc62bb165a87da83027db4a65e994737fce2e011b0814858b2057abec1b4d15", kill_on_drop: false }`
[INFO] running `Command { std: "docker" "rm" "-f" "5bc62bb165a87da83027db4a65e994737fce2e011b0814858b2057abec1b4d15", kill_on_drop: false }`
[INFO] [stdout] 5bc62bb165a87da83027db4a65e994737fce2e011b0814858b2057abec1b4d15
