[INFO] cloning repository https://github.com/codechenx/tion
[INFO] running `Command { std: "git" "-c" "credential.helper=" "-c" "credential.helper=/workspace/cargo-home/bin/git-credential-null" "clone" "--bare" "https://github.com/codechenx/tion" "/workspace/cache/git-repos/https%3A%2F%2Fgithub.com%2Fcodechenx%2Ftion", kill_on_drop: false }`
[INFO] [stderr] Cloning into bare repository '/workspace/cache/git-repos/https%3A%2F%2Fgithub.com%2Fcodechenx%2Ftion'...
[INFO] running `Command { std: "git" "rev-parse" "HEAD", kill_on_drop: false }`
[INFO] [stdout] ac9c7fdfe693395fbcc06a8cb5f8a79799fd3633
[INFO] checking codechenx/tion against beta-2020-07-24 for pr-75494-beta
[INFO] running `Command { std: "git" "clone" "/workspace/cache/git-repos/https%3A%2F%2Fgithub.com%2Fcodechenx%2Ftion" "/workspace/builds/worker-8/source", kill_on_drop: false }`
[INFO] [stderr] Cloning into '/workspace/builds/worker-8/source'...
[INFO] [stderr] done.
[INFO] validating manifest of git repo https://github.com/codechenx/tion on toolchain beta-2020-07-24
[INFO] running `Command { std: "/workspace/cargo-home/bin/cargo" "+beta-2020-07-24" "read-manifest" "--manifest-path" "Cargo.toml", kill_on_drop: false }`
[INFO] started tweaking git repo https://github.com/codechenx/tion
[INFO] finished tweaking git repo https://github.com/codechenx/tion
[INFO] tweaked toml for git repo https://github.com/codechenx/tion written to /workspace/builds/worker-8/source/Cargo.toml
[INFO] crate git repo https://github.com/codechenx/tion already has a lockfile, it will not be regenerated
[INFO] running `Command { std: "/workspace/cargo-home/bin/cargo" "+beta-2020-07-24" "fetch" "--locked" "--manifest-path" "Cargo.toml", kill_on_drop: false }`
[INFO] running `Command { std: "docker" "create" "-v" "/var/lib/crater-agent-workspace/builds/worker-8/target:/opt/rustwide/target:rw,Z" "-v" "/var/lib/crater-agent-workspace/builds/worker-8/source:/opt/rustwide/workdir:ro,Z" "-v" "/var/lib/crater-agent-workspace/cargo-home:/opt/rustwide/cargo-home:ro,Z" "-v" "/var/lib/crater-agent-workspace/rustup-home:/opt/rustwide/rustup-home:ro,Z" "-e" "SOURCE_DIR=/opt/rustwide/workdir" "-e" "CARGO_TARGET_DIR=/opt/rustwide/target" "-e" "CARGO_HOME=/opt/rustwide/cargo-home" "-e" "RUSTUP_HOME=/opt/rustwide/rustup-home" "-w" "/opt/rustwide/workdir" "-m" "1610612736" "--user" "0:0" "--network" "none" "rustops/crates-build-env@sha256:a636fd89d022f18117e1dc8fb37a0a009933cdbbe082814857f0e2024962d47c" "/opt/rustwide/cargo-home/bin/cargo" "+beta-2020-07-24" "metadata" "--no-deps" "--format-version=1", kill_on_drop: false }`
[INFO] [stdout] 505c3498ab0222e44d0bce3b7aaac49740f0a59aac7757573884230255b08e9d
[INFO] [stderr] WARNING: Your kernel does not support swap limit capabilities or the cgroup is not mounted. Memory limited without swap.
[INFO] running `Command { std: "docker" "start" "-a" "505c3498ab0222e44d0bce3b7aaac49740f0a59aac7757573884230255b08e9d", kill_on_drop: false }`
[INFO] running `Command { std: "docker" "inspect" "505c3498ab0222e44d0bce3b7aaac49740f0a59aac7757573884230255b08e9d", kill_on_drop: false }`
[INFO] running `Command { std: "docker" "rm" "-f" "505c3498ab0222e44d0bce3b7aaac49740f0a59aac7757573884230255b08e9d", kill_on_drop: false }`
[INFO] [stdout] 505c3498ab0222e44d0bce3b7aaac49740f0a59aac7757573884230255b08e9d
[INFO] running `Command { std: "docker" "create" "-v" "/var/lib/crater-agent-workspace/builds/worker-8/target:/opt/rustwide/target:rw,Z" "-v" "/var/lib/crater-agent-workspace/builds/worker-8/source:/opt/rustwide/workdir:ro,Z" "-v" "/var/lib/crater-agent-workspace/cargo-home:/opt/rustwide/cargo-home:ro,Z" "-v" "/var/lib/crater-agent-workspace/rustup-home:/opt/rustwide/rustup-home:ro,Z" "-e" "SOURCE_DIR=/opt/rustwide/workdir" "-e" "CARGO_TARGET_DIR=/opt/rustwide/target" "-e" "CARGO_INCREMENTAL=0" "-e" "RUST_BACKTRACE=full" "-e" "RUSTFLAGS=--cap-lints=forbid" "-e" "CARGO_HOME=/opt/rustwide/cargo-home" "-e" "RUSTUP_HOME=/opt/rustwide/rustup-home" "-w" "/opt/rustwide/workdir" "-m" "1610612736" "--user" "0:0" "--network" "none" "rustops/crates-build-env@sha256:a636fd89d022f18117e1dc8fb37a0a009933cdbbe082814857f0e2024962d47c" "/opt/rustwide/cargo-home/bin/cargo" "+beta-2020-07-24" "check" "--frozen" "--all" "--all-targets" "--message-format=json", kill_on_drop: false }`
[INFO] [stderr] WARNING: Your kernel does not support swap limit capabilities or the cgroup is not mounted. Memory limited without swap.
[INFO] [stdout] b627ee51b600718507c2fbf0258924ab807387b9202f28f4d5902e48bd858dac
[INFO] running `Command { std: "docker" "start" "-a" "b627ee51b600718507c2fbf0258924ab807387b9202f28f4d5902e48bd858dac", kill_on_drop: false }`
[INFO] [stderr]    Compiling libc v0.2.51
[INFO] [stderr]     Checking termion v1.5.1
[INFO] [stderr]     Checking tion v0.1.0 (/opt/rustwide/workdir)
[INFO] [stdout] warning: unused imports: `clear`, `cursor`
[INFO] [stdout]  --> src/lib.rs:2:22
[INFO] [stdout]   |
[INFO] [stdout] 2 | use termion::{color, cursor, clear};
[INFO] [stdout]   |                      ^^^^^^  ^^^^^
[INFO] [stdout]   |
[INFO] [stdout]   = note: `#[warn(unused_imports)]` on by default
[INFO] [stdout] 
[INFO] [stdout] 
[INFO] [stdout] error[E0046]: not all trait items implemented, missing: `set_foreground_color`, `set_background_color`
[INFO] [stdout]   --> src/lib.rs:72:1
[INFO] [stdout]    |
[INFO] [stdout] 37 |     fn set_foreground_color(&self);
[INFO] [stdout]    |     ------------------------------- `set_foreground_color` from trait
[INFO] [stdout] 38 |     fn set_background_color(&self);
[INFO] [stdout]    |     ------------------------------- `set_background_color` from trait
[INFO] [stdout] ...
[INFO] [stdout] 72 | impl Draw for Box {
[INFO] [stdout]    | ^^^^^^^^^^^^^^^^^ missing `set_foreground_color`, `set_background_color` in implementation
[INFO] [stdout] 
[INFO] [stdout] 
[INFO] [stdout] warning: unused imports: `clear`, `cursor`
[INFO] [stdout]  --> src/lib.rs:2:22
[INFO] [stdout]   |
[INFO] [stdout] 2 | use termion::{color, cursor, clear};
[INFO] [stdout]   |                      ^^^^^^  ^^^^^
[INFO] [stdout]   |
[INFO] [stdout]   = note: `#[warn(unused_imports)]` on by default
[INFO] [stdout] 
[INFO] [stdout] 
[INFO] [stdout] error[E0046]: not all trait items implemented, missing: `set_foreground_color`, `set_background_color`
[INFO] [stdout]   --> src/lib.rs:72:1
[INFO] [stdout]    |
[INFO] [stdout] 37 |     fn set_foreground_color(&self);
[INFO] [stdout]    |     ------------------------------- `set_foreground_color` from trait
[INFO] [stdout] 38 |     fn set_background_color(&self);
[INFO] [stdout]    |     ------------------------------- `set_background_color` from trait
[INFO] [stdout] ...
[INFO] [stdout] 72 | impl Draw for Box {
[INFO] [stdout]    | ^^^^^^^^^^^^^^^^^ missing `set_foreground_color`, `set_background_color` in implementation
[INFO] [stdout] 
[INFO] [stdout] 
[INFO] [stdout] error[E0308]: mismatched types
[INFO] [stdout]   --> src/lib.rs:76:19
[INFO] [stdout]    |
[INFO] [stdout] 76 |             size: termion::terminal_size(),
[INFO] [stdout]    |                   ^^^^^^^^^^^^^^^^^^^^^^^^ expected tuple, found enum `std::result::Result`
[INFO] [stdout]    |
[INFO] [stdout]    = note: expected tuple `(usize, usize, usize, usize)`
[INFO] [stdout]                found enum `std::result::Result<(u16, u16), std::io::Error>`
[INFO] [stdout] 
[INFO] [stdout] 
[INFO] [stdout] error[E0308]: mismatched types
[INFO] [stdout]   --> src/lib.rs:79:31
[INFO] [stdout]    |
[INFO] [stdout] 79 |             foregroundColor:  color::Fg,
[INFO] [stdout]    |                               ^^^^^^^^^ expected enum `std::result::Result`, found fn item
[INFO] [stdout]    |
[INFO] [stdout]    = note: expected enum `std::result::Result<(), std::fmt::Error>`
[INFO] [stdout]            found fn item `fn(_) -> termion::color::Fg<_> {termion::color::Fg::<_>}`
[INFO] [stdout] 
[INFO] [stdout] 
[INFO] [stdout] error[E0308]: mismatched types
[INFO] [stdout]   --> src/lib.rs:76:19
[INFO] [stdout]    |
[INFO] [stdout] 76 |             size: termion::terminal_size(),
[INFO] [stdout]    |                   ^^^^^^^^^^^^^^^^^^^^^^^^ expected tuple, found enum `std::result::Result`
[INFO] [stdout]    |
[INFO] [stdout]    = note: expected tuple `(usize, usize, usize, usize)`
[INFO] [stdout]                found enum `std::result::Result<(u16, u16), std::io::Error>`
[INFO] [stdout] 
[INFO] [stdout] 
[INFO] [stdout] error[E0308]: mismatched types
[INFO] [stdout]   --> src/lib.rs:80:31
[INFO] [stdout]    |
[INFO] [stdout] 80 |             backgroundColor:  color::Fg(color::Red)
[INFO] [stdout]    |                               ^^^^^^^^^^^^^^^^^^^^^ expected enum `std::result::Result`, found struct `termion::color::Fg`
[INFO] [stdout]    |
[INFO] [stdout]    = note: expected enum `std::result::Result<(), std::fmt::Error>`
[INFO] [stdout]             found struct `termion::color::Fg<termion::color::Red>`
[INFO] [stdout] 
[INFO] [stdout] 
[INFO] [stdout] error: aborting due to 4 previous errors; 1 warning emitted
[INFO] [stdout] 
[INFO] [stdout] 
[INFO] [stdout] Some errors have detailed explanations: E0046, E0308.
[INFO] [stdout] 
[INFO] [stdout] For more information about an error, try `rustc --explain E0046`.
[INFO] [stdout] 
[INFO] [stderr] error: could not compile `tion`.
[INFO] [stderr] 
[INFO] [stderr] To learn more, run the command again with --verbose.
[INFO] [stderr] warning: build failed, waiting for other jobs to finish...
[INFO] [stdout] error[E0308]: mismatched types
[INFO] [stdout]   --> src/lib.rs:79:31
[INFO] [stdout]    |
[INFO] [stdout] 79 |             foregroundColor:  color::Fg,
[INFO] [stdout]    |                               ^^^^^^^^^ expected enum `std::result::Result`, found fn item
[INFO] [stdout]    |
[INFO] [stdout]    = note: expected enum `std::result::Result<(), std::fmt::Error>`
[INFO] [stdout]            found fn item `fn(_) -> termion::color::Fg<_> {termion::color::Fg::<_>}`
[INFO] [stdout] 
[INFO] [stdout] 
[INFO] [stdout] error[E0308]: mismatched types
[INFO] [stdout]   --> src/lib.rs:80:31
[INFO] [stdout]    |
[INFO] [stdout] 80 |             backgroundColor:  color::Fg(color::Red)
[INFO] [stdout]    |                               ^^^^^^^^^^^^^^^^^^^^^ expected enum `std::result::Result`, found struct `termion::color::Fg`
[INFO] [stdout]    |
[INFO] [stdout]    = note: expected enum `std::result::Result<(), std::fmt::Error>`
[INFO] [stdout]             found struct `termion::color::Fg<termion::color::Red>`
[INFO] [stdout] 
[INFO] [stdout] 
[INFO] [stdout] error: aborting due to 4 previous errors; 1 warning emitted
[INFO] [stdout] 
[INFO] [stdout] 
[INFO] [stdout] Some errors have detailed explanations: E0046, E0308.
[INFO] [stdout] 
[INFO] [stdout] For more information about an error, try `rustc --explain E0046`.
[INFO] [stdout] 
[INFO] [stderr] error: build failed
[INFO] running `Command { std: "docker" "inspect" "b627ee51b600718507c2fbf0258924ab807387b9202f28f4d5902e48bd858dac", kill_on_drop: false }`
[INFO] running `Command { std: "docker" "rm" "-f" "b627ee51b600718507c2fbf0258924ab807387b9202f28f4d5902e48bd858dac", kill_on_drop: false }`
[INFO] [stdout] b627ee51b600718507c2fbf0258924ab807387b9202f28f4d5902e48bd858dac
