[INFO] cloning repository https://github.com/chnn/tsd
[INFO] running `Command { std: "git" "-c" "credential.helper=" "-c" "credential.helper=/workspace/cargo-home/bin/git-credential-null" "clone" "--bare" "https://github.com/chnn/tsd" "/workspace/cache/git-repos/https%3A%2F%2Fgithub.com%2Fchnn%2Ftsd", kill_on_drop: false }`
[INFO] [stderr] Cloning into bare repository '/workspace/cache/git-repos/https%3A%2F%2Fgithub.com%2Fchnn%2Ftsd'...
[INFO] running `Command { std: "git" "rev-parse" "HEAD", kill_on_drop: false }`
[INFO] [stdout] 0ef8aed69c93da5242b811527b0196d1bb384fc1
[INFO] checking chnn/tsd against beta-2020-07-24 for pr-75494-beta
[INFO] running `Command { std: "git" "clone" "/workspace/cache/git-repos/https%3A%2F%2Fgithub.com%2Fchnn%2Ftsd" "/workspace/builds/worker-12/source", kill_on_drop: false }`
[INFO] [stderr] Cloning into '/workspace/builds/worker-12/source'...
[INFO] [stderr] done.
[INFO] validating manifest of git repo https://github.com/chnn/tsd on toolchain beta-2020-07-24
[INFO] running `Command { std: "/workspace/cargo-home/bin/cargo" "+beta-2020-07-24" "read-manifest" "--manifest-path" "Cargo.toml", kill_on_drop: false }`
[INFO] started tweaking git repo https://github.com/chnn/tsd
[INFO] finished tweaking git repo https://github.com/chnn/tsd
[INFO] tweaked toml for git repo https://github.com/chnn/tsd written to /workspace/builds/worker-12/source/Cargo.toml
[INFO] crate git repo https://github.com/chnn/tsd already has a lockfile, it will not be regenerated
[INFO] running `Command { std: "/workspace/cargo-home/bin/cargo" "+beta-2020-07-24" "fetch" "--locked" "--manifest-path" "Cargo.toml", kill_on_drop: false }`
[INFO] [stderr]     Blocking waiting for file lock on package cache
[INFO] [stderr]     Blocking waiting for file lock on package cache
[INFO] running `Command { std: "docker" "create" "-v" "/var/lib/crater-agent-workspace/builds/worker-12/target:/opt/rustwide/target:rw,Z" "-v" "/var/lib/crater-agent-workspace/builds/worker-12/source:/opt/rustwide/workdir:ro,Z" "-v" "/var/lib/crater-agent-workspace/cargo-home:/opt/rustwide/cargo-home:ro,Z" "-v" "/var/lib/crater-agent-workspace/rustup-home:/opt/rustwide/rustup-home:ro,Z" "-e" "SOURCE_DIR=/opt/rustwide/workdir" "-e" "CARGO_TARGET_DIR=/opt/rustwide/target" "-e" "CARGO_HOME=/opt/rustwide/cargo-home" "-e" "RUSTUP_HOME=/opt/rustwide/rustup-home" "-w" "/opt/rustwide/workdir" "-m" "1610612736" "--user" "0:0" "--network" "none" "rustops/crates-build-env@sha256:a636fd89d022f18117e1dc8fb37a0a009933cdbbe082814857f0e2024962d47c" "/opt/rustwide/cargo-home/bin/cargo" "+beta-2020-07-24" "metadata" "--no-deps" "--format-version=1", kill_on_drop: false }`
[INFO] [stdout] b2542188e6be0f4c36832b223ce734d94086d31b4cdbeade978ffde7e08dce06
[INFO] [stderr] WARNING: Your kernel does not support swap limit capabilities or the cgroup is not mounted. Memory limited without swap.
[INFO] running `Command { std: "docker" "start" "-a" "b2542188e6be0f4c36832b223ce734d94086d31b4cdbeade978ffde7e08dce06", kill_on_drop: false }`
[INFO] running `Command { std: "docker" "inspect" "b2542188e6be0f4c36832b223ce734d94086d31b4cdbeade978ffde7e08dce06", kill_on_drop: false }`
[INFO] running `Command { std: "docker" "rm" "-f" "b2542188e6be0f4c36832b223ce734d94086d31b4cdbeade978ffde7e08dce06", kill_on_drop: false }`
[INFO] [stdout] b2542188e6be0f4c36832b223ce734d94086d31b4cdbeade978ffde7e08dce06
[INFO] running `Command { std: "docker" "create" "-v" "/var/lib/crater-agent-workspace/builds/worker-12/target:/opt/rustwide/target:rw,Z" "-v" "/var/lib/crater-agent-workspace/builds/worker-12/source:/opt/rustwide/workdir:ro,Z" "-v" "/var/lib/crater-agent-workspace/cargo-home:/opt/rustwide/cargo-home:ro,Z" "-v" "/var/lib/crater-agent-workspace/rustup-home:/opt/rustwide/rustup-home:ro,Z" "-e" "SOURCE_DIR=/opt/rustwide/workdir" "-e" "CARGO_TARGET_DIR=/opt/rustwide/target" "-e" "CARGO_INCREMENTAL=0" "-e" "RUST_BACKTRACE=full" "-e" "RUSTFLAGS=--cap-lints=forbid" "-e" "CARGO_HOME=/opt/rustwide/cargo-home" "-e" "RUSTUP_HOME=/opt/rustwide/rustup-home" "-w" "/opt/rustwide/workdir" "-m" "1610612736" "--user" "0:0" "--network" "none" "rustops/crates-build-env@sha256:a636fd89d022f18117e1dc8fb37a0a009933cdbbe082814857f0e2024962d47c" "/opt/rustwide/cargo-home/bin/cargo" "+beta-2020-07-24" "check" "--frozen" "--all" "--all-targets" "--message-format=json", kill_on_drop: false }`
[INFO] [stdout] 108a205924dbcdcaa9146b49ac03f3568f69ca6cca932a54ffce764c487d315a
[INFO] [stderr] WARNING: Your kernel does not support swap limit capabilities or the cgroup is not mounted. Memory limited without swap.
[INFO] running `Command { std: "docker" "start" "-a" "108a205924dbcdcaa9146b49ac03f3568f69ca6cca932a54ffce764c487d315a", kill_on_drop: false }`
[INFO] [stderr]    Compiling ucd-trie v0.1.1
[INFO] [stderr]    Compiling num-traits v0.2.6
[INFO] [stderr]    Compiling num-integer v0.1.39
[INFO] [stderr]    Compiling maplit v1.0.1
[INFO] [stderr]     Checking libc v0.2.43
[INFO] [stderr]    Compiling proc-macro2 v0.4.20
[INFO] [stderr]     Checking pest v2.0.1
[INFO] [stderr]    Compiling quote v0.6.8
[INFO] [stderr]     Checking time v0.1.40
[INFO] [stderr]    Compiling syn v0.14.9
[INFO] [stderr]    Compiling pest_meta v2.0.3
[INFO] [stderr]     Checking chrono v0.4.6
[INFO] [stderr]    Compiling pest_generator v2.0.0
[INFO] [stderr]    Compiling pest_derive v2.0.1
[INFO] [stderr]     Checking tsd v0.1.0 (/opt/rustwide/workdir)
[INFO] [stdout] error[E0554]: `#![feature]` may not be used on the beta release channel
[INFO] [stdout]  --> src/lib.rs:1:1
[INFO] [stdout]   |
[INFO] [stdout] 1 | #![feature(nll)]
[INFO] [stdout]   | ^^^^^^^^^^^^^^^^
[INFO] [stdout] 
[INFO] [stdout] 
[INFO] [stdout] error[E0554]: `#![feature]` may not be used on the beta release channel
[INFO] [stdout]  --> src/lib.rs:1:1
[INFO] [stdout]   |
[INFO] [stdout] 1 | #![feature(nll)]
[INFO] [stdout]   | ^^^^^^^^^^^^^^^^
[INFO] [stdout] 
[INFO] [stdout] 
[INFO] [stdout] error: aborting due to previous error
[INFO] [stdout] 
[INFO] [stdout] 
[INFO] [stdout] For more information about this error, try `rustc --explain E0554`.
[INFO] [stdout] 
[INFO] [stderr] error: could not compile `tsd`.
[INFO] [stderr] 
[INFO] [stderr] To learn more, run the command again with --verbose.
[INFO] [stderr] warning: build failed, waiting for other jobs to finish...
[INFO] [stdout] error[E0308]: mismatched types
[INFO] [stdout]    --> src/tags.rs:201:9
[INFO] [stdout]     |
[INFO] [stdout] 201 |         assert_eq!(actual, expected)
[INFO] [stdout]     |         ^^^^^^^^^^^^^^^^^^^^^^^^^^^^ expected enum `std::result::Result`, found enum `tags::Logical`
[INFO] [stdout]     |
[INFO] [stdout]     = note: expected enum `std::result::Result<tags::Logical, ()>`
[INFO] [stdout]                found enum `tags::Logical`
[INFO] [stdout]     = note: this error originates in a macro (in Nightly builds, run with -Z macro-backtrace for more info)
[INFO] [stdout] 
[INFO] [stdout] 
[INFO] [stdout] error[E0308]: mismatched types
[INFO] [stdout]    --> src/tags.rs:215:9
[INFO] [stdout]     |
[INFO] [stdout] 215 |         assert_eq!(actual, expected)
[INFO] [stdout]     |         ^^^^^^^^^^^^^^^^^^^^^^^^^^^^ expected enum `std::result::Result`, found enum `tags::Logical`
[INFO] [stdout]     |
[INFO] [stdout]     = note: expected enum `std::result::Result<tags::Logical, ()>`
[INFO] [stdout]                found enum `tags::Logical`
[INFO] [stdout]     = note: this error originates in a macro (in Nightly builds, run with -Z macro-backtrace for more info)
[INFO] [stdout] 
[INFO] [stdout] 
[INFO] [stdout] error[E0308]: mismatched types
[INFO] [stdout]    --> src/tags.rs:237:9
[INFO] [stdout]     |
[INFO] [stdout] 237 |         assert_eq!(actual, expected)
[INFO] [stdout]     |         ^^^^^^^^^^^^^^^^^^^^^^^^^^^^ expected enum `std::result::Result`, found enum `tags::Logical`
[INFO] [stdout]     |
[INFO] [stdout]     = note: expected enum `std::result::Result<tags::Logical, ()>`
[INFO] [stdout]                found enum `tags::Logical`
[INFO] [stdout]     = note: this error originates in a macro (in Nightly builds, run with -Z macro-backtrace for more info)
[INFO] [stdout] 
[INFO] [stdout] 
[INFO] [stdout] error[E0308]: mismatched types
[INFO] [stdout]    --> src/tags.rs:259:9
[INFO] [stdout]     |
[INFO] [stdout] 259 |         assert_eq!(actual, expected)
[INFO] [stdout]     |         ^^^^^^^^^^^^^^^^^^^^^^^^^^^^ expected enum `std::result::Result`, found enum `tags::Logical`
[INFO] [stdout]     |
[INFO] [stdout]     = note: expected enum `std::result::Result<tags::Logical, ()>`
[INFO] [stdout]                found enum `tags::Logical`
[INFO] [stdout]     = note: this error originates in a macro (in Nightly builds, run with -Z macro-backtrace for more info)
[INFO] [stdout] 
[INFO] [stdout] 
[INFO] [stdout] error: aborting due to 5 previous errors
[INFO] [stdout] 
[INFO] [stdout] 
[INFO] [stdout] Some errors have detailed explanations: E0308, E0554.
[INFO] [stdout] 
[INFO] [stdout] For more information about an error, try `rustc --explain E0308`.
[INFO] [stdout] 
[INFO] [stderr] error: build failed
[INFO] running `Command { std: "docker" "inspect" "108a205924dbcdcaa9146b49ac03f3568f69ca6cca932a54ffce764c487d315a", kill_on_drop: false }`
[INFO] running `Command { std: "docker" "rm" "-f" "108a205924dbcdcaa9146b49ac03f3568f69ca6cca932a54ffce764c487d315a", kill_on_drop: false }`
[INFO] [stdout] 108a205924dbcdcaa9146b49ac03f3568f69ca6cca932a54ffce764c487d315a
