[INFO] cloning repository https://github.com/caiges/pwong
[INFO] running `Command { std: "git" "-c" "credential.helper=" "-c" "credential.helper=/workspace/cargo-home/bin/git-credential-null" "clone" "--bare" "https://github.com/caiges/pwong" "/workspace/cache/git-repos/https%3A%2F%2Fgithub.com%2Fcaiges%2Fpwong", kill_on_drop: false }`
[INFO] [stderr] Cloning into bare repository '/workspace/cache/git-repos/https%3A%2F%2Fgithub.com%2Fcaiges%2Fpwong'...
[INFO] running `Command { std: "git" "rev-parse" "HEAD", kill_on_drop: false }`
[INFO] [stdout] c37d50e669b76b8faa7ae8a313b90d20f66a54f1
[INFO] checking caiges/pwong against beta-2020-07-24 for pr-75494-beta
[INFO] running `Command { std: "git" "clone" "/workspace/cache/git-repos/https%3A%2F%2Fgithub.com%2Fcaiges%2Fpwong" "/workspace/builds/worker-8/source", kill_on_drop: false }`
[INFO] [stderr] Cloning into '/workspace/builds/worker-8/source'...
[INFO] [stderr] done.
[INFO] validating manifest of git repo https://github.com/caiges/pwong on toolchain beta-2020-07-24
[INFO] running `Command { std: "/workspace/cargo-home/bin/cargo" "+beta-2020-07-24" "read-manifest" "--manifest-path" "Cargo.toml", kill_on_drop: false }`
[INFO] started tweaking git repo https://github.com/caiges/pwong
[INFO] finished tweaking git repo https://github.com/caiges/pwong
[INFO] tweaked toml for git repo https://github.com/caiges/pwong written to /workspace/builds/worker-8/source/Cargo.toml
[INFO] crate git repo https://github.com/caiges/pwong already has a lockfile, it will not be regenerated
[INFO] running `Command { std: "/workspace/cargo-home/bin/cargo" "+beta-2020-07-24" "fetch" "--locked" "--manifest-path" "Cargo.toml", kill_on_drop: false }`
[INFO] running `Command { std: "docker" "create" "-v" "/var/lib/crater-agent-workspace/builds/worker-8/target:/opt/rustwide/target:rw,Z" "-v" "/var/lib/crater-agent-workspace/builds/worker-8/source:/opt/rustwide/workdir:ro,Z" "-v" "/var/lib/crater-agent-workspace/cargo-home:/opt/rustwide/cargo-home:ro,Z" "-v" "/var/lib/crater-agent-workspace/rustup-home:/opt/rustwide/rustup-home:ro,Z" "-e" "SOURCE_DIR=/opt/rustwide/workdir" "-e" "CARGO_TARGET_DIR=/opt/rustwide/target" "-e" "CARGO_HOME=/opt/rustwide/cargo-home" "-e" "RUSTUP_HOME=/opt/rustwide/rustup-home" "-w" "/opt/rustwide/workdir" "-m" "1610612736" "--user" "0:0" "--network" "none" "rustops/crates-build-env@sha256:a636fd89d022f18117e1dc8fb37a0a009933cdbbe082814857f0e2024962d47c" "/opt/rustwide/cargo-home/bin/cargo" "+beta-2020-07-24" "metadata" "--no-deps" "--format-version=1", kill_on_drop: false }`
[INFO] [stdout] 6dc6ca2553b06710f4c01ac396ec3e9997150ccc840914cb6c6ab3e249ecf6f5
[INFO] [stderr] WARNING: Your kernel does not support swap limit capabilities or the cgroup is not mounted. Memory limited without swap.
[INFO] running `Command { std: "docker" "start" "-a" "6dc6ca2553b06710f4c01ac396ec3e9997150ccc840914cb6c6ab3e249ecf6f5", kill_on_drop: false }`
[INFO] running `Command { std: "docker" "inspect" "6dc6ca2553b06710f4c01ac396ec3e9997150ccc840914cb6c6ab3e249ecf6f5", kill_on_drop: false }`
[INFO] running `Command { std: "docker" "rm" "-f" "6dc6ca2553b06710f4c01ac396ec3e9997150ccc840914cb6c6ab3e249ecf6f5", kill_on_drop: false }`
[INFO] [stdout] 6dc6ca2553b06710f4c01ac396ec3e9997150ccc840914cb6c6ab3e249ecf6f5
[INFO] running `Command { std: "docker" "create" "-v" "/var/lib/crater-agent-workspace/builds/worker-8/target:/opt/rustwide/target:rw,Z" "-v" "/var/lib/crater-agent-workspace/builds/worker-8/source:/opt/rustwide/workdir:ro,Z" "-v" "/var/lib/crater-agent-workspace/cargo-home:/opt/rustwide/cargo-home:ro,Z" "-v" "/var/lib/crater-agent-workspace/rustup-home:/opt/rustwide/rustup-home:ro,Z" "-e" "SOURCE_DIR=/opt/rustwide/workdir" "-e" "CARGO_TARGET_DIR=/opt/rustwide/target" "-e" "CARGO_INCREMENTAL=0" "-e" "RUST_BACKTRACE=full" "-e" "RUSTFLAGS=--cap-lints=forbid" "-e" "CARGO_HOME=/opt/rustwide/cargo-home" "-e" "RUSTUP_HOME=/opt/rustwide/rustup-home" "-w" "/opt/rustwide/workdir" "-m" "1610612736" "--user" "0:0" "--network" "none" "rustops/crates-build-env@sha256:a636fd89d022f18117e1dc8fb37a0a009933cdbbe082814857f0e2024962d47c" "/opt/rustwide/cargo-home/bin/cargo" "+beta-2020-07-24" "check" "--frozen" "--all" "--all-targets" "--message-format=json", kill_on_drop: false }`
[INFO] [stderr] WARNING: Your kernel does not support swap limit capabilities or the cgroup is not mounted. Memory limited without swap.
[INFO] [stdout] f0ee253bee9e7ad9533ba7f42a5a6559631508c633bdb9e902979e28e11b4937
[INFO] running `Command { std: "docker" "start" "-a" "f0ee253bee9e7ad9533ba7f42a5a6559631508c633bdb9e902979e28e11b4937", kill_on_drop: false }`
[INFO] [stderr]     Checking libc v0.2.23
[INFO] [stderr]     Checking num-traits v0.1.37
[INFO] [stderr]     Checking rustc-serialize v0.3.24
[INFO] [stderr]    Compiling bitflags v0.7.0
[INFO] [stderr]    Compiling khronos_api v1.0.1
[INFO] [stderr]    Compiling sdl2-sys v0.30.0
[INFO] [stderr]     Checking lazy_static v0.2.8
[INFO] [stderr]    Compiling xml-rs v0.3.6
[INFO] [stderr]     Checking rand v0.3.15
[INFO] [stderr]     Checking time v0.1.37
[INFO] [stderr]     Checking num-integer v0.1.34
[INFO] [stderr]    Compiling gl_generator v0.5.3
[INFO] [stderr]     Checking num-iter v0.1.33
[INFO] [stderr]    Compiling gl v0.6.2
[INFO] [stderr]     Checking num-bigint v0.1.37
[INFO] [stderr]     Checking num-complex v0.1.37
[INFO] [stderr]     Checking num-rational v0.1.36
[INFO] [stderr]     Checking num v0.1.37
[INFO] [stderr]     Checking sdl2 v0.30.0
[INFO] [stderr]     Checking pwong v0.0.1 (/opt/rustwide/workdir)
[INFO] [stdout] error[E0599]: no method named `move_it` found for struct `entities::paddle::Paddle` in the current scope
[INFO] [stdout]   --> src/entities/paddle.rs:97:12
[INFO] [stdout]    |
[INFO] [stdout] 20 | pub struct Paddle {
[INFO] [stdout]    | ----------------- method `move_it` not found for this
[INFO] [stdout] ...
[INFO] [stdout] 97 |         p1.move_it();
[INFO] [stdout]    |            ^^^^^^^ method not found in `entities::paddle::Paddle`
[INFO] [stdout] 
[INFO] [stdout] 
[INFO] [stdout] error[E0599]: no method named `move_it` found for struct `entities::paddle::Paddle` in the current scope
[INFO] [stdout]    --> src/entities/paddle.rs:102:12
[INFO] [stdout]     |
[INFO] [stdout] 20  | pub struct Paddle {
[INFO] [stdout]     | ----------------- method `move_it` not found for this
[INFO] [stdout] ...
[INFO] [stdout] 102 |         p1.move_it();
[INFO] [stdout]     |            ^^^^^^^ method not found in `entities::paddle::Paddle`
[INFO] [stdout] 
[INFO] [stdout] 
[INFO] [stdout] error[E0599]: no method named `move_it` found for struct `entities::paddle::Paddle` in the current scope
[INFO] [stdout]    --> src/entities/paddle.rs:109:12
[INFO] [stdout]     |
[INFO] [stdout] 20  | pub struct Paddle {
[INFO] [stdout]     | ----------------- method `move_it` not found for this
[INFO] [stdout] ...
[INFO] [stdout] 109 |         p1.move_it();
[INFO] [stdout]     |            ^^^^^^^ method not found in `entities::paddle::Paddle`
[INFO] [stdout] 
[INFO] [stdout] 
[INFO] [stdout] error[E0599]: no method named `move_it` found for struct `entities::paddle::Paddle` in the current scope
[INFO] [stdout]    --> src/entities/paddle.rs:118:12
[INFO] [stdout]     |
[INFO] [stdout] 20  | pub struct Paddle {
[INFO] [stdout]     | ----------------- method `move_it` not found for this
[INFO] [stdout] ...
[INFO] [stdout] 118 |         p1.move_it();
[INFO] [stdout]     |            ^^^^^^^ method not found in `entities::paddle::Paddle`
[INFO] [stdout] 
[INFO] [stdout] 
[INFO] [stdout] error[E0599]: no method named `move_it` found for struct `entities::paddle::Paddle` in the current scope
[INFO] [stdout]    --> src/entities/paddle.rs:124:12
[INFO] [stdout]     |
[INFO] [stdout] 20  | pub struct Paddle {
[INFO] [stdout]     | ----------------- method `move_it` not found for this
[INFO] [stdout] ...
[INFO] [stdout] 124 |         p1.move_it();
[INFO] [stdout]     |            ^^^^^^^ method not found in `entities::paddle::Paddle`
[INFO] [stdout] 
[INFO] [stdout] 
[INFO] [stdout] error[E0599]: no method named `move_it` found for struct `entities::paddle::Paddle` in the current scope
[INFO] [stdout]    --> src/entities/paddle.rs:130:12
[INFO] [stdout]     |
[INFO] [stdout] 20  | pub struct Paddle {
[INFO] [stdout]     | ----------------- method `move_it` not found for this
[INFO] [stdout] ...
[INFO] [stdout] 130 |         p1.move_it();
[INFO] [stdout]     |            ^^^^^^^ method not found in `entities::paddle::Paddle`
[INFO] [stdout] 
[INFO] [stdout] 
[INFO] [stdout] error: aborting due to 6 previous errors
[INFO] [stdout] 
[INFO] [stdout] 
[INFO] [stdout] For more information about this error, try `rustc --explain E0599`.
[INFO] [stdout] 
[INFO] [stderr] error: could not compile `pwong`.
[INFO] [stderr] 
[INFO] [stderr] To learn more, run the command again with --verbose.
[INFO] [stderr] warning: build failed, waiting for other jobs to finish...
[INFO] [stderr] error: build failed
[INFO] running `Command { std: "docker" "inspect" "f0ee253bee9e7ad9533ba7f42a5a6559631508c633bdb9e902979e28e11b4937", kill_on_drop: false }`
[INFO] running `Command { std: "docker" "rm" "-f" "f0ee253bee9e7ad9533ba7f42a5a6559631508c633bdb9e902979e28e11b4937", kill_on_drop: false }`
[INFO] [stdout] f0ee253bee9e7ad9533ba7f42a5a6559631508c633bdb9e902979e28e11b4937
