[INFO] cloning repository https://github.com/cGuille/rushlog
[INFO] running `Command { std: "git" "-c" "credential.helper=" "-c" "credential.helper=/workspace/cargo-home/bin/git-credential-null" "clone" "--bare" "https://github.com/cGuille/rushlog" "/workspace/cache/git-repos/https%3A%2F%2Fgithub.com%2FcGuille%2Frushlog", kill_on_drop: false }`
[INFO] [stderr] Cloning into bare repository '/workspace/cache/git-repos/https%3A%2F%2Fgithub.com%2FcGuille%2Frushlog'...
[INFO] running `Command { std: "git" "rev-parse" "HEAD", kill_on_drop: false }`
[INFO] [stdout] c8ef76ef3dbdfa3d28b7fc1738d8b3241e37368d
[INFO] checking cGuille/rushlog against beta-2020-07-24 for pr-75494-beta
[INFO] running `Command { std: "git" "clone" "/workspace/cache/git-repos/https%3A%2F%2Fgithub.com%2FcGuille%2Frushlog" "/workspace/builds/worker-2/source", kill_on_drop: false }`
[INFO] [stderr] Cloning into '/workspace/builds/worker-2/source'...
[INFO] [stderr] done.
[INFO] validating manifest of git repo https://github.com/cGuille/rushlog on toolchain beta-2020-07-24
[INFO] running `Command { std: "/workspace/cargo-home/bin/cargo" "+beta-2020-07-24" "read-manifest" "--manifest-path" "Cargo.toml", kill_on_drop: false }`
[INFO] started tweaking git repo https://github.com/cGuille/rushlog
[INFO] finished tweaking git repo https://github.com/cGuille/rushlog
[INFO] tweaked toml for git repo https://github.com/cGuille/rushlog written to /workspace/builds/worker-2/source/Cargo.toml
[INFO] crate git repo https://github.com/cGuille/rushlog already has a lockfile, it will not be regenerated
[INFO] running `Command { std: "/workspace/cargo-home/bin/cargo" "+beta-2020-07-24" "fetch" "--locked" "--manifest-path" "Cargo.toml", kill_on_drop: false }`
[INFO] [stderr]     Blocking waiting for file lock on package cache
[INFO] running `Command { std: "docker" "create" "-v" "/var/lib/crater-agent-workspace/builds/worker-2/target:/opt/rustwide/target:rw,Z" "-v" "/var/lib/crater-agent-workspace/builds/worker-2/source:/opt/rustwide/workdir:ro,Z" "-v" "/var/lib/crater-agent-workspace/cargo-home:/opt/rustwide/cargo-home:ro,Z" "-v" "/var/lib/crater-agent-workspace/rustup-home:/opt/rustwide/rustup-home:ro,Z" "-e" "SOURCE_DIR=/opt/rustwide/workdir" "-e" "CARGO_TARGET_DIR=/opt/rustwide/target" "-e" "CARGO_HOME=/opt/rustwide/cargo-home" "-e" "RUSTUP_HOME=/opt/rustwide/rustup-home" "-w" "/opt/rustwide/workdir" "-m" "1610612736" "--user" "0:0" "--network" "none" "rustops/crates-build-env@sha256:a636fd89d022f18117e1dc8fb37a0a009933cdbbe082814857f0e2024962d47c" "/opt/rustwide/cargo-home/bin/cargo" "+beta-2020-07-24" "metadata" "--no-deps" "--format-version=1", kill_on_drop: false }`
[INFO] [stdout] c080cabafa44e8eedf7900c361f2c29f1ee0fe3d6c2c5c6d9095852b95760f44
[INFO] [stderr] WARNING: Your kernel does not support swap limit capabilities or the cgroup is not mounted. Memory limited without swap.
[INFO] running `Command { std: "docker" "start" "-a" "c080cabafa44e8eedf7900c361f2c29f1ee0fe3d6c2c5c6d9095852b95760f44", kill_on_drop: false }`
[INFO] running `Command { std: "docker" "inspect" "c080cabafa44e8eedf7900c361f2c29f1ee0fe3d6c2c5c6d9095852b95760f44", kill_on_drop: false }`
[INFO] running `Command { std: "docker" "rm" "-f" "c080cabafa44e8eedf7900c361f2c29f1ee0fe3d6c2c5c6d9095852b95760f44", kill_on_drop: false }`
[INFO] [stdout] c080cabafa44e8eedf7900c361f2c29f1ee0fe3d6c2c5c6d9095852b95760f44
[INFO] running `Command { std: "docker" "create" "-v" "/var/lib/crater-agent-workspace/builds/worker-2/target:/opt/rustwide/target:rw,Z" "-v" "/var/lib/crater-agent-workspace/builds/worker-2/source:/opt/rustwide/workdir:ro,Z" "-v" "/var/lib/crater-agent-workspace/cargo-home:/opt/rustwide/cargo-home:ro,Z" "-v" "/var/lib/crater-agent-workspace/rustup-home:/opt/rustwide/rustup-home:ro,Z" "-e" "SOURCE_DIR=/opt/rustwide/workdir" "-e" "CARGO_TARGET_DIR=/opt/rustwide/target" "-e" "CARGO_INCREMENTAL=0" "-e" "RUST_BACKTRACE=full" "-e" "RUSTFLAGS=--cap-lints=forbid" "-e" "CARGO_HOME=/opt/rustwide/cargo-home" "-e" "RUSTUP_HOME=/opt/rustwide/rustup-home" "-w" "/opt/rustwide/workdir" "-m" "1610612736" "--user" "0:0" "--network" "none" "rustops/crates-build-env@sha256:a636fd89d022f18117e1dc8fb37a0a009933cdbbe082814857f0e2024962d47c" "/opt/rustwide/cargo-home/bin/cargo" "+beta-2020-07-24" "check" "--frozen" "--all" "--all-targets" "--message-format=json", kill_on_drop: false }`
[INFO] [stdout] 14f4d855630f81fcbe67fa00dfe6e04b677dfd35092402294ca50f3091f3b4f6
[INFO] [stderr] WARNING: Your kernel does not support swap limit capabilities or the cgroup is not mounted. Memory limited without swap.
[INFO] running `Command { std: "docker" "start" "-a" "14f4d855630f81fcbe67fa00dfe6e04b677dfd35092402294ca50f3091f3b4f6", kill_on_drop: false }`
[INFO] [stderr]     Checking libc v0.2.21
[INFO] [stderr]     Checking num-traits v0.1.37
[INFO] [stderr]     Checking void v1.0.2
[INFO] [stderr]     Checking rustc-serialize v0.3.23
[INFO] [stderr]     Checking log v0.3.7
[INFO] [stderr]     Checking lazy_static v0.2.4
[INFO] [stderr]     Checking httparse v1.2.1
[INFO] [stderr]     Checking modifier v0.1.0
[INFO] [stderr]     Checking regex-syntax v0.4.0
[INFO] [stderr]     Checking itoa v0.3.1
[INFO] [stderr]     Checking bitflags v0.4.0
[INFO] [stderr]     Checking dtoa v0.4.1
[INFO] [stderr]     Checking serde v0.9.12
[INFO] [stderr]     Checking bufstream v0.1.2
[INFO] [stderr]     Checking route-recognizer v0.1.11
[INFO] [stderr]     Checking bitflags v0.7.0
[INFO] [stderr]     Checking nom v2.1.0
[INFO] [stderr]     Checking unicode-bidi v0.2.5
[INFO] [stderr]     Checking unsafe-any v0.4.1
[INFO] [stderr]    Compiling synom v0.11.3
[INFO] [stderr]     Checking error v0.1.9
[INFO] [stderr]     Checking unreachable v0.1.1
[INFO] [stderr]    Compiling hyper v0.10.5
[INFO] [stderr]    Compiling nix v0.7.0
[INFO] [stderr]     Checking typemap v0.3.3
[INFO] [stderr]     Checking mime v0.2.3
[INFO] [stderr]    Compiling syn v0.11.9
[INFO] [stderr]     Checking plugin v0.2.6
[INFO] [stderr]     Checking idna v0.1.0
[INFO] [stderr]     Checking time v0.1.36
[INFO] [stderr]     Checking num_cpus v1.3.0
[INFO] [stderr]     Checking memchr v1.0.1
[INFO] [stderr]     Checking thread-id v3.0.0
[INFO] [stderr]     Checking rand v0.3.15
[INFO] [stderr]     Checking net2 v0.2.27
[INFO] [stderr]     Checking thread_local v0.3.3
[INFO] [stderr]     Checking aho-corasick v0.6.3
[INFO] [stderr]     Checking num-integer v0.1.33
[INFO] [stderr]     Checking num-iter v0.1.33
[INFO] [stderr]     Checking num v0.1.37
[INFO] [stderr]     Checking chrono v0.3.0
[INFO] [stderr]     Checking uuid v0.4.0
[INFO] [stderr]     Checking twox-hash v1.0.1
[INFO] [stderr]     Checking url v1.4.0
[INFO] [stdout] error[E0214]: parenthesized type parameters may only be used with a `Fn` trait
[INFO] [stdout]   --> /opt/rustwide/cargo-home/registry/src/github.com-1ecc6299db9ec823/twox-hash-1.0.1/src/number_streams.rs:67:23
[INFO] [stdout]    |
[INFO] [stdout] 67 |     fn count(self) -> usize() {
[INFO] [stdout]    |                       ^^^^^^^ only `Fn` traits may use parentheses
[INFO] [stdout] ...
[INFO] [stdout] 74 | number_stream!(U32FromBytes, u32, U32_BYTES);
[INFO] [stdout]    | --------------------------------------------- in this macro invocation
[INFO] [stdout]    |
[INFO] [stdout]    = note: this error originates in a macro (in Nightly builds, run with -Z macro-backtrace for more info)
[INFO] [stdout] 
[INFO] [stdout] 
[INFO] [stdout] error[E0214]: parenthesized type parameters may only be used with a `Fn` trait
[INFO] [stdout]   --> /opt/rustwide/cargo-home/registry/src/github.com-1ecc6299db9ec823/twox-hash-1.0.1/src/number_streams.rs:67:23
[INFO] [stdout]    |
[INFO] [stdout] 67 |     fn count(self) -> usize() {
[INFO] [stdout]    |                       ^^^^^^^ only `Fn` traits may use parentheses
[INFO] [stdout] ...
[INFO] [stdout] 75 | number_stream!(U64FromBytes, u64, U64_BYTES);
[INFO] [stdout]    | --------------------------------------------- in this macro invocation
[INFO] [stdout]    |
[INFO] [stdout]    = note: this error originates in a macro (in Nightly builds, run with -Z macro-backtrace for more info)
[INFO] [stdout] 
[INFO] [stdout] 
[INFO] [stderr]     Checking regex v0.2.1
[INFO] [stdout] error: aborting due to 2 previous errors
[INFO] [stdout] 
[INFO] [stdout] 
[INFO] [stdout] For more information about this error, try `rustc --explain E0214`.
[INFO] [stdout] 
[INFO] [stderr] error: could not compile `twox-hash`.
[INFO] [stderr] 
[INFO] [stderr] To learn more, run the command again with --verbose.
[INFO] [stderr] warning: build failed, waiting for other jobs to finish...
[INFO] [stdout] error[E0713]: borrow may still be in use when destructor runs
[INFO] [stdout]    --> /opt/rustwide/cargo-home/registry/src/github.com-1ecc6299db9ec823/url-1.4.0/src/form_urlencoded.rs:246:40
[INFO] [stdout]     |
[INFO] [stdout] 244 | impl<'a> Target for ::UrlQuery<'a> {
[INFO] [stdout]     |      -- lifetime `'a` defined here
[INFO] [stdout] 245 |     fn as_mut_string(&mut self) -> &mut String { &mut self.url.serialization }
[INFO] [stdout] 246 |     fn finish(self) -> &'a mut ::Url { self.url }
[INFO] [stdout]     |                                        ^^^^^^^^ - here, drop of `self` needs exclusive access to `*self.url`, because the type `UrlQuery<'_>` implements the `Drop` trait
[INFO] [stdout]     |                                        |
[INFO] [stdout]     |                                        returning this value requires that `*self.url` is borrowed for `'a`
[INFO] [stdout] 
[INFO] [stdout] 
[INFO] [stdout] error: aborting due to previous error
[INFO] [stdout] 
[INFO] [stdout] 
[INFO] [stdout] For more information about this error, try `rustc --explain E0713`.
[INFO] [stdout] 
[INFO] [stderr] error: build failed
[INFO] running `Command { std: "docker" "inspect" "14f4d855630f81fcbe67fa00dfe6e04b677dfd35092402294ca50f3091f3b4f6", kill_on_drop: false }`
[INFO] running `Command { std: "docker" "rm" "-f" "14f4d855630f81fcbe67fa00dfe6e04b677dfd35092402294ca50f3091f3b4f6", kill_on_drop: false }`
[INFO] [stdout] 14f4d855630f81fcbe67fa00dfe6e04b677dfd35092402294ca50f3091f3b4f6
