[INFO] cloning repository https://github.com/c4fe/manualmap-rs
[INFO] running `Command { std: "git" "-c" "credential.helper=" "-c" "credential.helper=/workspace/cargo-home/bin/git-credential-null" "clone" "--bare" "https://github.com/c4fe/manualmap-rs" "/workspace/cache/git-repos/https%3A%2F%2Fgithub.com%2Fc4fe%2Fmanualmap-rs", kill_on_drop: false }`
[INFO] [stderr] Cloning into bare repository '/workspace/cache/git-repos/https%3A%2F%2Fgithub.com%2Fc4fe%2Fmanualmap-rs'...
[INFO] running `Command { std: "git" "rev-parse" "HEAD", kill_on_drop: false }`
[INFO] [stdout] 1b8b049b606025ab1a32d2d656152d5068347b88
[INFO] checking c4fe/manualmap-rs against beta-2020-07-24 for pr-75494-beta
[INFO] running `Command { std: "git" "clone" "/workspace/cache/git-repos/https%3A%2F%2Fgithub.com%2Fc4fe%2Fmanualmap-rs" "/workspace/builds/worker-1/source", kill_on_drop: false }`
[INFO] [stderr] Cloning into '/workspace/builds/worker-1/source'...
[INFO] [stderr] done.
[INFO] validating manifest of git repo https://github.com/c4fe/manualmap-rs on toolchain beta-2020-07-24
[INFO] running `Command { std: "/workspace/cargo-home/bin/cargo" "+beta-2020-07-24" "read-manifest" "--manifest-path" "Cargo.toml", kill_on_drop: false }`
[INFO] started tweaking git repo https://github.com/c4fe/manualmap-rs
[INFO] finished tweaking git repo https://github.com/c4fe/manualmap-rs
[INFO] tweaked toml for git repo https://github.com/c4fe/manualmap-rs written to /workspace/builds/worker-1/source/Cargo.toml
[INFO] running `Command { std: "/workspace/cargo-home/bin/cargo" "+beta-2020-07-24" "generate-lockfile" "--manifest-path" "Cargo.toml" "-Zno-index-update", kill_on_drop: false }`
[INFO] running `Command { std: "/workspace/cargo-home/bin/cargo" "+beta-2020-07-24" "fetch" "--locked" "--manifest-path" "Cargo.toml", kill_on_drop: false }`
[INFO] [stderr]     Blocking waiting for file lock on package cache
[INFO] running `Command { std: "docker" "create" "-v" "/var/lib/crater-agent-workspace/builds/worker-1/target:/opt/rustwide/target:rw,Z" "-v" "/var/lib/crater-agent-workspace/builds/worker-1/source:/opt/rustwide/workdir:ro,Z" "-v" "/var/lib/crater-agent-workspace/cargo-home:/opt/rustwide/cargo-home:ro,Z" "-v" "/var/lib/crater-agent-workspace/rustup-home:/opt/rustwide/rustup-home:ro,Z" "-e" "SOURCE_DIR=/opt/rustwide/workdir" "-e" "CARGO_TARGET_DIR=/opt/rustwide/target" "-e" "CARGO_HOME=/opt/rustwide/cargo-home" "-e" "RUSTUP_HOME=/opt/rustwide/rustup-home" "-w" "/opt/rustwide/workdir" "-m" "1610612736" "--user" "0:0" "--network" "none" "rustops/crates-build-env@sha256:a636fd89d022f18117e1dc8fb37a0a009933cdbbe082814857f0e2024962d47c" "/opt/rustwide/cargo-home/bin/cargo" "+beta-2020-07-24" "metadata" "--no-deps" "--format-version=1", kill_on_drop: false }`
[INFO] [stdout] 241e1cc7b909a8c7f4e9ab6a845f1fe1d1cecd92e3b3a9039994684ee16cf33c
[INFO] [stderr] WARNING: Your kernel does not support swap limit capabilities or the cgroup is not mounted. Memory limited without swap.
[INFO] running `Command { std: "docker" "start" "-a" "241e1cc7b909a8c7f4e9ab6a845f1fe1d1cecd92e3b3a9039994684ee16cf33c", kill_on_drop: false }`
[INFO] running `Command { std: "docker" "inspect" "241e1cc7b909a8c7f4e9ab6a845f1fe1d1cecd92e3b3a9039994684ee16cf33c", kill_on_drop: false }`
[INFO] running `Command { std: "docker" "rm" "-f" "241e1cc7b909a8c7f4e9ab6a845f1fe1d1cecd92e3b3a9039994684ee16cf33c", kill_on_drop: false }`
[INFO] [stdout] 241e1cc7b909a8c7f4e9ab6a845f1fe1d1cecd92e3b3a9039994684ee16cf33c
[INFO] running `Command { std: "docker" "create" "-v" "/var/lib/crater-agent-workspace/builds/worker-1/target:/opt/rustwide/target:rw,Z" "-v" "/var/lib/crater-agent-workspace/builds/worker-1/source:/opt/rustwide/workdir:ro,Z" "-v" "/var/lib/crater-agent-workspace/cargo-home:/opt/rustwide/cargo-home:ro,Z" "-v" "/var/lib/crater-agent-workspace/rustup-home:/opt/rustwide/rustup-home:ro,Z" "-e" "SOURCE_DIR=/opt/rustwide/workdir" "-e" "CARGO_TARGET_DIR=/opt/rustwide/target" "-e" "CARGO_INCREMENTAL=0" "-e" "RUST_BACKTRACE=full" "-e" "RUSTFLAGS=--cap-lints=forbid" "-e" "CARGO_HOME=/opt/rustwide/cargo-home" "-e" "RUSTUP_HOME=/opt/rustwide/rustup-home" "-w" "/opt/rustwide/workdir" "-m" "1610612736" "--user" "0:0" "--network" "none" "rustops/crates-build-env@sha256:a636fd89d022f18117e1dc8fb37a0a009933cdbbe082814857f0e2024962d47c" "/opt/rustwide/cargo-home/bin/cargo" "+beta-2020-07-24" "check" "--frozen" "--all" "--all-targets" "--message-format=json", kill_on_drop: false }`
[INFO] [stdout] 4a26c170e81a91e8c94c13a2d9928e41c3de2e9f64998c244cbe6e74450d8ff3
[INFO] [stderr] WARNING: Your kernel does not support swap limit capabilities or the cgroup is not mounted. Memory limited without swap.
[INFO] running `Command { std: "docker" "start" "-a" "4a26c170e81a91e8c94c13a2d9928e41c3de2e9f64998c244cbe6e74450d8ff3", kill_on_drop: false }`
[INFO] [stderr]    Compiling syn v1.0.39
[INFO] [stderr]    Compiling byteorder v1.3.4
[INFO] [stderr]    Compiling lazy_static v1.4.0
[INFO] [stderr]    Compiling winapi v0.3.9
[INFO] [stderr]    Compiling pelite-macros v0.1.0
[INFO] [stderr]     Checking patternscan v0.1.1
[INFO] [stderr]    Compiling proc-macro-error-attr v1.0.4
[INFO] [stderr]    Compiling proc-macro-error v1.0.4
[INFO] [stderr]    Compiling bitflags v1.2.1
[INFO] [stderr]     Checking memmap v0.7.0
[INFO] [stderr]    Compiling field-offset v0.3.1
[INFO] [stderr]     Checking pelite v0.8.1
[INFO] [stderr]    Compiling dynasm v1.0.0
[INFO] [stderr]     Checking dynasmrt v1.0.0
[INFO] [stderr]     Checking jector v0.1.0 (/opt/rustwide/workdir)
[INFO] [stdout] error[E0433]: failed to resolve: could not find `um` in `winapi`
[INFO] [stdout]  --> src/lib.rs:5:13
[INFO] [stdout]   |
[INFO] [stdout] 5 | use winapi::um::winnt::IMAGE_FILE_DLL;
[INFO] [stdout]   |             ^^ could not find `um` in `winapi`
[INFO] [stdout] 
[INFO] [stdout] 
[INFO] [stdout] error[E0433]: failed to resolve: could not find `shared` in `winapi`
[INFO] [stdout]   --> src/injection/loadlibrary.rs:19:13
[INFO] [stdout]    |
[INFO] [stdout] 19 | use winapi::shared::minwindef::MAX_PATH;
[INFO] [stdout]    |             ^^^^^^ could not find `shared` in `winapi`
[INFO] [stdout] 
[INFO] [stdout] 
[INFO] [stdout] error[E0433]: failed to resolve: could not find `shared` in `winapi`
[INFO] [stdout]   --> src/injection/manualmap.rs:21:13
[INFO] [stdout]    |
[INFO] [stdout] 21 | use winapi::shared::minwindef::{BOOL, DWORD, HINSTANCE, LPVOID};
[INFO] [stdout]    |             ^^^^^^ could not find `shared` in `winapi`
[INFO] [stdout] 
[INFO] [stdout] 
[INFO] [stdout] error[E0433]: failed to resolve: could not find `um` in `winapi`
[INFO] [stdout]   --> src/injection/manualmap.rs:22:13
[INFO] [stdout]    |
[INFO] [stdout] 22 | use winapi::um::winnt::{
[INFO] [stdout]    |             ^^ could not find `um` in `winapi`
[INFO] [stdout] 
[INFO] [stdout] 
[INFO] [stdout] error[E0432]: unresolved import `winapi::ctypes`
[INFO] [stdout]   --> src/injection/manualmap.rs:20:13
[INFO] [stdout]    |
[INFO] [stdout] 20 | use winapi::ctypes::c_void as winapic_void;
[INFO] [stdout]    |             ^^^^^^ could not find `ctypes` in `winapi`
[INFO] [stdout] 
[INFO] [stdout] 
[INFO] [stdout] error[E0432]: unresolved import `winapi::um`
[INFO] [stdout]  --> src/winapiwrapper/alloctype.rs:1:13
[INFO] [stdout]   |
[INFO] [stdout] 1 | use winapi::um::winnt;
[INFO] [stdout]   |             ^^ could not find `um` in `winapi`
[INFO] [stdout] 
[INFO] [stdout] 
[INFO] [stdout] error[E0433]: failed to resolve: could not find `um` in `winapi`
[INFO] [stdout]  --> src/winapiwrapper/handleowner.rs:1:13
[INFO] [stdout]   |
[INFO] [stdout] 1 | use winapi::um::winnt::HANDLE;
[INFO] [stdout]   |             ^^ could not find `um` in `winapi`
[INFO] [stdout] 
[INFO] [stdout] 
[INFO] [stdout] error[E0433]: failed to resolve: could not find `shared` in `winapi`
[INFO] [stdout]   --> src/winapiwrapper/library.rs:12:13
[INFO] [stdout]    |
[INFO] [stdout] 12 | use winapi::shared::minwindef::{HMODULE, LPVOID};
[INFO] [stdout]    |             ^^^^^^ could not find `shared` in `winapi`
[INFO] [stdout] 
[INFO] [stdout] 
[INFO] [stdout] error[E0433]: failed to resolve: could not find `um` in `winapi`
[INFO] [stdout]   --> src/winapiwrapper/library.rs:13:13
[INFO] [stdout]    |
[INFO] [stdout] 13 | use winapi::um::libloaderapi::{GetProcAddress, LoadLibraryA};
[INFO] [stdout]    |             ^^ could not find `um` in `winapi`
[INFO] [stdout] 
[INFO] [stdout] 
[INFO] [stdout] error[E0433]: failed to resolve: could not find `um` in `winapi`
[INFO] [stdout]   --> src/winapiwrapper/library.rs:14:13
[INFO] [stdout]    |
[INFO] [stdout] 14 | use winapi::um::psapi::{GetModuleInformation, MODULEINFO};
[INFO] [stdout]    |             ^^ could not find `um` in `winapi`
[INFO] [stdout] 
[INFO] [stdout] 
[INFO] [stdout] error[E0432]: unresolved import `winapi::um`
[INFO] [stdout]  --> src/winapiwrapper/freetype.rs:1:13
[INFO] [stdout]   |
[INFO] [stdout] 1 | use winapi::um::winnt;
[INFO] [stdout]   |             ^^ could not find `um` in `winapi`
[INFO] [stdout] 
[INFO] [stdout] 
[INFO] [stdout] error[E0433]: failed to resolve: could not find `shared` in `winapi`
[INFO] [stdout]   --> src/winapiwrapper/process.rs:13:13
[INFO] [stdout]    |
[INFO] [stdout] 13 | use winapi::shared::minwindef::LPVOID;
[INFO] [stdout]    |             ^^^^^^ could not find `shared` in `winapi`
[INFO] [stdout] 
[INFO] [stdout] 
[INFO] [stdout] error[E0433]: failed to resolve: could not find `um` in `winapi`
[INFO] [stdout]   --> src/winapiwrapper/process.rs:14:13
[INFO] [stdout]    |
[INFO] [stdout] 14 | use winapi::um::handleapi::CloseHandle;
[INFO] [stdout]    |             ^^ could not find `um` in `winapi`
[INFO] [stdout] 
[INFO] [stdout] 
[INFO] [stdout] error[E0433]: failed to resolve: could not find `um` in `winapi`
[INFO] [stdout]   --> src/winapiwrapper/process.rs:15:13
[INFO] [stdout]    |
[INFO] [stdout] 15 | use winapi::um::memoryapi::{ReadProcessMemory, VirtualProtectEx, WriteProcessMemory};
[INFO] [stdout]    |             ^^ could not find `um` in `winapi`
[INFO] [stdout] 
[INFO] [stdout] 
[INFO] [stdout] error[E0433]: failed to resolve: could not find `um` in `winapi`
[INFO] [stdout]   --> src/winapiwrapper/process.rs:16:13
[INFO] [stdout]    |
[INFO] [stdout] 16 | use winapi::um::processthreadsapi::{GetCurrentProcess, GetProcessId, OpenProcess};
[INFO] [stdout]    |             ^^ could not find `um` in `winapi`
[INFO] [stdout] 
[INFO] [stdout] 
[INFO] [stdout] error[E0433]: failed to resolve: could not find `um` in `winapi`
[INFO] [stdout]   --> src/winapiwrapper/process.rs:17:13
[INFO] [stdout]    |
[INFO] [stdout] 17 | use winapi::um::tlhelp32::{MODULEENTRY32, THREADENTRY32};
[INFO] [stdout]    |             ^^ could not find `um` in `winapi`
[INFO] [stdout] 
[INFO] [stdout] 
[INFO] [stdout] error[E0433]: failed to resolve: could not find `um` in `winapi`
[INFO] [stdout]   --> src/winapiwrapper/process.rs:18:13
[INFO] [stdout]    |
[INFO] [stdout] 18 | use winapi::um::winnt::HANDLE;
[INFO] [stdout]    |             ^^ could not find `um` in `winapi`
[INFO] [stdout] 
[INFO] [stdout] 
[INFO] [stdout] error[E0432]: unresolved import `winapi::ctypes`
[INFO] [stdout]   --> src/winapiwrapper/process.rs:12:13
[INFO] [stdout]    |
[INFO] [stdout] 12 | use winapi::ctypes::c_void;
[INFO] [stdout]    |             ^^^^^^ could not find `ctypes` in `winapi`
[INFO] [stdout] 
[INFO] [stdout] 
[INFO] [stdout] error[E0432]: unresolved import `winapi::um`
[INFO] [stdout]  --> src/winapiwrapper/processaccess.rs:1:13
[INFO] [stdout]   |
[INFO] [stdout] 1 | use winapi::um::winnt;
[INFO] [stdout]   |             ^^ could not find `um` in `winapi`
[INFO] [stdout] 
[INFO] [stdout] 
[INFO] [stdout] error[E0433]: failed to resolve: could not find `shared` in `winapi`
[INFO] [stdout]  --> src/winapiwrapper/snapshot.rs:6:13
[INFO] [stdout]   |
[INFO] [stdout] 6 | use winapi::shared::minwindef::{BYTE, HMODULE};
[INFO] [stdout]   |             ^^^^^^ could not find `shared` in `winapi`
[INFO] [stdout] 
[INFO] [stdout] 
[INFO] [stdout] error[E0433]: failed to resolve: could not find `um` in `winapi`
[INFO] [stdout]  --> src/winapiwrapper/snapshot.rs:7:13
[INFO] [stdout]   |
[INFO] [stdout] 7 | use winapi::um::handleapi::INVALID_HANDLE_VALUE;
[INFO] [stdout]   |             ^^ could not find `um` in `winapi`
[INFO] [stdout] 
[INFO] [stdout] 
[INFO] [stdout] error[E0433]: failed to resolve: could not find `um` in `winapi`
[INFO] [stdout]  --> src/winapiwrapper/snapshot.rs:8:13
[INFO] [stdout]   |
[INFO] [stdout] 8 | use winapi::um::tlhelp32::CreateToolhelp32Snapshot;
[INFO] [stdout]   |             ^^ could not find `um` in `winapi`
[INFO] [stdout] 
[INFO] [stdout] 
[INFO] [stdout] error[E0433]: failed to resolve: could not find `um` in `winapi`
[INFO] [stdout]  --> src/winapiwrapper/snapshot.rs:9:13
[INFO] [stdout]   |
[INFO] [stdout] 9 | use winapi::um::tlhelp32::{
[INFO] [stdout]   |             ^^ could not find `um` in `winapi`
[INFO] [stdout] 
[INFO] [stdout] 
[INFO] [stdout] error[E0433]: failed to resolve: could not find `um` in `winapi`
[INFO] [stdout]   --> src/winapiwrapper/snapshot.rs:12:13
[INFO] [stdout]    |
[INFO] [stdout] 12 | use winapi::um::winnt::HANDLE;
[INFO] [stdout]    |             ^^ could not find `um` in `winapi`
[INFO] [stdout] 
[INFO] [stdout] 
[INFO] [stdout] error[E0432]: unresolved import `winapi::um`
[INFO] [stdout]  --> src/winapiwrapper/protectflag.rs:1:13
[INFO] [stdout]   |
[INFO] [stdout] 1 | use winapi::um::winnt;
[INFO] [stdout]   |             ^^ could not find `um` in `winapi`
[INFO] [stdout] 
[INFO] [stdout] 
[INFO] [stdout] error[E0432]: unresolved import `winapi::um`
[INFO] [stdout]  --> src/winapiwrapper/snapshotflags.rs:1:13
[INFO] [stdout]   |
[INFO] [stdout] 1 | use winapi::um::tlhelp32;
[INFO] [stdout]   |             ^^ could not find `um` in `winapi`
[INFO] [stdout] 
[INFO] [stdout] 
[INFO] [stdout] error[E0433]: failed to resolve: could not find `shared` in `winapi`
[INFO] [stdout]   --> src/winapiwrapper/thread.rs:12:13
[INFO] [stdout]    |
[INFO] [stdout] 12 | use winapi::shared::minwindef::{PULONG, ULONG};
[INFO] [stdout]    |             ^^^^^^ could not find `shared` in `winapi`
[INFO] [stdout] 
[INFO] [stdout] 
[INFO] [stdout] error[E0433]: failed to resolve: could not find `shared` in `winapi`
[INFO] [stdout]   --> src/winapiwrapper/thread.rs:13:13
[INFO] [stdout]    |
[INFO] [stdout] 13 | use winapi::shared::ntdef::NTSTATUS;
[INFO] [stdout]    |             ^^^^^^ could not find `shared` in `winapi`
[INFO] [stdout] 
[INFO] [stdout] 
[INFO] [stdout] error[E0433]: failed to resolve: could not find `um` in `winapi`
[INFO] [stdout]   --> src/winapiwrapper/thread.rs:14:13
[INFO] [stdout]    |
[INFO] [stdout] 14 | use winapi::um::minwinbase::SECURITY_ATTRIBUTES;
[INFO] [stdout]    |             ^^ could not find `um` in `winapi`
[INFO] [stdout] 
[INFO] [stdout] 
[INFO] [stdout] error[E0433]: failed to resolve: could not find `um` in `winapi`
[INFO] [stdout]   --> src/winapiwrapper/thread.rs:15:13
[INFO] [stdout]    |
[INFO] [stdout] 15 | use winapi::um::processthreadsapi::{
[INFO] [stdout]    |             ^^ could not find `um` in `winapi`
[INFO] [stdout] 
[INFO] [stdout] 
[INFO] [stdout] error[E0433]: failed to resolve: could not find `um` in `winapi`
[INFO] [stdout]  --> src/lib.rs:5:13
[INFO] [stdout]   |
[INFO] [stdout] 5 | use winapi::um::winnt::IMAGE_FILE_DLL;
[INFO] [stdout]   |             ^^ could not find `um` in `winapi`
[INFO] [stdout] 
[INFO] [stdout] 
[INFO] [stdout] error[E0433]: failed to resolve: could not find `shared` in `winapi`
[INFO] [stdout]   --> src/injection/loadlibrary.rs:19:13
[INFO] [stdout]    |
[INFO] [stdout] 19 | use winapi::shared::minwindef::MAX_PATH;
[INFO] [stdout]    |             ^^^^^^ could not find `shared` in `winapi`
[INFO] [stdout] 
[INFO] [stdout] 
[INFO] [stdout] error[E0433]: failed to resolve: could not find `um` in `winapi`
[INFO] [stdout]   --> src/winapiwrapper/thread.rs:18:13
[INFO] [stdout]    |
[INFO] [stdout] 18 | use winapi::um::synchapi::WaitForSingleObject;
[INFO] [stdout]    |             ^^ could not find `um` in `winapi`
[INFO] [stdout] 
[INFO] [stdout] 
[INFO] [stdout] error[E0433]: failed to resolve: could not find `um` in `winapi`
[INFO] [stdout]   --> src/winapiwrapper/thread.rs:19:13
[INFO] [stdout]    |
[INFO] [stdout] 19 | use winapi::um::winbase::WAIT_FAILED;
[INFO] [stdout]    |             ^^ could not find `um` in `winapi`
[INFO] [stdout] 
[INFO] [stdout] 
[INFO] [stdout] error[E0433]: failed to resolve: could not find `um` in `winapi`
[INFO] [stdout]   --> src/winapiwrapper/thread.rs:20:13
[INFO] [stdout]    |
[INFO] [stdout] 20 | use winapi::um::winnt::{HANDLE, NT_TIB, PVOID};
[INFO] [stdout]    |             ^^ could not find `um` in `winapi`
[INFO] [stdout] 
[INFO] [stdout] 
[INFO] [stdout] error[E0432]: unresolved import `winapi::ctypes`
[INFO] [stdout]   --> src/winapiwrapper/thread.rs:11:13
[INFO] [stdout]    |
[INFO] [stdout] 11 | use winapi::ctypes::c_void as winapic_void;
[INFO] [stdout]    |             ^^^^^^ could not find `ctypes` in `winapi`
[INFO] [stdout] 
[INFO] [stdout] 
[INFO] [stdout] error[E0432]: unresolved import `winapi::um`
[INFO] [stdout]  --> src/winapiwrapper/threadaccess.rs:1:13
[INFO] [stdout]   |
[INFO] [stdout] 1 | use winapi::um::winnt;
[INFO] [stdout]   |             ^^ could not find `um` in `winapi`
[INFO] [stdout] 
[INFO] [stdout] 
[INFO] [stdout] error[E0433]: failed to resolve: could not find `shared` in `winapi`
[INFO] [stdout]  --> src/winapiwrapper/virtualmem.rs:8:13
[INFO] [stdout]   |
[INFO] [stdout] 8 | use winapi::shared::minwindef::LPVOID;
[INFO] [stdout]   |             ^^^^^^ could not find `shared` in `winapi`
[INFO] [stdout] 
[INFO] [stdout] 
[INFO] [stdout] error[E0433]: failed to resolve: could not find `um` in `winapi`
[INFO] [stdout]  --> src/winapiwrapper/virtualmem.rs:9:13
[INFO] [stdout]   |
[INFO] [stdout] 9 | use winapi::um::memoryapi::{VirtualAllocEx, VirtualFreeEx};
[INFO] [stdout]   |             ^^ could not find `um` in `winapi`
[INFO] [stdout] 
[INFO] [stdout] 
[INFO] [stdout] error[E0432]: unresolved import `winapi::um`
[INFO] [stdout]  --> src/winapiwrapper/threadcreationflags.rs:1:13
[INFO] [stdout]   |
[INFO] [stdout] 1 | use winapi::um::winbase;
[INFO] [stdout]   |             ^^ could not find `um` in `winapi`
[INFO] [stdout] 
[INFO] [stdout] 
[INFO] [stdout] error[E0433]: failed to resolve: could not find `shared` in `winapi`
[INFO] [stdout]   --> src/injection/manualmap.rs:21:13
[INFO] [stdout]    |
[INFO] [stdout] 21 | use winapi::shared::minwindef::{BOOL, DWORD, HINSTANCE, LPVOID};
[INFO] [stdout]    |             ^^^^^^ could not find `shared` in `winapi`
[INFO] [stdout] 
[INFO] [stdout] 
[INFO] [stdout] error[E0433]: failed to resolve: could not find `um` in `winapi`
[INFO] [stdout]   --> src/injection/manualmap.rs:22:13
[INFO] [stdout]    |
[INFO] [stdout] 22 | use winapi::um::winnt::{
[INFO] [stdout]    |             ^^ could not find `um` in `winapi`
[INFO] [stdout] 
[INFO] [stdout] 
[INFO] [stdout] error[E0432]: unresolved import `winapi::ctypes`
[INFO] [stdout]   --> src/injection/manualmap.rs:20:13
[INFO] [stdout]    |
[INFO] [stdout] 20 | use winapi::ctypes::c_void as winapic_void;
[INFO] [stdout]    |             ^^^^^^ could not find `ctypes` in `winapi`
[INFO] [stdout] 
[INFO] [stdout] 
[INFO] [stdout] error[E0432]: unresolved import `winapi::um`
[INFO] [stdout]  --> src/winapiwrapper/alloctype.rs:1:13
[INFO] [stdout]   |
[INFO] [stdout] 1 | use winapi::um::winnt;
[INFO] [stdout]   |             ^^ could not find `um` in `winapi`
[INFO] [stdout] 
[INFO] [stdout] 
[INFO] [stdout] error[E0433]: failed to resolve: could not find `um` in `winapi`
[INFO] [stdout]  --> src/winapiwrapper/handleowner.rs:1:13
[INFO] [stdout]   |
[INFO] [stdout] 1 | use winapi::um::winnt::HANDLE;
[INFO] [stdout]   |             ^^ could not find `um` in `winapi`
[INFO] [stdout] 
[INFO] [stdout] 
[INFO] [stdout] error[E0433]: failed to resolve: could not find `shared` in `winapi`
[INFO] [stdout]   --> src/winapiwrapper/library.rs:12:13
[INFO] [stdout]    |
[INFO] [stdout] 12 | use winapi::shared::minwindef::{HMODULE, LPVOID};
[INFO] [stdout]    |             ^^^^^^ could not find `shared` in `winapi`
[INFO] [stdout] 
[INFO] [stdout] 
[INFO] [stdout] error[E0433]: failed to resolve: could not find `um` in `winapi`
[INFO] [stdout]   --> src/winapiwrapper/library.rs:13:13
[INFO] [stdout]    |
[INFO] [stdout] 13 | use winapi::um::libloaderapi::{GetProcAddress, LoadLibraryA};
[INFO] [stdout]    |             ^^ could not find `um` in `winapi`
[INFO] [stdout] 
[INFO] [stdout] 
[INFO] [stdout] error[E0433]: failed to resolve: could not find `um` in `winapi`
[INFO] [stdout]   --> src/winapiwrapper/library.rs:14:13
[INFO] [stdout]    |
[INFO] [stdout] 14 | use winapi::um::psapi::{GetModuleInformation, MODULEINFO};
[INFO] [stdout]    |             ^^ could not find `um` in `winapi`
[INFO] [stdout] 
[INFO] [stdout] 
[INFO] [stdout] error[E0432]: unresolved import `winapi::um`
[INFO] [stdout]  --> src/winapiwrapper/freetype.rs:1:13
[INFO] [stdout]   |
[INFO] [stdout] 1 | use winapi::um::winnt;
[INFO] [stdout]   |             ^^ could not find `um` in `winapi`
[INFO] [stdout] 
[INFO] [stdout] 
[INFO] [stdout] error[E0433]: failed to resolve: could not find `shared` in `winapi`
[INFO] [stdout]   --> src/winapiwrapper/process.rs:13:13
[INFO] [stdout]    |
[INFO] [stdout] 13 | use winapi::shared::minwindef::LPVOID;
[INFO] [stdout]    |             ^^^^^^ could not find `shared` in `winapi`
[INFO] [stdout] 
[INFO] [stdout] 
[INFO] [stdout] error[E0433]: failed to resolve: could not find `um` in `winapi`
[INFO] [stdout]   --> src/winapiwrapper/process.rs:14:13
[INFO] [stdout]    |
[INFO] [stdout] 14 | use winapi::um::handleapi::CloseHandle;
[INFO] [stdout]    |             ^^ could not find `um` in `winapi`
[INFO] [stdout] 
[INFO] [stdout] 
[INFO] [stdout] error[E0433]: failed to resolve: could not find `um` in `winapi`
[INFO] [stdout]   --> src/winapiwrapper/process.rs:15:13
[INFO] [stdout]    |
[INFO] [stdout] 15 | use winapi::um::memoryapi::{ReadProcessMemory, VirtualProtectEx, WriteProcessMemory};
[INFO] [stdout]    |             ^^ could not find `um` in `winapi`
[INFO] [stdout] 
[INFO] [stdout] 
[INFO] [stdout] error[E0433]: failed to resolve: could not find `um` in `winapi`
[INFO] [stdout]   --> src/winapiwrapper/process.rs:16:13
[INFO] [stdout]    |
[INFO] [stdout] 16 | use winapi::um::processthreadsapi::{GetCurrentProcess, GetProcessId, OpenProcess};
[INFO] [stdout]    |             ^^ could not find `um` in `winapi`
[INFO] [stdout] 
[INFO] [stdout] 
[INFO] [stdout] error[E0433]: failed to resolve: could not find `um` in `winapi`
[INFO] [stdout]   --> src/winapiwrapper/process.rs:17:13
[INFO] [stdout]    |
[INFO] [stdout] 17 | use winapi::um::tlhelp32::{MODULEENTRY32, THREADENTRY32};
[INFO] [stdout]    |             ^^ could not find `um` in `winapi`
[INFO] [stdout] 
[INFO] [stdout] 
[INFO] [stdout] error[E0433]: failed to resolve: could not find `um` in `winapi`
[INFO] [stdout]   --> src/winapiwrapper/process.rs:18:13
[INFO] [stdout]    |
[INFO] [stdout] 18 | use winapi::um::winnt::HANDLE;
[INFO] [stdout]    |             ^^ could not find `um` in `winapi`
[INFO] [stdout] 
[INFO] [stdout] 
[INFO] [stdout] error[E0432]: unresolved import `winapi::ctypes`
[INFO] [stdout]   --> src/winapiwrapper/process.rs:12:13
[INFO] [stdout]    |
[INFO] [stdout] 12 | use winapi::ctypes::c_void;
[INFO] [stdout]    |             ^^^^^^ could not find `ctypes` in `winapi`
[INFO] [stdout] 
[INFO] [stdout] 
[INFO] [stdout] error[E0432]: unresolved import `winapi::um`
[INFO] [stdout]  --> src/winapiwrapper/processaccess.rs:1:13
[INFO] [stdout]   |
[INFO] [stdout] 1 | use winapi::um::winnt;
[INFO] [stdout]   |             ^^ could not find `um` in `winapi`
[INFO] [stdout] 
[INFO] [stdout] 
[INFO] [stdout] error[E0433]: failed to resolve: could not find `shared` in `winapi`
[INFO] [stdout]  --> src/winapiwrapper/snapshot.rs:6:13
[INFO] [stdout]   |
[INFO] [stdout] 6 | use winapi::shared::minwindef::{BYTE, HMODULE};
[INFO] [stdout]   |             ^^^^^^ could not find `shared` in `winapi`
[INFO] [stdout] 
[INFO] [stdout] 
[INFO] [stdout] error[E0433]: failed to resolve: could not find `um` in `winapi`
[INFO] [stdout]  --> src/winapiwrapper/snapshot.rs:7:13
[INFO] [stdout]   |
[INFO] [stdout] 7 | use winapi::um::handleapi::INVALID_HANDLE_VALUE;
[INFO] [stdout]   |             ^^ could not find `um` in `winapi`
[INFO] [stdout] 
[INFO] [stdout] 
[INFO] [stdout] error[E0433]: failed to resolve: could not find `um` in `winapi`
[INFO] [stdout]  --> src/winapiwrapper/snapshot.rs:8:13
[INFO] [stdout]   |
[INFO] [stdout] 8 | use winapi::um::tlhelp32::CreateToolhelp32Snapshot;
[INFO] [stdout]   |             ^^ could not find `um` in `winapi`
[INFO] [stdout] 
[INFO] [stdout] 
[INFO] [stdout] error[E0433]: failed to resolve: could not find `um` in `winapi`
[INFO] [stdout]  --> src/winapiwrapper/snapshot.rs:9:13
[INFO] [stdout]   |
[INFO] [stdout] 9 | use winapi::um::tlhelp32::{
[INFO] [stdout]   |             ^^ could not find `um` in `winapi`
[INFO] [stdout] 
[INFO] [stdout] 
[INFO] [stdout] error[E0433]: failed to resolve: could not find `um` in `winapi`
[INFO] [stdout]   --> src/winapiwrapper/snapshot.rs:12:13
[INFO] [stdout]    |
[INFO] [stdout] 12 | use winapi::um::winnt::HANDLE;
[INFO] [stdout]    |             ^^ could not find `um` in `winapi`
[INFO] [stdout] 
[INFO] [stdout] 
[INFO] [stdout] error[E0432]: unresolved import `winapi::um`
[INFO] [stdout]  --> src/winapiwrapper/protectflag.rs:1:13
[INFO] [stdout]   |
[INFO] [stdout] 1 | use winapi::um::winnt;
[INFO] [stdout]   |             ^^ could not find `um` in `winapi`
[INFO] [stdout] 
[INFO] [stdout] 
[INFO] [stdout] error[E0432]: unresolved import `winapi::um`
[INFO] [stdout]  --> src/winapiwrapper/snapshotflags.rs:1:13
[INFO] [stdout]   |
[INFO] [stdout] 1 | use winapi::um::tlhelp32;
[INFO] [stdout]   |             ^^ could not find `um` in `winapi`
[INFO] [stdout] 
[INFO] [stdout] 
[INFO] [stdout] error[E0433]: failed to resolve: could not find `shared` in `winapi`
[INFO] [stdout]   --> src/winapiwrapper/thread.rs:12:13
[INFO] [stdout]    |
[INFO] [stdout] 12 | use winapi::shared::minwindef::{PULONG, ULONG};
[INFO] [stdout]    |             ^^^^^^ could not find `shared` in `winapi`
[INFO] [stdout] 
[INFO] [stdout] 
[INFO] [stdout] error[E0433]: failed to resolve: could not find `shared` in `winapi`
[INFO] [stdout]   --> src/winapiwrapper/thread.rs:13:13
[INFO] [stdout]    |
[INFO] [stdout] 13 | use winapi::shared::ntdef::NTSTATUS;
[INFO] [stdout]    |             ^^^^^^ could not find `shared` in `winapi`
[INFO] [stdout] 
[INFO] [stdout] 
[INFO] [stdout] error[E0433]: failed to resolve: could not find `um` in `winapi`
[INFO] [stdout]   --> src/winapiwrapper/thread.rs:14:13
[INFO] [stdout]    |
[INFO] [stdout] 14 | use winapi::um::minwinbase::SECURITY_ATTRIBUTES;
[INFO] [stdout]    |             ^^ could not find `um` in `winapi`
[INFO] [stdout] 
[INFO] [stdout] 
[INFO] [stdout] error[E0433]: failed to resolve: could not find `um` in `winapi`
[INFO] [stdout]   --> src/winapiwrapper/thread.rs:15:13
[INFO] [stdout]    |
[INFO] [stdout] 15 | use winapi::um::processthreadsapi::{
[INFO] [stdout]    |             ^^ could not find `um` in `winapi`
[INFO] [stdout] 
[INFO] [stdout] 
[INFO] [stdout] error[E0433]: failed to resolve: could not find `um` in `winapi`
[INFO] [stdout]   --> src/winapiwrapper/thread.rs:18:13
[INFO] [stdout]    |
[INFO] [stdout] 18 | use winapi::um::synchapi::WaitForSingleObject;
[INFO] [stdout]    |             ^^ could not find `um` in `winapi`
[INFO] [stdout] 
[INFO] [stdout] 
[INFO] [stdout] error[E0433]: failed to resolve: could not find `um` in `winapi`
[INFO] [stdout]   --> src/winapiwrapper/thread.rs:19:13
[INFO] [stdout]    |
[INFO] [stdout] 19 | use winapi::um::winbase::WAIT_FAILED;
[INFO] [stdout]    |             ^^ could not find `um` in `winapi`
[INFO] [stdout] 
[INFO] [stdout] 
[INFO] [stdout] error[E0433]: failed to resolve: could not find `um` in `winapi`
[INFO] [stdout]   --> src/winapiwrapper/thread.rs:20:13
[INFO] [stdout]    |
[INFO] [stdout] 20 | use winapi::um::winnt::{HANDLE, NT_TIB, PVOID};
[INFO] [stdout]    |             ^^ could not find `um` in `winapi`
[INFO] [stdout] 
[INFO] [stdout] 
[INFO] [stdout] error[E0432]: unresolved import `winapi::ctypes`
[INFO] [stdout]   --> src/winapiwrapper/thread.rs:11:13
[INFO] [stdout]    |
[INFO] [stdout] 11 | use winapi::ctypes::c_void as winapic_void;
[INFO] [stdout]    |             ^^^^^^ could not find `ctypes` in `winapi`
[INFO] [stdout] 
[INFO] [stdout] 
[INFO] [stdout] error[E0432]: unresolved import `winapi::um`
[INFO] [stdout]  --> src/winapiwrapper/threadaccess.rs:1:13
[INFO] [stdout]   |
[INFO] [stdout] 1 | use winapi::um::winnt;
[INFO] [stdout]   |             ^^ could not find `um` in `winapi`
[INFO] [stdout] 
[INFO] [stdout] 
[INFO] [stdout] error[E0433]: failed to resolve: could not find `shared` in `winapi`
[INFO] [stdout]  --> src/winapiwrapper/virtualmem.rs:8:13
[INFO] [stdout]   |
[INFO] [stdout] 8 | use winapi::shared::minwindef::LPVOID;
[INFO] [stdout]   |             ^^^^^^ could not find `shared` in `winapi`
[INFO] [stdout] 
[INFO] [stdout] 
[INFO] [stdout] error[E0433]: failed to resolve: could not find `um` in `winapi`
[INFO] [stdout]  --> src/winapiwrapper/virtualmem.rs:9:13
[INFO] [stdout]   |
[INFO] [stdout] 9 | use winapi::um::memoryapi::{VirtualAllocEx, VirtualFreeEx};
[INFO] [stdout]   |             ^^ could not find `um` in `winapi`
[INFO] [stdout] 
[INFO] [stdout] 
[INFO] [stdout] error[E0432]: unresolved import `winapi::um`
[INFO] [stdout]  --> src/winapiwrapper/threadcreationflags.rs:1:13
[INFO] [stdout]   |
[INFO] [stdout] 1 | use winapi::um::winbase;
[INFO] [stdout]   |             ^^ could not find `um` in `winapi`
[INFO] [stdout] 
[INFO] [stdout] 
[INFO] [stdout] error[E0425]: cannot find value `MAX_PATH` in this scope
[INFO] [stdout]   --> src/injection/loadlibrary.rs:43:13
[INFO] [stdout]    |
[INFO] [stdout] 43 |             MAX_PATH as usize + PTR_SIZE,
[INFO] [stdout]    |             ^^^^^^^^ not found in this scope
[INFO] [stdout] 
[INFO] [stdout] 
[INFO] [stdout] error[E0412]: cannot find type `HINSTANCE` in this scope
[INFO] [stdout]   --> src/injection/manualmap.rs:31:44
[INFO] [stdout]    |
[INFO] [stdout] 31 | type FnDllMain = unsafe extern "system" fn(HINSTANCE, DWORD, LPVOID) -> BOOL;
[INFO] [stdout]    |                                            ^^^^^^^^^ not found in this scope
[INFO] [stdout] 
[INFO] [stdout] 
[INFO] [stdout] error[E0412]: cannot find type `DWORD` in this scope
[INFO] [stdout]   --> src/injection/manualmap.rs:31:55
[INFO] [stdout]    |
[INFO] [stdout] 31 | type FnDllMain = unsafe extern "system" fn(HINSTANCE, DWORD, LPVOID) -> BOOL;
[INFO] [stdout]    |                                                       ^^^^^ not found in this scope
[INFO] [stdout] 
[INFO] [stdout] 
[INFO] [stdout] error[E0412]: cannot find type `LPVOID` in this scope
[INFO] [stdout]   --> src/injection/manualmap.rs:31:62
[INFO] [stdout]    |
[INFO] [stdout] 31 | type FnDllMain = unsafe extern "system" fn(HINSTANCE, DWORD, LPVOID) -> BOOL;
[INFO] [stdout]    |                                                              ^^^^^^ not found in this scope
[INFO] [stdout] 
[INFO] [stdout] 
[INFO] [stdout] error[E0412]: cannot find type `BOOL` in this scope
[INFO] [stdout]   --> src/injection/manualmap.rs:31:73
[INFO] [stdout]    |
[INFO] [stdout] 31 | type FnDllMain = unsafe extern "system" fn(HINSTANCE, DWORD, LPVOID) -> BOOL;
[INFO] [stdout]    |                                                                         ^^^^ not found in this scope
[INFO] [stdout] 
[INFO] [stdout] 
[INFO] [stdout] error[E0412]: cannot find type `PRUNTIME_FUNCTION` in this scope
[INFO] [stdout]   --> src/injection/manualmap.rs:32:56
[INFO] [stdout]    |
[INFO] [stdout] 32 | type FnRtlAddFunctionTable = unsafe extern "system" fn(PRUNTIME_FUNCTION, u32, u64) -> u8;
[INFO] [stdout]    |                                                        ^^^^^^^^^^^^^^^^^ not found in this scope
[INFO] [stdout] 
[INFO] [stdout] 
[INFO] [stdout] error[E0425]: cannot find value `IMAGE_DIRECTORY_ENTRY_EXCEPTION` in this scope
[INFO] [stdout]    --> src/injection/manualmap.rs:275:33
[INFO] [stdout]     |
[INFO] [stdout] 275 |             pe.data_directory()[IMAGE_DIRECTORY_ENTRY_EXCEPTION as usize];
[INFO] [stdout]     |                                 ^^^^^^^^^^^^^^^^^^^^^^^^^^^^^^^ not found in this scope
[INFO] [stdout]     |
[INFO] [stdout] help: consider importing this constant
[INFO] [stdout]     |
[INFO] [stdout] 1   | use pelite::pe32::image::IMAGE_DIRECTORY_ENTRY_EXCEPTION;
[INFO] [stdout]     |
[INFO] [stdout] 
[INFO] [stdout] 
[INFO] [stdout] error[E0412]: cannot find type `PRUNTIME_FUNCTION` in this scope
[INFO] [stdout]    --> src/injection/manualmap.rs:277:80
[INFO] [stdout]     |
[INFO] [stdout] 277 |             (exception_data_directory.VirtualAddress as usize + image_base) as PRUNTIME_FUNCTION;
[INFO] [stdout]     |                                                                                ^^^^^^^^^^^^^^^^^ not found in this scope
[INFO] [stdout] 
[INFO] [stdout] 
[INFO] [stdout] error[E0425]: cannot find value `IMAGE_SCN_MEM_READ` in this scope
[INFO] [stdout]    --> src/injection/manualmap.rs:288:29
[INFO] [stdout]     |
[INFO] [stdout] 288 |             let read = ch & IMAGE_SCN_MEM_READ != 0;
[INFO] [stdout]     |                             ^^^^^^^^^^^^^^^^^^ not found in this scope
[INFO] [stdout]     |
[INFO] [stdout] help: consider importing this constant
[INFO] [stdout]     |
[INFO] [stdout] 1   | use pelite::pe32::image::IMAGE_SCN_MEM_READ;
[INFO] [stdout]     |
[INFO] [stdout] 
[INFO] [stdout] 
[INFO] [stdout] error[E0425]: cannot find value `IMAGE_SCN_MEM_WRITE` in this scope
[INFO] [stdout]    --> src/injection/manualmap.rs:289:30
[INFO] [stdout]     |
[INFO] [stdout] 289 |             let write = ch & IMAGE_SCN_MEM_WRITE != 0;
[INFO] [stdout]     |                              ^^^^^^^^^^^^^^^^^^^ not found in this scope
[INFO] [stdout]     |
[INFO] [stdout] help: consider importing this constant
[INFO] [stdout]     |
[INFO] [stdout] 1   | use pelite::pe32::image::IMAGE_SCN_MEM_WRITE;
[INFO] [stdout]     |
[INFO] [stdout] 
[INFO] [stdout] 
[INFO] [stdout] error[E0425]: cannot find value `IMAGE_SCN_MEM_EXECUTE` in this scope
[INFO] [stdout]    --> src/injection/manualmap.rs:290:29
[INFO] [stdout]     |
[INFO] [stdout] 290 |             let exec = ch & IMAGE_SCN_MEM_EXECUTE != 0;
[INFO] [stdout]     |                             ^^^^^^^^^^^^^^^^^^^^^ not found in this scope
[INFO] [stdout]     |
[INFO] [stdout] help: consider importing this constant
[INFO] [stdout]     |
[INFO] [stdout] 1   | use pelite::pe32::image::IMAGE_SCN_MEM_EXECUTE;
[INFO] [stdout]     |
[INFO] [stdout] 
[INFO] [stdout] 
[INFO] [stdout] error[E0412]: cannot find type `PRUNTIME_FUNCTION` in this scope
[INFO] [stdout]    --> src/injection/manualmap.rs:402:25
[INFO] [stdout]     |
[INFO] [stdout] 402 |     exception_fn_table: PRUNTIME_FUNCTION,
[INFO] [stdout]     |                         ^^^^^^^^^^^^^^^^^ not found in this scope
[INFO] [stdout] 
[INFO] [stdout] 
[INFO] [stdout] error[E0412]: cannot find type `HINSTANCE` in this scope
[INFO] [stdout]    --> src/injection/manualmap.rs:426:39
[INFO] [stdout]     |
[INFO] [stdout] 426 |             loader_info.image_base as HINSTANCE,
[INFO] [stdout]     |                                       ^^^^^^^^^ not found in this scope
[INFO] [stdout] 
[INFO] [stdout] 
[INFO] [stdout] error[E0425]: cannot find value `DLL_PROCESS_ATTACH` in this scope
[INFO] [stdout]    --> src/injection/manualmap.rs:427:13
[INFO] [stdout]     |
[INFO] [stdout] 427 |             DLL_PROCESS_ATTACH,
[INFO] [stdout]     |             ^^^^^^^^^^^^^^^^^^ not found in this scope
[INFO] [stdout] 
[INFO] [stdout] 
[INFO] [stdout] error[E0412]: cannot find type `LPVOID` in this scope
[INFO] [stdout]    --> src/injection/manualmap.rs:428:18
[INFO] [stdout]     |
[INFO] [stdout] 428 |             0 as LPVOID,
[INFO] [stdout]     |                  ^^^^^^ not found in this scope
[INFO] [stdout] 
[INFO] [stdout] 
[INFO] [stdout] error[E0412]: cannot find type `HANDLE` in this scope
[INFO] [stdout]  --> src/winapiwrapper/handleowner.rs:4:35
[INFO] [stdout]   |
[INFO] [stdout] 4 |     unsafe fn from_handle(handle: HANDLE) -> Self;
[INFO] [stdout]   |                                   ^^^^^^ not found in this scope
[INFO] [stdout] 
[INFO] [stdout] 
[INFO] [stdout] error[E0412]: cannot find type `HANDLE` in this scope
[INFO] [stdout]  --> src/winapiwrapper/handleowner.rs:5:25
[INFO] [stdout]   |
[INFO] [stdout] 5 |     fn handle(&self) -> HANDLE;
[INFO] [stdout]   |                         ^^^^^^ not found in this scope
[INFO] [stdout] 
[INFO] [stdout] 
[INFO] [stdout] error[E0412]: cannot find type `HMODULE` in this scope
[INFO] [stdout]   --> src/winapiwrapper/library.rs:19:13
[INFO] [stdout]    |
[INFO] [stdout] 19 |     handle: HMODULE,
[INFO] [stdout]    |             ^^^^^^^ not found in this scope
[INFO] [stdout] 
[INFO] [stdout] 
[INFO] [stdout] error[E0425]: cannot find function, tuple struct or tuple variant `LoadLibraryA` in this scope
[INFO] [stdout]   --> src/winapiwrapper/library.rs:35:31
[INFO] [stdout]    |
[INFO] [stdout] 35 |         let handle = unsafe { LoadLibraryA(name) };
[INFO] [stdout]    |                               ^^^^^^^^^^^^ not found in this scope
[INFO] [stdout] 
[INFO] [stdout] 
[INFO] [stdout] error[E0412]: cannot find type `HMODULE` in this scope
[INFO] [stdout]   --> src/winapiwrapper/library.rs:76:63
[INFO] [stdout]    |
[INFO] [stdout] 76 |             Ok(base) => Ok(unsafe { Self::from_handle(base as HMODULE, pid, true) }),
[INFO] [stdout]    |                                                               ^^^^^^^ not found in this scope
[INFO] [stdout] 
[INFO] [stdout] 
[INFO] [stdout] error[E0412]: cannot find type `HMODULE` in this scope
[INFO] [stdout]   --> src/winapiwrapper/library.rs:84:39
[INFO] [stdout]    |
[INFO] [stdout] 84 |     pub unsafe fn from_handle(handle: HMODULE, pid_owning: u32, is_external: bool) -> Self {
[INFO] [stdout]    |                                       ^^^^^^^ not found in this scope
[INFO] [stdout] 
[INFO] [stdout] 
[INFO] [stdout] error[E0412]: cannot find type `HMODULE` in this scope
[INFO] [stdout]   --> src/winapiwrapper/library.rs:92:29
[INFO] [stdout]    |
[INFO] [stdout] 92 |     pub fn handle(&self) -> HMODULE {
[INFO] [stdout]    |                             ^^^^^^^ not found in this scope
[INFO] [stdout] 
[INFO] [stdout] 
[INFO] [stdout] error[E0425]: cannot find function, tuple struct or tuple variant `GetProcAddress` in this scope
[INFO] [stdout]    --> src/winapiwrapper/library.rs:113:29
[INFO] [stdout]     |
[INFO] [stdout] 113 |         let addr = unsafe { GetProcAddress(self.handle, proc_name) };
[INFO] [stdout]     |                             ^^^^^^^^^^^^^^ not found in this scope
[INFO] [stdout] 
[INFO] [stdout] 
[INFO] [stdout] error[E0412]: cannot find type `MODULEINFO` in this scope
[INFO] [stdout]    --> src/winapiwrapper/library.rs:209:34
[INFO] [stdout]     |
[INFO] [stdout] 24  | impl Library {
[INFO] [stdout]     |     - help: you might be missing a type parameter: `<MODULEINFO>`
[INFO] [stdout] ...
[INFO] [stdout] 209 |     pub fn info(&self) -> Result<MODULEINFO, Error> {
[INFO] [stdout]     |                                  ^^^^^^^^^^ not found in this scope
[INFO] [stdout] 
[INFO] [stdout] 
[INFO] [stdout] error[E0422]: cannot find struct, variant or union type `MODULEINFO` in this scope
[INFO] [stdout]    --> src/winapiwrapper/library.rs:216:24
[INFO] [stdout]     |
[INFO] [stdout] 216 |         let mut info = MODULEINFO {
[INFO] [stdout]     |                        ^^^^^^^^^^ not found in this scope
[INFO] [stdout] 
[INFO] [stdout] 
[INFO] [stdout] error[E0412]: cannot find type `LPVOID` in this scope
[INFO] [stdout]    --> src/winapiwrapper/library.rs:217:31
[INFO] [stdout]     |
[INFO] [stdout] 217 |             lpBaseOfDll: 0 as LPVOID,
[INFO] [stdout]     |                               ^^^^^^ not found in this scope
[INFO] [stdout] 
[INFO] [stdout] 
[INFO] [stdout] error[E0412]: cannot find type `LPVOID` in this scope
[INFO] [stdout]    --> src/winapiwrapper/library.rs:219:30
[INFO] [stdout]     |
[INFO] [stdout] 219 |             EntryPoint: 0 as LPVOID,
[INFO] [stdout]     |                              ^^^^^^ not found in this scope
[INFO] [stdout] 
[INFO] [stdout] 
[INFO] [stdout] error[E0425]: cannot find function, tuple struct or tuple variant `GetModuleInformation` in this scope
[INFO] [stdout]    --> src/winapiwrapper/library.rs:223:13
[INFO] [stdout]     |
[INFO] [stdout] 223 |             GetModuleInformation(
[INFO] [stdout]     |             ^^^^^^^^^^^^^^^^^^^^ not found in this scope
[INFO] [stdout] 
[INFO] [stdout] 
[INFO] [stdout] error[E0412]: cannot find type `MODULEINFO` in this scope
[INFO] [stdout]    --> src/winapiwrapper/library.rs:226:35
[INFO] [stdout]     |
[INFO] [stdout] 226 |                 &mut info as *mut MODULEINFO,
[INFO] [stdout]     |                                   ^^^^^^^^^^ not found in this scope
[INFO] [stdout] 
[INFO] [stdout] 
[INFO] [stdout] error[E0412]: cannot find type `MODULEINFO` in this scope
[INFO] [stdout]    --> src/winapiwrapper/library.rs:227:27
[INFO] [stdout]     |
[INFO] [stdout] 24  | impl Library {
[INFO] [stdout]     |     - help: you might be missing a type parameter: `<MODULEINFO>`
[INFO] [stdout] ...
[INFO] [stdout] 227 |                 size_of::<MODULEINFO>() as u32,
[INFO] [stdout]     |                           ^^^^^^^^^^ not found in this scope
[INFO] [stdout] 
[INFO] [stdout] 
[INFO] [stdout] error[E0412]: cannot find type `HANDLE` in this scope
[INFO] [stdout]   --> src/winapiwrapper/process.rs:21:13
[INFO] [stdout]    |
[INFO] [stdout] 21 |     handle: HANDLE,
[INFO] [stdout]    |             ^^^^^^ not found in this scope
[INFO] [stdout] 
[INFO] [stdout] 
[INFO] [stdout] error[E0425]: cannot find function, tuple struct or tuple variant `OpenProcess` in this scope
[INFO] [stdout]   --> src/winapiwrapper/process.rs:28:31
[INFO] [stdout]    |
[INFO] [stdout] 28 |         let handle = unsafe { OpenProcess(access.bits(), inherit as i32, pid) };
[INFO] [stdout]    |                               ^^^^^^^^^^^ not found in this scope
[INFO] [stdout] 
[INFO] [stdout] 
[INFO] [stdout] error[E0425]: cannot find function, tuple struct or tuple variant `GetCurrentProcess` in this scope
[INFO] [stdout]   --> src/winapiwrapper/process.rs:38:39
[INFO] [stdout]    |
[INFO] [stdout] 38 |         unsafe { Process::from_handle(GetCurrentProcess()) }
[INFO] [stdout]    |                                       ^^^^^^^^^^^^^^^^^ not found in this scope
[INFO] [stdout] 
[INFO] [stdout] 
[INFO] [stdout] error[E0425]: cannot find function, tuple struct or tuple variant `CloseHandle` in this scope
[INFO] [stdout]   --> src/winapiwrapper/process.rs:42:28
[INFO] [stdout]    |
[INFO] [stdout] 42 |         let ret = unsafe { CloseHandle(self.handle) };
[INFO] [stdout]    |                            ^^^^^^^^^^^ not found in this scope
[INFO] [stdout] 
[INFO] [stdout] 
[INFO] [stdout] error[E0425]: cannot find function, tuple struct or tuple variant `GetProcessId` in this scope
[INFO] [stdout]   --> src/winapiwrapper/process.rs:52:28
[INFO] [stdout]    |
[INFO] [stdout] 52 |         let pid = unsafe { GetProcessId(self.handle) };
[INFO] [stdout]    |                            ^^^^^^^^^^^^ not found in this scope
[INFO] [stdout] 
[INFO] [stdout] 
[INFO] [stdout] error[E0412]: cannot find type `THREADENTRY32` in this scope
[INFO] [stdout]   --> src/winapiwrapper/process.rs:74:45
[INFO] [stdout]    |
[INFO] [stdout] 74 |             .filter_map(move |thread_entry: THREADENTRY32| {
[INFO] [stdout]    |                                             ^^^^^^^^^^^^^ not found in this scope
[INFO] [stdout] 
[INFO] [stdout] 
[INFO] [stdout] error[E0425]: cannot find function, tuple struct or tuple variant `WriteProcessMemory` in this scope
[INFO] [stdout]   --> src/winapiwrapper/process.rs:97:23
[INFO] [stdout]    |
[INFO] [stdout] 97 |             let ret = WriteProcessMemory(
[INFO] [stdout]    |                       ^^^^^^^^^^^^^^^^^^ not found in this scope
[INFO] [stdout] 
[INFO] [stdout] 
[INFO] [stdout] error[E0425]: cannot find function, tuple struct or tuple variant `ReadProcessMemory` in this scope
[INFO] [stdout]    --> src/winapiwrapper/process.rs:125:23
[INFO] [stdout]     |
[INFO] [stdout] 125 |             let ret = ReadProcessMemory(
[INFO] [stdout]     |                       ^^^^^^^^^^^^^^^^^ not found in this scope
[INFO] [stdout] 
[INFO] [stdout] 
[INFO] [stdout] error[E0425]: cannot find function, tuple struct or tuple variant `VirtualProtectEx` in this scope
[INFO] [stdout]    --> src/winapiwrapper/process.rs:153:17
[INFO] [stdout]     |
[INFO] [stdout] 153 |                 VirtualProtectEx(
[INFO] [stdout]     |                 ^^^^^^^^^^^^^^^^ not found in this scope
[INFO] [stdout] 
[INFO] [stdout] 
[INFO] [stdout] error[E0412]: cannot find type `LPVOID` in this scope
[INFO] [stdout]    --> src/winapiwrapper/process.rs:155:32
[INFO] [stdout]     |
[INFO] [stdout] 155 |                     address as LPVOID,
[INFO] [stdout]     |                                ^^^^^^ not found in this scope
[INFO] [stdout] 
[INFO] [stdout] 
[INFO] [stdout] error[E0412]: cannot find type `MODULEENTRY32` in this scope
[INFO] [stdout]    --> src/winapiwrapper/process.rs:172:69
[INFO] [stdout]     |
[INFO] [stdout] 26  | impl Process {
[INFO] [stdout]     |     - help: you might be missing a type parameter: `<MODULEENTRY32>`
[INFO] [stdout] ...
[INFO] [stdout] 172 |     pub fn module_entry_by_name(&self, name: &str) -> Result<Option<MODULEENTRY32>, Error> {
[INFO] [stdout]     |                                                                     ^^^^^^^^^^^^^ not found in this scope
[INFO] [stdout] 
[INFO] [stdout] 
[INFO] [stdout] error[E0412]: cannot find type `MODULEENTRY32` in this scope
[INFO] [stdout]    --> src/winapiwrapper/process.rs:182:34
[INFO] [stdout]     |
[INFO] [stdout] 26  | impl Process {
[INFO] [stdout]     |     - help: you might be missing a type parameter: `<MODULEENTRY32>`
[INFO] [stdout] ...
[INFO] [stdout] 182 |         let entry: Option<Result<MODULEENTRY32, Error>> = self
[INFO] [stdout]     |                                  ^^^^^^^^^^^^^ not found in this scope
[INFO] [stdout] 
[INFO] [stdout] 
[INFO] [stdout] error[E0412]: cannot find type `HANDLE` in this scope
[INFO] [stdout]    --> src/winapiwrapper/process.rs:222:35
[INFO] [stdout]     |
[INFO] [stdout] 222 |     unsafe fn from_handle(handle: HANDLE) -> Self {
[INFO] [stdout]     |                                   ^^^^^^ not found in this scope
[INFO] [stdout] 
[INFO] [stdout] 
[INFO] [stdout] error[E0412]: cannot find type `HANDLE` in this scope
[INFO] [stdout]    --> src/winapiwrapper/process.rs:226:25
[INFO] [stdout]     |
[INFO] [stdout] 226 |     fn handle(&self) -> HANDLE {
[INFO] [stdout]     |                         ^^^^^^ not found in this scope
[INFO] [stdout] 
[INFO] [stdout] 
[INFO] [stdout] error[E0412]: cannot find type `HANDLE` in this scope
[INFO] [stdout]   --> src/winapiwrapper/snapshot.rs:17:13
[INFO] [stdout]    |
[INFO] [stdout] 17 |     handle: HANDLE,
[INFO] [stdout]    |             ^^^^^^ not found in this scope
[INFO] [stdout] 
[INFO] [stdout] 
[INFO] [stdout] error[E0425]: cannot find function, tuple struct or tuple variant `CreateToolhelp32Snapshot` in this scope
[INFO] [stdout]   --> src/winapiwrapper/snapshot.rs:22:26
[INFO] [stdout]    |
[INFO] [stdout] 22 |         let h = unsafe { CreateToolhelp32Snapshot(flags.bits(), pid) };
[INFO] [stdout]    |                          ^^^^^^^^^^^^^^^^^^^^^^^^ not found in this scope
[INFO] [stdout] 
[INFO] [stdout] 
[INFO] [stdout] error[E0425]: cannot find value `INVALID_HANDLE_VALUE` in this scope
[INFO] [stdout]   --> src/winapiwrapper/snapshot.rs:24:17
[INFO] [stdout]    |
[INFO] [stdout] 24 |         if h != INVALID_HANDLE_VALUE {
[INFO] [stdout]    |                 ^^^^^^^^^^^^^^^^^^^^ not found in this scope
[INFO] [stdout] 
[INFO] [stdout] 
[INFO] [stdout] error[E0412]: cannot find type `HANDLE` in this scope
[INFO] [stdout]   --> src/winapiwrapper/snapshot.rs:43:35
[INFO] [stdout]    |
[INFO] [stdout] 43 |     unsafe fn from_handle(handle: HANDLE) -> Self {
[INFO] [stdout]    |                                   ^^^^^^ not found in this scope
[INFO] [stdout] 
[INFO] [stdout] 
[INFO] [stdout] error[E0412]: cannot find type `HANDLE` in this scope
[INFO] [stdout]   --> src/winapiwrapper/snapshot.rs:47:25
[INFO] [stdout]    |
[INFO] [stdout] 47 |     fn handle(&self) -> HANDLE {
[INFO] [stdout]    |                         ^^^^^^ not found in this scope
[INFO] [stdout] 
[INFO] [stdout] 
[INFO] [stdout] error[E0412]: cannot find type `THREADENTRY32` in this scope
[INFO] [stdout]   --> src/winapiwrapper/snapshot.rs:68:17
[INFO] [stdout]    |
[INFO] [stdout] 68 |     type Item = THREADENTRY32;
[INFO] [stdout]    |                 ^^^^^^^^^^^^^ not found in this scope
[INFO] [stdout] 
[INFO] [stdout] 
[INFO] [stdout] error[E0422]: cannot find struct, variant or union type `THREADENTRY32` in this scope
[INFO] [stdout]   --> src/winapiwrapper/snapshot.rs:71:32
[INFO] [stdout]    |
[INFO] [stdout] 71 |         let mut thread_entry = THREADENTRY32 {
[INFO] [stdout]    |                                ^^^^^^^^^^^^^ not found in this scope
[INFO] [stdout] 
[INFO] [stdout] 
[INFO] [stdout] error[E0412]: cannot find type `THREADENTRY32` in this scope
[INFO] [stdout]   --> src/winapiwrapper/snapshot.rs:72:31
[INFO] [stdout]    |
[INFO] [stdout] 67 | impl Iterator for SnapshotThreadEntries {
[INFO] [stdout]    |     - help: you might be missing a type parameter: `<THREADENTRY32>`
[INFO] [stdout] ...
[INFO] [stdout] 72 |             dwSize: size_of::<THREADENTRY32>() as u32,
[INFO] [stdout]    |                               ^^^^^^^^^^^^^ not found in this scope
[INFO] [stdout] 
[INFO] [stdout] 
[INFO] [stdout] error[E0425]: cannot find function, tuple struct or tuple variant `Thread32First` in this scope
[INFO] [stdout]   --> src/winapiwrapper/snapshot.rs:84:22
[INFO] [stdout]    |
[INFO] [stdout] 84 |             unsafe { Thread32First(self.snapshot.handle(), &mut thread_entry) }
[INFO] [stdout]    |                      ^^^^^^^^^^^^^ not found in this scope
[INFO] [stdout] 
[INFO] [stdout] 
[INFO] [stdout] error[E0425]: cannot find function, tuple struct or tuple variant `Thread32Next` in this scope
[INFO] [stdout]   --> src/winapiwrapper/snapshot.rs:86:22
[INFO] [stdout]    |
[INFO] [stdout] 86 |             unsafe { Thread32Next(self.snapshot.handle(), &mut thread_entry) }
[INFO] [stdout]    |                      ^^^^^^^^^^^^ not found in this scope
[INFO] [stdout] 
[INFO] [stdout] 
[INFO] [stdout] error[E0412]: cannot find type `MODULEENTRY32` in this scope
[INFO] [stdout]    --> src/winapiwrapper/snapshot.rs:114:17
[INFO] [stdout]     |
[INFO] [stdout] 114 |     type Item = MODULEENTRY32;
[INFO] [stdout]     |                 ^^^^^^^^^^^^^ not found in this scope
[INFO] [stdout] 
[INFO] [stdout] 
[INFO] [stdout] error[E0422]: cannot find struct, variant or union type `MODULEENTRY32` in this scope
[INFO] [stdout]    --> src/winapiwrapper/snapshot.rs:117:25
[INFO] [stdout]     |
[INFO] [stdout] 117 |         let mut entry = MODULEENTRY32 {
[INFO] [stdout]     |                         ^^^^^^^^^^^^^ not found in this scope
[INFO] [stdout] 
[INFO] [stdout] 
[INFO] [stdout] error[E0412]: cannot find type `MODULEENTRY32` in this scope
[INFO] [stdout]    --> src/winapiwrapper/snapshot.rs:118:31
[INFO] [stdout]     |
[INFO] [stdout] 113 | impl Iterator for SnapshotModuleEntries {
[INFO] [stdout]     |     - help: you might be missing a type parameter: `<MODULEENTRY32>`
[INFO] [stdout] ...
[INFO] [stdout] 118 |             dwSize: size_of::<MODULEENTRY32>() as u32,
[INFO] [stdout]     |                               ^^^^^^^^^^^^^ not found in this scope
[INFO] [stdout] 
[INFO] [stdout] 
[INFO] [stdout] error[E0412]: cannot find type `BYTE` in this scope
[INFO] [stdout]    --> src/winapiwrapper/snapshot.rs:123:42
[INFO] [stdout]     |
[INFO] [stdout] 113 | impl Iterator for SnapshotModuleEntries {
[INFO] [stdout]     |     - help: you might be missing a type parameter: `<BYTE>`
[INFO] [stdout] ...
[INFO] [stdout] 123 |             modBaseAddr: ptr::null_mut::<BYTE>(),
[INFO] [stdout]     |                                          ^^^^ not found in this scope
[INFO] [stdout] 
[INFO] [stdout] 
[INFO] [stdout] error[E0412]: cannot find type `HMODULE` in this scope
[INFO] [stdout]    --> src/winapiwrapper/snapshot.rs:125:27
[INFO] [stdout]     |
[INFO] [stdout] 125 |             hModule: 0 as HMODULE,
[INFO] [stdout]     |                           ^^^^^^^ not found in this scope
[INFO] [stdout] 
[INFO] [stdout] 
[INFO] [stdout] error[E0425]: cannot find function, tuple struct or tuple variant `Module32First` in this scope
[INFO] [stdout]    --> src/winapiwrapper/snapshot.rs:133:22
[INFO] [stdout]     |
[INFO] [stdout] 133 |             unsafe { Module32First(self.snapshot.handle(), &mut entry) }
[INFO] [stdout]     |                      ^^^^^^^^^^^^^ not found in this scope
[INFO] [stdout] 
[INFO] [stdout] 
[INFO] [stdout] error[E0425]: cannot find function, tuple struct or tuple variant `Module32Next` in this scope
[INFO] [stdout]    --> src/winapiwrapper/snapshot.rs:135:22
[INFO] [stdout]     |
[INFO] [stdout] 135 |             unsafe { Module32Next(self.snapshot.handle(), &mut entry) }
[INFO] [stdout]     |                      ^^^^^^^^^^^^ not found in this scope
[INFO] [stdout] 
[INFO] [stdout] 
[INFO] [stdout] error[E0412]: cannot find type `HANDLE` in this scope
[INFO] [stdout]   --> src/winapiwrapper/thread.rs:24:31
[INFO] [stdout]    |
[INFO] [stdout] 24 |     unsafe extern "system" fn(HANDLE, THREAD_INFORMATION_CLASS, PVOID, ULONG, PULONG) -> NTSTATUS;
[INFO] [stdout]    |                               ^^^^^^ not found in this scope
[INFO] [stdout] 
[INFO] [stdout] 
[INFO] [stdout] error[E0412]: cannot find type `THREAD_INFORMATION_CLASS` in this scope
[INFO] [stdout]   --> src/winapiwrapper/thread.rs:24:39
[INFO] [stdout]    |
[INFO] [stdout] 24 |     unsafe extern "system" fn(HANDLE, THREAD_INFORMATION_CLASS, PVOID, ULONG, PULONG) -> NTSTATUS;
[INFO] [stdout]    |                                       ^^^^^^^^^^^^^^^^^^^^^^^^ not found in this scope
[INFO] [stdout] 
[INFO] [stdout] 
[INFO] [stdout] error[E0412]: cannot find type `PVOID` in this scope
[INFO] [stdout]   --> src/winapiwrapper/thread.rs:24:65
[INFO] [stdout]    |
[INFO] [stdout] 24 |     unsafe extern "system" fn(HANDLE, THREAD_INFORMATION_CLASS, PVOID, ULONG, PULONG) -> NTSTATUS;
[INFO] [stdout]    |                                                                 ^^^^^ not found in this scope
[INFO] [stdout] 
[INFO] [stdout] 
[INFO] [stdout] error[E0412]: cannot find type `ULONG` in this scope
[INFO] [stdout]   --> src/winapiwrapper/thread.rs:24:72
[INFO] [stdout]    |
[INFO] [stdout] 24 |     unsafe extern "system" fn(HANDLE, THREAD_INFORMATION_CLASS, PVOID, ULONG, PULONG) -> NTSTATUS;
[INFO] [stdout]    |                                                                        ^^^^^ not found in this scope
[INFO] [stdout] 
[INFO] [stdout] 
[INFO] [stdout] error[E0412]: cannot find type `PULONG` in this scope
[INFO] [stdout]   --> src/winapiwrapper/thread.rs:24:79
[INFO] [stdout]    |
[INFO] [stdout] 24 |     unsafe extern "system" fn(HANDLE, THREAD_INFORMATION_CLASS, PVOID, ULONG, PULONG) -> NTSTATUS;
[INFO] [stdout]    |                                                                               ^^^^^^ not found in this scope
[INFO] [stdout] 
[INFO] [stdout] 
[INFO] [stdout] error[E0412]: cannot find type `NTSTATUS` in this scope
[INFO] [stdout]   --> src/winapiwrapper/thread.rs:24:90
[INFO] [stdout]    |
[INFO] [stdout] 24 |     unsafe extern "system" fn(HANDLE, THREAD_INFORMATION_CLASS, PVOID, ULONG, PULONG) -> NTSTATUS;
[INFO] [stdout]    |                                                                                          ^^^^^^^^ not found in this scope
[INFO] [stdout] 
[INFO] [stdout] 
[INFO] [stdout] error[E0412]: cannot find type `HANDLE` in this scope
[INFO] [stdout]   --> src/winapiwrapper/thread.rs:29:20
[INFO] [stdout]    |
[INFO] [stdout] 29 |     UniqueProcess: HANDLE,
[INFO] [stdout]    |                    ^^^^^^ not found in this scope
[INFO] [stdout] 
[INFO] [stdout] 
[INFO] [stdout] error[E0412]: cannot find type `HANDLE` in this scope
[INFO] [stdout]   --> src/winapiwrapper/thread.rs:30:19
[INFO] [stdout]    |
[INFO] [stdout] 30 |     UniqueThread: HANDLE,
[INFO] [stdout]    |                   ^^^^^^ not found in this scope
[INFO] [stdout] 
[INFO] [stdout] 
[INFO] [stdout] error[E0412]: cannot find type `NTSTATUS` in this scope
[INFO] [stdout]   --> src/winapiwrapper/thread.rs:36:21
[INFO] [stdout]    |
[INFO] [stdout] 36 |     pub ExitStatus: NTSTATUS,
[INFO] [stdout]    |                     ^^^^^^^^ not found in this scope
[INFO] [stdout] 
[INFO] [stdout] 
[INFO] [stdout] error[E0412]: cannot find type `PVOID` in this scope
[INFO] [stdout]   --> src/winapiwrapper/thread.rs:37:25
[INFO] [stdout]    |
[INFO] [stdout] 37 |     pub TebBaseAddress: PVOID,
[INFO] [stdout]    |                         ^^^^^ not found in this scope
[INFO] [stdout] 
[INFO] [stdout] 
[INFO] [stdout] error[E0412]: cannot find type `NT_TIB` in this scope
[INFO] [stdout]   --> src/winapiwrapper/thread.rs:48:14
[INFO] [stdout]    |
[INFO] [stdout] 48 |     pub Tib: NT_TIB,
[INFO] [stdout]    |              ^^^^^^ not found in this scope
[INFO] [stdout] 
[INFO] [stdout] 
[INFO] [stdout] error[E0412]: cannot find type `PVOID` in this scope
[INFO] [stdout]   --> src/winapiwrapper/thread.rs:49:29
[INFO] [stdout]    |
[INFO] [stdout] 49 |     pub EnvironmentPointer: PVOID,
[INFO] [stdout]    |                             ^^^^^ not found in this scope
[INFO] [stdout] 
[INFO] [stdout] 
[INFO] [stdout] error[E0412]: cannot find type `PVOID` in this scope
[INFO] [stdout]   --> src/winapiwrapper/thread.rs:51:24
[INFO] [stdout]    |
[INFO] [stdout] 51 |     pub ActiveRpcInfo: PVOID,
[INFO] [stdout]    |                        ^^^^^ not found in this scope
[INFO] [stdout] 
[INFO] [stdout] 
[INFO] [stdout] error[E0412]: cannot find type `PVOID` in this scope
[INFO] [stdout]   --> src/winapiwrapper/thread.rs:52:36
[INFO] [stdout]    |
[INFO] [stdout] 52 |     pub ThreadLocalStoragePointer: PVOID,
[INFO] [stdout]    |                                    ^^^^^ not found in this scope
[INFO] [stdout] 
[INFO] [stdout] 
[INFO] [stdout] error[E0412]: cannot find type `HANDLE` in this scope
[INFO] [stdout]   --> src/winapiwrapper/thread.rs:56:13
[INFO] [stdout]    |
[INFO] [stdout] 56 |     handle: HANDLE,
[INFO] [stdout]    |             ^^^^^^ not found in this scope
[INFO] [stdout] 
[INFO] [stdout] 
[INFO] [stdout] error[E0425]: cannot find function, tuple struct or tuple variant `OpenThread` in this scope
[INFO] [stdout]   --> src/winapiwrapper/thread.rs:61:31
[INFO] [stdout]    |
[INFO] [stdout] 61 |         let handle = unsafe { OpenThread(access.bits(), inherit_handle as i32, id) };
[INFO] [stdout]    |                               ^^^^^^^^^^ not found in this scope
[INFO] [stdout] 
[INFO] [stdout] 
[INFO] [stdout] error[E0412]: cannot find type `SECURITY_ATTRIBUTES` in this scope
[INFO] [stdout]   --> src/winapiwrapper/thread.rs:82:19
[INFO] [stdout]    |
[INFO] [stdout] 82 |         } as *mut SECURITY_ATTRIBUTES;
[INFO] [stdout]    |                   ^^^^^^^^^^^^^^^^^^^ not found in this scope
[INFO] [stdout] 
[INFO] [stdout] 
[INFO] [stdout] error[E0425]: cannot find function, tuple struct or tuple variant `CreateRemoteThread` in this scope
[INFO] [stdout]   --> src/winapiwrapper/thread.rs:95:13
[INFO] [stdout]    |
[INFO] [stdout] 95 |             CreateRemoteThread(
[INFO] [stdout]    |             ^^^^^^^^^^^^^^^^^^ not found in this scope
[INFO] [stdout] 
[INFO] [stdout] 
[INFO] [stdout] error[E0425]: cannot find function, tuple struct or tuple variant `GetExitCodeThread` in this scope
[INFO] [stdout]    --> src/winapiwrapper/thread.rs:115:28
[INFO] [stdout]     |
[INFO] [stdout] 115 |         let ret = unsafe { GetExitCodeThread(self.handle, &mut code) };
[INFO] [stdout]     |                            ^^^^^^^^^^^^^^^^^ not found in this scope
[INFO] [stdout] 
[INFO] [stdout] 
[INFO] [stdout] error[E0425]: cannot find function, tuple struct or tuple variant `WaitForSingleObject` in this scope
[INFO] [stdout]    --> src/winapiwrapper/thread.rs:125:28
[INFO] [stdout]     |
[INFO] [stdout] 125 |         let ret = unsafe { WaitForSingleObject(self.handle, timeout) };
[INFO] [stdout]     |                            ^^^^^^^^^^^^^^^^^^^ not found in this scope
[INFO] [stdout] 
[INFO] [stdout] 
[INFO] [stdout] error[E0425]: cannot find value `WAIT_FAILED` in this scope
[INFO] [stdout]    --> src/winapiwrapper/thread.rs:127:19
[INFO] [stdout]     |
[INFO] [stdout] 127 |         if ret == WAIT_FAILED {
[INFO] [stdout]     |                   ^^^^^^^^^^^ not found in this scope
[INFO] [stdout] 
[INFO] [stdout] 
[INFO] [stdout] error[E0412]: cannot find type `PVOID` in this scope
[INFO] [stdout]    --> src/winapiwrapper/thread.rs:143:34
[INFO] [stdout]     |
[INFO] [stdout] 143 |             TebBaseAddress: 0 as PVOID,
[INFO] [stdout]     |                                  ^^^^^ not found in this scope
[INFO] [stdout] 
[INFO] [stdout] 
[INFO] [stdout] error[E0412]: cannot find type `HANDLE` in this scope
[INFO] [stdout]    --> src/winapiwrapper/thread.rs:145:37
[INFO] [stdout]     |
[INFO] [stdout] 145 |                 UniqueProcess: 0 as HANDLE,
[INFO] [stdout]     |                                     ^^^^^^ not found in this scope
[INFO] [stdout] 
[INFO] [stdout] 
[INFO] [stdout] error[E0412]: cannot find type `HANDLE` in this scope
[INFO] [stdout]    --> src/winapiwrapper/thread.rs:146:36
[INFO] [stdout]     |
[INFO] [stdout] 146 |                 UniqueThread: 0 as HANDLE,
[INFO] [stdout]     |                                    ^^^^^^ not found in this scope
[INFO] [stdout] 
[INFO] [stdout] 
[INFO] [stdout] error[E0412]: cannot find type `PVOID` in this scope
[INFO] [stdout]    --> src/winapiwrapper/thread.rs:157:78
[INFO] [stdout]     |
[INFO] [stdout] 157 |                 &mut thread_basic_info as *const THREAD_BASIC_INFORMATION as PVOID,
[INFO] [stdout]     |                                                                              ^^^^^ not found in this scope
[INFO] [stdout] 
[INFO] [stdout] 
[INFO] [stdout] error[E0412]: cannot find type `PULONG` in this scope
[INFO] [stdout]    --> src/winapiwrapper/thread.rs:159:22
[INFO] [stdout]     |
[INFO] [stdout] 159 |                 0 as PULONG,
[INFO] [stdout]     |                      ^^^^^^ not found in this scope
[INFO] [stdout] 
[INFO] [stdout] 
[INFO] [stdout] error[E0425]: cannot find function, tuple struct or tuple variant `ResumeThread` in this scope
[INFO] [stdout]    --> src/winapiwrapper/thread.rs:184:28
[INFO] [stdout]     |
[INFO] [stdout] 184 |         let ret = unsafe { ResumeThread(self.handle()) } as i32;
[INFO] [stdout]     |                            ^^^^^^^^^^^^ not found in this scope
[INFO] [stdout] 
[INFO] [stdout] 
[INFO] [stdout] error[E0412]: cannot find type `HANDLE` in this scope
[INFO] [stdout]    --> src/winapiwrapper/thread.rs:195:35
[INFO] [stdout]     |
[INFO] [stdout] 195 |     unsafe fn from_handle(handle: HANDLE) -> Thread {
[INFO] [stdout]     |                                   ^^^^^^ not found in this scope
[INFO] [stdout] 
[INFO] [stdout] 
[INFO] [stdout] error[E0412]: cannot find type `HANDLE` in this scope
[INFO] [stdout]    --> src/winapiwrapper/thread.rs:199:25
[INFO] [stdout]     |
[INFO] [stdout] 199 |     fn handle(&self) -> HANDLE {
[INFO] [stdout]     |                         ^^^^^^ not found in this scope
[INFO] [stdout] 
[INFO] [stdout] 
[INFO] [stdout] error[E0425]: cannot find function, tuple struct or tuple variant `VirtualAllocEx` in this scope
[INFO] [stdout]   --> src/winapiwrapper/virtualmem.rs:27:13
[INFO] [stdout]    |
[INFO] [stdout] 27 |             VirtualAllocEx(
[INFO] [stdout]    |             ^^^^^^^^^^^^^^ not found in this scope
[INFO] [stdout] 
[INFO] [stdout] 
[INFO] [stdout] error[E0412]: cannot find type `LPVOID` in this scope
[INFO] [stdout]   --> src/winapiwrapper/virtualmem.rs:29:28
[INFO] [stdout]    |
[INFO] [stdout] 29 |                 address as LPVOID,
[INFO] [stdout]    |                            ^^^^^^ not found in this scope
[INFO] [stdout] 
[INFO] [stdout] 
[INFO] [stdout] error[E0425]: cannot find function, tuple struct or tuple variant `VirtualFreeEx` in this scope
[INFO] [stdout]   --> src/winapiwrapper/virtualmem.rs:62:13
[INFO] [stdout]    |
[INFO] [stdout] 62 |             VirtualFreeEx(
[INFO] [stdout]    |             ^^^^^^^^^^^^^ not found in this scope
[INFO] [stdout] 
[INFO] [stdout] 
[INFO] [stdout] error[E0412]: cannot find type `LPVOID` in this scope
[INFO] [stdout]   --> src/winapiwrapper/virtualmem.rs:64:33
[INFO] [stdout]    |
[INFO] [stdout] 64 |                 self.address as LPVOID,
[INFO] [stdout]    |                                 ^^^^^^ not found in this scope
[INFO] [stdout] 
[INFO] [stdout] 
[INFO] [stdout] error[E0425]: cannot find value `IMAGE_FILE_DLL` in this scope
[INFO] [stdout]   --> src/lib.rs:20:43
[INFO] [stdout]    |
[INFO] [stdout] 20 |     if pe.file_header().Characteristics & IMAGE_FILE_DLL != IMAGE_FILE_DLL {
[INFO] [stdout]    |                                           ^^^^^^^^^^^^^^ not found in this scope
[INFO] [stdout]    |
[INFO] [stdout] help: consider importing this constant
[INFO] [stdout]    |
[INFO] [stdout] 4  | use pelite::pe32::image::IMAGE_FILE_DLL;
[INFO] [stdout]    |
[INFO] [stdout] 
[INFO] [stdout] 
[INFO] [stdout] error[E0425]: cannot find value `IMAGE_FILE_DLL` in this scope
[INFO] [stdout]   --> src/lib.rs:20:61
[INFO] [stdout]    |
[INFO] [stdout] 20 |     if pe.file_header().Characteristics & IMAGE_FILE_DLL != IMAGE_FILE_DLL {
[INFO] [stdout]    |                                                             ^^^^^^^^^^^^^^ not found in this scope
[INFO] [stdout]    |
[INFO] [stdout] help: consider importing this constant
[INFO] [stdout]    |
[INFO] [stdout] 4  | use pelite::pe32::image::IMAGE_FILE_DLL;
[INFO] [stdout]    |
[INFO] [stdout] 
[INFO] [stdout] 
[INFO] [stdout] warning: unused import: `TEB`
[INFO] [stdout]  --> src/injection/manualmap.rs:8:50
[INFO] [stdout]   |
[INFO] [stdout] 8 | use crate::winapiwrapper::thread::{self, Thread, TEB};
[INFO] [stdout]   |                                                  ^^^
[INFO] [stdout]   |
[INFO] [stdout]   = note: `#[warn(unused_imports)]` on by default
[INFO] [stdout] 
[INFO] [stdout] 
[INFO] [stdout] warning: unused import: `crate::winapiwrapper::threadaccess::ThreadAccess`
[INFO] [stdout]  --> src/injection/manualmap.rs:9:5
[INFO] [stdout]   |
[INFO] [stdout] 9 | use crate::winapiwrapper::threadaccess::ThreadAccess;
[INFO] [stdout]   |     ^^^^^^^^^^^^^^^^^^^^^^^^^^^^^^^^^^^^^^^^^^^^^^^^
[INFO] [stdout] 
[INFO] [stdout] 
[INFO] [stdout] warning: unused import: `field_offset::offset_of`
[INFO] [stdout]   --> src/injection/manualmap.rs:13:5
[INFO] [stdout]    |
[INFO] [stdout] 13 | use field_offset::offset_of;
[INFO] [stdout]    |     ^^^^^^^^^^^^^^^^^^^^^^^
[INFO] [stdout] 
[INFO] [stdout] 
[INFO] [stdout] error[E0425]: cannot find value `MAX_PATH` in this scope
[INFO] [stdout]   --> src/injection/loadlibrary.rs:43:13
[INFO] [stdout]    |
[INFO] [stdout] 43 |             MAX_PATH as usize + PTR_SIZE,
[INFO] [stdout]    |             ^^^^^^^^ not found in this scope
[INFO] [stdout] 
[INFO] [stdout] 
[INFO] [stdout] error[E0412]: cannot find type `HINSTANCE` in this scope
[INFO] [stdout]   --> src/injection/manualmap.rs:31:44
[INFO] [stdout]    |
[INFO] [stdout] 31 | type FnDllMain = unsafe extern "system" fn(HINSTANCE, DWORD, LPVOID) -> BOOL;
[INFO] [stdout]    |                                            ^^^^^^^^^ not found in this scope
[INFO] [stdout] 
[INFO] [stdout] 
[INFO] [stdout] error[E0412]: cannot find type `DWORD` in this scope
[INFO] [stdout]   --> src/injection/manualmap.rs:31:55
[INFO] [stdout]    |
[INFO] [stdout] 31 | type FnDllMain = unsafe extern "system" fn(HINSTANCE, DWORD, LPVOID) -> BOOL;
[INFO] [stdout]    |                                                       ^^^^^ not found in this scope
[INFO] [stdout] 
[INFO] [stdout] 
[INFO] [stdout] error[E0412]: cannot find type `LPVOID` in this scope
[INFO] [stdout]   --> src/injection/manualmap.rs:31:62
[INFO] [stdout]    |
[INFO] [stdout] 31 | type FnDllMain = unsafe extern "system" fn(HINSTANCE, DWORD, LPVOID) -> BOOL;
[INFO] [stdout]    |                                                              ^^^^^^ not found in this scope
[INFO] [stdout] 
[INFO] [stdout] 
[INFO] [stdout] error[E0412]: cannot find type `BOOL` in this scope
[INFO] [stdout]   --> src/injection/manualmap.rs:31:73
[INFO] [stdout]    |
[INFO] [stdout] 31 | type FnDllMain = unsafe extern "system" fn(HINSTANCE, DWORD, LPVOID) -> BOOL;
[INFO] [stdout]    |                                                                         ^^^^ not found in this scope
[INFO] [stdout] 
[INFO] [stdout] 
[INFO] [stdout] error[E0412]: cannot find type `PRUNTIME_FUNCTION` in this scope
[INFO] [stdout]   --> src/injection/manualmap.rs:32:56
[INFO] [stdout]    |
[INFO] [stdout] 32 | type FnRtlAddFunctionTable = unsafe extern "system" fn(PRUNTIME_FUNCTION, u32, u64) -> u8;
[INFO] [stdout]    |                                                        ^^^^^^^^^^^^^^^^^ not found in this scope
[INFO] [stdout] 
[INFO] [stdout] 
[INFO] [stdout] error[E0425]: cannot find value `IMAGE_DIRECTORY_ENTRY_EXCEPTION` in this scope
[INFO] [stdout]    --> src/injection/manualmap.rs:275:33
[INFO] [stdout]     |
[INFO] [stdout] 275 |             pe.data_directory()[IMAGE_DIRECTORY_ENTRY_EXCEPTION as usize];
[INFO] [stdout]     |                                 ^^^^^^^^^^^^^^^^^^^^^^^^^^^^^^^ not found in this scope
[INFO] [stdout]     |
[INFO] [stdout] help: consider importing this constant
[INFO] [stdout]     |
[INFO] [stdout] 1   | use pelite::pe32::image::IMAGE_DIRECTORY_ENTRY_EXCEPTION;
[INFO] [stdout]     |
[INFO] [stdout] 
[INFO] [stdout] 
[INFO] [stdout] error[E0412]: cannot find type `PRUNTIME_FUNCTION` in this scope
[INFO] [stdout]    --> src/injection/manualmap.rs:277:80
[INFO] [stdout]     |
[INFO] [stdout] 277 |             (exception_data_directory.VirtualAddress as usize + image_base) as PRUNTIME_FUNCTION;
[INFO] [stdout]     |                                                                                ^^^^^^^^^^^^^^^^^ not found in this scope
[INFO] [stdout] 
[INFO] [stdout] 
[INFO] [stdout] error[E0425]: cannot find value `IMAGE_SCN_MEM_READ` in this scope
[INFO] [stdout]    --> src/injection/manualmap.rs:288:29
[INFO] [stdout]     |
[INFO] [stdout] 288 |             let read = ch & IMAGE_SCN_MEM_READ != 0;
[INFO] [stdout]     |                             ^^^^^^^^^^^^^^^^^^ not found in this scope
[INFO] [stdout]     |
[INFO] [stdout] help: consider importing this constant
[INFO] [stdout]     |
[INFO] [stdout] 1   | use pelite::pe32::image::IMAGE_SCN_MEM_READ;
[INFO] [stdout]     |
[INFO] [stdout] 
[INFO] [stdout] 
[INFO] [stdout] error[E0425]: cannot find value `IMAGE_SCN_MEM_WRITE` in this scope
[INFO] [stdout]    --> src/injection/manualmap.rs:289:30
[INFO] [stdout]     |
[INFO] [stdout] 289 |             let write = ch & IMAGE_SCN_MEM_WRITE != 0;
[INFO] [stdout]     |                              ^^^^^^^^^^^^^^^^^^^ not found in this scope
[INFO] [stdout]     |
[INFO] [stdout] help: consider importing this constant
[INFO] [stdout]     |
[INFO] [stdout] 1   | use pelite::pe32::image::IMAGE_SCN_MEM_WRITE;
[INFO] [stdout]     |
[INFO] [stdout] 
[INFO] [stdout] 
[INFO] [stdout] error[E0425]: cannot find value `IMAGE_SCN_MEM_EXECUTE` in this scope
[INFO] [stdout]    --> src/injection/manualmap.rs:290:29
[INFO] [stdout]     |
[INFO] [stdout] 290 |             let exec = ch & IMAGE_SCN_MEM_EXECUTE != 0;
[INFO] [stdout]     |                             ^^^^^^^^^^^^^^^^^^^^^ not found in this scope
[INFO] [stdout]     |
[INFO] [stdout] help: consider importing this constant
[INFO] [stdout]     |
[INFO] [stdout] 1   | use pelite::pe32::image::IMAGE_SCN_MEM_EXECUTE;
[INFO] [stdout]     |
[INFO] [stdout] 
[INFO] [stdout] 
[INFO] [stdout] error[E0412]: cannot find type `PRUNTIME_FUNCTION` in this scope
[INFO] [stdout]    --> src/injection/manualmap.rs:402:25
[INFO] [stdout]     |
[INFO] [stdout] 402 |     exception_fn_table: PRUNTIME_FUNCTION,
[INFO] [stdout]     |                         ^^^^^^^^^^^^^^^^^ not found in this scope
[INFO] [stdout] 
[INFO] [stdout] 
[INFO] [stdout] error[E0412]: cannot find type `HINSTANCE` in this scope
[INFO] [stdout]    --> src/injection/manualmap.rs:426:39
[INFO] [stdout]     |
[INFO] [stdout] 426 |             loader_info.image_base as HINSTANCE,
[INFO] [stdout]     |                                       ^^^^^^^^^ not found in this scope
[INFO] [stdout] 
[INFO] [stdout] 
[INFO] [stdout] error[E0425]: cannot find value `DLL_PROCESS_ATTACH` in this scope
[INFO] [stdout]    --> src/injection/manualmap.rs:427:13
[INFO] [stdout]     |
[INFO] [stdout] 427 |             DLL_PROCESS_ATTACH,
[INFO] [stdout]     |             ^^^^^^^^^^^^^^^^^^ not found in this scope
[INFO] [stdout] 
[INFO] [stdout] 
[INFO] [stdout] error[E0412]: cannot find type `LPVOID` in this scope
[INFO] [stdout]    --> src/injection/manualmap.rs:428:18
[INFO] [stdout]     |
[INFO] [stdout] 428 |             0 as LPVOID,
[INFO] [stdout]     |                  ^^^^^^ not found in this scope
[INFO] [stdout] 
[INFO] [stdout] 
[INFO] [stdout] error[E0412]: cannot find type `HANDLE` in this scope
[INFO] [stdout]  --> src/winapiwrapper/handleowner.rs:4:35
[INFO] [stdout]   |
[INFO] [stdout] 4 |     unsafe fn from_handle(handle: HANDLE) -> Self;
[INFO] [stdout]   |                                   ^^^^^^ not found in this scope
[INFO] [stdout] 
[INFO] [stdout] 
[INFO] [stdout] error[E0412]: cannot find type `HANDLE` in this scope
[INFO] [stdout]  --> src/winapiwrapper/handleowner.rs:5:25
[INFO] [stdout]   |
[INFO] [stdout] 5 |     fn handle(&self) -> HANDLE;
[INFO] [stdout]   |                         ^^^^^^ not found in this scope
[INFO] [stdout] 
[INFO] [stdout] 
[INFO] [stdout] error[E0412]: cannot find type `HMODULE` in this scope
[INFO] [stdout]   --> src/winapiwrapper/library.rs:19:13
[INFO] [stdout]    |
[INFO] [stdout] 19 |     handle: HMODULE,
[INFO] [stdout]    |             ^^^^^^^ not found in this scope
[INFO] [stdout] 
[INFO] [stdout] 
[INFO] [stdout] error[E0425]: cannot find function, tuple struct or tuple variant `LoadLibraryA` in this scope
[INFO] [stdout]   --> src/winapiwrapper/library.rs:35:31
[INFO] [stdout]    |
[INFO] [stdout] 35 |         let handle = unsafe { LoadLibraryA(name) };
[INFO] [stdout]    |                               ^^^^^^^^^^^^ not found in this scope
[INFO] [stdout] 
[INFO] [stdout] 
[INFO] [stdout] error[E0412]: cannot find type `HMODULE` in this scope
[INFO] [stdout]   --> src/winapiwrapper/library.rs:76:63
[INFO] [stdout]    |
[INFO] [stdout] 76 |             Ok(base) => Ok(unsafe { Self::from_handle(base as HMODULE, pid, true) }),
[INFO] [stdout]    |                                                               ^^^^^^^ not found in this scope
[INFO] [stdout] 
[INFO] [stdout] 
[INFO] [stdout] error[E0412]: cannot find type `HMODULE` in this scope
[INFO] [stdout]   --> src/winapiwrapper/library.rs:84:39
[INFO] [stdout]    |
[INFO] [stdout] 84 |     pub unsafe fn from_handle(handle: HMODULE, pid_owning: u32, is_external: bool) -> Self {
[INFO] [stdout]    |                                       ^^^^^^^ not found in this scope
[INFO] [stdout] 
[INFO] [stdout] 
[INFO] [stdout] error[E0412]: cannot find type `HMODULE` in this scope
[INFO] [stdout]   --> src/winapiwrapper/library.rs:92:29
[INFO] [stdout]    |
[INFO] [stdout] 92 |     pub fn handle(&self) -> HMODULE {
[INFO] [stdout]    |                             ^^^^^^^ not found in this scope
[INFO] [stdout] 
[INFO] [stdout] 
[INFO] [stdout] error[E0425]: cannot find function, tuple struct or tuple variant `GetProcAddress` in this scope
[INFO] [stdout]    --> src/winapiwrapper/library.rs:113:29
[INFO] [stdout]     |
[INFO] [stdout] 113 |         let addr = unsafe { GetProcAddress(self.handle, proc_name) };
[INFO] [stdout]     |                             ^^^^^^^^^^^^^^ not found in this scope
[INFO] [stdout] 
[INFO] [stdout] 
[INFO] [stdout] error[E0412]: cannot find type `MODULEINFO` in this scope
[INFO] [stdout]    --> src/winapiwrapper/library.rs:209:34
[INFO] [stdout]     |
[INFO] [stdout] 24  | impl Library {
[INFO] [stdout]     |     - help: you might be missing a type parameter: `<MODULEINFO>`
[INFO] [stdout] ...
[INFO] [stdout] 209 |     pub fn info(&self) -> Result<MODULEINFO, Error> {
[INFO] [stdout]     |                                  ^^^^^^^^^^ not found in this scope
[INFO] [stdout] 
[INFO] [stdout] 
[INFO] [stdout] error[E0422]: cannot find struct, variant or union type `MODULEINFO` in this scope
[INFO] [stdout]    --> src/winapiwrapper/library.rs:216:24
[INFO] [stdout]     |
[INFO] [stdout] 216 |         let mut info = MODULEINFO {
[INFO] [stdout]     |                        ^^^^^^^^^^ not found in this scope
[INFO] [stdout] 
[INFO] [stdout] 
[INFO] [stdout] error[E0412]: cannot find type `LPVOID` in this scope
[INFO] [stdout]    --> src/winapiwrapper/library.rs:217:31
[INFO] [stdout]     |
[INFO] [stdout] 217 |             lpBaseOfDll: 0 as LPVOID,
[INFO] [stdout]     |                               ^^^^^^ not found in this scope
[INFO] [stdout] 
[INFO] [stdout] 
[INFO] [stdout] error[E0412]: cannot find type `LPVOID` in this scope
[INFO] [stdout]    --> src/winapiwrapper/library.rs:219:30
[INFO] [stdout]     |
[INFO] [stdout] 219 |             EntryPoint: 0 as LPVOID,
[INFO] [stdout]     |                              ^^^^^^ not found in this scope
[INFO] [stdout] 
[INFO] [stdout] 
[INFO] [stdout] error[E0425]: cannot find function, tuple struct or tuple variant `GetModuleInformation` in this scope
[INFO] [stdout]    --> src/winapiwrapper/library.rs:223:13
[INFO] [stdout]     |
[INFO] [stdout] 223 |             GetModuleInformation(
[INFO] [stdout]     |             ^^^^^^^^^^^^^^^^^^^^ not found in this scope
[INFO] [stdout] 
[INFO] [stdout] 
[INFO] [stdout] error[E0412]: cannot find type `MODULEINFO` in this scope
[INFO] [stdout]    --> src/winapiwrapper/library.rs:226:35
[INFO] [stdout]     |
[INFO] [stdout] 226 |                 &mut info as *mut MODULEINFO,
[INFO] [stdout]     |                                   ^^^^^^^^^^ not found in this scope
[INFO] [stdout] 
[INFO] [stdout] 
[INFO] [stdout] error[E0412]: cannot find type `MODULEINFO` in this scope
[INFO] [stdout]    --> src/winapiwrapper/library.rs:227:27
[INFO] [stdout]     |
[INFO] [stdout] 24  | impl Library {
[INFO] [stdout]     |     - help: you might be missing a type parameter: `<MODULEINFO>`
[INFO] [stdout] ...
[INFO] [stdout] 227 |                 size_of::<MODULEINFO>() as u32,
[INFO] [stdout]     |                           ^^^^^^^^^^ not found in this scope
[INFO] [stdout] 
[INFO] [stdout] 
[INFO] [stdout] error[E0412]: cannot find type `HANDLE` in this scope
[INFO] [stdout]   --> src/winapiwrapper/process.rs:21:13
[INFO] [stdout]    |
[INFO] [stdout] 21 |     handle: HANDLE,
[INFO] [stdout]    |             ^^^^^^ not found in this scope
[INFO] [stdout] 
[INFO] [stdout] 
[INFO] [stdout] error[E0425]: cannot find function, tuple struct or tuple variant `OpenProcess` in this scope
[INFO] [stdout]   --> src/winapiwrapper/process.rs:28:31
[INFO] [stdout]    |
[INFO] [stdout] 28 |         let handle = unsafe { OpenProcess(access.bits(), inherit as i32, pid) };
[INFO] [stdout]    |                               ^^^^^^^^^^^ not found in this scope
[INFO] [stdout] 
[INFO] [stdout] 
[INFO] [stdout] error[E0425]: cannot find function, tuple struct or tuple variant `GetCurrentProcess` in this scope
[INFO] [stdout]   --> src/winapiwrapper/process.rs:38:39
[INFO] [stdout]    |
[INFO] [stdout] 38 |         unsafe { Process::from_handle(GetCurrentProcess()) }
[INFO] [stdout]    |                                       ^^^^^^^^^^^^^^^^^ not found in this scope
[INFO] [stdout] 
[INFO] [stdout] 
[INFO] [stdout] error[E0425]: cannot find function, tuple struct or tuple variant `CloseHandle` in this scope
[INFO] [stdout]   --> src/winapiwrapper/process.rs:42:28
[INFO] [stdout]    |
[INFO] [stdout] 42 |         let ret = unsafe { CloseHandle(self.handle) };
[INFO] [stdout]    |                            ^^^^^^^^^^^ not found in this scope
[INFO] [stdout] 
[INFO] [stdout] 
[INFO] [stdout] error[E0425]: cannot find function, tuple struct or tuple variant `GetProcessId` in this scope
[INFO] [stdout]   --> src/winapiwrapper/process.rs:52:28
[INFO] [stdout]    |
[INFO] [stdout] 52 |         let pid = unsafe { GetProcessId(self.handle) };
[INFO] [stdout]    |                            ^^^^^^^^^^^^ not found in this scope
[INFO] [stdout] 
[INFO] [stdout] 
[INFO] [stdout] error[E0412]: cannot find type `THREADENTRY32` in this scope
[INFO] [stdout]   --> src/winapiwrapper/process.rs:74:45
[INFO] [stdout]    |
[INFO] [stdout] 74 |             .filter_map(move |thread_entry: THREADENTRY32| {
[INFO] [stdout]    |                                             ^^^^^^^^^^^^^ not found in this scope
[INFO] [stdout] 
[INFO] [stdout] 
[INFO] [stdout] error[E0425]: cannot find function, tuple struct or tuple variant `WriteProcessMemory` in this scope
[INFO] [stdout]   --> src/winapiwrapper/process.rs:97:23
[INFO] [stdout]    |
[INFO] [stdout] 97 |             let ret = WriteProcessMemory(
[INFO] [stdout]    |                       ^^^^^^^^^^^^^^^^^^ not found in this scope
[INFO] [stdout] 
[INFO] [stdout] 
[INFO] [stdout] error[E0425]: cannot find function, tuple struct or tuple variant `ReadProcessMemory` in this scope
[INFO] [stdout]    --> src/winapiwrapper/process.rs:125:23
[INFO] [stdout]     |
[INFO] [stdout] 125 |             let ret = ReadProcessMemory(
[INFO] [stdout]     |                       ^^^^^^^^^^^^^^^^^ not found in this scope
[INFO] [stdout] 
[INFO] [stdout] 
[INFO] [stdout] error[E0425]: cannot find function, tuple struct or tuple variant `VirtualProtectEx` in this scope
[INFO] [stdout]    --> src/winapiwrapper/process.rs:153:17
[INFO] [stdout]     |
[INFO] [stdout] 153 |                 VirtualProtectEx(
[INFO] [stdout]     |                 ^^^^^^^^^^^^^^^^ not found in this scope
[INFO] [stdout] 
[INFO] [stdout] 
[INFO] [stdout] error[E0412]: cannot find type `LPVOID` in this scope
[INFO] [stdout]    --> src/winapiwrapper/process.rs:155:32
[INFO] [stdout]     |
[INFO] [stdout] 155 |                     address as LPVOID,
[INFO] [stdout]     |                                ^^^^^^ not found in this scope
[INFO] [stdout] 
[INFO] [stdout] 
[INFO] [stdout] error[E0412]: cannot find type `MODULEENTRY32` in this scope
[INFO] [stdout]    --> src/winapiwrapper/process.rs:172:69
[INFO] [stdout]     |
[INFO] [stdout] 26  | impl Process {
[INFO] [stdout]     |     - help: you might be missing a type parameter: `<MODULEENTRY32>`
[INFO] [stdout] ...
[INFO] [stdout] 172 |     pub fn module_entry_by_name(&self, name: &str) -> Result<Option<MODULEENTRY32>, Error> {
[INFO] [stdout]     |                                                                     ^^^^^^^^^^^^^ not found in this scope
[INFO] [stdout] 
[INFO] [stdout] 
[INFO] [stdout] error[E0412]: cannot find type `MODULEENTRY32` in this scope
[INFO] [stdout]    --> src/winapiwrapper/process.rs:182:34
[INFO] [stdout]     |
[INFO] [stdout] 26  | impl Process {
[INFO] [stdout]     |     - help: you might be missing a type parameter: `<MODULEENTRY32>`
[INFO] [stdout] ...
[INFO] [stdout] 182 |         let entry: Option<Result<MODULEENTRY32, Error>> = self
[INFO] [stdout]     |                                  ^^^^^^^^^^^^^ not found in this scope
[INFO] [stdout] 
[INFO] [stdout] 
[INFO] [stdout] error[E0412]: cannot find type `HANDLE` in this scope
[INFO] [stdout]    --> src/winapiwrapper/process.rs:222:35
[INFO] [stdout]     |
[INFO] [stdout] 222 |     unsafe fn from_handle(handle: HANDLE) -> Self {
[INFO] [stdout]     |                                   ^^^^^^ not found in this scope
[INFO] [stdout] 
[INFO] [stdout] 
[INFO] [stdout] error[E0412]: cannot find type `HANDLE` in this scope
[INFO] [stdout]    --> src/winapiwrapper/process.rs:226:25
[INFO] [stdout]     |
[INFO] [stdout] 226 |     fn handle(&self) -> HANDLE {
[INFO] [stdout]     |                         ^^^^^^ not found in this scope
[INFO] [stdout] 
[INFO] [stdout] 
[INFO] [stdout] error[E0412]: cannot find type `HANDLE` in this scope
[INFO] [stdout]   --> src/winapiwrapper/snapshot.rs:17:13
[INFO] [stdout]    |
[INFO] [stdout] 17 |     handle: HANDLE,
[INFO] [stdout]    |             ^^^^^^ not found in this scope
[INFO] [stdout] 
[INFO] [stdout] 
[INFO] [stdout] error[E0425]: cannot find function, tuple struct or tuple variant `CreateToolhelp32Snapshot` in this scope
[INFO] [stdout]   --> src/winapiwrapper/snapshot.rs:22:26
[INFO] [stdout]    |
[INFO] [stdout] 22 |         let h = unsafe { CreateToolhelp32Snapshot(flags.bits(), pid) };
[INFO] [stdout]    |                          ^^^^^^^^^^^^^^^^^^^^^^^^ not found in this scope
[INFO] [stdout] 
[INFO] [stdout] 
[INFO] [stdout] error[E0425]: cannot find value `INVALID_HANDLE_VALUE` in this scope
[INFO] [stdout]   --> src/winapiwrapper/snapshot.rs:24:17
[INFO] [stdout]    |
[INFO] [stdout] 24 |         if h != INVALID_HANDLE_VALUE {
[INFO] [stdout]    |                 ^^^^^^^^^^^^^^^^^^^^ not found in this scope
[INFO] [stdout] 
[INFO] [stdout] 
[INFO] [stdout] error[E0412]: cannot find type `HANDLE` in this scope
[INFO] [stdout]   --> src/winapiwrapper/snapshot.rs:43:35
[INFO] [stdout]    |
[INFO] [stdout] 43 |     unsafe fn from_handle(handle: HANDLE) -> Self {
[INFO] [stdout]    |                                   ^^^^^^ not found in this scope
[INFO] [stdout] 
[INFO] [stdout] 
[INFO] [stdout] error[E0412]: cannot find type `HANDLE` in this scope
[INFO] [stdout]   --> src/winapiwrapper/snapshot.rs:47:25
[INFO] [stdout]    |
[INFO] [stdout] 47 |     fn handle(&self) -> HANDLE {
[INFO] [stdout]    |                         ^^^^^^ not found in this scope
[INFO] [stdout] 
[INFO] [stdout] 
[INFO] [stdout] error[E0412]: cannot find type `THREADENTRY32` in this scope
[INFO] [stdout]   --> src/winapiwrapper/snapshot.rs:68:17
[INFO] [stdout]    |
[INFO] [stdout] 68 |     type Item = THREADENTRY32;
[INFO] [stdout]    |                 ^^^^^^^^^^^^^ not found in this scope
[INFO] [stdout] 
[INFO] [stdout] 
[INFO] [stdout] error[E0422]: cannot find struct, variant or union type `THREADENTRY32` in this scope
[INFO] [stdout]   --> src/winapiwrapper/snapshot.rs:71:32
[INFO] [stdout]    |
[INFO] [stdout] 71 |         let mut thread_entry = THREADENTRY32 {
[INFO] [stdout]    |                                ^^^^^^^^^^^^^ not found in this scope
[INFO] [stdout] 
[INFO] [stdout] 
[INFO] [stdout] error[E0412]: cannot find type `THREADENTRY32` in this scope
[INFO] [stdout]   --> src/winapiwrapper/snapshot.rs:72:31
[INFO] [stdout]    |
[INFO] [stdout] 67 | impl Iterator for SnapshotThreadEntries {
[INFO] [stdout]    |     - help: you might be missing a type parameter: `<THREADENTRY32>`
[INFO] [stdout] ...
[INFO] [stdout] 72 |             dwSize: size_of::<THREADENTRY32>() as u32,
[INFO] [stdout]    |                               ^^^^^^^^^^^^^ not found in this scope
[INFO] [stdout] 
[INFO] [stdout] 
[INFO] [stdout] error[E0425]: cannot find function, tuple struct or tuple variant `Thread32First` in this scope
[INFO] [stdout]   --> src/winapiwrapper/snapshot.rs:84:22
[INFO] [stdout]    |
[INFO] [stdout] 84 |             unsafe { Thread32First(self.snapshot.handle(), &mut thread_entry) }
[INFO] [stdout]    |                      ^^^^^^^^^^^^^ not found in this scope
[INFO] [stdout] 
[INFO] [stdout] 
[INFO] [stdout] error[E0425]: cannot find function, tuple struct or tuple variant `Thread32Next` in this scope
[INFO] [stdout]   --> src/winapiwrapper/snapshot.rs:86:22
[INFO] [stdout]    |
[INFO] [stdout] 86 |             unsafe { Thread32Next(self.snapshot.handle(), &mut thread_entry) }
[INFO] [stdout]    |                      ^^^^^^^^^^^^ not found in this scope
[INFO] [stdout] 
[INFO] [stdout] 
[INFO] [stdout] error[E0412]: cannot find type `MODULEENTRY32` in this scope
[INFO] [stdout]    --> src/winapiwrapper/snapshot.rs:114:17
[INFO] [stdout]     |
[INFO] [stdout] 114 |     type Item = MODULEENTRY32;
[INFO] [stdout]     |                 ^^^^^^^^^^^^^ not found in this scope
[INFO] [stdout] 
[INFO] [stdout] 
[INFO] [stdout] error[E0422]: cannot find struct, variant or union type `MODULEENTRY32` in this scope
[INFO] [stdout]    --> src/winapiwrapper/snapshot.rs:117:25
[INFO] [stdout]     |
[INFO] [stdout] 117 |         let mut entry = MODULEENTRY32 {
[INFO] [stdout]     |                         ^^^^^^^^^^^^^ not found in this scope
[INFO] [stdout] 
[INFO] [stdout] 
[INFO] [stdout] error[E0412]: cannot find type `MODULEENTRY32` in this scope
[INFO] [stdout]    --> src/winapiwrapper/snapshot.rs:118:31
[INFO] [stdout]     |
[INFO] [stdout] 113 | impl Iterator for SnapshotModuleEntries {
[INFO] [stdout]     |     - help: you might be missing a type parameter: `<MODULEENTRY32>`
[INFO] [stdout] ...
[INFO] [stdout] 118 |             dwSize: size_of::<MODULEENTRY32>() as u32,
[INFO] [stdout]     |                               ^^^^^^^^^^^^^ not found in this scope
[INFO] [stdout] 
[INFO] [stdout] 
[INFO] [stdout] error[E0412]: cannot find type `BYTE` in this scope
[INFO] [stdout]    --> src/winapiwrapper/snapshot.rs:123:42
[INFO] [stdout]     |
[INFO] [stdout] 113 | impl Iterator for SnapshotModuleEntries {
[INFO] [stdout]     |     - help: you might be missing a type parameter: `<BYTE>`
[INFO] [stdout] ...
[INFO] [stdout] 123 |             modBaseAddr: ptr::null_mut::<BYTE>(),
[INFO] [stdout]     |                                          ^^^^ not found in this scope
[INFO] [stdout] 
[INFO] [stdout] 
[INFO] [stdout] error[E0412]: cannot find type `HMODULE` in this scope
[INFO] [stdout]    --> src/winapiwrapper/snapshot.rs:125:27
[INFO] [stdout]     |
[INFO] [stdout] 125 |             hModule: 0 as HMODULE,
[INFO] [stdout]     |                           ^^^^^^^ not found in this scope
[INFO] [stdout] 
[INFO] [stdout] 
[INFO] [stdout] error[E0425]: cannot find function, tuple struct or tuple variant `Module32First` in this scope
[INFO] [stdout]    --> src/winapiwrapper/snapshot.rs:133:22
[INFO] [stdout]     |
[INFO] [stdout] 133 |             unsafe { Module32First(self.snapshot.handle(), &mut entry) }
[INFO] [stdout]     |                      ^^^^^^^^^^^^^ not found in this scope
[INFO] [stdout] 
[INFO] [stdout] 
[INFO] [stdout] error[E0425]: cannot find function, tuple struct or tuple variant `Module32Next` in this scope
[INFO] [stdout]    --> src/winapiwrapper/snapshot.rs:135:22
[INFO] [stdout]     |
[INFO] [stdout] 135 |             unsafe { Module32Next(self.snapshot.handle(), &mut entry) }
[INFO] [stdout]     |                      ^^^^^^^^^^^^ not found in this scope
[INFO] [stdout] 
[INFO] [stdout] 
[INFO] [stdout] error[E0412]: cannot find type `HANDLE` in this scope
[INFO] [stdout]   --> src/winapiwrapper/thread.rs:24:31
[INFO] [stdout]    |
[INFO] [stdout] 24 |     unsafe extern "system" fn(HANDLE, THREAD_INFORMATION_CLASS, PVOID, ULONG, PULONG) -> NTSTATUS;
[INFO] [stdout]    |                               ^^^^^^ not found in this scope
[INFO] [stdout] 
[INFO] [stdout] 
[INFO] [stdout] error[E0412]: cannot find type `THREAD_INFORMATION_CLASS` in this scope
[INFO] [stdout]   --> src/winapiwrapper/thread.rs:24:39
[INFO] [stdout]    |
[INFO] [stdout] 24 |     unsafe extern "system" fn(HANDLE, THREAD_INFORMATION_CLASS, PVOID, ULONG, PULONG) -> NTSTATUS;
[INFO] [stdout]    |                                       ^^^^^^^^^^^^^^^^^^^^^^^^ not found in this scope
[INFO] [stdout] 
[INFO] [stdout] 
[INFO] [stdout] error[E0412]: cannot find type `PVOID` in this scope
[INFO] [stdout]   --> src/winapiwrapper/thread.rs:24:65
[INFO] [stdout]    |
[INFO] [stdout] 24 |     unsafe extern "system" fn(HANDLE, THREAD_INFORMATION_CLASS, PVOID, ULONG, PULONG) -> NTSTATUS;
[INFO] [stdout]    |                                                                 ^^^^^ not found in this scope
[INFO] [stdout] 
[INFO] [stdout] 
[INFO] [stdout] error[E0412]: cannot find type `ULONG` in this scope
[INFO] [stdout]   --> src/winapiwrapper/thread.rs:24:72
[INFO] [stdout]    |
[INFO] [stdout] 24 |     unsafe extern "system" fn(HANDLE, THREAD_INFORMATION_CLASS, PVOID, ULONG, PULONG) -> NTSTATUS;
[INFO] [stdout]    |                                                                        ^^^^^ not found in this scope
[INFO] [stdout] 
[INFO] [stdout] 
[INFO] [stdout] error[E0412]: cannot find type `PULONG` in this scope
[INFO] [stdout]   --> src/winapiwrapper/thread.rs:24:79
[INFO] [stdout]    |
[INFO] [stdout] 24 |     unsafe extern "system" fn(HANDLE, THREAD_INFORMATION_CLASS, PVOID, ULONG, PULONG) -> NTSTATUS;
[INFO] [stdout]    |                                                                               ^^^^^^ not found in this scope
[INFO] [stdout] 
[INFO] [stdout] 
[INFO] [stdout] error[E0412]: cannot find type `NTSTATUS` in this scope
[INFO] [stdout]   --> src/winapiwrapper/thread.rs:24:90
[INFO] [stdout]    |
[INFO] [stdout] 24 |     unsafe extern "system" fn(HANDLE, THREAD_INFORMATION_CLASS, PVOID, ULONG, PULONG) -> NTSTATUS;
[INFO] [stdout]    |                                                                                          ^^^^^^^^ not found in this scope
[INFO] [stdout] 
[INFO] [stdout] 
[INFO] [stdout] error[E0412]: cannot find type `HANDLE` in this scope
[INFO] [stdout]   --> src/winapiwrapper/thread.rs:29:20
[INFO] [stdout]    |
[INFO] [stdout] 29 |     UniqueProcess: HANDLE,
[INFO] [stdout]    |                    ^^^^^^ not found in this scope
[INFO] [stdout] 
[INFO] [stdout] 
[INFO] [stdout] error[E0412]: cannot find type `HANDLE` in this scope
[INFO] [stdout]   --> src/winapiwrapper/thread.rs:30:19
[INFO] [stdout]    |
[INFO] [stdout] 30 |     UniqueThread: HANDLE,
[INFO] [stdout]    |                   ^^^^^^ not found in this scope
[INFO] [stdout] 
[INFO] [stdout] 
[INFO] [stdout] error[E0412]: cannot find type `NTSTATUS` in this scope
[INFO] [stdout]   --> src/winapiwrapper/thread.rs:36:21
[INFO] [stdout]    |
[INFO] [stdout] 36 |     pub ExitStatus: NTSTATUS,
[INFO] [stdout]    |                     ^^^^^^^^ not found in this scope
[INFO] [stdout] 
[INFO] [stdout] 
[INFO] [stdout] error[E0412]: cannot find type `PVOID` in this scope
[INFO] [stdout]   --> src/winapiwrapper/thread.rs:37:25
[INFO] [stdout]    |
[INFO] [stdout] 37 |     pub TebBaseAddress: PVOID,
[INFO] [stdout]    |                         ^^^^^ not found in this scope
[INFO] [stdout] 
[INFO] [stdout] 
[INFO] [stdout] error[E0412]: cannot find type `NT_TIB` in this scope
[INFO] [stdout]   --> src/winapiwrapper/thread.rs:48:14
[INFO] [stdout]    |
[INFO] [stdout] 48 |     pub Tib: NT_TIB,
[INFO] [stdout]    |              ^^^^^^ not found in this scope
[INFO] [stdout] 
[INFO] [stdout] 
[INFO] [stdout] error[E0412]: cannot find type `PVOID` in this scope
[INFO] [stdout]   --> src/winapiwrapper/thread.rs:49:29
[INFO] [stdout]    |
[INFO] [stdout] 49 |     pub EnvironmentPointer: PVOID,
[INFO] [stdout]    |                             ^^^^^ not found in this scope
[INFO] [stdout] 
[INFO] [stdout] 
[INFO] [stdout] error[E0412]: cannot find type `PVOID` in this scope
[INFO] [stdout]   --> src/winapiwrapper/thread.rs:51:24
[INFO] [stdout]    |
[INFO] [stdout] 51 |     pub ActiveRpcInfo: PVOID,
[INFO] [stdout]    |                        ^^^^^ not found in this scope
[INFO] [stdout] 
[INFO] [stdout] 
[INFO] [stdout] error[E0412]: cannot find type `PVOID` in this scope
[INFO] [stdout]   --> src/winapiwrapper/thread.rs:52:36
[INFO] [stdout]    |
[INFO] [stdout] 52 |     pub ThreadLocalStoragePointer: PVOID,
[INFO] [stdout]    |                                    ^^^^^ not found in this scope
[INFO] [stdout] 
[INFO] [stdout] 
[INFO] [stdout] error[E0412]: cannot find type `HANDLE` in this scope
[INFO] [stdout]   --> src/winapiwrapper/thread.rs:56:13
[INFO] [stdout]    |
[INFO] [stdout] 56 |     handle: HANDLE,
[INFO] [stdout]    |             ^^^^^^ not found in this scope
[INFO] [stdout] 
[INFO] [stdout] 
[INFO] [stdout] error[E0425]: cannot find function, tuple struct or tuple variant `OpenThread` in this scope
[INFO] [stdout]   --> src/winapiwrapper/thread.rs:61:31
[INFO] [stdout]    |
[INFO] [stdout] 61 |         let handle = unsafe { OpenThread(access.bits(), inherit_handle as i32, id) };
[INFO] [stdout]    |                               ^^^^^^^^^^ not found in this scope
[INFO] [stdout] 
[INFO] [stdout] 
[INFO] [stdout] error[E0412]: cannot find type `SECURITY_ATTRIBUTES` in this scope
[INFO] [stdout]   --> src/winapiwrapper/thread.rs:82:19
[INFO] [stdout]    |
[INFO] [stdout] 82 |         } as *mut SECURITY_ATTRIBUTES;
[INFO] [stdout]    |                   ^^^^^^^^^^^^^^^^^^^ not found in this scope
[INFO] [stdout] 
[INFO] [stdout] 
[INFO] [stdout] error[E0425]: cannot find function, tuple struct or tuple variant `CreateRemoteThread` in this scope
[INFO] [stdout]   --> src/winapiwrapper/thread.rs:95:13
[INFO] [stdout]    |
[INFO] [stdout] 95 |             CreateRemoteThread(
[INFO] [stdout]    |             ^^^^^^^^^^^^^^^^^^ not found in this scope
[INFO] [stdout] 
[INFO] [stdout] 
[INFO] [stdout] error[E0425]: cannot find function, tuple struct or tuple variant `GetExitCodeThread` in this scope
[INFO] [stdout]    --> src/winapiwrapper/thread.rs:115:28
[INFO] [stdout]     |
[INFO] [stdout] 115 |         let ret = unsafe { GetExitCodeThread(self.handle, &mut code) };
[INFO] [stdout]     |                            ^^^^^^^^^^^^^^^^^ not found in this scope
[INFO] [stdout] 
[INFO] [stdout] 
[INFO] [stdout] error[E0425]: cannot find function, tuple struct or tuple variant `WaitForSingleObject` in this scope
[INFO] [stdout]    --> src/winapiwrapper/thread.rs:125:28
[INFO] [stdout]     |
[INFO] [stdout] 125 |         let ret = unsafe { WaitForSingleObject(self.handle, timeout) };
[INFO] [stdout]     |                            ^^^^^^^^^^^^^^^^^^^ not found in this scope
[INFO] [stdout] 
[INFO] [stdout] 
[INFO] [stdout] error[E0425]: cannot find value `WAIT_FAILED` in this scope
[INFO] [stdout]    --> src/winapiwrapper/thread.rs:127:19
[INFO] [stdout]     |
[INFO] [stdout] 127 |         if ret == WAIT_FAILED {
[INFO] [stdout]     |                   ^^^^^^^^^^^ not found in this scope
[INFO] [stdout] 
[INFO] [stdout] 
[INFO] [stdout] error[E0412]: cannot find type `PVOID` in this scope
[INFO] [stdout]    --> src/winapiwrapper/thread.rs:143:34
[INFO] [stdout]     |
[INFO] [stdout] 143 |             TebBaseAddress: 0 as PVOID,
[INFO] [stdout]     |                                  ^^^^^ not found in this scope
[INFO] [stdout] 
[INFO] [stdout] 
[INFO] [stdout] error[E0412]: cannot find type `HANDLE` in this scope
[INFO] [stdout]    --> src/winapiwrapper/thread.rs:145:37
[INFO] [stdout]     |
[INFO] [stdout] 145 |                 UniqueProcess: 0 as HANDLE,
[INFO] [stdout]     |                                     ^^^^^^ not found in this scope
[INFO] [stdout] 
[INFO] [stdout] 
[INFO] [stdout] error[E0412]: cannot find type `HANDLE` in this scope
[INFO] [stdout]    --> src/winapiwrapper/thread.rs:146:36
[INFO] [stdout]     |
[INFO] [stdout] 146 |                 UniqueThread: 0 as HANDLE,
[INFO] [stdout]     |                                    ^^^^^^ not found in this scope
[INFO] [stdout] 
[INFO] [stdout] 
[INFO] [stdout] error[E0412]: cannot find type `PVOID` in this scope
[INFO] [stdout]    --> src/winapiwrapper/thread.rs:157:78
[INFO] [stdout]     |
[INFO] [stdout] 157 |                 &mut thread_basic_info as *const THREAD_BASIC_INFORMATION as PVOID,
[INFO] [stdout]     |                                                                              ^^^^^ not found in this scope
[INFO] [stdout] 
[INFO] [stdout] 
[INFO] [stdout] error[E0412]: cannot find type `PULONG` in this scope
[INFO] [stdout]    --> src/winapiwrapper/thread.rs:159:22
[INFO] [stdout]     |
[INFO] [stdout] 159 |                 0 as PULONG,
[INFO] [stdout]     |                      ^^^^^^ not found in this scope
[INFO] [stdout] 
[INFO] [stdout] 
[INFO] [stdout] error[E0425]: cannot find function, tuple struct or tuple variant `ResumeThread` in this scope
[INFO] [stdout]    --> src/winapiwrapper/thread.rs:184:28
[INFO] [stdout]     |
[INFO] [stdout] 184 |         let ret = unsafe { ResumeThread(self.handle()) } as i32;
[INFO] [stdout]     |                            ^^^^^^^^^^^^ not found in this scope
[INFO] [stdout] 
[INFO] [stdout] 
[INFO] [stdout] error[E0412]: cannot find type `HANDLE` in this scope
[INFO] [stdout]    --> src/winapiwrapper/thread.rs:195:35
[INFO] [stdout]     |
[INFO] [stdout] 195 |     unsafe fn from_handle(handle: HANDLE) -> Thread {
[INFO] [stdout]     |                                   ^^^^^^ not found in this scope
[INFO] [stdout] 
[INFO] [stdout] 
[INFO] [stdout] error[E0412]: cannot find type `HANDLE` in this scope
[INFO] [stdout]    --> src/winapiwrapper/thread.rs:199:25
[INFO] [stdout]     |
[INFO] [stdout] 199 |     fn handle(&self) -> HANDLE {
[INFO] [stdout]     |                         ^^^^^^ not found in this scope
[INFO] [stdout] 
[INFO] [stdout] 
[INFO] [stdout] error[E0425]: cannot find function, tuple struct or tuple variant `VirtualAllocEx` in this scope
[INFO] [stdout]   --> src/winapiwrapper/virtualmem.rs:27:13
[INFO] [stdout]    |
[INFO] [stdout] 27 |             VirtualAllocEx(
[INFO] [stdout]    |             ^^^^^^^^^^^^^^ not found in this scope
[INFO] [stdout] 
[INFO] [stdout] 
[INFO] [stdout] error[E0412]: cannot find type `LPVOID` in this scope
[INFO] [stdout]   --> src/winapiwrapper/virtualmem.rs:29:28
[INFO] [stdout]    |
[INFO] [stdout] 29 |                 address as LPVOID,
[INFO] [stdout]    |                            ^^^^^^ not found in this scope
[INFO] [stdout] 
[INFO] [stdout] 
[INFO] [stdout] error[E0425]: cannot find function, tuple struct or tuple variant `VirtualFreeEx` in this scope
[INFO] [stdout]   --> src/winapiwrapper/virtualmem.rs:62:13
[INFO] [stdout]    |
[INFO] [stdout] 62 |             VirtualFreeEx(
[INFO] [stdout]    |             ^^^^^^^^^^^^^ not found in this scope
[INFO] [stdout] 
[INFO] [stdout] 
[INFO] [stdout] error[E0412]: cannot find type `LPVOID` in this scope
[INFO] [stdout]   --> src/winapiwrapper/virtualmem.rs:64:33
[INFO] [stdout]    |
[INFO] [stdout] 64 |                 self.address as LPVOID,
[INFO] [stdout]    |                                 ^^^^^^ not found in this scope
[INFO] [stdout] 
[INFO] [stdout] 
[INFO] [stdout] error[E0425]: cannot find value `IMAGE_FILE_DLL` in this scope
[INFO] [stdout]   --> src/lib.rs:20:43
[INFO] [stdout]    |
[INFO] [stdout] 20 |     if pe.file_header().Characteristics & IMAGE_FILE_DLL != IMAGE_FILE_DLL {
[INFO] [stdout]    |                                           ^^^^^^^^^^^^^^ not found in this scope
[INFO] [stdout]    |
[INFO] [stdout] help: consider importing this constant
[INFO] [stdout]    |
[INFO] [stdout] 4  | use pelite::pe32::image::IMAGE_FILE_DLL;
[INFO] [stdout]    |
[INFO] [stdout] 
[INFO] [stdout] 
[INFO] [stdout] error[E0425]: cannot find value `IMAGE_FILE_DLL` in this scope
[INFO] [stdout]   --> src/lib.rs:20:61
[INFO] [stdout]    |
[INFO] [stdout] 20 |     if pe.file_header().Characteristics & IMAGE_FILE_DLL != IMAGE_FILE_DLL {
[INFO] [stdout]    |                                                             ^^^^^^^^^^^^^^ not found in this scope
[INFO] [stdout]    |
[INFO] [stdout] help: consider importing this constant
[INFO] [stdout]    |
[INFO] [stdout] 4  | use pelite::pe32::image::IMAGE_FILE_DLL;
[INFO] [stdout]    |
[INFO] [stdout] 
[INFO] [stdout] 
[INFO] [stdout] warning: unused import: `TEB`
[INFO] [stdout]  --> src/injection/manualmap.rs:8:50
[INFO] [stdout]   |
[INFO] [stdout] 8 | use crate::winapiwrapper::thread::{self, Thread, TEB};
[INFO] [stdout]   |                                                  ^^^
[INFO] [stdout]   |
[INFO] [stdout]   = note: `#[warn(unused_imports)]` on by default
[INFO] [stdout] 
[INFO] [stdout] 
[INFO] [stdout] warning: unused import: `crate::winapiwrapper::threadaccess::ThreadAccess`
[INFO] [stdout]  --> src/injection/manualmap.rs:9:5
[INFO] [stdout]   |
[INFO] [stdout] 9 | use crate::winapiwrapper::threadaccess::ThreadAccess;
[INFO] [stdout]   |     ^^^^^^^^^^^^^^^^^^^^^^^^^^^^^^^^^^^^^^^^^^^^^^^^
[INFO] [stdout] 
[INFO] [stdout] 
[INFO] [stdout] warning: unused import: `field_offset::offset_of`
[INFO] [stdout]   --> src/injection/manualmap.rs:13:5
[INFO] [stdout]    |
[INFO] [stdout] 13 | use field_offset::offset_of;
[INFO] [stdout]    |     ^^^^^^^^^^^^^^^^^^^^^^^
[INFO] [stdout] 
[INFO] [stdout] 
[INFO] [stdout] error: aborting due to 134 previous errors; 3 warnings emitted
[INFO] [stdout] 
[INFO] [stdout] 
[INFO] [stdout] Some errors have detailed explanations: E0412, E0422, E0425, E0432, E0433.
[INFO] [stdout] 
[INFO] [stdout] For more information about an error, try `rustc --explain E0412`.
[INFO] [stdout] 
[INFO] [stderr] error: could not compile `jector`.
[INFO] [stderr] 
[INFO] [stderr] To learn more, run the command again with --verbose.
[INFO] [stderr] warning: build failed, waiting for other jobs to finish...
[INFO] [stdout] error: aborting due to 134 previous errors; 3 warnings emitted
[INFO] [stdout] 
[INFO] [stdout] 
[INFO] [stdout] Some errors have detailed explanations: E0412, E0422, E0425, E0432, E0433.
[INFO] [stdout] 
[INFO] [stdout] For more information about an error, try `rustc --explain E0412`.
[INFO] [stdout] 
[INFO] [stderr] error: build failed
[INFO] running `Command { std: "docker" "inspect" "4a26c170e81a91e8c94c13a2d9928e41c3de2e9f64998c244cbe6e74450d8ff3", kill_on_drop: false }`
[INFO] running `Command { std: "docker" "rm" "-f" "4a26c170e81a91e8c94c13a2d9928e41c3de2e9f64998c244cbe6e74450d8ff3", kill_on_drop: false }`
[INFO] [stdout] 4a26c170e81a91e8c94c13a2d9928e41c3de2e9f64998c244cbe6e74450d8ff3
