[INFO] cloning repository https://github.com/bplower/rust-shapes-demo
[INFO] running `Command { std: "git" "-c" "credential.helper=" "-c" "credential.helper=/workspace/cargo-home/bin/git-credential-null" "clone" "--bare" "https://github.com/bplower/rust-shapes-demo" "/workspace/cache/git-repos/https%3A%2F%2Fgithub.com%2Fbplower%2Frust-shapes-demo", kill_on_drop: false }`
[INFO] [stderr] Cloning into bare repository '/workspace/cache/git-repos/https%3A%2F%2Fgithub.com%2Fbplower%2Frust-shapes-demo'...
[INFO] running `Command { std: "git" "rev-parse" "HEAD", kill_on_drop: false }`
[INFO] [stdout] 698a136c89518738006155467cc5fc3fb4d23163
[INFO] checking bplower/rust-shapes-demo against beta-2020-07-24 for pr-75494-beta
[INFO] running `Command { std: "git" "clone" "/workspace/cache/git-repos/https%3A%2F%2Fgithub.com%2Fbplower%2Frust-shapes-demo" "/workspace/builds/worker-9/source", kill_on_drop: false }`
[INFO] [stderr] Cloning into '/workspace/builds/worker-9/source'...
[INFO] [stderr] done.
[INFO] validating manifest of git repo https://github.com/bplower/rust-shapes-demo on toolchain beta-2020-07-24
[INFO] running `Command { std: "/workspace/cargo-home/bin/cargo" "+beta-2020-07-24" "read-manifest" "--manifest-path" "Cargo.toml", kill_on_drop: false }`
[INFO] started tweaking git repo https://github.com/bplower/rust-shapes-demo
[INFO] finished tweaking git repo https://github.com/bplower/rust-shapes-demo
[INFO] tweaked toml for git repo https://github.com/bplower/rust-shapes-demo written to /workspace/builds/worker-9/source/Cargo.toml
[INFO] crate git repo https://github.com/bplower/rust-shapes-demo already has a lockfile, it will not be regenerated
[INFO] running `Command { std: "/workspace/cargo-home/bin/cargo" "+beta-2020-07-24" "fetch" "--locked" "--manifest-path" "Cargo.toml", kill_on_drop: false }`
[INFO] running `Command { std: "docker" "create" "-v" "/var/lib/crater-agent-workspace/builds/worker-9/target:/opt/rustwide/target:rw,Z" "-v" "/var/lib/crater-agent-workspace/builds/worker-9/source:/opt/rustwide/workdir:ro,Z" "-v" "/var/lib/crater-agent-workspace/cargo-home:/opt/rustwide/cargo-home:ro,Z" "-v" "/var/lib/crater-agent-workspace/rustup-home:/opt/rustwide/rustup-home:ro,Z" "-e" "SOURCE_DIR=/opt/rustwide/workdir" "-e" "CARGO_TARGET_DIR=/opt/rustwide/target" "-e" "CARGO_HOME=/opt/rustwide/cargo-home" "-e" "RUSTUP_HOME=/opt/rustwide/rustup-home" "-w" "/opt/rustwide/workdir" "-m" "1610612736" "--user" "0:0" "--network" "none" "rustops/crates-build-env@sha256:a636fd89d022f18117e1dc8fb37a0a009933cdbbe082814857f0e2024962d47c" "/opt/rustwide/cargo-home/bin/cargo" "+beta-2020-07-24" "metadata" "--no-deps" "--format-version=1", kill_on_drop: false }`
[INFO] [stdout] 9cb5997690b3b2ccc2e80f995a5a8b7465fa306cb28604d286d5e94dcd8aeb4b
[INFO] [stderr] WARNING: Your kernel does not support swap limit capabilities or the cgroup is not mounted. Memory limited without swap.
[INFO] running `Command { std: "docker" "start" "-a" "9cb5997690b3b2ccc2e80f995a5a8b7465fa306cb28604d286d5e94dcd8aeb4b", kill_on_drop: false }`
[INFO] running `Command { std: "docker" "inspect" "9cb5997690b3b2ccc2e80f995a5a8b7465fa306cb28604d286d5e94dcd8aeb4b", kill_on_drop: false }`
[INFO] running `Command { std: "docker" "rm" "-f" "9cb5997690b3b2ccc2e80f995a5a8b7465fa306cb28604d286d5e94dcd8aeb4b", kill_on_drop: false }`
[INFO] [stdout] 9cb5997690b3b2ccc2e80f995a5a8b7465fa306cb28604d286d5e94dcd8aeb4b
[INFO] running `Command { std: "docker" "create" "-v" "/var/lib/crater-agent-workspace/builds/worker-9/target:/opt/rustwide/target:rw,Z" "-v" "/var/lib/crater-agent-workspace/builds/worker-9/source:/opt/rustwide/workdir:ro,Z" "-v" "/var/lib/crater-agent-workspace/cargo-home:/opt/rustwide/cargo-home:ro,Z" "-v" "/var/lib/crater-agent-workspace/rustup-home:/opt/rustwide/rustup-home:ro,Z" "-e" "SOURCE_DIR=/opt/rustwide/workdir" "-e" "CARGO_TARGET_DIR=/opt/rustwide/target" "-e" "CARGO_INCREMENTAL=0" "-e" "RUST_BACKTRACE=full" "-e" "RUSTFLAGS=--cap-lints=forbid" "-e" "CARGO_HOME=/opt/rustwide/cargo-home" "-e" "RUSTUP_HOME=/opt/rustwide/rustup-home" "-w" "/opt/rustwide/workdir" "-m" "1610612736" "--user" "0:0" "--network" "none" "rustops/crates-build-env@sha256:a636fd89d022f18117e1dc8fb37a0a009933cdbbe082814857f0e2024962d47c" "/opt/rustwide/cargo-home/bin/cargo" "+beta-2020-07-24" "check" "--frozen" "--all" "--all-targets" "--message-format=json", kill_on_drop: false }`
[INFO] [stdout] e53929088b04338e5bb32ea221cf5d62be2eeff384b25eb741fb774ba8d503a3
[INFO] [stderr] WARNING: Your kernel does not support swap limit capabilities or the cgroup is not mounted. Memory limited without swap.
[INFO] running `Command { std: "docker" "start" "-a" "e53929088b04338e5bb32ea221cf5d62be2eeff384b25eb741fb774ba8d503a3", kill_on_drop: false }`
[INFO] [stderr]     Checking rust-shapes v0.1.0 (/opt/rustwide/workdir)
[INFO] [stdout] error[E0277]: the trait bound `rectangle::Rectangle: traits::Volume` is not satisfied
[INFO] [stdout]   --> src/main.rs:26:13
[INFO] [stdout]    |
[INFO] [stdout] 11 | fn printer<T>(item: T)
[INFO] [stdout]    |    ------- required by a bound in this
[INFO] [stdout] 12 | where
[INFO] [stdout] 13 |     T: std::fmt::Debug + Volume + Density
[INFO] [stdout]    |                          ------ required by this bound in `printer`
[INFO] [stdout] ...
[INFO] [stdout] 26 |     printer(r);
[INFO] [stdout]    |             ^ the trait `traits::Volume` is not implemented for `rectangle::Rectangle`
[INFO] [stdout] 
[INFO] [stdout] 
[INFO] [stdout] error[E0277]: the trait bound `rectangle::Rectangle: traits::Mass` is not satisfied
[INFO] [stdout]   --> src/main.rs:26:13
[INFO] [stdout]    |
[INFO] [stdout] 11 | fn printer<T>(item: T)
[INFO] [stdout]    |    ------- required by a bound in this
[INFO] [stdout] 12 | where
[INFO] [stdout] 13 |     T: std::fmt::Debug + Volume + Density
[INFO] [stdout]    |                                   ------- required by this bound in `printer`
[INFO] [stdout] ...
[INFO] [stdout] 26 |     printer(r);
[INFO] [stdout]    |             ^ the trait `traits::Mass` is not implemented for `rectangle::Rectangle`
[INFO] [stdout]    |
[INFO] [stdout]    = note: required because of the requirements on the impl of `traits::Density` for `rectangle::Rectangle`
[INFO] [stdout] 
[INFO] [stdout] 
[INFO] [stdout] error[E0277]: the trait bound `rectangle::Rectangle: traits::Volume` is not satisfied
[INFO] [stdout]   --> src/main.rs:26:13
[INFO] [stdout]    |
[INFO] [stdout] 11 | fn printer<T>(item: T)
[INFO] [stdout]    |    ------- required by a bound in this
[INFO] [stdout] 12 | where
[INFO] [stdout] 13 |     T: std::fmt::Debug + Volume + Density
[INFO] [stdout]    |                          ------ required by this bound in `printer`
[INFO] [stdout] ...
[INFO] [stdout] 26 |     printer(r);
[INFO] [stdout]    |             ^ the trait `traits::Volume` is not implemented for `rectangle::Rectangle`
[INFO] [stdout] 
[INFO] [stdout] 
[INFO] [stdout] error[E0277]: the trait bound `rectangle::Rectangle: traits::Mass` is not satisfied
[INFO] [stdout]   --> src/main.rs:26:13
[INFO] [stdout]    |
[INFO] [stdout] 11 | fn printer<T>(item: T)
[INFO] [stdout]    |    ------- required by a bound in this
[INFO] [stdout] 12 | where
[INFO] [stdout] 13 |     T: std::fmt::Debug + Volume + Density
[INFO] [stdout]    |                                   ------- required by this bound in `printer`
[INFO] [stdout] ...
[INFO] [stdout] 26 |     printer(r);
[INFO] [stdout]    |             ^ the trait `traits::Mass` is not implemented for `rectangle::Rectangle`
[INFO] [stdout]    |
[INFO] [stdout]    = note: required because of the requirements on the impl of `traits::Density` for `rectangle::Rectangle`
[INFO] [stdout] 
[INFO] [stdout] 
[INFO] [stdout] error: aborting due to 2 previous errors
[INFO] [stdout] 
[INFO] [stdout] 
[INFO] [stdout] For more information about this error, try `rustc --explain E0277`.
[INFO] [stdout] 
[INFO] [stdout] error: aborting due to 2 previous errors
[INFO] [stdout] 
[INFO] [stdout] 
[INFO] [stdout] For more information about this error, try `rustc --explain E0277`.
[INFO] [stdout] 
[INFO] [stderr] error: could not compile `rust-shapes`.
[INFO] [stderr] 
[INFO] [stderr] To learn more, run the command again with --verbose.
[INFO] [stderr] warning: build failed, waiting for other jobs to finish...
[INFO] [stderr] error: build failed
[INFO] running `Command { std: "docker" "inspect" "e53929088b04338e5bb32ea221cf5d62be2eeff384b25eb741fb774ba8d503a3", kill_on_drop: false }`
[INFO] running `Command { std: "docker" "rm" "-f" "e53929088b04338e5bb32ea221cf5d62be2eeff384b25eb741fb774ba8d503a3", kill_on_drop: false }`
[INFO] [stdout] e53929088b04338e5bb32ea221cf5d62be2eeff384b25eb741fb774ba8d503a3
