[INFO] cloning repository https://github.com/blitzcode/term-gfx
[INFO] running `Command { std: "git" "-c" "credential.helper=" "-c" "credential.helper=/workspace/cargo-home/bin/git-credential-null" "clone" "--bare" "https://github.com/blitzcode/term-gfx" "/workspace/cache/git-repos/https%3A%2F%2Fgithub.com%2Fblitzcode%2Fterm-gfx", kill_on_drop: false }`
[INFO] [stderr] Cloning into bare repository '/workspace/cache/git-repos/https%3A%2F%2Fgithub.com%2Fblitzcode%2Fterm-gfx'...
[INFO] running `Command { std: "git" "rev-parse" "HEAD", kill_on_drop: false }`
[INFO] [stdout] 0f02606f62bf3adb9f5d92bb0fe13687f9f2aebe
[INFO] checking blitzcode/term-gfx against beta-2020-07-24 for pr-75494-beta
[INFO] running `Command { std: "git" "clone" "/workspace/cache/git-repos/https%3A%2F%2Fgithub.com%2Fblitzcode%2Fterm-gfx" "/workspace/builds/worker-9/source", kill_on_drop: false }`
[INFO] [stderr] Cloning into '/workspace/builds/worker-9/source'...
[INFO] [stderr] done.
[INFO] validating manifest of git repo https://github.com/blitzcode/term-gfx on toolchain beta-2020-07-24
[INFO] running `Command { std: "/workspace/cargo-home/bin/cargo" "+beta-2020-07-24" "read-manifest" "--manifest-path" "Cargo.toml", kill_on_drop: false }`
[INFO] started tweaking git repo https://github.com/blitzcode/term-gfx
[INFO] finished tweaking git repo https://github.com/blitzcode/term-gfx
[INFO] tweaked toml for git repo https://github.com/blitzcode/term-gfx written to /workspace/builds/worker-9/source/Cargo.toml
[INFO] crate git repo https://github.com/blitzcode/term-gfx already has a lockfile, it will not be regenerated
[INFO] running `Command { std: "/workspace/cargo-home/bin/cargo" "+beta-2020-07-24" "fetch" "--locked" "--manifest-path" "Cargo.toml", kill_on_drop: false }`
[INFO] [stderr] error: the lock file /workspace/builds/worker-9/source/Cargo.lock needs to be updated but --locked was passed to prevent this
[INFO] [stderr] If you want to try to generate the lock file without accessing the network, use the --offline flag.
[INFO] the lockfile is outdated, regenerating it
[INFO] running `Command { std: "/workspace/cargo-home/bin/cargo" "+beta-2020-07-24" "generate-lockfile" "--manifest-path" "Cargo.toml" "-Zno-index-update", kill_on_drop: false }`
[INFO] running `Command { std: "/workspace/cargo-home/bin/cargo" "+beta-2020-07-24" "fetch" "--locked" "--manifest-path" "Cargo.toml", kill_on_drop: false }`
[INFO] running `Command { std: "docker" "create" "-v" "/var/lib/crater-agent-workspace/builds/worker-9/target:/opt/rustwide/target:rw,Z" "-v" "/var/lib/crater-agent-workspace/builds/worker-9/source:/opt/rustwide/workdir:ro,Z" "-v" "/var/lib/crater-agent-workspace/cargo-home:/opt/rustwide/cargo-home:ro,Z" "-v" "/var/lib/crater-agent-workspace/rustup-home:/opt/rustwide/rustup-home:ro,Z" "-e" "SOURCE_DIR=/opt/rustwide/workdir" "-e" "CARGO_TARGET_DIR=/opt/rustwide/target" "-e" "CARGO_HOME=/opt/rustwide/cargo-home" "-e" "RUSTUP_HOME=/opt/rustwide/rustup-home" "-w" "/opt/rustwide/workdir" "-m" "1610612736" "--user" "0:0" "--network" "none" "rustops/crates-build-env@sha256:a636fd89d022f18117e1dc8fb37a0a009933cdbbe082814857f0e2024962d47c" "/opt/rustwide/cargo-home/bin/cargo" "+beta-2020-07-24" "metadata" "--no-deps" "--format-version=1", kill_on_drop: false }`
[INFO] [stderr] WARNING: Your kernel does not support swap limit capabilities or the cgroup is not mounted. Memory limited without swap.
[INFO] [stdout] ea91e17f158ea061b58868d87bac7b2d27ef193923eb7d9fd228f129bc0cdd55
[INFO] running `Command { std: "docker" "start" "-a" "ea91e17f158ea061b58868d87bac7b2d27ef193923eb7d9fd228f129bc0cdd55", kill_on_drop: false }`
[INFO] running `Command { std: "docker" "inspect" "ea91e17f158ea061b58868d87bac7b2d27ef193923eb7d9fd228f129bc0cdd55", kill_on_drop: false }`
[INFO] running `Command { std: "docker" "rm" "-f" "ea91e17f158ea061b58868d87bac7b2d27ef193923eb7d9fd228f129bc0cdd55", kill_on_drop: false }`
[INFO] [stdout] ea91e17f158ea061b58868d87bac7b2d27ef193923eb7d9fd228f129bc0cdd55
[INFO] running `Command { std: "docker" "create" "-v" "/var/lib/crater-agent-workspace/builds/worker-9/target:/opt/rustwide/target:rw,Z" "-v" "/var/lib/crater-agent-workspace/builds/worker-9/source:/opt/rustwide/workdir:ro,Z" "-v" "/var/lib/crater-agent-workspace/cargo-home:/opt/rustwide/cargo-home:ro,Z" "-v" "/var/lib/crater-agent-workspace/rustup-home:/opt/rustwide/rustup-home:ro,Z" "-e" "SOURCE_DIR=/opt/rustwide/workdir" "-e" "CARGO_TARGET_DIR=/opt/rustwide/target" "-e" "CARGO_INCREMENTAL=0" "-e" "RUST_BACKTRACE=full" "-e" "RUSTFLAGS=--cap-lints=forbid" "-e" "CARGO_HOME=/opt/rustwide/cargo-home" "-e" "RUSTUP_HOME=/opt/rustwide/rustup-home" "-w" "/opt/rustwide/workdir" "-m" "1610612736" "--user" "0:0" "--network" "none" "rustops/crates-build-env@sha256:a636fd89d022f18117e1dc8fb37a0a009933cdbbe082814857f0e2024962d47c" "/opt/rustwide/cargo-home/bin/cargo" "+beta-2020-07-24" "check" "--frozen" "--all" "--all-targets" "--message-format=json", kill_on_drop: false }`
[INFO] [stdout] 6d083361d9a14dd9a9d9dbf00767e2850e8d963633b7d6f6c0baec41d86e4ce7
[INFO] [stderr] WARNING: Your kernel does not support swap limit capabilities or the cgroup is not mounted. Memory limited without swap.
[INFO] running `Command { std: "docker" "start" "-a" "6d083361d9a14dd9a9d9dbf00767e2850e8d963633b7d6f6c0baec41d86e4ce7", kill_on_drop: false }`
[INFO] [stderr]    Compiling libm v0.2.1
[INFO] [stderr]    Compiling getrandom v0.1.14
[INFO] [stderr]     Checking cfg-if v0.1.10
[INFO] [stderr]    Compiling num-traits v0.2.12
[INFO] [stderr]    Compiling num-integer v0.1.43
[INFO] [stderr]    Compiling num-complex v0.2.4
[INFO] [stderr]    Compiling num-rational v0.2.4
[INFO] [stderr]    Compiling stb_image v0.2.2
[INFO] [stderr]    Compiling paste-impl v0.1.18
[INFO] [stderr]     Checking generic-array v0.13.2
[INFO] [stderr]     Checking rand_core v0.5.1
[INFO] [stderr]     Checking rand_chacha v0.2.2
[INFO] [stderr]     Checking paste v0.1.18
[INFO] [stderr]     Checking rand v0.7.3
[INFO] [stderr]     Checking approx v0.3.2
[INFO] [stderr]     Checking rand_distr v0.2.2
[INFO] [stderr]     Checking simba v0.1.5
[INFO] [stderr]     Checking nalgebra v0.21.1
[INFO] [stderr]     Checking term-gfx v0.1.0 (/opt/rustwide/workdir)
[INFO] [stdout] error[E0432]: unresolved import `na::Vec3`
[INFO] [stdout]  --> src/main.rs:7:10
[INFO] [stdout]   |
[INFO] [stdout] 7 | use na::{Vec3};
[INFO] [stdout]   |          ^^^^ no `Vec3` in the root
[INFO] [stdout] 
[INFO] [stdout] 
[INFO] [stdout] error[E0432]: unresolved import `na::Vec3`
[INFO] [stdout]  --> src/main.rs:7:10
[INFO] [stdout]   |
[INFO] [stdout] 7 | use na::{Vec3};
[INFO] [stdout]   |          ^^^^ no `Vec3` in the root
[INFO] [stdout] 
[INFO] [stdout] 
[INFO] [stdout] error[E0425]: cannot find function `dot` in crate `na`
[INFO] [stdout]   --> src/main.rs:98:28
[INFO] [stdout]    |
[INFO] [stdout] 98 |         let diff     = na::dot(&diffc, &diffc);
[INFO] [stdout]    |                            ^^^ not found in `na`
[INFO] [stdout] 
[INFO] [stdout] 
[INFO] [stdout] error[E0425]: cannot find function `dot` in crate `na`
[INFO] [stdout]    --> src/main.rs:264:37
[INFO] [stdout]     |
[INFO] [stdout] 264 |                         diff += na::dot(&diffc, &diffc).sqrt();
[INFO] [stdout]     |                                     ^^^ not found in `na`
[INFO] [stdout] 
[INFO] [stdout] 
[INFO] [stdout] error[E0425]: cannot find function `dot` in crate `na`
[INFO] [stdout]   --> src/main.rs:98:28
[INFO] [stdout]    |
[INFO] [stdout] 98 |         let diff     = na::dot(&diffc, &diffc);
[INFO] [stdout]    |                            ^^^ not found in `na`
[INFO] [stdout] 
[INFO] [stdout] 
[INFO] [stdout] error[E0425]: cannot find function `dot` in crate `na`
[INFO] [stdout]    --> src/main.rs:264:37
[INFO] [stdout]     |
[INFO] [stdout] 264 |                         diff += na::dot(&diffc, &diffc).sqrt();
[INFO] [stdout]     |                                     ^^^ not found in `na`
[INFO] [stdout] 
[INFO] [stdout] 
[INFO] [stdout] error: aborting due to 3 previous errors
[INFO] [stdout] 
[INFO] [stdout] 
[INFO] [stdout] Some errors have detailed explanations: E0425, E0432.
[INFO] [stdout] 
[INFO] [stdout] For more information about an error, try `rustc --explain E0425`.
[INFO] [stdout] 
[INFO] [stderr] error: could not compile `term-gfx`.
[INFO] [stderr] 
[INFO] [stderr] To learn more, run the command again with --verbose.
[INFO] [stderr] warning: build failed, waiting for other jobs to finish...
[INFO] [stdout] error: aborting due to 3 previous errors
[INFO] [stdout] 
[INFO] [stdout] 
[INFO] [stdout] Some errors have detailed explanations: E0425, E0432.
[INFO] [stdout] 
[INFO] [stdout] For more information about an error, try `rustc --explain E0425`.
[INFO] [stdout] 
[INFO] [stderr] error: build failed
[INFO] running `Command { std: "docker" "inspect" "6d083361d9a14dd9a9d9dbf00767e2850e8d963633b7d6f6c0baec41d86e4ce7", kill_on_drop: false }`
[INFO] running `Command { std: "docker" "rm" "-f" "6d083361d9a14dd9a9d9dbf00767e2850e8d963633b7d6f6c0baec41d86e4ce7", kill_on_drop: false }`
[INFO] [stdout] 6d083361d9a14dd9a9d9dbf00767e2850e8d963633b7d6f6c0baec41d86e4ce7
